69.171.249.8 - - [06/Oct/2022:22:22:44 -0700] "GET /yahoo_site_admin/assets/images/018.40132309_std.JPG HTTP/1.1" 200 128723 "-" "facebookexternalhit/1.1 (+http://www.facebook.com/externalhit_uatext.php)" "brucemillernurseryedgewood.com"
66.220.149.4 - - [06/Oct/2022:22:22:45 -0700] "GET /yahoo_site_admin/assets/images/018.40132309_std.JPG HTTP/1.1" 200 128723 "-" "facebookexternalhit/1.1 (+http://www.facebook.com/externalhit_uatext.php)" "brucemillernurseryedgewood.com"
69.171.249.10 - - [06/Oct/2022:22:27:00 -0700] "GET / HTTP/1.1" 206 406 "-" "facebookexternalhit/1.1 (+http://www.facebook.com/externalhit_uatext.php)" "www.brucemillernurseryedgewood.com"
51.222.253.19 - - [06/Oct/2022:22:28:14 -0700] "GET /clipart/?C=D;O=A HTTP/1.1" 200 456 "-" "Mozilla/5.0 (compatible; AhrefsBot/7.0; +http://ahrefs.com/robot/)" "brucemillernurseryedgewood.com"
51.222.253.5 - - [06/Oct/2022:22:37:16 -0700] "GET /clipart/backgrounds/?C=D;O=A HTTP/1.1" 200 389 "-" "Mozilla/5.0 (compatible; AhrefsBot/7.0; +http://ahrefs.com/robot/)" "brucemillernurseryedgewood.com"
77.75.78.163 - - [06/Oct/2022:22:43:06 -0700] "GET /robots.txt HTTP/1.1" 404 88 "-" "Mozilla/5.0 (compatible; SeznamBot/3.2; +http://napoveda.seznam.cz/en/seznambot-intro/)" "brucemillernurseryedgewood.com"
77.75.78.163 - - [06/Oct/2022:22:43:08 -0700] "GET /images/DSC01918.JPG HTTP/1.1" 304 - "-" "Mozilla/5.0 (compatible; SeznamBot/3.2; +http://napoveda.seznam.cz/en/seznambot-intro/)" "brucemillernurseryedgewood.com"
40.84.39.61 - - [06/Oct/2022:22:45:59 -0700] "GET / HTTP/1.1" 200 406 "-" "Mozilla/5.0 (Windows NT 10.0; Win64; x64) AppleWebKit/537.36 (KHTML, like Gecko) Chrome/105.0.0.0 Safari/537.36" "www.brucemillernurseryedgewood.com"
51.222.253.18 - - [06/Oct/2022:22:46:23 -0700] "GET /sitebuilder/?C=S;O=A HTTP/1.1" 200 443 "-" "Mozilla/5.0 (compatible; AhrefsBot/7.0; +http://ahrefs.com/robot/)" "www.brucemillernurseryedgewood.com"
51.222.253.14 - - [06/Oct/2022:22:55:56 -0700] "GET /clipart/backgrounds/?C=M;O=A HTTP/1.1" 200 389 "-" "Mozilla/5.0 (compatible; AhrefsBot/7.0; +http://ahrefs.com/robot/)" "brucemillernurseryedgewood.com"
51.222.253.13 - - [06/Oct/2022:23:04:53 -0700] "GET /sitebuilder/clipart/bars/regular/horizontal/?C=S;O=D HTTP/1.1" 200 414 "-" "Mozilla/5.0 (compatible; AhrefsBot/7.0; +http://ahrefs.com/robot/)" "brucemillernurseryedgewood.com"
185.191.171.12 - - [06/Oct/2022:23:13:26 -0700] "GET /robots.txt HTTP/1.1" 404 88 "-" "Mozilla/5.0 (compatible; SemrushBot/7~bl; +http://www.semrush.com/bot.html)" "www.brucemillernurseryedgewood.com"
185.191.171.23 - - [06/Oct/2022:23:13:26 -0700] "GET /great_deals HTTP/1.1" 200 4168 "-" "Mozilla/5.0 (compatible; SemrushBot/7~bl; +http://www.semrush.com/bot.html)" "www.brucemillernurseryedgewood.com"
51.222.253.19 - - [06/Oct/2022:23:13:53 -0700] "GET /clipart/backgrounds/?C=S;O=A HTTP/1.1" 200 389 "-" "Mozilla/5.0 (compatible; AhrefsBot/7.0; +http://ahrefs.com/robot/)" "brucemillernurseryedgewood.com"
51.222.253.9 - - [06/Oct/2022:23:23:07 -0700] "GET /sitebuilder/?C=D;O=A HTTP/1.1" 200 443 "-" "Mozilla/5.0 (compatible; AhrefsBot/7.0; +http://ahrefs.com/robot/)" "www.brucemillernurseryedgewood.com"
51.222.253.19 - - [06/Oct/2022:23:32:41 -0700] "GET /sitebuilder/clipart/backgrounds/tile/?C=M;O=A HTTP/1.1" 200 412 "-" "Mozilla/5.0 (compatible; AhrefsBot/7.0; +http://ahrefs.com/robot/)" "brucemillernurseryedgewood.com"
51.222.253.15 - - [06/Oct/2022:23:41:10 -0700] "GET /images/ HTTP/1.1" 200 3702 "-" "Mozilla/5.0 (compatible; AhrefsBot/7.0; +http://ahrefs.com/robot/)" "brucemillernurseryedgewood.com"
77.75.78.165 - - [06/Oct/2022:23:46:25 -0700] "GET /robots.txt HTTP/1.1" 404 88 "-" "Mozilla/5.0 (compatible; SeznamBot/3.2; +http://napoveda.seznam.cz/en/seznambot-intro/)" "brucemillernurseryedgewood.com"
77.75.78.165 - - [06/Oct/2022:23:46:26 -0700] "GET /images/IMG_0491.JPG HTTP/1.1" 304 - "-" "Mozilla/5.0 (compatible; SeznamBot/3.2; +http://napoveda.seznam.cz/en/seznambot-intro/)" "brucemillernurseryedgewood.com"
162.55.85.225 - - [06/Oct/2022:23:47:36 -0700] "GET /robots.txt HTTP/1.1" 404 88 "-" "Mozilla/5.0 (compatible; BLEXBot/1.0; +http://webmeup-crawler.com/)" "brucemillernurseryedgewood.com"
162.55.85.225 - - [06/Oct/2022:23:47:37 -0700] "GET / HTTP/1.1" 200 406 "-" "Mozilla/5.0 (compatible; BLEXBot/1.0; +http://webmeup-crawler.com/)" "brucemillernurseryedgewood.com"
51.222.253.19 - - [06/Oct/2022:23:51:19 -0700] "GET /sitebuilder/?C=M;O=A HTTP/1.1" 200 443 "-" "Mozilla/5.0 (compatible; AhrefsBot/7.0; +http://ahrefs.com/robot/)" "www.brucemillernurseryedgewood.com"
51.222.253.19 - - [07/Oct/2022:00:09:33 -0700] "GET /clipart/lines/horizontal/?C=M;O=A HTTP/1.1" 200 448 "-" "Mozilla/5.0 (compatible; AhrefsBot/7.0; +http://ahrefs.com/robot/)" "brucemillernurseryedgewood.com"
114.119.132.149 - - [07/Oct/2022:00:14:37 -0700] "GET /sitebuilder/images/?C=D%3BO%3DA HTTP/1.1" 200 7088 "http://www.brucemillernurseryedgewood.com/sitebuilder/images?C=M%3BO%3DA" "Mozilla/5.0 (Linux; Android 7.0;) AppleWebKit/537.36 (KHTML, like Gecko) Mobile Safari/537.36 (compatible; PetalBot;+https://webmaster.petalsearch.com/site/petalbot)" "www.brucemillernurseryedgewood.com"
194.38.20.161 - - [07/Oct/2022:00:23:41 -0700] "GET /wp-content/themes/purevision/scripts/admin/uploadify/uploadify.css HTTP/1.1" 404 73 "-" "ALittle Client" "brucemillernurseryedgewood.com"
51.222.253.14 - - [07/Oct/2022:00:28:11 -0700] "GET /clipart/lines/horizontal/?C=D;O=A HTTP/1.1" 200 447 "-" "Mozilla/5.0 (compatible; AhrefsBot/7.0; +http://ahrefs.com/robot/)" "brucemillernurseryedgewood.com"
114.119.132.146 - - [07/Oct/2022:00:30:04 -0700] "GET /clipart/backgrounds/fullpage/?C=M%3BO%3DA HTTP/1.1" 200 387 "https://www.brucemillernurseryedgewood.com/clipart/backgrounds/fullpage/?C=D%3BO%3DA" "Mozilla/5.0 (Linux; Android 7.0;) AppleWebKit/537.36 (KHTML, like Gecko) Mobile Safari/537.36 (compatible; PetalBot;+https://webmaster.petalsearch.com/site/petalbot)" "www.brucemillernurseryedgewood.com"
185.191.171.22 - - [07/Oct/2022:00:33:12 -0700] "GET /robots.txt HTTP/1.1" 404 88 "-" "Mozilla/5.0 (compatible; SemrushBot/7~bl; +http://www.semrush.com/bot.html)" "www.brucemillernurseryedgewood.com"
185.191.171.8 - - [07/Oct/2022:00:33:12 -0700] "GET /featured_article HTTP/1.1" 200 4255 "-" "Mozilla/5.0 (compatible; SemrushBot/7~bl; +http://www.semrush.com/bot.html)" "www.brucemillernurseryedgewood.com"
52.3.204.32 - - [07/Oct/2022:00:37:59 -0700] "GET /style.php?sig=rename HTTP/1.1" 404 73 "-" "Mozilla/5.0 (iPad; CPU OS 12_4_8 like Mac OS X) AppleWebKit/605.1.15 (KHTML, like Gecko) Version/12.1.2 Mobile/15E148 Safari/604.1" "brucemillernurseryedgewood.com"
77.75.78.167 - - [07/Oct/2022:00:45:55 -0700] "GET /robots.txt HTTP/1.1" 404 88 "-" "Mozilla/5.0 (compatible; SeznamBot/3.2; +http://napoveda.seznam.cz/en/seznambot-intro/)" "brucemillernurseryedgewood.com"
77.75.78.167 - - [07/Oct/2022:00:45:56 -0700] "GET /images/2009_0516Image0009.JPG HTTP/1.1" 304 - "-" "Mozilla/5.0 (compatible; SeznamBot/3.2; +http://napoveda.seznam.cz/en/seznambot-intro/)" "brucemillernurseryedgewood.com"
51.222.253.12 - - [07/Oct/2022:00:46:27 -0700] "GET /clipart/lines/horizontal/?C=S;O=A HTTP/1.1" 200 447 "-" "Mozilla/5.0 (compatible; AhrefsBot/7.0; +http://ahrefs.com/robot/)" "brucemillernurseryedgewood.com"
114.119.132.16 - - [07/Oct/2022:00:56:37 -0700] "GET /sitebuilder/images/?C=M%3BO%3DA HTTP/1.1" 200 7088 "http://www.brucemillernurseryedgewood.com/sitebuilder/images?C=M%3BO%3DA" "Mozilla/5.0 (Linux; Android 7.0;) AppleWebKit/537.36 (KHTML, like Gecko) Mobile Safari/537.36 (compatible; PetalBot;+https://webmaster.petalsearch.com/site/petalbot)" "www.brucemillernurseryedgewood.com"
118.184.177.83 - - [07/Oct/2022:00:59:45 -0700] "GET / HTTP/1.1" 200 406 "-" "Sogou web spider/4.0(+http://www.sogou.com/docs/help/webmasters.htm#07)" "www.brucemillernurseryedgewood.com"
51.222.253.2 - - [07/Oct/2022:01:04:48 -0700] "GET /sitebuilder/clipart/backgrounds/tile/?C=D;O=A HTTP/1.1" 200 412 "-" "Mozilla/5.0 (compatible; AhrefsBot/7.0; +http://ahrefs.com/robot/)" "brucemillernurseryedgewood.com"
157.55.39.86 - - [07/Oct/2022:01:05:49 -0700] "GET /robots.txt HTTP/1.1" 404 88 "-" "Mozilla/5.0 (compatible; bingbot/2.0; +http://www.bing.com/bingbot.htm)" "brucemillernurseryedgewood.com"
157.55.39.153 - - [07/Oct/2022:01:05:51 -0700] "GET /sitebuilder/clipart/backgrounds/?C=N;O=A HTTP/1.1" 200 371 "-" "Mozilla/5.0 (compatible; bingbot/2.0; +http://www.bing.com/bingbot.htm)" "brucemillernurseryedgewood.com"
51.222.253.15 - - [07/Oct/2022:01:21:29 -0700] "GET /navigation_bars/?C=S;O=A HTTP/1.1" 200 373 "-" "Mozilla/5.0 (compatible; AhrefsBot/7.0; +http://ahrefs.com/robot/)" "brucemillernurseryedgewood.com"
114.119.132.131 - - [07/Oct/2022:01:22:36 -0700] "GET /clipart/buttons/themes/glow?C=N%3BO%3DD HTTP/1.1" 301 1451 "https://www.brucemillernurseryedgewood.com/clipart/buttons/themes/glow?C=M%3BO%3DA" "Mozilla/5.0 (Linux; Android 7.0;) AppleWebKit/537.36 (KHTML, like Gecko) Mobile Safari/537.36 (compatible; PetalBot;+https://webmaster.petalsearch.com/site/petalbot)" "www.brucemillernurseryedgewood.com"
114.119.132.131 - - [07/Oct/2022:01:22:38 -0700] "GET /clipart/buttons/themes/glow/?C=N%3BO%3DD HTTP/1.1" 200 420 "https://www.brucemillernurseryedgewood.com/clipart/buttons/themes/glow?C=M%3BO%3DA" "Mozilla/5.0 (Linux; Android 7.0;) AppleWebKit/537.36 (KHTML, like Gecko) Mobile Safari/537.36 (compatible; PetalBot;+https://webmaster.petalsearch.com/site/petalbot)" "www.brucemillernurseryedgewood.com"
114.119.132.149 - - [07/Oct/2022:01:28:45 -0700] "GET /clipart/images/frames/?C=M%3BO%3DA HTTP/1.1" 200 395 "https://www.brucemillernurseryedgewood.com/clipart/images/frames?C=S%3BO%3DA" "Mozilla/5.0 (Linux; Android 7.0;) AppleWebKit/537.36 (KHTML, like Gecko) Mobile Safari/537.36 (compatible; PetalBot;+https://webmaster.petalsearch.com/site/petalbot)" "www.brucemillernurseryedgewood.com"
114.119.132.16 - - [07/Oct/2022:01:34:39 -0700] "GET /navigation_bars/ HTTP/1.1" 200 372 "http://brucemillernurseryedgewood.com?C=M%3BO%3DA" "Mozilla/5.0 (Linux; Android 7.0;) AppleWebKit/537.36 (KHTML, like Gecko) Mobile Safari/537.36 (compatible; PetalBot;+https://webmaster.petalsearch.com/site/petalbot)" "brucemillernurseryedgewood.com"
207.46.13.181 - - [07/Oct/2022:01:38:58 -0700] "GET /images/IMG_0196.JPG HTTP/1.1" 200 4741523 "-" "Mozilla/5.0 AppleWebKit/537.36 (KHTML, like Gecko; compatible; bingbot/2.0; +http://www.bing.com/bingbot.htm) Chrome/103.0.5060.134 Safari/537.36" "brucemillernurseryedgewood.com"
114.119.132.146 - - [07/Oct/2022:01:40:41 -0700] "GET /clipart/buttons/?C=M%3BO%3DA HTTP/1.1" 200 360 "http://brucemillernurseryedgewood.com/clipart/buttons/?C=N%3BO%3DD" "Mozilla/5.0 (Linux; Android 7.0;) AppleWebKit/537.36 (KHTML, like Gecko) Mobile Safari/537.36 (compatible; PetalBot;+https://webmaster.petalsearch.com/site/petalbot)" "brucemillernurseryedgewood.com"
51.222.253.17 - - [07/Oct/2022:01:46:13 -0700] "GET /sitebuilder/clipart/bars/regular/vertical/?C=D;O=A HTTP/1.1" 200 417 "-" "Mozilla/5.0 (compatible; AhrefsBot/7.0; +http://ahrefs.com/robot/)" "brucemillernurseryedgewood.com"
77.75.78.163 - - [07/Oct/2022:01:47:00 -0700] "GET /robots.txt HTTP/1.1" 404 88 "-" "Mozilla/5.0 (compatible; SeznamBot/3.2; +http://napoveda.seznam.cz/en/seznambot-intro/)" "brucemillernurseryedgewood.com"
77.75.78.163 - - [07/Oct/2022:01:47:02 -0700] "GET /images/2009_0711Image0013.JPG HTTP/1.1" 304 - "-" "Mozilla/5.0 (compatible; SeznamBot/3.2; +http://napoveda.seznam.cz/en/seznambot-intro/)" "brucemillernurseryedgewood.com"
114.119.132.122 - - [07/Oct/2022:01:48:34 -0700] "GET /clipart/lines HTTP/1.1" 301 1426 "https://www.brucemillernurseryedgewood.com/clipart?C=D%3BO%3DA" "Mozilla/5.0 (Linux; Android 7.0;) AppleWebKit/537.36 (KHTML, like Gecko) Mobile Safari/537.36 (compatible; PetalBot;+https://webmaster.petalsearch.com/site/petalbot)" "www.brucemillernurseryedgewood.com"
114.119.132.122 - - [07/Oct/2022:01:48:42 -0700] "GET /clipart/lines/ HTTP/1.1" 200 361 "https://www.brucemillernurseryedgewood.com/clipart?C=D%3BO%3DA" "Mozilla/5.0 (Linux; Android 7.0;) AppleWebKit/537.36 (KHTML, like Gecko) Mobile Safari/537.36 (compatible; PetalBot;+https://webmaster.petalsearch.com/site/petalbot)" "www.brucemillernurseryedgewood.com"
114.119.132.122 - - [07/Oct/2022:01:54:35 -0700] "GET /sitebuilder/clipart/bars/low-carb HTTP/1.1" 301 1441 "https://www.brucemillernurseryedgewood.com/sitebuilder/clipart/bars/low-carb/horizontal?C=M%3BO%3DA" "Mozilla/5.0 (Linux; Android 7.0;) AppleWebKit/537.36 (KHTML, like Gecko) Mobile Safari/537.36 (compatible; PetalBot;+https://webmaster.petalsearch.com/site/petalbot)" "www.brucemillernurseryedgewood.com"
114.119.132.122 - - [07/Oct/2022:01:54:38 -0700] "GET /sitebuilder/clipart/bars/low-carb/ HTTP/1.1" 200 375 "https://www.brucemillernurseryedgewood.com/sitebuilder/clipart/bars/low-carb/horizontal?C=M%3BO%3DA" "Mozilla/5.0 (Linux; Android 7.0;) AppleWebKit/537.36 (KHTML, like Gecko) Mobile Safari/537.36 (compatible; PetalBot;+https://webmaster.petalsearch.com/site/petalbot)" "www.brucemillernurseryedgewood.com"
51.222.253.4 - - [07/Oct/2022:02:04:36 -0700] "GET /sitebuilder/clipart/backgrounds/tile/?C=S;O=A HTTP/1.1" 200 412 "-" "Mozilla/5.0 (compatible; AhrefsBot/7.0; +http://ahrefs.com/robot/)" "brucemillernurseryedgewood.com"
114.119.132.131 - - [07/Oct/2022:02:06:39 -0700] "GET /clipart/images/sidebars?C=D%3BO%3DA HTTP/1.1" 301 1443 "http://brucemillernurseryedgewood.com/clipart/images/sidebars" "Mozilla/5.0 (Linux; Android 7.0;) AppleWebKit/537.36 (KHTML, like Gecko) Mobile Safari/537.36 (compatible; PetalBot;+https://webmaster.petalsearch.com/site/petalbot)" "brucemillernurseryedgewood.com"
114.119.132.131 - - [07/Oct/2022:02:06:41 -0700] "GET /clipart/images/sidebars/?C=D%3BO%3DA HTTP/1.1" 200 405 "http://brucemillernurseryedgewood.com/clipart/images/sidebars" "Mozilla/5.0 (Linux; Android 7.0;) AppleWebKit/537.36 (KHTML, like Gecko) Mobile Safari/537.36 (compatible; PetalBot;+https://webmaster.petalsearch.com/site/petalbot)" "brucemillernurseryedgewood.com"
123.125.109.116 - - [07/Oct/2022:02:08:20 -0700] "GET / HTTP/1.1" 200 406 "-" "Sogou web spider/4.0(+http://www.sogou.com/docs/help/webmasters.htm#07)" "brucemillernurseryedgewood.com"
207.46.13.35 - - [07/Oct/2022:02:11:30 -0700] "GET /?C=N;O=D HTTP/1.1" 200 402 "-" "Mozilla/5.0 (compatible; bingbot/2.0; +http://www.bing.com/bingbot.htm)" "www.brucemillernurseryedgewood.com"
114.119.132.146 - - [07/Oct/2022:02:18:47 -0700] "GET /sitebuilder/scripts/?C=S%3BO%3DA HTTP/1.1" 200 372 "http://www.brucemillernurseryedgewood.com/sitebuilder/scripts/?C=M%3BO%3DA" "Mozilla/5.0 (Linux; Android 7.0;) AppleWebKit/537.36 (KHTML, like Gecko) Mobile Safari/537.36 (compatible; PetalBot;+https://webmaster.petalsearch.com/site/petalbot)" "www.brucemillernurseryedgewood.com"
51.222.253.3 - - [07/Oct/2022:02:21:37 -0700] "GET /navigation_bars/?C=M;O=A HTTP/1.1" 200 373 "-" "Mozilla/5.0 (compatible; AhrefsBot/7.0; +http://ahrefs.com/robot/)" "brucemillernurseryedgewood.com"
114.119.132.146 - - [07/Oct/2022:02:24:46 -0700] "GET /clipart/pageHeaders HTTP/1.1" 301 1425 "http://brucemillernurseryedgewood.com/clipart?C=N%3BO%3DD" "Mozilla/5.0 (Linux; Android 7.0;) AppleWebKit/537.36 (KHTML, like Gecko) Mobile Safari/537.36 (compatible; PetalBot;+https://webmaster.petalsearch.com/site/petalbot)" "brucemillernurseryedgewood.com"
114.119.132.146 - - [07/Oct/2022:02:24:47 -0700] "GET /clipart/pageHeaders/ HTTP/1.1" 200 479 "http://brucemillernurseryedgewood.com/clipart?C=N%3BO%3DD" "Mozilla/5.0 (Linux; Android 7.0;) AppleWebKit/537.36 (KHTML, like Gecko) Mobile Safari/537.36 (compatible; PetalBot;+https://webmaster.petalsearch.com/site/petalbot)" "brucemillernurseryedgewood.com"
114.119.132.131 - - [07/Oct/2022:02:30:41 -0700] "GET /clipart/images?C=N%3BO%3DD HTTP/1.1" 301 1437 "http://brucemillernurseryedgewood.com/clipart/images" "Mozilla/5.0 (Linux; Android 7.0;) AppleWebKit/537.36 (KHTML, like Gecko) Mobile Safari/537.36 (compatible; PetalBot;+https://webmaster.petalsearch.com/site/petalbot)" "brucemillernurseryedgewood.com"
114.119.132.131 - - [07/Oct/2022:02:30:42 -0700] "GET /clipart/images/?C=N%3BO%3DD HTTP/1.1" 200 476 "http://brucemillernurseryedgewood.com/clipart/images" "Mozilla/5.0 (Linux; Android 7.0;) AppleWebKit/537.36 (KHTML, like Gecko) Mobile Safari/537.36 (compatible; PetalBot;+https://webmaster.petalsearch.com/site/petalbot)" "brucemillernurseryedgewood.com"
162.201.229.59 - - [07/Oct/2022:02:31:54 -0700] "GET /whats_new HTTP/1.1" 200 4437 "-" "Mozilla/5.0 (iPhone; CPU iPhone OS 14_6 like Mac OS X) AppleWebKit/605.1.15 (KHTML, like Gecko) Version/14.1.1 Mobile/15E148 Safari/604.1" "brucemillernurseryedgewood.com"
162.201.229.59 - - [07/Oct/2022:02:31:54 -0700] "GET /yahoo_site_admin/assets/images/IMG_3061.33691423_std.JPG HTTP/1.1" 200 71090 "http://brucemillernurseryedgewood.com/whats_new" "Mozilla/5.0 (iPhone; CPU iPhone OS 14_6 like Mac OS X) AppleWebKit/605.1.15 (KHTML, like Gecko) Version/14.1.1 Mobile/15E148 Safari/604.1" "brucemillernurseryedgewood.com"
162.201.229.59 - - [07/Oct/2022:02:31:54 -0700] "GET /yahoo_site_admin/assets/images/119068161_694057637857285_4540827945049800535_n.257113452_std.jpg HTTP/1.1" 200 243053 "http://brucemillernurseryedgewood.com/whats_new" "Mozilla/5.0 (iPhone; CPU iPhone OS 14_6 like Mac OS X) AppleWebKit/605.1.15 (KHTML, like Gecko) Version/14.1.1 Mobile/15E148 Safari/604.1" "brucemillernurseryedgewood.com"
162.201.229.59 - - [07/Oct/2022:02:32:01 -0700] "GET /favicon.ico HTTP/1.1" 404 88 "http://brucemillernurseryedgewood.com/whats_new" "Mozilla/5.0 (iPhone; CPU iPhone OS 14_6 like Mac OS X) AppleWebKit/605.1.15 (KHTML, like Gecko) Version/14.1.1 Mobile/15E148 Safari/604.1" "brucemillernurseryedgewood.com"
162.201.229.59 - - [07/Oct/2022:02:33:11 -0700] "GET /great_deals HTTP/1.1" 200 4168 "http://brucemillernurseryedgewood.com/whats_new" "Mozilla/5.0 (iPhone; CPU iPhone OS 14_6 like Mac OS X) AppleWebKit/605.1.15 (KHTML, like Gecko) Version/14.1.1 Mobile/15E148 Safari/604.1" "brucemillernurseryedgewood.com"
162.201.229.59 - - [07/Oct/2022:02:33:11 -0700] "GET /yahoo_site_admin/assets/images/20200917_153436-COLLAGE.260133728_std.jpg HTTP/1.1" 200 94887 "http://brucemillernurseryedgewood.com/great_deals" "Mozilla/5.0 (iPhone; CPU iPhone OS 14_6 like Mac OS X) AppleWebKit/605.1.15 (KHTML, like Gecko) Version/14.1.1 Mobile/15E148 Safari/604.1" "brucemillernurseryedgewood.com"
162.201.229.59 - - [07/Oct/2022:02:33:11 -0700] "GET /yahoo_site_admin/assets/images/crepe-myrtle_1200x640.258140654_std.jpg HTTP/1.1" 200 50195 "http://brucemillernurseryedgewood.com/great_deals" "Mozilla/5.0 (iPhone; CPU iPhone OS 14_6 like Mac OS X) AppleWebKit/605.1.15 (KHTML, like Gecko) Version/14.1.1 Mobile/15E148 Safari/604.1" "brucemillernurseryedgewood.com"
162.201.229.59 - - [07/Oct/2022:02:34:27 -0700] "GET /home HTTP/1.1" 200 4616 "http://brucemillernurseryedgewood.com/great_deals" "Mozilla/5.0 (iPhone; CPU iPhone OS 14_6 like Mac OS X) AppleWebKit/605.1.15 (KHTML, like Gecko) Version/14.1.1 Mobile/15E148 Safari/604.1" "brucemillernurseryedgewood.com"
162.201.229.59 - - [07/Oct/2022:02:34:27 -0700] "GET /yahoo_site_admin/assets/images/118765601_1902304113245994_1757334005447454970_n.259131218_std.jpg HTTP/1.1" 200 84670 "http://brucemillernurseryedgewood.com/home" "Mozilla/5.0 (iPhone; CPU iPhone OS 14_6 like Mac OS X) AppleWebKit/605.1.15 (KHTML, like Gecko) Version/14.1.1 Mobile/15E148 Safari/604.1" "brucemillernurseryedgewood.com"
162.201.229.59 - - [07/Oct/2022:02:35:32 -0700] "GET /featured_article HTTP/1.1" 200 4255 "http://brucemillernurseryedgewood.com/home" "Mozilla/5.0 (iPhone; CPU iPhone OS 14_6 like Mac OS X) AppleWebKit/605.1.15 (KHTML, like Gecko) Version/14.1.1 Mobile/15E148 Safari/604.1" "brucemillernurseryedgewood.com"
162.201.229.59 - - [07/Oct/2022:02:35:33 -0700] "GET /yahoo_site_admin/assets/images/118684767_1170927879952629_7452769320027261925_n.258135452_std.jpg HTTP/1.1" 200 62750 "http://brucemillernurseryedgewood.com/featured_article" "Mozilla/5.0 (iPhone; CPU iPhone OS 14_6 like Mac OS X) AppleWebKit/605.1.15 (KHTML, like Gecko) Version/14.1.1 Mobile/15E148 Safari/604.1" "brucemillernurseryedgewood.com"
162.201.229.59 - - [07/Oct/2022:02:35:33 -0700] "GET /yahoo_site_admin/assets/images/118795014_903861000103059_5596499685135840518_n.258134732_std.jpg HTTP/1.1" 200 248222 "http://brucemillernurseryedgewood.com/featured_article" "Mozilla/5.0 (iPhone; CPU iPhone OS 14_6 like Mac OS X) AppleWebKit/605.1.15 (KHTML, like Gecko) Version/14.1.1 Mobile/15E148 Safari/604.1" "brucemillernurseryedgewood.com"
162.201.229.59 - - [07/Oct/2022:02:35:59 -0700] "GET /whats_new HTTP/1.1" 200 4437 "http://brucemillernurseryedgewood.com/home" "Mozilla/5.0 (iPhone; CPU iPhone OS 14_6 like Mac OS X) AppleWebKit/605.1.15 (KHTML, like Gecko) Version/14.1.1 Mobile/15E148 Safari/604.1" "brucemillernurseryedgewood.com"
162.201.229.59 - - [07/Oct/2022:02:36:08 -0700] "GET /whats_new HTTP/1.1" 200 4437 "http://brucemillernurseryedgewood.com/home" "Mozilla/5.0 (iPhone; CPU iPhone OS 14_6 like Mac OS X) AppleWebKit/605.1.15 (KHTML, like Gecko) Version/14.1.1 Mobile/15E148 Safari/604.1" "brucemillernurseryedgewood.com"
162.201.229.59 - - [07/Oct/2022:02:36:19 -0700] "GET /featured_article HTTP/1.1" 200 4255 "http://brucemillernurseryedgewood.com/whats_new" "Mozilla/5.0 (iPhone; CPU iPhone OS 14_6 like Mac OS X) AppleWebKit/605.1.15 (KHTML, like Gecko) Version/14.1.1 Mobile/15E148 Safari/604.1" "brucemillernurseryedgewood.com"
162.201.229.59 - - [07/Oct/2022:02:36:25 -0700] "GET /home HTTP/1.1" 200 4616 "http://brucemillernurseryedgewood.com/featured_article" "Mozilla/5.0 (iPhone; CPU iPhone OS 14_6 like Mac OS X) AppleWebKit/605.1.15 (KHTML, like Gecko) Version/14.1.1 Mobile/15E148 Safari/604.1" "brucemillernurseryedgewood.com"
114.119.132.131 - - [07/Oct/2022:02:36:41 -0700] "GET /clipart/images/?C=D%3BO%3DA HTTP/1.1" 200 476 "http://brucemillernurseryedgewood.com/clipart/images/?C=N%3BO%3DD" "Mozilla/5.0 (Linux; Android 7.0;) AppleWebKit/537.36 (KHTML, like Gecko) Mobile Safari/537.36 (compatible; PetalBot;+https://webmaster.petalsearch.com/site/petalbot)" "brucemillernurseryedgewood.com"
51.222.253.9 - - [07/Oct/2022:02:37:25 -0700] "GET /sitebuilder/images/?C=S;O=A HTTP/1.1" 200 7302 "-" "Mozilla/5.0 (compatible; AhrefsBot/7.0; +http://ahrefs.com/robot/)" "www.brucemillernurseryedgewood.com"
77.75.76.162 - - [07/Oct/2022:02:42:40 -0700] "GET /robots.txt HTTP/1.1" 404 88 "-" "Mozilla/5.0 (compatible; SeznamBot/3.2; +http://napoveda.seznam.cz/en/seznambot-intro/)" "brucemillernurseryedgewood.com"
77.75.76.162 - - [07/Oct/2022:02:42:41 -0700] "GET /images/IMG_0553.JPG HTTP/1.1" 304 - "-" "Mozilla/5.0 (compatible; SeznamBot/3.2; +http://napoveda.seznam.cz/en/seznambot-intro/)" "brucemillernurseryedgewood.com"
114.119.132.146 - - [07/Oct/2022:02:42:46 -0700] "GET /clipart/buttons/themes/glow?C=S%3BO%3DA HTTP/1.1" 301 1446 "http://brucemillernurseryedgewood.com/clipart/buttons/themes/glow?C=N%3BO%3DD" "Mozilla/5.0 (Linux; Android 7.0;) AppleWebKit/537.36 (KHTML, like Gecko) Mobile Safari/537.36 (compatible; PetalBot;+https://webmaster.petalsearch.com/site/petalbot)" "brucemillernurseryedgewood.com"
114.119.132.146 - - [07/Oct/2022:02:42:48 -0700] "GET /clipart/buttons/themes/glow/?C=S%3BO%3DA HTTP/1.1" 200 420 "http://brucemillernurseryedgewood.com/clipart/buttons/themes/glow?C=N%3BO%3DD" "Mozilla/5.0 (Linux; Android 7.0;) AppleWebKit/537.36 (KHTML, like Gecko) Mobile Safari/537.36 (compatible; PetalBot;+https://webmaster.petalsearch.com/site/petalbot)" "brucemillernurseryedgewood.com"
114.119.132.149 - - [07/Oct/2022:02:48:53 -0700] "GET /sitebuilder/images HTTP/1.1" 301 1424 "http://brucemillernurseryedgewood.com/sitebuilder?C=D%3BO%3DA" "Mozilla/5.0 (Linux; Android 7.0;) AppleWebKit/537.36 (KHTML, like Gecko) Mobile Safari/537.36 (compatible; PetalBot;+https://webmaster.petalsearch.com/site/petalbot)" "brucemillernurseryedgewood.com"
114.119.132.149 - - [07/Oct/2022:02:48:56 -0700] "GET /sitebuilder/images/ HTTP/1.1" 200 7088 "http://brucemillernurseryedgewood.com/sitebuilder?C=D%3BO%3DA" "Mozilla/5.0 (Linux; Android 7.0;) AppleWebKit/537.36 (KHTML, like Gecko) Mobile Safari/537.36 (compatible; PetalBot;+https://webmaster.petalsearch.com/site/petalbot)" "brucemillernurseryedgewood.com"
51.222.253.9 - - [07/Oct/2022:02:52:15 -0700] "GET /sitebuilder/clipart/bars/regular/vertical/?C=S;O=A HTTP/1.1" 200 417 "-" "Mozilla/5.0 (compatible; AhrefsBot/7.0; +http://ahrefs.com/robot/)" "brucemillernurseryedgewood.com"
114.119.132.146 - - [07/Oct/2022:02:54:55 -0700] "GET /clipart/bars/regular/horizontal?C=D%3BO%3DA HTTP/1.1" 301 1453 "https://www.brucemillernurseryedgewood.com/clipart/bars/regular/horizontal?C=S%3BO%3DA" "Mozilla/5.0 (Linux; Android 7.0;) AppleWebKit/537.36 (KHTML, like Gecko) Mobile Safari/537.36 (compatible; PetalBot;+https://webmaster.petalsearch.com/site/petalbot)" "www.brucemillernurseryedgewood.com"
114.119.132.146 - - [07/Oct/2022:02:54:56 -0700] "GET /clipart/bars/regular/horizontal/?C=D%3BO%3DA HTTP/1.1" 200 390 "https://www.brucemillernurseryedgewood.com/clipart/bars/regular/horizontal?C=S%3BO%3DA" "Mozilla/5.0 (Linux; Android 7.0;) AppleWebKit/537.36 (KHTML, like Gecko) Mobile Safari/537.36 (compatible; PetalBot;+https://webmaster.petalsearch.com/site/petalbot)" "www.brucemillernurseryedgewood.com"
51.222.253.3 - - [07/Oct/2022:02:59:48 -0700] "GET /navigation_bars/?C=D;O=A HTTP/1.1" 200 372 "-" "Mozilla/5.0 (compatible; AhrefsBot/7.0; +http://ahrefs.com/robot/)" "brucemillernurseryedgewood.com"
114.119.132.16 - - [07/Oct/2022:03:01:01 -0700] "GET /sitebuilder/clipart/bars/regular/horizontal/?C=D%3BO%3DA HTTP/1.1" 200 416 "http://brucemillernurseryedgewood.com/sitebuilder/clipart/bars/regular/horizontal?C=S%3BO%3DA" "Mozilla/5.0 (Linux; Android 7.0;) AppleWebKit/537.36 (KHTML, like Gecko) Mobile Safari/537.36 (compatible; PetalBot;+https://webmaster.petalsearch.com/site/petalbot)" "brucemillernurseryedgewood.com"
114.119.132.146 - - [07/Oct/2022:03:06:55 -0700] "GET /clipart/buttons/themes/ HTTP/1.1" 200 382 "https://www.brucemillernurseryedgewood.com/clipart/buttons/themes/stone" "Mozilla/5.0 (Linux; Android 7.0;) AppleWebKit/537.36 (KHTML, like Gecko) Mobile Safari/537.36 (compatible; PetalBot;+https://webmaster.petalsearch.com/site/petalbot)" "www.brucemillernurseryedgewood.com"
51.222.253.1 - - [07/Oct/2022:03:08:23 -0700] "GET /sitebuilder/clipart/bars/regular/vertical/?C=M;O=A HTTP/1.1" 200 417 "-" "Mozilla/5.0 (compatible; AhrefsBot/7.0; +http://ahrefs.com/robot/)" "brucemillernurseryedgewood.com"
114.119.152.196 - - [07/Oct/2022:03:09:27 -0700] "GET /?C=M%3BO%3DA HTTP/1.1" 200 406 "http://www.brucemillernurseryedgewood.com?C=D%3BO%3DA" "Mozilla/5.0 (Linux; Android 7.0;) AppleWebKit/537.36 (KHTML, like Gecko) Mobile Safari/537.36 (compatible; PetalBot;+https://webmaster.petalsearch.com/site/petalbot)" "www.brucemillernurseryedgewood.com"
114.119.132.149 - - [07/Oct/2022:03:13:02 -0700] "GET /clipart/bars/regular HTTP/1.1" 301 1433 "https://www.brucemillernurseryedgewood.com/clipart/bars/regular/horizontal" "Mozilla/5.0 (Linux; Android 7.0;) AppleWebKit/537.36 (KHTML, like Gecko) Mobile Safari/537.36 (compatible; PetalBot;+https://webmaster.petalsearch.com/site/petalbot)" "www.brucemillernurseryedgewood.com"
114.119.132.149 - - [07/Oct/2022:03:13:07 -0700] "GET /clipart/bars/regular/ HTTP/1.1" 200 366 "https://www.brucemillernurseryedgewood.com/clipart/bars/regular/horizontal" "Mozilla/5.0 (Linux; Android 7.0;) AppleWebKit/537.36 (KHTML, like Gecko) Mobile Safari/537.36 (compatible; PetalBot;+https://webmaster.petalsearch.com/site/petalbot)" "www.brucemillernurseryedgewood.com"
51.222.253.9 - - [07/Oct/2022:03:15:54 -0700] "GET /sitebuilder/clipart/bars/ HTTP/1.1" 200 384 "-" "Mozilla/5.0 (compatible; AhrefsBot/7.0; +http://ahrefs.com/robot/)" "www.brucemillernurseryedgewood.com"
114.119.132.153 - - [07/Oct/2022:03:19:09 -0700] "GET /clipart/images/sidebars/?C=M%3BO%3DA HTTP/1.1" 200 405 "https://www.brucemillernurseryedgewood.com/clipart/images/sidebars" "Mozilla/5.0 (Linux; Android 7.0;) AppleWebKit/537.36 (KHTML, like Gecko) Mobile Safari/537.36 (compatible; PetalBot;+https://webmaster.petalsearch.com/site/petalbot)" "www.brucemillernurseryedgewood.com"
51.222.253.18 - - [07/Oct/2022:03:23:21 -0700] "GET /sitebuilder/clipart/bars/regular/vertical/ HTTP/1.1" 200 417 "-" "Mozilla/5.0 (compatible; AhrefsBot/7.0; +http://ahrefs.com/robot/)" "brucemillernurseryedgewood.com"
114.119.132.146 - - [07/Oct/2022:03:25:09 -0700] "GET /about_us HTTP/1.1" 200 3906 "https://www.brucemillernurseryedgewood.com/contact_us" "Mozilla/5.0 (Linux; Android 7.0;) AppleWebKit/537.36 (KHTML, like Gecko) Mobile Safari/537.36 (compatible; PetalBot;+https://webmaster.petalsearch.com/site/petalbot)" "www.brucemillernurseryedgewood.com"
51.222.253.6 - - [07/Oct/2022:03:30:56 -0700] "GET /navigation_bars/ HTTP/1.1" 200 372 "-" "Mozilla/5.0 (compatible; AhrefsBot/7.0; +http://ahrefs.com/robot/)" "brucemillernurseryedgewood.com"
114.119.132.146 - - [07/Oct/2022:03:31:13 -0700] "GET /clipart/bars?C=N%3BO%3DD HTTP/1.1" 301 1441 "https://www.brucemillernurseryedgewood.com/clipart/bars?C=S%3BO%3DA" "Mozilla/5.0 (Linux; Android 7.0;) AppleWebKit/537.36 (KHTML, like Gecko) Mobile Safari/537.36 (compatible; PetalBot;+https://webmaster.petalsearch.com/site/petalbot)" "www.brucemillernurseryedgewood.com"
114.119.132.146 - - [07/Oct/2022:03:31:17 -0700] "GET /clipart/bars/?C=N%3BO%3DD HTTP/1.1" 200 358 "https://www.brucemillernurseryedgewood.com/clipart/bars?C=S%3BO%3DA" "Mozilla/5.0 (Linux; Android 7.0;) AppleWebKit/537.36 (KHTML, like Gecko) Mobile Safari/537.36 (compatible; PetalBot;+https://webmaster.petalsearch.com/site/petalbot)" "www.brucemillernurseryedgewood.com"
114.119.132.149 - - [07/Oct/2022:03:37:14 -0700] "GET /sitebuilder/clipart/bars/low-carb/horizontal?C=D%3BO%3DA HTTP/1.1" 301 1463 "https://www.brucemillernurseryedgewood.com/sitebuilder/clipart/bars/low-carb/horizontal?C=M%3BO%3DA" "Mozilla/5.0 (Linux; Android 7.0;) AppleWebKit/537.36 (KHTML, like Gecko) Mobile Safari/537.36 (compatible; PetalBot;+https://webmaster.petalsearch.com/site/petalbot)" "www.brucemillernurseryedgewood.com"
114.119.132.149 - - [07/Oct/2022:03:37:21 -0700] "GET /sitebuilder/clipart/bars/low-carb/horizontal/?C=D%3BO%3DA HTTP/1.1" 200 421 "https://www.brucemillernurseryedgewood.com/sitebuilder/clipart/bars/low-carb/horizontal?C=M%3BO%3DA" "Mozilla/5.0 (Linux; Android 7.0;) AppleWebKit/537.36 (KHTML, like Gecko) Mobile Safari/537.36 (compatible; PetalBot;+https://webmaster.petalsearch.com/site/petalbot)" "www.brucemillernurseryedgewood.com"
51.222.253.14 - - [07/Oct/2022:03:38:05 -0700] "GET /clipart/lines/?C=D;O=D HTTP/1.1" 200 359 "-" "Mozilla/5.0 (compatible; AhrefsBot/7.0; +http://ahrefs.com/robot/)" "brucemillernurseryedgewood.com"
142.93.173.116 - - [07/Oct/2022:03:39:55 -0700] "GET /wp-commentin.php HTTP/1.1" 404 73 "-" "Mozilla/5.0 (Windows NT 10.0; Win64; x64; rv:89.0) Gecko/20100101 Firefox/89.0" "brucemillernurseryedgewood.com"
47.94.243.250 - - [07/Oct/2022:03:43:14 -0700] "GET /yahoo_site_admin/assets/images/018.40132309_std.JPG HTTP/1.1" 200 128723 "-" "Mozilla/5.0 (Macintosh; Intel Mac OS X 10_15_7) AppleWebKit/537.36 (KHTML, like Gecko) Chrome/105.0.0.0 Safari/537.36" "brucemillernurseryedgewood.com"
114.119.132.146 - - [07/Oct/2022:03:43:16 -0700] "GET /clipart/buttons/themes/stone HTTP/1.1" 301 1433 "http://brucemillernurseryedgewood.com/clipart/buttons/themes" "Mozilla/5.0 (Linux; Android 7.0;) AppleWebKit/537.36 (KHTML, like Gecko) Mobile Safari/537.36 (compatible; PetalBot;+https://webmaster.petalsearch.com/site/petalbot)" "brucemillernurseryedgewood.com"
114.119.132.146 - - [07/Oct/2022:03:43:18 -0700] "GET /clipart/buttons/themes/stone/ HTTP/1.1" 200 413 "http://brucemillernurseryedgewood.com/clipart/buttons/themes" "Mozilla/5.0 (Linux; Android 7.0;) AppleWebKit/537.36 (KHTML, like Gecko) Mobile Safari/537.36 (compatible; PetalBot;+https://webmaster.petalsearch.com/site/petalbot)" "brucemillernurseryedgewood.com"
51.222.253.20 - - [07/Oct/2022:03:45:30 -0700] "GET /clipart/backgrounds/sidebar/?C=S;O=A HTTP/1.1" 200 383 "-" "Mozilla/5.0 (compatible; AhrefsBot/7.0; +http://ahrefs.com/robot/)" "brucemillernurseryedgewood.com"
114.119.132.153 - - [07/Oct/2022:03:49:17 -0700] "GET /clipart/lines/horizontal/?C=M%3BO%3DA HTTP/1.1" 200 447 "https://www.brucemillernurseryedgewood.com/clipart/lines/horizontal/?C=D%3BO%3DA" "Mozilla/5.0 (Linux; Android 7.0;) AppleWebKit/537.36 (KHTML, like Gecko) Mobile Safari/537.36 (compatible; PetalBot;+https://webmaster.petalsearch.com/site/petalbot)" "www.brucemillernurseryedgewood.com"
207.46.13.35 - - [07/Oct/2022:03:52:10 -0700] "GET /images/IMG_0127.JPG HTTP/1.1" 200 4688200 "-" "Mozilla/5.0 (compatible; bingbot/2.0; +http://www.bing.com/bingbot.htm)" "brucemillernurseryedgewood.com"
51.222.253.15 - - [07/Oct/2022:03:53:15 -0700] "GET /great_deals HTTP/1.1" 200 4168 "-" "Mozilla/5.0 (compatible; AhrefsBot/7.0; +http://ahrefs.com/robot/)" "www.brucemillernurseryedgewood.com"
114.119.132.146 - - [07/Oct/2022:03:55:16 -0700] "GET /clipart/images/?C=M%3BO%3DA HTTP/1.1" 200 476 "http://brucemillernurseryedgewood.com/clipart/images/?C=N%3BO%3DD" "Mozilla/5.0 (Linux; Android 7.0;) AppleWebKit/537.36 (KHTML, like Gecko) Mobile Safari/537.36 (compatible; PetalBot;+https://webmaster.petalsearch.com/site/petalbot)" "brucemillernurseryedgewood.com"
51.222.253.16 - - [07/Oct/2022:04:00:22 -0700] "GET /clipart/backgrounds/fullpage/?C=N;O=D HTTP/1.1" 200 385 "-" "Mozilla/5.0 (compatible; AhrefsBot/7.0; +http://ahrefs.com/robot/)" "brucemillernurseryedgewood.com"
77.75.78.170 - - [07/Oct/2022:04:00:30 -0700] "GET /robots.txt HTTP/1.1" 404 88 "-" "Mozilla/5.0 (compatible; SeznamBot/3.2; +http://napoveda.seznam.cz/en/seznambot-intro/)" "brucemillernurseryedgewood.com"
77.75.78.170 - - [07/Oct/2022:04:00:31 -0700] "GET /images/2009_0711Image0012.JPG HTTP/1.1" 304 - "-" "Mozilla/5.0 (compatible; SeznamBot/3.2; +http://napoveda.seznam.cz/en/seznambot-intro/)" "brucemillernurseryedgewood.com"
51.222.253.11 - - [07/Oct/2022:04:06:32 -0700] "GET /sitebuilder/clipart/?C=M;O=A HTTP/1.1" 200 378 "-" "Mozilla/5.0 (compatible; AhrefsBot/7.0; +http://ahrefs.com/robot/)" "www.brucemillernurseryedgewood.com"
51.222.253.5 - - [07/Oct/2022:04:13:03 -0700] "GET /images/?C=N;O=D HTTP/1.1" 200 3712 "-" "Mozilla/5.0 (compatible; AhrefsBot/7.0; +http://ahrefs.com/robot/)" "brucemillernurseryedgewood.com"
51.222.253.13 - - [07/Oct/2022:04:19:32 -0700] "GET /sitebuilder/images/?C=M;O=A HTTP/1.1" 200 7291 "-" "Mozilla/5.0 (compatible; AhrefsBot/7.0; +http://ahrefs.com/robot/)" "www.brucemillernurseryedgewood.com"
173.231.60.197 - - [07/Oct/2022:04:20:55 -0700] "GET /robots.txt HTTP/1.1" 404 88 "-" "Mozilla/5.0 (compatible; Adsbot/3.1; +https://seostar.co/robot/)" "brucemillernurseryedgewood.com"
173.231.60.197 - - [07/Oct/2022:04:21:13 -0700] "GET / HTTP/1.1" 200 406 "-" "Mozilla/5.0 (compatible; Adsbot/3.1; +https://seostar.co/robot/)" "brucemillernurseryedgewood.com"
173.231.60.197 - - [07/Oct/2022:04:21:21 -0700] "GET /?C=D;O=A HTTP/1.1" 200 406 "http://brucemillernurseryedgewood.com/" "Mozilla/5.0 (compatible; Adsbot/3.1; +https://seostar.co/robot/)" "brucemillernurseryedgewood.com"
173.231.60.197 - - [07/Oct/2022:04:21:27 -0700] "GET /?C=M;O=A HTTP/1.1" 200 406 "http://brucemillernurseryedgewood.com/" "Mozilla/5.0 (compatible; Adsbot/3.1; +https://seostar.co/robot/)" "brucemillernurseryedgewood.com"
173.231.60.197 - - [07/Oct/2022:04:21:34 -0700] "GET /?C=N;O=D HTTP/1.1" 200 402 "http://brucemillernurseryedgewood.com/" "Mozilla/5.0 (compatible; Adsbot/3.1; +https://seostar.co/robot/)" "brucemillernurseryedgewood.com"
173.231.60.197 - - [07/Oct/2022:04:21:40 -0700] "GET /?C=S;O=A HTTP/1.1" 200 406 "http://brucemillernurseryedgewood.com/" "Mozilla/5.0 (compatible; Adsbot/3.1; +https://seostar.co/robot/)" "brucemillernurseryedgewood.com"
173.231.60.197 - - [07/Oct/2022:04:21:51 -0700] "GET /images/ HTTP/1.1" 200 3702 "http://brucemillernurseryedgewood.com/" "Mozilla/5.0 (compatible; Adsbot/3.1; +https://seostar.co/robot/)" "brucemillernurseryedgewood.com"
173.231.60.197 - - [07/Oct/2022:04:22:03 -0700] "GET /clipart/ HTTP/1.1" 200 456 "http://brucemillernurseryedgewood.com/" "Mozilla/5.0 (compatible; Adsbot/3.1; +https://seostar.co/robot/)" "brucemillernurseryedgewood.com"
173.231.60.197 - - [07/Oct/2022:04:22:11 -0700] "GET /sitebuilder/ HTTP/1.1" 200 443 "http://brucemillernurseryedgewood.com/" "Mozilla/5.0 (compatible; Adsbot/3.1; +https://seostar.co/robot/)" "brucemillernurseryedgewood.com"
173.231.60.197 - - [07/Oct/2022:04:22:21 -0700] "GET /navigation_bars/ HTTP/1.1" 200 372 "http://brucemillernurseryedgewood.com/" "Mozilla/5.0 (compatible; Adsbot/3.1; +https://seostar.co/robot/)" "brucemillernurseryedgewood.com"
173.231.60.197 - - [07/Oct/2022:04:22:29 -0700] "GET /?C=D;O=D HTTP/1.1" 200 402 "http://brucemillernurseryedgewood.com/" "Mozilla/5.0 (compatible; Adsbot/3.1; +https://seostar.co/robot/)" "brucemillernurseryedgewood.com"
67.44.192.192 - - [07/Oct/2022:04:25:53 -0700] "GET /nursery.html HTTP/1.1" 404 88 "-" "Mozilla/5.0 (Macintosh; Intel Mac OS X 10_11_6) AppleWebKit/605.1.15 (KHTML, like Gecko)" "brucemillernurseryedgewood.com"
67.44.192.192 - - [07/Oct/2022:04:25:55 -0700] "GET /apple-touch-icon-precomposed.png HTTP/1.1" 404 88 "-" "Safari/11605.3.8.1 CFNetwork/760.9 Darwin/15.6.0 (x86_64)" "brucemillernurseryedgewood.com"
67.44.192.192 - - [07/Oct/2022:04:25:59 -0700] "GET /apple-touch-icon.png HTTP/1.1" 404 88 "-" "Safari/11605.3.8.1 CFNetwork/760.9 Darwin/15.6.0 (x86_64)" "brucemillernurseryedgewood.com"
67.44.192.192 - - [07/Oct/2022:04:26:00 -0700] "GET /favicon.ico HTTP/1.1" 404 88 "-" "Safari/11605.3.8.1 CFNetwork/760.9 Darwin/15.6.0 (x86_64)" "brucemillernurseryedgewood.com"
67.44.192.192 - - [07/Oct/2022:04:26:01 -0700] "GET /apple-touch-icon-precomposed.png HTTP/1.1" 404 88 "-" "Safari/11605.3.8.1 CFNetwork/760.9 Darwin/15.6.0 (x86_64)" "brucemillernurseryedgewood.com"
67.44.192.192 - - [07/Oct/2022:04:26:02 -0700] "GET /apple-touch-icon.png HTTP/1.1" 404 88 "-" "Safari/11605.3.8.1 CFNetwork/760.9 Darwin/15.6.0 (x86_64)" "brucemillernurseryedgewood.com"
67.44.192.192 - - [07/Oct/2022:04:26:03 -0700] "GET /favicon.ico HTTP/1.1" 404 88 "-" "Safari/11605.3.8.1 CFNetwork/760.9 Darwin/15.6.0 (x86_64)" "brucemillernurseryedgewood.com"
67.44.192.192 - - [07/Oct/2022:04:26:03 -0700] "GET /nursery.html HTTP/1.1" 404 88 "-" "\"Mozilla/5.0 (iPhone; CPU iPhone OS 11_0 like Mac OS X) AppleWebKit/604.1.38 (KHTML, like Gecko) Version/11.0 Mobile/15A372 Safari/604.1\"" "brucemillernurseryedgewood.com"
67.44.192.192 - - [07/Oct/2022:04:26:04 -0700] "GET /apple-touch-icon-precomposed.png HTTP/1.1" 404 88 "-" "Safari/11605.3.8.1 CFNetwork/760.9 Darwin/15.6.0 (x86_64)" "brucemillernurseryedgewood.com"
67.44.192.192 - - [07/Oct/2022:04:26:10 -0700] "GET /apple-touch-icon.png HTTP/1.1" 404 88 "-" "Safari/11605.3.8.1 CFNetwork/760.9 Darwin/15.6.0 (x86_64)" "brucemillernurseryedgewood.com"
67.44.192.192 - - [07/Oct/2022:04:26:10 -0700] "GET /favicon.ico HTTP/1.1" 404 88 "-" "Safari/11605.3.8.1 CFNetwork/760.9 Darwin/15.6.0 (x86_64)" "brucemillernurseryedgewood.com"
51.222.253.11 - - [07/Oct/2022:04:26:11 -0700] "GET /sitebuilder/clipart/?C=D;O=A HTTP/1.1" 200 376 "-" "Mozilla/5.0 (compatible; AhrefsBot/7.0; +http://ahrefs.com/robot/)" "www.brucemillernurseryedgewood.com"
67.44.192.192 - - [07/Oct/2022:04:26:14 -0700] "GET /apple-touch-icon-precomposed.png HTTP/1.1" 404 88 "-" "Safari/11605.3.8.1 CFNetwork/760.9 Darwin/15.6.0 (x86_64)" "brucemillernurseryedgewood.com"
67.44.192.192 - - [07/Oct/2022:04:26:15 -0700] "GET /apple-touch-icon.png HTTP/1.1" 404 88 "-" "Safari/11605.3.8.1 CFNetwork/760.9 Darwin/15.6.0 (x86_64)" "brucemillernurseryedgewood.com"
67.44.192.192 - - [07/Oct/2022:04:26:16 -0700] "GET /favicon.ico HTTP/1.1" 404 88 "-" "Safari/11605.3.8.1 CFNetwork/760.9 Darwin/15.6.0 (x86_64)" "brucemillernurseryedgewood.com"
51.222.253.14 - - [07/Oct/2022:04:32:33 -0700] "GET /clipart/buttons/themes/?C=M;O=D HTTP/1.1" 200 381 "-" "Mozilla/5.0 (compatible; AhrefsBot/7.0; +http://ahrefs.com/robot/)" "brucemillernurseryedgewood.com"
100.26.127.17 - - [07/Oct/2022:04:32:55 -0700] "GET /robots.txt HTTP/1.1" 404 88 "-" "Mozilla/5.0 (compatible; Neevabot/1.0; +https://neeva.com/neevabot)" "www.brucemillernurseryedgewood.com"
100.26.127.17 - - [07/Oct/2022:04:33:02 -0700] "GET /?C=S;O=A HTTP/1.1" 200 406 "-" "Mozilla/5.0 (compatible; Neevabot/1.0; +https://neeva.com/neevabot)" "www.brucemillernurseryedgewood.com"
157.55.39.153 - - [07/Oct/2022:04:38:10 -0700] "GET /yahoo_site_admin/assets/images/IMG_20200917_142047264.260132148_std.jpg HTTP/1.1" 200 60988 "-" "Mozilla/5.0 AppleWebKit/537.36 (KHTML, like Gecko; compatible; bingbot/2.0; +http://www.bing.com/bingbot.htm) Chrome/103.0.5060.134 Safari/537.36" "brucemillernurseryedgewood.com"
51.222.253.10 - - [07/Oct/2022:04:39:05 -0700] "GET /great_deals HTTP/1.1" 200 4168 "-" "Mozilla/5.0 (compatible; AhrefsBot/7.0; +http://ahrefs.com/robot/)" "www.brucemillernurseryedgewood.com"
207.46.13.181 - - [07/Oct/2022:04:41:45 -0700] "GET /navigation_bars/ HTTP/1.1" 200 372 "-" "Mozilla/5.0 (compatible; bingbot/2.0; +http://www.bing.com/bingbot.htm)" "brucemillernurseryedgewood.com"
51.222.253.3 - - [07/Oct/2022:04:45:51 -0700] "GET /sitebuilder/clipart/bars/regular/horizontal/ HTTP/1.1" 200 416 "-" "Mozilla/5.0 (compatible; AhrefsBot/7.0; +http://ahrefs.com/robot/)" "brucemillernurseryedgewood.com"
51.222.253.7 - - [07/Oct/2022:04:52:18 -0700] "GET /sitebuilder/clipart/backgrounds/tile/ HTTP/1.1" 200 412 "-" "Mozilla/5.0 (compatible; AhrefsBot/7.0; +http://ahrefs.com/robot/)" "brucemillernurseryedgewood.com"
123.125.109.116 - - [07/Oct/2022:04:54:54 -0700] "GET / HTTP/1.1" 200 406 "-" "Sogou web spider/4.0(+http://www.sogou.com/docs/help/webmasters.htm#07)" "www.brucemillernurseryedgewood.com"
51.222.253.14 - - [07/Oct/2022:04:58:40 -0700] "GET /clipart/lines/?C=N;O=D HTTP/1.1" 200 359 "-" "Mozilla/5.0 (compatible; AhrefsBot/7.0; +http://ahrefs.com/robot/)" "brucemillernurseryedgewood.com"
77.75.78.161 - - [07/Oct/2022:05:03:14 -0700] "GET /robots.txt HTTP/1.1" 404 88 "-" "Mozilla/5.0 (compatible; SeznamBot/3.2; +http://napoveda.seznam.cz/en/seznambot-intro/)" "brucemillernurseryedgewood.com"
77.75.78.161 - - [07/Oct/2022:05:03:15 -0700] "GET /images/IMG_0257.JPG HTTP/1.1" 304 - "-" "Mozilla/5.0 (compatible; SeznamBot/3.2; +http://napoveda.seznam.cz/en/seznambot-intro/)" "brucemillernurseryedgewood.com"
51.222.253.17 - - [07/Oct/2022:05:05:05 -0700] "GET /sitebuilder/clipart/backgrounds/?C=S;O=A HTTP/1.1" 200 371 "-" "Mozilla/5.0 (compatible; AhrefsBot/7.0; +http://ahrefs.com/robot/)" "brucemillernurseryedgewood.com"
207.46.13.181 - - [07/Oct/2022:05:06:34 -0700] "GET /home HTTP/1.1" 200 4616 "-" "Mozilla/5.0 (compatible; bingbot/2.0; +http://www.bing.com/bingbot.htm)" "brucemillernurseryedgewood.com"
162.55.85.225 - - [07/Oct/2022:05:09:30 -0700] "GET /robots.txt HTTP/1.1" 404 88 "-" "Mozilla/5.0 (compatible; BLEXBot/1.0; +http://webmeup-crawler.com/)" "brucemillernurseryedgewood.com"
162.55.85.225 - - [07/Oct/2022:05:09:31 -0700] "GET /sitemap HTTP/1.1" 404 88 "-" "Mozilla/5.0 (compatible; BLEXBot/1.0; +http://webmeup-crawler.com/)" "brucemillernurseryedgewood.com"
162.55.85.225 - - [07/Oct/2022:05:09:47 -0700] "GET /sitemap.txt HTTP/1.1" 404 88 "-" "Mozilla/5.0 (compatible; BLEXBot/1.0; +http://webmeup-crawler.com/)" "brucemillernurseryedgewood.com"
162.55.85.225 - - [07/Oct/2022:05:10:04 -0700] "GET /?C=D;O=A HTTP/1.1" 200 406 "-" "Mozilla/5.0 (compatible; BLEXBot/1.0; +http://webmeup-crawler.com/)" "brucemillernurseryedgewood.com"
162.55.85.225 - - [07/Oct/2022:05:10:21 -0700] "GET /?C=M;O=A HTTP/1.1" 200 406 "-" "Mozilla/5.0 (compatible; BLEXBot/1.0; +http://webmeup-crawler.com/)" "brucemillernurseryedgewood.com"
162.55.85.225 - - [07/Oct/2022:05:10:38 -0700] "GET /?C=N;O=D HTTP/1.1" 200 402 "-" "Mozilla/5.0 (compatible; BLEXBot/1.0; +http://webmeup-crawler.com/)" "brucemillernurseryedgewood.com"
162.55.85.225 - - [07/Oct/2022:05:10:54 -0700] "GET /?C=S;O=A HTTP/1.1" 200 406 "-" "Mozilla/5.0 (compatible; BLEXBot/1.0; +http://webmeup-crawler.com/)" "brucemillernurseryedgewood.com"
162.55.85.225 - - [07/Oct/2022:05:11:10 -0700] "GET /clipart/ HTTP/1.1" 200 456 "-" "Mozilla/5.0 (compatible; BLEXBot/1.0; +http://webmeup-crawler.com/)" "brucemillernurseryedgewood.com"
162.55.85.225 - - [07/Oct/2022:05:11:29 -0700] "GET /images/ HTTP/1.1" 200 3702 "-" "Mozilla/5.0 (compatible; BLEXBot/1.0; +http://webmeup-crawler.com/)" "brucemillernurseryedgewood.com"
51.222.253.2 - - [07/Oct/2022:05:11:42 -0700] "GET /sitebuilder/images/?C=D;O=A HTTP/1.1" 200 7088 "-" "Mozilla/5.0 (compatible; AhrefsBot/7.0; +http://ahrefs.com/robot/)" "brucemillernurseryedgewood.com"
162.55.85.225 - - [07/Oct/2022:05:11:46 -0700] "GET /navigation_bars/ HTTP/1.1" 200 372 "-" "Mozilla/5.0 (compatible; BLEXBot/1.0; +http://webmeup-crawler.com/)" "brucemillernurseryedgewood.com"
162.55.85.225 - - [07/Oct/2022:05:12:03 -0700] "GET /sitebuilder/ HTTP/1.1" 200 443 "-" "Mozilla/5.0 (compatible; BLEXBot/1.0; +http://webmeup-crawler.com/)" "brucemillernurseryedgewood.com"
54.36.148.49 - - [07/Oct/2022:05:18:38 -0700] "GET /robots.txt HTTP/1.1" 404 88 "-" "Mozilla/5.0 (compatible; AhrefsBot/7.0; +http://ahrefs.com/robot/)" "brucemillernurseryedgewood.com"
51.222.253.16 - - [07/Oct/2022:05:18:40 -0700] "GET /sitebuilder/?C=N;O=D HTTP/1.1" 200 446 "-" "Mozilla/5.0 (compatible; AhrefsBot/7.0; +http://ahrefs.com/robot/)" "brucemillernurseryedgewood.com"
61.135.159.197 - - [07/Oct/2022:05:18:54 -0700] "GET / HTTP/1.1" 200 406 "-" "Sogou web spider/4.0(+http://www.sogou.com/docs/help/webmasters.htm#07)" "brucemillernurseryedgewood.com"
51.222.253.11 - - [07/Oct/2022:05:24:54 -0700] "GET /contact_us HTTP/1.1" 200 8118 "-" "Mozilla/5.0 (compatible; AhrefsBot/7.0; +http://ahrefs.com/robot/)" "www.brucemillernurseryedgewood.com"
51.222.253.5 - - [07/Oct/2022:05:31:02 -0700] "GET /home HTTP/1.1" 200 4616 "-" "Mozilla/5.0 (compatible; AhrefsBot/7.0; +http://ahrefs.com/robot/)" "www.brucemillernurseryedgewood.com"
67.44.192.192 - - [07/Oct/2022:05:32:20 -0700] "GET /nursery.html HTTP/1.1" 404 88 "-" "Mozilla/5.0 (Macintosh; Intel Mac OS X 10_11_6) AppleWebKit/605.1.15 (KHTML, like Gecko)" "brucemillernurseryedgewood.com"
67.44.192.192 - - [07/Oct/2022:05:32:21 -0700] "GET /apple-touch-icon-precomposed.png HTTP/1.1" 404 88 "-" "Safari/11605.3.8.1 CFNetwork/760.9 Darwin/15.6.0 (x86_64)" "brucemillernurseryedgewood.com"
67.44.192.192 - - [07/Oct/2022:05:32:21 -0700] "GET /apple-touch-icon.png HTTP/1.1" 404 88 "-" "Safari/11605.3.8.1 CFNetwork/760.9 Darwin/15.6.0 (x86_64)" "brucemillernurseryedgewood.com"
67.44.192.192 - - [07/Oct/2022:05:32:23 -0700] "GET /favicon.ico HTTP/1.1" 404 88 "-" "Safari/11605.3.8.1 CFNetwork/760.9 Darwin/15.6.0 (x86_64)" "brucemillernurseryedgewood.com"
67.44.192.192 - - [07/Oct/2022:05:32:24 -0700] "GET /apple-touch-icon-precomposed.png HTTP/1.1" 404 88 "-" "Safari/11605.3.8.1 CFNetwork/760.9 Darwin/15.6.0 (x86_64)" "brucemillernurseryedgewood.com"
67.44.192.192 - - [07/Oct/2022:05:32:25 -0700] "GET /apple-touch-icon.png HTTP/1.1" 404 88 "-" "Safari/11605.3.8.1 CFNetwork/760.9 Darwin/15.6.0 (x86_64)" "brucemillernurseryedgewood.com"
67.44.192.192 - - [07/Oct/2022:05:32:25 -0700] "GET /favicon.ico HTTP/1.1" 404 88 "-" "Safari/11605.3.8.1 CFNetwork/760.9 Darwin/15.6.0 (x86_64)" "brucemillernurseryedgewood.com"
67.44.192.192 - - [07/Oct/2022:05:32:26 -0700] "GET /nursery.html HTTP/1.1" 404 88 "-" "\"Mozilla/5.0 (iPhone; CPU iPhone OS 11_0 like Mac OS X) AppleWebKit/604.1.38 (KHTML, like Gecko) Version/11.0 Mobile/15A372 Safari/604.1\"" "brucemillernurseryedgewood.com"
67.44.192.192 - - [07/Oct/2022:05:32:27 -0700] "GET /apple-touch-icon-precomposed.png HTTP/1.1" 404 88 "-" "Safari/11605.3.8.1 CFNetwork/760.9 Darwin/15.6.0 (x86_64)" "brucemillernurseryedgewood.com"
67.44.192.192 - - [07/Oct/2022:05:32:28 -0700] "GET /apple-touch-icon.png HTTP/1.1" 404 88 "-" "Safari/11605.3.8.1 CFNetwork/760.9 Darwin/15.6.0 (x86_64)" "brucemillernurseryedgewood.com"
67.44.192.192 - - [07/Oct/2022:05:32:29 -0700] "GET /favicon.ico HTTP/1.1" 404 88 "-" "Safari/11605.3.8.1 CFNetwork/760.9 Darwin/15.6.0 (x86_64)" "brucemillernurseryedgewood.com"
67.44.192.192 - - [07/Oct/2022:05:32:30 -0700] "GET /apple-touch-icon-precomposed.png HTTP/1.1" 404 88 "-" "Safari/11605.3.8.1 CFNetwork/760.9 Darwin/15.6.0 (x86_64)" "brucemillernurseryedgewood.com"
67.44.192.192 - - [07/Oct/2022:05:32:31 -0700] "GET /apple-touch-icon.png HTTP/1.1" 404 88 "-" "Safari/11605.3.8.1 CFNetwork/760.9 Darwin/15.6.0 (x86_64)" "brucemillernurseryedgewood.com"
67.44.192.192 - - [07/Oct/2022:05:32:32 -0700] "GET /favicon.ico HTTP/1.1" 404 88 "-" "Safari/11605.3.8.1 CFNetwork/760.9 Darwin/15.6.0 (x86_64)" "brucemillernurseryedgewood.com"
54.36.149.85 - - [07/Oct/2022:05:37:23 -0700] "GET /robots.txt HTTP/1.1" 404 88 "-" "Mozilla/5.0 (compatible; AhrefsBot/7.0; +http://ahrefs.com/robot/)" "brucemillernurseryedgewood.com"
51.222.253.12 - - [07/Oct/2022:05:37:24 -0700] "GET /sitebuilder/images/?C=M;O=A HTTP/1.1" 200 7291 "-" "Mozilla/5.0 (compatible; AhrefsBot/7.0; +http://ahrefs.com/robot/)" "brucemillernurseryedgewood.com"
51.222.253.10 - - [07/Oct/2022:05:44:17 -0700] "GET /clipart/bars/?C=N;O=D HTTP/1.1" 200 356 "-" "Mozilla/5.0 (compatible; AhrefsBot/7.0; +http://ahrefs.com/robot/)" "brucemillernurseryedgewood.com"
51.222.253.10 - - [07/Oct/2022:05:50:41 -0700] "GET /clipart/lines/horizontal/?C=N;O=D HTTP/1.1" 200 446 "-" "Mozilla/5.0 (compatible; AhrefsBot/7.0; +http://ahrefs.com/robot/)" "brucemillernurseryedgewood.com"
