40.88.21.235 - - [05/Oct/2022:14:00:59 -0700] "GET / HTTP/1.1" 200 406 "http://brucemillernurseryedgewood.com/" "Mozilla/5.0 (compatible; DuckDuckGo-Favicons-Bot/1.0; +http://duckduckgo.com)" "brucemillernurseryedgewood.com"
40.88.21.235 - - [05/Oct/2022:14:00:59 -0700] "GET /favicon.ico HTTP/1.1" 404 88 "http://brucemillernurseryedgewood.com/favicon.ico" "Mozilla/5.0 (compatible; DuckDuckGo-Favicons-Bot/1.0; +http://duckduckgo.com)" "brucemillernurseryedgewood.com"
107.115.177.39 - - [05/Oct/2022:14:01:23 -0700] "GET /home HTTP/1.1" 200 4616 "-" "Mozilla/5.0 (Linux; Android 11) AppleWebKit/537.36 (KHTML, like Gecko) Chrome/103.0.5060.114 Mobile Safari/537.36" "brucemillernurseryedgewood.com"
107.115.177.39 - - [05/Oct/2022:14:01:24 -0700] "GET /yahoo_site_admin/assets/images/118765601_1902304113245994_1757334005447454970_n.259131218_std.jpg HTTP/1.1" 200 84670 "http://brucemillernurseryedgewood.com/home" "Mozilla/5.0 (Linux; Android 11) AppleWebKit/537.36 (KHTML, like Gecko) Chrome/103.0.5060.114 Mobile Safari/537.36" "brucemillernurseryedgewood.com"
107.115.177.39 - - [05/Oct/2022:14:01:25 -0700] "GET /favicon.ico HTTP/1.1" 404 88 "http://brucemillernurseryedgewood.com/home" "Mozilla/5.0 (Linux; Android 11) AppleWebKit/537.36 (KHTML, like Gecko) Chrome/103.0.5060.114 Mobile Safari/537.36" "brucemillernurseryedgewood.com"
114.119.132.131 - - [05/Oct/2022:14:04:43 -0700] "GET /clipart/buttons/themes?C=M%3BO%3DA HTTP/1.1" 301 1443 "http://brucemillernurseryedgewood.com/clipart/buttons/themes?C=N%3BO%3DD" "Mozilla/5.0 (Linux; Android 7.0;) AppleWebKit/537.36 (KHTML, like Gecko) Mobile Safari/537.36 (compatible; PetalBot;+https://webmaster.petalsearch.com/site/petalbot)" "brucemillernurseryedgewood.com"
114.119.132.131 - - [05/Oct/2022:14:04:44 -0700] "GET /clipart/buttons/themes/?C=M%3BO%3DA HTTP/1.1" 200 382 "http://brucemillernurseryedgewood.com/clipart/buttons/themes?C=N%3BO%3DD" "Mozilla/5.0 (Linux; Android 7.0;) AppleWebKit/537.36 (KHTML, like Gecko) Mobile Safari/537.36 (compatible; PetalBot;+https://webmaster.petalsearch.com/site/petalbot)" "brucemillernurseryedgewood.com"
17.121.112.95 - - [05/Oct/2022:14:08:28 -0700] "GET /favicon.ico HTTP/1.1" 404 88 "-" "Mozilla/5.0 (Macintosh; Intel Mac OS X 10_15_5) AppleWebKit/605.1.15 (KHTML, like Gecko) Version/13.1.1 Safari/605.1.15 (Applebot/0.1; +http://www.apple.com/go/applebot)" "brucemillernurseryedgewood.com"
114.119.132.149 - - [05/Oct/2022:14:10:09 -0700] "GET /sitebuilder/clipart/bars/regular/?C=N%3BO%3DD HTTP/1.1" 200 391 "https://www.brucemillernurseryedgewood.com/sitebuilder/clipart/bars/regular" "Mozilla/5.0 (Linux; Android 7.0;) AppleWebKit/537.36 (KHTML, like Gecko) Mobile Safari/537.36 (compatible; PetalBot;+https://webmaster.petalsearch.com/site/petalbot)" "www.brucemillernurseryedgewood.com"
114.119.132.122 - - [05/Oct/2022:14:15:34 -0700] "GET /sitebuilder/scripts?C=M%3BO%3DA HTTP/1.1" 301 1442 "http://www.brucemillernurseryedgewood.com/sitebuilder/scripts" "Mozilla/5.0 (Linux; Android 7.0;) AppleWebKit/537.36 (KHTML, like Gecko) Mobile Safari/537.36 (compatible; PetalBot;+https://webmaster.petalsearch.com/site/petalbot)" "www.brucemillernurseryedgewood.com"
114.119.132.122 - - [05/Oct/2022:14:15:34 -0700] "GET /sitebuilder/scripts/?C=M%3BO%3DA HTTP/1.1" 200 372 "http://www.brucemillernurseryedgewood.com/sitebuilder/scripts" "Mozilla/5.0 (Linux; Android 7.0;) AppleWebKit/537.36 (KHTML, like Gecko) Mobile Safari/537.36 (compatible; PetalBot;+https://webmaster.petalsearch.com/site/petalbot)" "www.brucemillernurseryedgewood.com"
114.119.132.153 - - [05/Oct/2022:14:21:01 -0700] "GET /sitebuilder/clipart/bars/low-carb/horizontal?C=S%3BO%3DA HTTP/1.1" 301 1458 "http://brucemillernurseryedgewood.com/sitebuilder/clipart/bars/low-carb/horizontal" "Mozilla/5.0 (Linux; Android 7.0;) AppleWebKit/537.36 (KHTML, like Gecko) Mobile Safari/537.36 (compatible; PetalBot;+https://webmaster.petalsearch.com/site/petalbot)" "brucemillernurseryedgewood.com"
114.119.132.153 - - [05/Oct/2022:14:21:01 -0700] "GET /sitebuilder/clipart/bars/low-carb/horizontal/?C=S%3BO%3DA HTTP/1.1" 200 421 "http://brucemillernurseryedgewood.com/sitebuilder/clipart/bars/low-carb/horizontal" "Mozilla/5.0 (Linux; Android 7.0;) AppleWebKit/537.36 (KHTML, like Gecko) Mobile Safari/537.36 (compatible; PetalBot;+https://webmaster.petalsearch.com/site/petalbot)" "brucemillernurseryedgewood.com"
114.119.150.186 - - [05/Oct/2022:14:26:31 -0700] "GET /sitebuilder HTTP/1.1" 301 1422 "http://www.brucemillernurseryedgewood.com/sitebuilder/scripts?C=N%3BO%3DD" "Mozilla/5.0 (Linux; Android 7.0;) AppleWebKit/537.36 (KHTML, like Gecko) Mobile Safari/537.36 (compatible; PetalBot;+https://webmaster.petalsearch.com/site/petalbot)" "www.brucemillernurseryedgewood.com"
114.119.150.186 - - [05/Oct/2022:14:26:31 -0700] "GET /sitebuilder/ HTTP/1.1" 200 443 "http://www.brucemillernurseryedgewood.com/sitebuilder/scripts?C=N%3BO%3DD" "Mozilla/5.0 (Linux; Android 7.0;) AppleWebKit/537.36 (KHTML, like Gecko) Mobile Safari/537.36 (compatible; PetalBot;+https://webmaster.petalsearch.com/site/petalbot)" "www.brucemillernurseryedgewood.com"
114.119.132.122 - - [05/Oct/2022:14:32:00 -0700] "GET /clipart/bars/regular/?C=M%3BO%3DA HTTP/1.1" 200 366 "https://www.brucemillernurseryedgewood.com/clipart/bars/regular/?C=N%3BO%3DD" "Mozilla/5.0 (Linux; Android 7.0;) AppleWebKit/537.36 (KHTML, like Gecko) Mobile Safari/537.36 (compatible; PetalBot;+https://webmaster.petalsearch.com/site/petalbot)" "www.brucemillernurseryedgewood.com"
114.119.132.16 - - [05/Oct/2022:14:37:31 -0700] "GET /sitebuilder?C=N%3BO%3DD HTTP/1.1" 301 1440 "https://www.brucemillernurseryedgewood.com/sitebuilder?C=S%3BO%3DA" "Mozilla/5.0 (Linux; Android 7.0;) AppleWebKit/537.36 (KHTML, like Gecko) Mobile Safari/537.36 (compatible; PetalBot;+https://webmaster.petalsearch.com/site/petalbot)" "www.brucemillernurseryedgewood.com"
114.119.132.16 - - [05/Oct/2022:14:37:35 -0700] "GET /sitebuilder/?C=N%3BO%3DD HTTP/1.1" 200 443 "https://www.brucemillernurseryedgewood.com/sitebuilder?C=S%3BO%3DA" "Mozilla/5.0 (Linux; Android 7.0;) AppleWebKit/537.36 (KHTML, like Gecko) Mobile Safari/537.36 (compatible; PetalBot;+https://webmaster.petalsearch.com/site/petalbot)" "www.brucemillernurseryedgewood.com"
114.119.132.16 - - [05/Oct/2022:14:42:58 -0700] "GET /clipart/bars/?C=N%3BO%3DD HTTP/1.1" 200 358 "https://www.brucemillernurseryedgewood.com/clipart/bars?C=M%3BO%3DA" "Mozilla/5.0 (Linux; Android 7.0;) AppleWebKit/537.36 (KHTML, like Gecko) Mobile Safari/537.36 (compatible; PetalBot;+https://webmaster.petalsearch.com/site/petalbot)" "www.brucemillernurseryedgewood.com"
114.119.132.131 - - [05/Oct/2022:14:48:26 -0700] "GET /sitebuilder/clipart/backgrounds/tile/?C=N%3BO%3DD HTTP/1.1" 200 412 "https://www.brucemillernurseryedgewood.com/sitebuilder/clipart/backgrounds/tile?C=D%3BO%3DA" "Mozilla/5.0 (Linux; Android 7.0;) AppleWebKit/537.36 (KHTML, like Gecko) Mobile Safari/537.36 (compatible; PetalBot;+https://webmaster.petalsearch.com/site/petalbot)" "www.brucemillernurseryedgewood.com"
114.119.132.153 - - [05/Oct/2022:14:53:53 -0700] "GET /clipart/bars/regular/?C=M%3BO%3DA HTTP/1.1" 200 366 "http://brucemillernurseryedgewood.com/clipart/bars/regular?C=D%3BO%3DA" "Mozilla/5.0 (Linux; Android 7.0;) AppleWebKit/537.36 (KHTML, like Gecko) Mobile Safari/537.36 (compatible; PetalBot;+https://webmaster.petalsearch.com/site/petalbot)" "brucemillernurseryedgewood.com"
114.119.132.122 - - [05/Oct/2022:14:59:26 -0700] "GET /navigation_bars?C=S%3BO%3DA HTTP/1.1" 301 1442 "https://www.brucemillernurseryedgewood.com/navigation_bars?C=N%3BO%3DD" "Mozilla/5.0 (Linux; Android 7.0;) AppleWebKit/537.36 (KHTML, like Gecko) Mobile Safari/537.36 (compatible; PetalBot;+https://webmaster.petalsearch.com/site/petalbot)" "www.brucemillernurseryedgewood.com"
114.119.132.122 - - [05/Oct/2022:14:59:27 -0700] "GET /navigation_bars/?C=S%3BO%3DA HTTP/1.1" 200 372 "https://www.brucemillernurseryedgewood.com/navigation_bars?C=N%3BO%3DD" "Mozilla/5.0 (Linux; Android 7.0;) AppleWebKit/537.36 (KHTML, like Gecko) Mobile Safari/537.36 (compatible; PetalBot;+https://webmaster.petalsearch.com/site/petalbot)" "www.brucemillernurseryedgewood.com"
114.119.132.122 - - [05/Oct/2022:15:04:56 -0700] "GET /clipart/images/frames?C=D%3BO%3DA HTTP/1.1" 301 1446 "https://www.brucemillernurseryedgewood.com/clipart/images/frames?C=N%3BO%3DD" "Mozilla/5.0 (Linux; Android 7.0;) AppleWebKit/537.36 (KHTML, like Gecko) Mobile Safari/537.36 (compatible; PetalBot;+https://webmaster.petalsearch.com/site/petalbot)" "www.brucemillernurseryedgewood.com"
114.119.132.122 - - [05/Oct/2022:15:04:57 -0700] "GET /clipart/images/frames/?C=D%3BO%3DA HTTP/1.1" 200 395 "https://www.brucemillernurseryedgewood.com/clipart/images/frames?C=N%3BO%3DD" "Mozilla/5.0 (Linux; Android 7.0;) AppleWebKit/537.36 (KHTML, like Gecko) Mobile Safari/537.36 (compatible; PetalBot;+https://webmaster.petalsearch.com/site/petalbot)" "www.brucemillernurseryedgewood.com"
114.119.132.146 - - [05/Oct/2022:15:10:28 -0700] "GET /clipart/backgrounds/sidebar/?C=M%3BO%3DA HTTP/1.1" 200 384 "https://www.brucemillernurseryedgewood.com/clipart/backgrounds/sidebar" "Mozilla/5.0 (Linux; Android 7.0;) AppleWebKit/537.36 (KHTML, like Gecko) Mobile Safari/537.36 (compatible; PetalBot;+https://webmaster.petalsearch.com/site/petalbot)" "www.brucemillernurseryedgewood.com"
114.119.132.146 - - [05/Oct/2022:15:16:00 -0700] "GET /sitebuilder/?C=S%3BO%3DA HTTP/1.1" 200 443 "http://www.brucemillernurseryedgewood.com/sitebuilder/?C=M%3BO%3DA" "Mozilla/5.0 (Linux; Android 7.0;) AppleWebKit/537.36 (KHTML, like Gecko) Mobile Safari/537.36 (compatible; PetalBot;+https://webmaster.petalsearch.com/site/petalbot)" "www.brucemillernurseryedgewood.com"
114.119.132.149 - - [05/Oct/2022:15:21:36 -0700] "GET /sitebuilder/clipart/bars/regular/vertical?C=M%3BO%3DA HTTP/1.1" 301 1458 "https://www.brucemillernurseryedgewood.com/sitebuilder/clipart/bars/regular/vertical?C=D%3BO%3DA" "Mozilla/5.0 (Linux; Android 7.0;) AppleWebKit/537.36 (KHTML, like Gecko) Mobile Safari/537.36 (compatible; PetalBot;+https://webmaster.petalsearch.com/site/petalbot)" "www.brucemillernurseryedgewood.com"
114.119.132.149 - - [05/Oct/2022:15:21:37 -0700] "GET /sitebuilder/clipart/bars/regular/vertical/?C=M%3BO%3DA HTTP/1.1" 200 417 "https://www.brucemillernurseryedgewood.com/sitebuilder/clipart/bars/regular/vertical?C=D%3BO%3DA" "Mozilla/5.0 (Linux; Android 7.0;) AppleWebKit/537.36 (KHTML, like Gecko) Mobile Safari/537.36 (compatible; PetalBot;+https://webmaster.petalsearch.com/site/petalbot)" "www.brucemillernurseryedgewood.com"
54.36.148.195 - - [05/Oct/2022:15:24:48 -0700] "GET /robots.txt HTTP/1.1" 404 88 "-" "Mozilla/5.0 (compatible; AhrefsBot/7.0; +http://ahrefs.com/robot/)" "brucemillernurseryedgewood.com"
51.222.253.5 - - [05/Oct/2022:15:24:49 -0700] "GET / HTTP/1.1" 200 406 "-" "Mozilla/5.0 (compatible; AhrefsBot/7.0; +http://ahrefs.com/robot/)" "brucemillernurseryedgewood.com"
114.119.132.16 - - [05/Oct/2022:15:27:11 -0700] "GET /clipart/lines?C=S%3BO%3DA HTTP/1.1" 301 1440 "https://www.brucemillernurseryedgewood.com/clipart/lines" "Mozilla/5.0 (Linux; Android 7.0;) AppleWebKit/537.36 (KHTML, like Gecko) Mobile Safari/537.36 (compatible; PetalBot;+https://webmaster.petalsearch.com/site/petalbot)" "www.brucemillernurseryedgewood.com"
114.119.132.16 - - [05/Oct/2022:15:27:12 -0700] "GET /clipart/lines/?C=S%3BO%3DA HTTP/1.1" 200 361 "https://www.brucemillernurseryedgewood.com/clipart/lines" "Mozilla/5.0 (Linux; Android 7.0;) AppleWebKit/537.36 (KHTML, like Gecko) Mobile Safari/537.36 (compatible; PetalBot;+https://webmaster.petalsearch.com/site/petalbot)" "www.brucemillernurseryedgewood.com"
114.119.132.153 - - [05/Oct/2022:15:32:42 -0700] "GET /clipart/backgrounds/?C=D%3BO%3DA HTTP/1.1" 200 389 "http://brucemillernurseryedgewood.com/clipart/backgrounds/?C=S%3BO%3DA" "Mozilla/5.0 (Linux; Android 7.0;) AppleWebKit/537.36 (KHTML, like Gecko) Mobile Safari/537.36 (compatible; PetalBot;+https://webmaster.petalsearch.com/site/petalbot)" "brucemillernurseryedgewood.com"
207.46.13.181 - - [05/Oct/2022:15:37:01 -0700] "GET /images/IMG_0124.JPG HTTP/1.1" 200 4112206 "-" "Mozilla/5.0 (compatible; bingbot/2.0; +http://www.bing.com/bingbot.htm)" "brucemillernurseryedgewood.com"
207.46.13.35 - - [05/Oct/2022:15:37:05 -0700] "GET /yahoo_site_admin/assets/images/20200917_153436-COLLAGE.260133728_std.jpg HTTP/1.1" 200 94887 "-" "Mozilla/5.0 AppleWebKit/537.36 (KHTML, like Gecko; compatible; bingbot/2.0; +http://www.bing.com/bingbot.htm) Chrome/103.0.5060.134 Safari/537.36" "brucemillernurseryedgewood.com"
114.119.132.149 - - [05/Oct/2022:15:38:16 -0700] "GET /sitebuilder/clipart?C=M%3BO%3DA HTTP/1.1" 301 1440 "http://brucemillernurseryedgewood.com/sitebuilder/clipart?C=D%3BO%3DA" "Mozilla/5.0 (Linux; Android 7.0;) AppleWebKit/537.36 (KHTML, like Gecko) Mobile Safari/537.36 (compatible; PetalBot;+https://webmaster.petalsearch.com/site/petalbot)" "brucemillernurseryedgewood.com"
114.119.132.149 - - [05/Oct/2022:15:38:16 -0700] "GET /sitebuilder/clipart/?C=M%3BO%3DA HTTP/1.1" 200 376 "http://brucemillernurseryedgewood.com/sitebuilder/clipart?C=D%3BO%3DA" "Mozilla/5.0 (Linux; Android 7.0;) AppleWebKit/537.36 (KHTML, like Gecko) Mobile Safari/537.36 (compatible; PetalBot;+https://webmaster.petalsearch.com/site/petalbot)" "brucemillernurseryedgewood.com"
114.119.132.16 - - [05/Oct/2022:15:43:47 -0700] "GET /clipart/buttons/themes/stone?C=D%3BO%3DA HTTP/1.1" 301 1452 "https://www.brucemillernurseryedgewood.com/clipart/buttons/themes/stone" "Mozilla/5.0 (Linux; Android 7.0;) AppleWebKit/537.36 (KHTML, like Gecko) Mobile Safari/537.36 (compatible; PetalBot;+https://webmaster.petalsearch.com/site/petalbot)" "www.brucemillernurseryedgewood.com"
114.119.132.16 - - [05/Oct/2022:15:43:49 -0700] "GET /clipart/buttons/themes/stone/?C=D%3BO%3DA HTTP/1.1" 200 413 "https://www.brucemillernurseryedgewood.com/clipart/buttons/themes/stone" "Mozilla/5.0 (Linux; Android 7.0;) AppleWebKit/537.36 (KHTML, like Gecko) Mobile Safari/537.36 (compatible; PetalBot;+https://webmaster.petalsearch.com/site/petalbot)" "www.brucemillernurseryedgewood.com"
114.119.132.122 - - [05/Oct/2022:15:49:19 -0700] "GET /clipart/backgrounds/fullpage/?C=D%3BO%3DA HTTP/1.1" 200 387 "https://www.brucemillernurseryedgewood.com/clipart/backgrounds/fullpage/" "Mozilla/5.0 (Linux; Android 7.0;) AppleWebKit/537.36 (KHTML, like Gecko) Mobile Safari/537.36 (compatible; PetalBot;+https://webmaster.petalsearch.com/site/petalbot)" "www.brucemillernurseryedgewood.com"
207.46.13.230 - - [05/Oct/2022:16:26:37 -0700] "GET /robots.txt HTTP/1.1" 404 88 "-" "Mozilla/5.0 (compatible; bingbot/2.0; +http://www.bing.com/bingbot.htm)" "www.brucemillernurseryedgewood.com"
207.46.13.230 - - [05/Oct/2022:16:26:37 -0700] "GET /robots.txt HTTP/1.1" 404 88 "-" "Mozilla/5.0 (compatible; bingbot/2.0; +http://www.bing.com/bingbot.htm)" "www.brucemillernurseryedgewood.com"
207.46.13.181 - - [05/Oct/2022:16:26:38 -0700] "GET /sitebuilder/server_meta.txt HTTP/1.1" 200 1779 "-" "Mozilla/5.0 (compatible; bingbot/2.0; +http://www.bing.com/bingbot.htm)" "www.brucemillernurseryedgewood.com"
207.46.13.181 - - [05/Oct/2022:16:48:30 -0700] "GET /navigation_bars/ HTTP/1.1" 200 372 "-" "Mozilla/5.0 (compatible; bingbot/2.0; +http://www.bing.com/bingbot.htm)" "brucemillernurseryedgewood.com"
52.12.209.252 - - [05/Oct/2022:17:24:35 -0700] "GET / HTTP/1.1" 200 406 "-" "Mozilla/5.0 (X11; Linux x86_64) AppleWebKit/537.36 (KHTML, like Gecko) Chrome/83.0.4103.97 Safari/537.36" "brucemillernurseryedgewood.com"
52.24.71.81 - - [05/Oct/2022:17:24:38 -0700] "GET / HTTP/1.1" 200 406 "-" "Mozilla/5.0 (X11; Linux x86_64) AppleWebKit/537.36 (KHTML, like Gecko) Chrome/83.0.4103.97 Safari/537.36" "brucemillernurseryedgewood.com"
54.187.31.81 - - [05/Oct/2022:17:25:13 -0700] "GET /favicon.ico HTTP/1.1" 404 88 "-" "Mozilla/5.0 (X11; Linux x86_64) AppleWebKit/537.36 (KHTML, like Gecko) Chrome/83.0.4103.97 Safari/537.36" "brucemillernurseryedgewood.com"
54.187.31.81 - - [05/Oct/2022:17:25:17 -0700] "GET / HTTP/1.1" 200 406 "-" "Mozilla/5.0 (X11; Linux x86_64) AppleWebKit/537.36 (KHTML, like Gecko) Chrome/83.0.4103.97 Safari/537.36" "brucemillernurseryedgewood.com"
54.190.31.15 - - [05/Oct/2022:17:29:41 -0700] "GET /favicon.ico HTTP/1.1" 404 88 "-" "Mozilla/5.0 (X11; Linux x86_64) AppleWebKit/537.36 (KHTML, like Gecko) Chrome/83.0.4103.97 Safari/537.36" "brucemillernurseryedgewood.com"
54.190.31.15 - - [05/Oct/2022:17:29:43 -0700] "GET / HTTP/1.1" 200 406 "-" "Mozilla/5.0 (X11; Linux x86_64) AppleWebKit/537.36 (KHTML, like Gecko) Chrome/83.0.4103.97 Safari/537.36" "brucemillernurseryedgewood.com"
44.202.217.236 - - [05/Oct/2022:18:17:33 -0700] "GET / HTTP/1.1" 200 406 "-" "Mozilla/5.0 (Windows NT 10.0; Win64; x64) AppleWebKit/537.36 (KHTML, like Gecko) Chrome/91.0.4469.0 Safari/537.36" "www.brucemillernurseryedgewood.com"
34.227.192.12 - - [05/Oct/2022:18:17:36 -0700] "HEAD / HTTP/1.1" 200 - "-" "Mozilla/5.0 (Macintosh; Intel Mac OS X 10_14_6) AppleWebKit/537.36 (KHTML, like Gecko) Chrome/78.0.3904.108 Safari/537.36" "www.brucemillernurseryedgewood.com"
35.172.230.179 - - [05/Oct/2022:18:17:36 -0700] "GET / HTTP/1.1" 200 406 "-" "Mozilla/5.0 (Windows NT 10.0; Win64; x64) AppleWebKit/537.36 (KHTML, like Gecko) Chrome/91.0.4469.0 Safari/537.36" "www.brucemillernurseryedgewood.com"
44.204.103.208 - - [05/Oct/2022:18:17:42 -0700] "GET / HTTP/1.1" 200 406 "-" "Mozilla/5.0 (Windows NT 10.0; Win64; x64) AppleWebKit/537.36 (KHTML, like Gecko) Chrome/91.0.4469.0 Safari/537.36" "www.brucemillernurseryedgewood.com"
3.95.133.72 - - [05/Oct/2022:18:17:43 -0700] "GET /navigation_bars HTTP/1.1" 301 1429 "-" "Mozilla/5.0 (Windows NT 10.0; Win64; x64) AppleWebKit/537.36 (KHTML, like Gecko) Chrome/91.0.4469.0 Safari/537.36" "www.brucemillernurseryedgewood.com"
3.95.133.72 - - [05/Oct/2022:18:17:43 -0700] "GET /navigation_bars/ HTTP/1.1" 200 372 "-" "Mozilla/5.0 (Windows NT 10.0; Win64; x64) AppleWebKit/537.36 (KHTML, like Gecko) Chrome/91.0.4469.0 Safari/537.36" "www.brucemillernurseryedgewood.com"
34.235.169.222 - - [05/Oct/2022:18:17:45 -0700] "HEAD /navigation_bars HTTP/1.1" 301 - "-" "Mozilla/5.0 (Macintosh; Intel Mac OS X 10_14_6) AppleWebKit/537.36 (KHTML, like Gecko) Chrome/78.0.3904.108 Safari/537.36" "www.brucemillernurseryedgewood.com"
54.225.56.28 - - [05/Oct/2022:18:17:45 -0700] "GET /navigation_bars HTTP/1.1" 301 1429 "-" "Mozilla/5.0 (Windows NT 10.0; Win64; x64) AppleWebKit/537.36 (KHTML, like Gecko) Chrome/91.0.4469.0 Safari/537.36" "www.brucemillernurseryedgewood.com"
54.225.56.28 - - [05/Oct/2022:18:17:45 -0700] "GET /navigation_bars/ HTTP/1.1" 200 372 "-" "Mozilla/5.0 (Windows NT 10.0; Win64; x64) AppleWebKit/537.36 (KHTML, like Gecko) Chrome/91.0.4469.0 Safari/537.36" "www.brucemillernurseryedgewood.com"
207.46.13.181 - - [05/Oct/2022:18:24:17 -0700] "GET /images/IMG_0257.JPG HTTP/1.1" 200 2845390 "-" "Mozilla/5.0 AppleWebKit/537.36 (KHTML, like Gecko; compatible; bingbot/2.0; +http://www.bing.com/bingbot.htm) Chrome/103.0.5060.134 Safari/537.36" "brucemillernurseryedgewood.com"
17.121.114.46 - - [05/Oct/2022:18:26:49 -0700] "GET /robots.txt HTTP/1.1" 404 88 "-" "Mozilla/5.0 (Macintosh; Intel Mac OS X 10_15_5) AppleWebKit/605.1.15 (KHTML, like Gecko) Version/13.1.1 Safari/605.1.15 (Applebot/0.1; +http://www.apple.com/go/applebot)" "www.brucemillernurseryedgewood.com"
17.121.114.46 - - [05/Oct/2022:18:26:50 -0700] "GET / HTTP/1.1" 200 406 "-" "Mozilla/5.0 (Macintosh; Intel Mac OS X 10_15_5) AppleWebKit/605.1.15 (KHTML, like Gecko) Version/13.1.1 Safari/605.1.15 (Applebot/0.1; +http://www.apple.com/go/applebot)" "www.brucemillernurseryedgewood.com"
114.119.132.146 - - [05/Oct/2022:19:21:25 -0700] "GET /sitebuilder/clipart/backgrounds/tile/?C=M%3BO%3DA HTTP/1.1" 200 412 "https://www.brucemillernurseryedgewood.com/sitebuilder/clipart/backgrounds/tile?C=D%3BO%3DA" "Mozilla/5.0 (Linux; Android 7.0;) AppleWebKit/537.36 (KHTML, like Gecko) Mobile Safari/537.36 (compatible; PetalBot;+https://webmaster.petalsearch.com/site/petalbot)" "www.brucemillernurseryedgewood.com"
2.57.122.157 - - [05/Oct/2022:19:41:19 -0700] "GET / HTTP/1.1" 200 406 "-" "Mozilla/5.0 (X11; CrOS x86_64 8172.45.0) AppleWebKit/537.36 (KHTML, like Gecko) Chrome/51.0.2704.64 Safari/537.36" "brucemillernurseryedgewood.com"
2.57.122.157 - - [05/Oct/2022:19:41:19 -0700] "GET /favicon.ico HTTP/1.1" 404 88 "-" "Mozilla/5.0 (X11; CrOS x86_64 8172.45.0) AppleWebKit/537.36 (KHTML, like Gecko) Chrome/51.0.2704.64 Safari/537.36" "brucemillernurseryedgewood.com"
2.57.122.157 - - [05/Oct/2022:19:41:19 -0700] "GET / HTTP/1.1" 200 406 "-" "Mozilla/5.0 (X11; Linux x86_64) AppleWebKit/537.36 (KHTML, like Gecko) Chrome/74.0.3729.169 Safari/537.36" "brucemillernurseryedgewood.com"
2.57.122.157 - - [05/Oct/2022:19:41:19 -0700] "GET /favicon.ico HTTP/1.1" 404 88 "-" "Mozilla/5.0 (X11; Linux x86_64) AppleWebKit/537.36 (KHTML, like Gecko) Chrome/74.0.3729.169 Safari/537.36" "brucemillernurseryedgewood.com"
114.119.132.16 - - [05/Oct/2022:19:45:55 -0700] "GET /clipart/images/frames?C=D%3BO%3DA HTTP/1.1" 301 1441 "http://brucemillernurseryedgewood.com/clipart/images/frames?C=S%3BO%3DA" "Mozilla/5.0 (Linux; Android 7.0;) AppleWebKit/537.36 (KHTML, like Gecko) Mobile Safari/537.36 (compatible; PetalBot;+https://webmaster.petalsearch.com/site/petalbot)" "brucemillernurseryedgewood.com"
114.119.132.16 - - [05/Oct/2022:19:45:56 -0700] "GET /clipart/images/frames/?C=D%3BO%3DA HTTP/1.1" 200 395 "http://brucemillernurseryedgewood.com/clipart/images/frames?C=S%3BO%3DA" "Mozilla/5.0 (Linux; Android 7.0;) AppleWebKit/537.36 (KHTML, like Gecko) Mobile Safari/537.36 (compatible; PetalBot;+https://webmaster.petalsearch.com/site/petalbot)" "brucemillernurseryedgewood.com"
114.119.132.149 - - [05/Oct/2022:19:51:38 -0700] "GET /clipart/buttons/themes/stone/?C=D%3BO%3DA HTTP/1.1" 200 413 "http://brucemillernurseryedgewood.com/clipart/buttons/themes/stone/?C=M%3BO%3DA" "Mozilla/5.0 (Linux; Android 7.0;) AppleWebKit/537.36 (KHTML, like Gecko) Mobile Safari/537.36 (compatible; PetalBot;+https://webmaster.petalsearch.com/site/petalbot)" "brucemillernurseryedgewood.com"
66.249.64.215 - - [05/Oct/2022:19:59:01 -0700] "GET /robots.txt HTTP/1.1" 404 88 "-" "Mozilla/5.0 (compatible; Googlebot/2.1; +http://www.google.com/bot.html)" "brucemillernurseryedgewood.com"
66.249.64.213 - - [05/Oct/2022:19:59:01 -0700] "GET /contact_us HTTP/1.1" 200 8120 "-" "Mozilla/5.0 (Linux; Android 6.0.1; Nexus 5X Build/MMB29P) AppleWebKit/537.36 (KHTML, like Gecko) Chrome/105.0.5195.125 Mobile Safari/537.36 (compatible; Googlebot/2.1; +http://www.google.com/bot.html)" "brucemillernurseryedgewood.com"
3.223.3.251 - - [05/Oct/2022:20:02:53 -0700] "GET /robots.txt HTTP/1.1" 404 88 "-" "CCBot/2.0 (https://commoncrawl.org/faq/)" "brucemillernurseryedgewood.com"
3.223.3.251 - - [05/Oct/2022:20:02:53 -0700] "GET /clipart/buttons/ HTTP/1.1" 200 360 "-" "CCBot/2.0 (https://commoncrawl.org/faq/)" "brucemillernurseryedgewood.com"
3.223.3.251 - - [05/Oct/2022:20:04:23 -0700] "GET /images/?C=N;O=D HTTP/1.1" 200 3712 "-" "CCBot/2.0 (https://commoncrawl.org/faq/)" "brucemillernurseryedgewood.com"
3.223.3.251 - - [05/Oct/2022:20:06:04 -0700] "GET /clipart/images/ HTTP/1.1" 200 476 "-" "CCBot/2.0 (https://commoncrawl.org/faq/)" "brucemillernurseryedgewood.com"
35.213.167.52 - - [05/Oct/2022:20:10:55 -0700] "GET / HTTP/1.1" 200 406 "-" "Mozilla/5.0 (Windows NT 10.0; Win64; x64) AppleWebKit/537.36 (KHTML, like Gecko; compatible; BW/1.1; bit.ly/3eZNDnO; 9471e4c2a5) Chrome/84.0.4147.105 Safari/537.36" "brucemillernurseryedgewood.com"
35.213.167.52 - - [05/Oct/2022:20:10:56 -0700] "GET /robots.txt HTTP/1.1" 404 88 "-" "Mozilla/5.0 (Windows NT 10.0; Win64; x64) AppleWebKit/537.36 (KHTML, like Gecko; compatible; BW/1.1; bit.ly/3eZNDnO; 9471e4c2a5) Chrome/84.0.4147.105 Safari/537.36" "brucemillernurseryedgewood.com"
35.213.167.52 - - [05/Oct/2022:20:10:56 -0700] "GET /navigation_bars/ HTTP/1.1" 200 372 "-" "Mozilla/5.0 (Windows NT 10.0; Win64; x64) AppleWebKit/537.36 (KHTML, like Gecko; compatible; BW/1.1; bit.ly/3eZNDnO; 9471e4c2a5) Chrome/84.0.4147.105 Safari/537.36" "brucemillernurseryedgewood.com"
35.213.167.52 - - [05/Oct/2022:20:10:56 -0700] "GET /clipart/ HTTP/1.1" 200 456 "-" "Mozilla/5.0 (Windows NT 10.0; Win64; x64) AppleWebKit/537.36 (KHTML, like Gecko; compatible; BW/1.1; bit.ly/3eZNDnO; 9471e4c2a5) Chrome/84.0.4147.105 Safari/537.36" "brucemillernurseryedgewood.com"
35.213.167.52 - - [05/Oct/2022:20:10:57 -0700] "GET /app-ads.txt HTTP/1.1" 404 88 "-" "Mozilla/5.0 (Windows NT 10.0; Win64; x64) AppleWebKit/537.36 (KHTML, like Gecko; compatible; BW/1.1; bit.ly/3eZNDnO; 9471e4c2a5) Chrome/84.0.4147.105 Safari/537.36" "brucemillernurseryedgewood.com"
35.213.167.52 - - [05/Oct/2022:20:10:57 -0700] "GET /ads.txt HTTP/1.1" 404 88 "-" "Mozilla/5.0 (Windows NT 10.0; Win64; x64) AppleWebKit/537.36 (KHTML, like Gecko; compatible; BW/1.1; bit.ly/3eZNDnO; 9471e4c2a5) Chrome/84.0.4147.105 Safari/537.36" "brucemillernurseryedgewood.com"
3.223.3.251 - - [05/Oct/2022:20:16:53 -0700] "GET /navigation_bars/?C=M;O=A HTTP/1.1" 200 373 "-" "CCBot/2.0 (https://commoncrawl.org/faq/)" "brucemillernurseryedgewood.com"
157.55.39.153 - - [05/Oct/2022:20:23:07 -0700] "GET /images/IMG_0247.JPG HTTP/1.1" 200 2681176 "-" "Mozilla/5.0 AppleWebKit/537.36 (KHTML, like Gecko; compatible; bingbot/2.0; +http://www.bing.com/bingbot.htm) Chrome/103.0.5060.134 Safari/537.36" "brucemillernurseryedgewood.com"
3.223.3.251 - - [05/Oct/2022:20:23:49 -0700] "GET /navigation_bars/?C=S;O=D HTTP/1.1" 200 370 "-" "CCBot/2.0 (https://commoncrawl.org/faq/)" "brucemillernurseryedgewood.com"
3.223.3.251 - - [05/Oct/2022:20:24:37 -0700] "GET /navigation_bars/?C=D;O=A HTTP/1.1" 200 372 "-" "CCBot/2.0 (https://commoncrawl.org/faq/)" "brucemillernurseryedgewood.com"
89.185.85.245 - - [05/Oct/2022:20:25:02 -0700] "GET / HTTP/1.1" 200 1005 "https://twtalktw.info/" "Mozilla/4.0 (compatible; MSIE 6.0; AOL 9.0; Windows NT 5.1)" "brucemillernurseryedgewood.com"
89.185.85.245 - - [05/Oct/2022:20:25:03 -0700] "GET / HTTP/1.1" 200 1005 "https://twtalktw.info/" "Mozilla/4.0 (compatible; MSIE 6.0; AOL 9.0; Windows NT 5.1)" "brucemillernurseryedgewood.com"
89.185.85.245 - - [05/Oct/2022:20:25:03 -0700] "GET / HTTP/1.1" 200 1005 "https://twtalktw.info/" "Mozilla/4.0 (compatible; MSIE 6.0; AOL 9.0; Windows NT 5.1)" "brucemillernurseryedgewood.com"
61.135.159.197 - - [05/Oct/2022:20:27:26 -0700] "GET / HTTP/1.1" 200 406 "-" "Sogou web spider/4.0(+http://www.sogou.com/docs/help/webmasters.htm#07)" "brucemillernurseryedgewood.com"
3.223.3.251 - - [05/Oct/2022:20:31:22 -0700] "GET /sitebuilder/?C=S;O=A HTTP/1.1" 200 443 "-" "CCBot/2.0 (https://commoncrawl.org/faq/)" "brucemillernurseryedgewood.com"
3.223.3.251 - - [05/Oct/2022:20:37:05 -0700] "GET /images/ZbThumbnail.info HTTP/1.1" 200 1262596 "-" "CCBot/2.0 (https://commoncrawl.org/faq/)" "brucemillernurseryedgewood.com"
114.119.132.131 - - [05/Oct/2022:20:41:17 -0700] "GET /clipart/images/sidebars?C=M%3BO%3DA HTTP/1.1" 301 1448 "https://www.brucemillernurseryedgewood.com/clipart/images/sidebars?C=N%3BO%3DD" "Mozilla/5.0 (Linux; Android 7.0;) AppleWebKit/537.36 (KHTML, like Gecko) Mobile Safari/537.36 (compatible; PetalBot;+https://webmaster.petalsearch.com/site/petalbot)" "www.brucemillernurseryedgewood.com"
114.119.132.131 - - [05/Oct/2022:20:41:27 -0700] "GET /clipart/images/sidebars/?C=M%3BO%3DA HTTP/1.1" 200 405 "https://www.brucemillernurseryedgewood.com/clipart/images/sidebars?C=N%3BO%3DD" "Mozilla/5.0 (Linux; Android 7.0;) AppleWebKit/537.36 (KHTML, like Gecko) Mobile Safari/537.36 (compatible; PetalBot;+https://webmaster.petalsearch.com/site/petalbot)" "www.brucemillernurseryedgewood.com"
123.125.109.116 - - [05/Oct/2022:20:43:12 -0700] "GET / HTTP/1.1" 200 406 "-" "Sogou web spider/4.0(+http://www.sogou.com/docs/help/webmasters.htm#07)" "www.brucemillernurseryedgewood.com"
3.223.3.251 - - [05/Oct/2022:20:45:34 -0700] "GET /?C=M;O=D HTTP/1.1" 200 403 "-" "CCBot/2.0 (https://commoncrawl.org/faq/)" "brucemillernurseryedgewood.com"
3.223.3.251 - - [05/Oct/2022:20:47:39 -0700] "GET /sitebuilder/images/ HTTP/1.1" 200 7088 "-" "CCBot/2.0 (https://commoncrawl.org/faq/)" "brucemillernurseryedgewood.com"
114.119.132.153 - - [05/Oct/2022:20:47:58 -0700] "GET /sitebuilder/scripts?C=S%3BO%3DA HTTP/1.1" 301 1442 "http://www.brucemillernurseryedgewood.com/sitebuilder/scripts" "Mozilla/5.0 (Linux; Android 7.0;) AppleWebKit/537.36 (KHTML, like Gecko) Mobile Safari/537.36 (compatible; PetalBot;+https://webmaster.petalsearch.com/site/petalbot)" "www.brucemillernurseryedgewood.com"
114.119.132.153 - - [05/Oct/2022:20:48:01 -0700] "GET /sitebuilder/scripts/?C=S%3BO%3DA HTTP/1.1" 200 372 "http://www.brucemillernurseryedgewood.com/sitebuilder/scripts" "Mozilla/5.0 (Linux; Android 7.0;) AppleWebKit/537.36 (KHTML, like Gecko) Mobile Safari/537.36 (compatible; PetalBot;+https://webmaster.petalsearch.com/site/petalbot)" "www.brucemillernurseryedgewood.com"
157.55.39.153 - - [05/Oct/2022:20:51:30 -0700] "GET /images/3.19h.JPG HTTP/1.1" 200 4491323 "-" "Mozilla/5.0 (compatible; bingbot/2.0; +http://www.bing.com/bingbot.htm)" "brucemillernurseryedgewood.com"
3.223.3.251 - - [05/Oct/2022:20:53:42 -0700] "GET /sitebuilder/?C=N;O=D HTTP/1.1" 200 446 "-" "CCBot/2.0 (https://commoncrawl.org/faq/)" "brucemillernurseryedgewood.com"
3.223.3.251 - - [05/Oct/2022:20:54:20 -0700] "GET /navigation_bars/Edgewood.nav HTTP/1.1" 200 6654 "-" "CCBot/2.0 (https://commoncrawl.org/faq/)" "brucemillernurseryedgewood.com"
114.119.132.153 - - [05/Oct/2022:20:54:20 -0700] "GET /sitebuilder/clipart/bars/low-carb/horizontal?C=M%3BO%3DA HTTP/1.1" 301 1463 "https://www.brucemillernurseryedgewood.com/sitebuilder/clipart/bars/low-carb/horizontal" "Mozilla/5.0 (Linux; Android 7.0;) AppleWebKit/537.36 (KHTML, like Gecko) Mobile Safari/537.36 (compatible; PetalBot;+https://webmaster.petalsearch.com/site/petalbot)" "www.brucemillernurseryedgewood.com"
114.119.132.153 - - [05/Oct/2022:20:54:24 -0700] "GET /sitebuilder/clipart/bars/low-carb/horizontal/?C=M%3BO%3DA HTTP/1.1" 200 421 "https://www.brucemillernurseryedgewood.com/sitebuilder/clipart/bars/low-carb/horizontal" "Mozilla/5.0 (Linux; Android 7.0;) AppleWebKit/537.36 (KHTML, like Gecko) Mobile Safari/537.36 (compatible; PetalBot;+https://webmaster.petalsearch.com/site/petalbot)" "www.brucemillernurseryedgewood.com"
3.223.3.251 - - [05/Oct/2022:20:56:25 -0700] "GET /images/?C=S;O=A HTTP/1.1" 200 3797 "-" "CCBot/2.0 (https://commoncrawl.org/faq/)" "brucemillernurseryedgewood.com"
3.223.3.251 - - [05/Oct/2022:20:58:23 -0700] "GET /images/?C=M;O=A HTTP/1.1" 200 3758 "-" "CCBot/2.0 (https://commoncrawl.org/faq/)" "brucemillernurseryedgewood.com"
114.119.132.131 - - [05/Oct/2022:21:00:45 -0700] "GET /clipart/buttons?C=D%3BO%3DA HTTP/1.1" 301 1443 "https://www.brucemillernurseryedgewood.com/clipart/buttons" "Mozilla/5.0 (Linux; Android 7.0;) AppleWebKit/537.36 (KHTML, like Gecko) Mobile Safari/537.36 (compatible; PetalBot;+https://webmaster.petalsearch.com/site/petalbot)" "www.brucemillernurseryedgewood.com"
114.119.132.131 - - [05/Oct/2022:21:00:49 -0700] "GET /clipart/buttons/?C=D%3BO%3DA HTTP/1.1" 200 360 "https://www.brucemillernurseryedgewood.com/clipart/buttons" "Mozilla/5.0 (Linux; Android 7.0;) AppleWebKit/537.36 (KHTML, like Gecko) Mobile Safari/537.36 (compatible; PetalBot;+https://webmaster.petalsearch.com/site/petalbot)" "www.brucemillernurseryedgewood.com"
3.223.3.251 - - [05/Oct/2022:21:01:21 -0700] "GET /images/?C=D;O=A HTTP/1.1" 200 3702 "-" "CCBot/2.0 (https://commoncrawl.org/faq/)" "brucemillernurseryedgewood.com"
3.223.3.251 - - [05/Oct/2022:21:02:43 -0700] "GET /navigation_bars/?C=N;O=D HTTP/1.1" 200 370 "-" "CCBot/2.0 (https://commoncrawl.org/faq/)" "brucemillernurseryedgewood.com"
3.223.3.251 - - [05/Oct/2022:21:05:11 -0700] "GET /navigation_bars/?C=S;O=A HTTP/1.1" 200 373 "-" "CCBot/2.0 (https://commoncrawl.org/faq/)" "brucemillernurseryedgewood.com"
114.119.132.149 - - [05/Oct/2022:21:07:04 -0700] "GET /sitebuilder/server_meta.txt HTTP/1.1" 200 1779 "http://brucemillernurseryedgewood.com/sitebuilder/?C=S%3BO%3DA" "Mozilla/5.0 (Linux; Android 7.0;) AppleWebKit/537.36 (KHTML, like Gecko) Mobile Safari/537.36 (compatible; PetalBot;+https://webmaster.petalsearch.com/site/petalbot)" "brucemillernurseryedgewood.com"
114.119.150.186 - - [05/Oct/2022:21:13:11 -0700] "GET /clipart/images/frames?C=M%3BO%3DA HTTP/1.1" 301 1441 "http://brucemillernurseryedgewood.com/clipart/images/frames?C=S%3BO%3DA" "Mozilla/5.0 (Linux; Android 7.0;) AppleWebKit/537.36 (KHTML, like Gecko) Mobile Safari/537.36 (compatible; PetalBot;+https://webmaster.petalsearch.com/site/petalbot)" "brucemillernurseryedgewood.com"
114.119.150.186 - - [05/Oct/2022:21:13:11 -0700] "GET /clipart/images/frames/?C=M%3BO%3DA HTTP/1.1" 200 395 "http://brucemillernurseryedgewood.com/clipart/images/frames?C=S%3BO%3DA" "Mozilla/5.0 (Linux; Android 7.0;) AppleWebKit/537.36 (KHTML, like Gecko) Mobile Safari/537.36 (compatible; PetalBot;+https://webmaster.petalsearch.com/site/petalbot)" "brucemillernurseryedgewood.com"
114.119.132.16 - - [05/Oct/2022:21:19:26 -0700] "GET /sitebuilder/clipart/bars/low-carb/?C=M%3BO%3DA HTTP/1.1" 200 375 "http://brucemillernurseryedgewood.com/sitebuilder/clipart/bars/low-carb/?C=N%3BO%3DD" "Mozilla/5.0 (Linux; Android 7.0;) AppleWebKit/537.36 (KHTML, like Gecko) Mobile Safari/537.36 (compatible; PetalBot;+https://webmaster.petalsearch.com/site/petalbot)" "brucemillernurseryedgewood.com"
114.119.132.16 - - [05/Oct/2022:21:25:37 -0700] "GET /sitebuilder/clipart/bars/low-carb?C=N%3BO%3DD HTTP/1.1" 301 1455 "https://www.brucemillernurseryedgewood.com/sitebuilder/clipart/bars/low-carb" "Mozilla/5.0 (Linux; Android 7.0;) AppleWebKit/537.36 (KHTML, like Gecko) Mobile Safari/537.36 (compatible; PetalBot;+https://webmaster.petalsearch.com/site/petalbot)" "www.brucemillernurseryedgewood.com"
114.119.132.16 - - [05/Oct/2022:21:25:38 -0700] "GET /sitebuilder/clipart/bars/low-carb/?C=N%3BO%3DD HTTP/1.1" 200 375 "https://www.brucemillernurseryedgewood.com/sitebuilder/clipart/bars/low-carb" "Mozilla/5.0 (Linux; Android 7.0;) AppleWebKit/537.36 (KHTML, like Gecko) Mobile Safari/537.36 (compatible; PetalBot;+https://webmaster.petalsearch.com/site/petalbot)" "www.brucemillernurseryedgewood.com"
3.223.3.251 - - [05/Oct/2022:21:31:36 -0700] "GET /sitebuilder/?C=M;O=A HTTP/1.1" 200 443 "-" "CCBot/2.0 (https://commoncrawl.org/faq/)" "brucemillernurseryedgewood.com"
114.119.132.149 - - [05/Oct/2022:21:31:48 -0700] "GET /sitebuilder/clipart/bars/ HTTP/1.1" 200 384 "http://brucemillernurseryedgewood.com/sitebuilder/clipart/bars/regular?C=M%3BO%3DA" "Mozilla/5.0 (Linux; Android 7.0;) AppleWebKit/537.36 (KHTML, like Gecko) Mobile Safari/537.36 (compatible; PetalBot;+https://webmaster.petalsearch.com/site/petalbot)" "brucemillernurseryedgewood.com"
114.119.132.131 - - [05/Oct/2022:21:37:55 -0700] "GET /clipart/bars/?C=S%3BO%3DA HTTP/1.1" 200 358 "http://brucemillernurseryedgewood.com/clipart/bars/?C=N%3BO%3DD" "Mozilla/5.0 (Linux; Android 7.0;) AppleWebKit/537.36 (KHTML, like Gecko) Mobile Safari/537.36 (compatible; PetalBot;+https://webmaster.petalsearch.com/site/petalbot)" "brucemillernurseryedgewood.com"
3.223.3.251 - - [05/Oct/2022:21:40:58 -0700] "GET /images/Grower.html HTTP/1.1" 200 1990 "-" "CCBot/2.0 (https://commoncrawl.org/faq/)" "brucemillernurseryedgewood.com"
3.223.3.251 - - [05/Oct/2022:21:41:58 -0700] "GET /navigation_bars/?C=N;O=A HTTP/1.1" 200 372 "-" "CCBot/2.0 (https://commoncrawl.org/faq/)" "brucemillernurseryedgewood.com"
3.223.3.251 - - [05/Oct/2022:21:43:29 -0700] "GET /sitebuilder/?C=D;O=A HTTP/1.1" 200 443 "-" "CCBot/2.0 (https://commoncrawl.org/faq/)" "brucemillernurseryedgewood.com"
114.119.132.149 - - [05/Oct/2022:21:44:07 -0700] "GET /clipart/lines/horizontal/ HTTP/1.1" 200 447 "https://www.brucemillernurseryedgewood.com/clipart/lines/" "Mozilla/5.0 (Linux; Android 7.0;) AppleWebKit/537.36 (KHTML, like Gecko) Mobile Safari/537.36 (compatible; PetalBot;+https://webmaster.petalsearch.com/site/petalbot)" "www.brucemillernurseryedgewood.com"
3.223.3.251 - - [05/Oct/2022:21:49:26 -0700] "GET /clipart/bars/ HTTP/1.1" 200 358 "-" "CCBot/2.0 (https://commoncrawl.org/faq/)" "brucemillernurseryedgewood.com"
114.119.132.122 - - [05/Oct/2022:21:50:17 -0700] "GET /clipart/images?C=N%3BO%3DD HTTP/1.1" 301 1442 "https://www.brucemillernurseryedgewood.com/clipart/images?C=S%3BO%3DA" "Mozilla/5.0 (Linux; Android 7.0;) AppleWebKit/537.36 (KHTML, like Gecko) Mobile Safari/537.36 (compatible; PetalBot;+https://webmaster.petalsearch.com/site/petalbot)" "www.brucemillernurseryedgewood.com"
114.119.132.122 - - [05/Oct/2022:21:50:18 -0700] "GET /clipart/images/?C=N%3BO%3DD HTTP/1.1" 200 476 "https://www.brucemillernurseryedgewood.com/clipart/images?C=S%3BO%3DA" "Mozilla/5.0 (Linux; Android 7.0;) AppleWebKit/537.36 (KHTML, like Gecko) Mobile Safari/537.36 (compatible; PetalBot;+https://webmaster.petalsearch.com/site/petalbot)" "www.brucemillernurseryedgewood.com"
3.223.3.251 - - [05/Oct/2022:21:52:33 -0700] "GET /sitebuilder/clipart/ HTTP/1.1" 200 376 "-" "CCBot/2.0 (https://commoncrawl.org/faq/)" "brucemillernurseryedgewood.com"
3.223.3.251 - - [05/Oct/2022:21:55:49 -0700] "GET /sitebuilder/server_meta.txt HTTP/1.1" 200 1779 "-" "CCBot/2.0 (https://commoncrawl.org/faq/)" "brucemillernurseryedgewood.com"
114.119.150.186 - - [05/Oct/2022:21:56:24 -0700] "GET /clipart/pageHeaders/ZbThumbnail.info HTTP/1.1" 200 3300 "http://brucemillernurseryedgewood.com/clipart/pageHeaders/?C=S%3BO%3DA" "Mozilla/5.0 (Linux; Android 7.0;) AppleWebKit/537.36 (KHTML, like Gecko) Mobile Safari/537.36 (compatible; PetalBot;+https://webmaster.petalsearch.com/site/petalbot)" "brucemillernurseryedgewood.com"
114.119.150.186 - - [05/Oct/2022:22:02:35 -0700] "GET /sitebuilder/?C=N%3BO%3DD HTTP/1.1" 200 443 "http://www.brucemillernurseryedgewood.com/sitebuilder/?C=M%3BO%3DA" "Mozilla/5.0 (Linux; Android 7.0;) AppleWebKit/537.36 (KHTML, like Gecko) Mobile Safari/537.36 (compatible; PetalBot;+https://webmaster.petalsearch.com/site/petalbot)" "www.brucemillernurseryedgewood.com"
3.223.3.251 - - [05/Oct/2022:22:06:46 -0700] "GET /navigation_bars/?C=M;O=D HTTP/1.1" 200 370 "-" "CCBot/2.0 (https://commoncrawl.org/faq/)" "brucemillernurseryedgewood.com"
114.119.132.16 - - [05/Oct/2022:22:08:43 -0700] "GET /clipart?C=N%3BO%3DD HTTP/1.1" 301 1438 "https://www.brucemillernurseryedgewood.com/clipart?C=M%3BO%3DA" "Mozilla/5.0 (Linux; Android 7.0;) AppleWebKit/537.36 (KHTML, like Gecko) Mobile Safari/537.36 (compatible; PetalBot;+https://webmaster.petalsearch.com/site/petalbot)" "www.brucemillernurseryedgewood.com"
114.119.132.16 - - [05/Oct/2022:22:08:45 -0700] "GET /clipart/?C=N%3BO%3DD HTTP/1.1" 200 456 "https://www.brucemillernurseryedgewood.com/clipart?C=M%3BO%3DA" "Mozilla/5.0 (Linux; Android 7.0;) AppleWebKit/537.36 (KHTML, like Gecko) Mobile Safari/537.36 (compatible; PetalBot;+https://webmaster.petalsearch.com/site/petalbot)" "www.brucemillernurseryedgewood.com"
3.223.3.251 - - [05/Oct/2022:22:11:58 -0700] "GET /sitebuilder/scripts/ HTTP/1.1" 200 372 "-" "CCBot/2.0 (https://commoncrawl.org/faq/)" "brucemillernurseryedgewood.com"
3.223.3.251 - - [05/Oct/2022:22:13:13 -0700] "GET /navigation_bars/?C=D;O=D HTTP/1.1" 200 370 "-" "CCBot/2.0 (https://commoncrawl.org/faq/)" "brucemillernurseryedgewood.com"
114.119.132.16 - - [05/Oct/2022:22:14:49 -0700] "GET /sitebuilder/clipart/backgrounds/tile/?C=M%3BO%3DA HTTP/1.1" 200 412 "http://brucemillernurseryedgewood.com/sitebuilder/clipart/backgrounds/tile?C=N%3BO%3DD" "Mozilla/5.0 (Linux; Android 7.0;) AppleWebKit/537.36 (KHTML, like Gecko) Mobile Safari/537.36 (compatible; PetalBot;+https://webmaster.petalsearch.com/site/petalbot)" "brucemillernurseryedgewood.com"
3.223.3.251 - - [05/Oct/2022:22:17:50 -0700] "GET /clipart/?C=N;O=D HTTP/1.1" 200 456 "-" "CCBot/2.0 (https://commoncrawl.org/faq/)" "brucemillernurseryedgewood.com"
114.119.132.153 - - [05/Oct/2022:22:20:55 -0700] "GET /navigation_bars/?C=D%3BO%3DA HTTP/1.1" 200 372 "http://brucemillernurseryedgewood.com/navigation_bars?C=M%3BO%3DA" "Mozilla/5.0 (Linux; Android 7.0;) AppleWebKit/537.36 (KHTML, like Gecko) Mobile Safari/537.36 (compatible; PetalBot;+https://webmaster.petalsearch.com/site/petalbot)" "brucemillernurseryedgewood.com"
51.222.253.15 - - [05/Oct/2022:22:24:11 -0700] "GET /robots.txt HTTP/1.1" 404 88 "-" "Mozilla/5.0 (compatible; AhrefsBot/7.0; +http://ahrefs.com/robot/)" "www.brucemillernurseryedgewood.com"
51.222.253.7 - - [05/Oct/2022:22:24:12 -0700] "GET / HTTP/1.1" 200 406 "-" "Mozilla/5.0 (compatible; AhrefsBot/7.0; +http://ahrefs.com/robot/)" "www.brucemillernurseryedgewood.com"
114.119.132.16 - - [05/Oct/2022:22:27:07 -0700] "GET /sitebuilder/clipart/?C=D%3BO%3DA HTTP/1.1" 200 376 "http://brucemillernurseryedgewood.com/sitebuilder/clipart?C=S%3BO%3DA" "Mozilla/5.0 (Linux; Android 7.0;) AppleWebKit/537.36 (KHTML, like Gecko) Mobile Safari/537.36 (compatible; PetalBot;+https://webmaster.petalsearch.com/site/petalbot)" "brucemillernurseryedgewood.com"
207.46.13.35 - - [05/Oct/2022:22:27:52 -0700] "GET /images/IMG_0186.JPG HTTP/1.1" 200 3945620 "-" "Mozilla/5.0 (compatible; bingbot/2.0; +http://www.bing.com/bingbot.htm)" "brucemillernurseryedgewood.com"
114.119.132.122 - - [05/Oct/2022:22:33:18 -0700] "GET /sitebuilder/clipart/bars/regular?C=D%3BO%3DA HTTP/1.1" 301 1454 "https://www.brucemillernurseryedgewood.com/sitebuilder/clipart/bars/regular?C=S%3BO%3DA" "Mozilla/5.0 (Linux; Android 7.0;) AppleWebKit/537.36 (KHTML, like Gecko) Mobile Safari/537.36 (compatible; PetalBot;+https://webmaster.petalsearch.com/site/petalbot)" "www.brucemillernurseryedgewood.com"
114.119.132.122 - - [05/Oct/2022:22:33:19 -0700] "GET /sitebuilder/clipart/bars/regular/?C=D%3BO%3DA HTTP/1.1" 200 391 "https://www.brucemillernurseryedgewood.com/sitebuilder/clipart/bars/regular?C=S%3BO%3DA" "Mozilla/5.0 (Linux; Android 7.0;) AppleWebKit/537.36 (KHTML, like Gecko) Mobile Safari/537.36 (compatible; PetalBot;+https://webmaster.petalsearch.com/site/petalbot)" "www.brucemillernurseryedgewood.com"
114.119.132.131 - - [05/Oct/2022:22:39:27 -0700] "GET /clipart/lines/horizontal/ HTTP/1.1" 200 447 "http://brucemillernurseryedgewood.com/clipart/lines?C=M%3BO%3DA" "Mozilla/5.0 (Linux; Android 7.0;) AppleWebKit/537.36 (KHTML, like Gecko) Mobile Safari/537.36 (compatible; PetalBot;+https://webmaster.petalsearch.com/site/petalbot)" "brucemillernurseryedgewood.com"
114.119.132.146 - - [05/Oct/2022:22:45:35 -0700] "GET /clipart/backgrounds/sidebar?C=S%3BO%3DA HTTP/1.1" 301 1441 "http://brucemillernurseryedgewood.com/clipart/backgrounds/sidebar?C=D%3BO%3DA" "Mozilla/5.0 (Linux; Android 7.0;) AppleWebKit/537.36 (KHTML, like Gecko) Mobile Safari/537.36 (compatible; PetalBot;+https://webmaster.petalsearch.com/site/petalbot)" "brucemillernurseryedgewood.com"
114.119.132.146 - - [05/Oct/2022:22:45:38 -0700] "GET /clipart/backgrounds/sidebar/?C=S%3BO%3DA HTTP/1.1" 200 384 "http://brucemillernurseryedgewood.com/clipart/backgrounds/sidebar?C=D%3BO%3DA" "Mozilla/5.0 (Linux; Android 7.0;) AppleWebKit/537.36 (KHTML, like Gecko) Mobile Safari/537.36 (compatible; PetalBot;+https://webmaster.petalsearch.com/site/petalbot)" "brucemillernurseryedgewood.com"
114.119.132.149 - - [05/Oct/2022:22:51:40 -0700] "GET /clipart/images HTTP/1.1" 301 1427 "https://www.brucemillernurseryedgewood.com/clipart/images/sidebars" "Mozilla/5.0 (Linux; Android 7.0;) AppleWebKit/537.36 (KHTML, like Gecko) Mobile Safari/537.36 (compatible; PetalBot;+https://webmaster.petalsearch.com/site/petalbot)" "www.brucemillernurseryedgewood.com"
114.119.132.149 - - [05/Oct/2022:22:51:42 -0700] "GET /clipart/images/ HTTP/1.1" 200 476 "https://www.brucemillernurseryedgewood.com/clipart/images/sidebars" "Mozilla/5.0 (Linux; Android 7.0;) AppleWebKit/537.36 (KHTML, like Gecko) Mobile Safari/537.36 (compatible; PetalBot;+https://webmaster.petalsearch.com/site/petalbot)" "www.brucemillernurseryedgewood.com"
114.119.150.186 - - [05/Oct/2022:22:57:41 -0700] "GET /featured_article HTTP/1.1" 200 4255 "https://www.brucemillernurseryedgewood.com/whats_new" "Mozilla/5.0 (Linux; Android 7.0;) AppleWebKit/537.36 (KHTML, like Gecko) Mobile Safari/537.36 (compatible; PetalBot;+https://webmaster.petalsearch.com/site/petalbot)" "www.brucemillernurseryedgewood.com"
114.119.132.146 - - [05/Oct/2022:23:03:48 -0700] "GET /clipart/bars/?C=S%3BO%3DA HTTP/1.1" 200 358 "https://www.brucemillernurseryedgewood.com/clipart/bars?C=M%3BO%3DA" "Mozilla/5.0 (Linux; Android 7.0;) AppleWebKit/537.36 (KHTML, like Gecko) Mobile Safari/537.36 (compatible; PetalBot;+https://webmaster.petalsearch.com/site/petalbot)" "www.brucemillernurseryedgewood.com"
114.119.150.186 - - [05/Oct/2022:23:09:46 -0700] "GET /clipart/buttons/themes/stone/ HTTP/1.1" 200 413 "http://brucemillernurseryedgewood.com/clipart/buttons/themes/?C=M%3BO%3DA" "Mozilla/5.0 (Linux; Android 7.0;) AppleWebKit/537.36 (KHTML, like Gecko) Mobile Safari/537.36 (compatible; PetalBot;+https://webmaster.petalsearch.com/site/petalbot)" "brucemillernurseryedgewood.com"
114.119.132.146 - - [05/Oct/2022:23:15:46 -0700] "GET /navigation_bars/?C=M%3BO%3DA HTTP/1.1" 200 372 "https://www.brucemillernurseryedgewood.com/navigation_bars?C=D%3BO%3DA" "Mozilla/5.0 (Linux; Android 7.0;) AppleWebKit/537.36 (KHTML, like Gecko) Mobile Safari/537.36 (compatible; PetalBot;+https://webmaster.petalsearch.com/site/petalbot)" "www.brucemillernurseryedgewood.com"
114.119.150.186 - - [05/Oct/2022:23:21:36 -0700] "GET /sitebuilder/clipart/bars/regular/?C=N%3BO%3DD HTTP/1.1" 200 391 "http://brucemillernurseryedgewood.com/sitebuilder/clipart/bars/regular?C=M%3BO%3DA" "Mozilla/5.0 (Linux; Android 7.0;) AppleWebKit/537.36 (KHTML, like Gecko) Mobile Safari/537.36 (compatible; PetalBot;+https://webmaster.petalsearch.com/site/petalbot)" "brucemillernurseryedgewood.com"
45.138.74.197 - - [05/Oct/2022:23:49:23 -0700] "GET / HTTP/1.1" 200 1005 "https://komputers-best.ru/" "Mozilla/4.0 (compatible; MSIE 6.0; Windows NT) ::ELNSB50::000061100320025802a00111000000000507000900000000" "brucemillernurseryedgewood.com"
45.138.74.197 - - [05/Oct/2022:23:49:24 -0700] "GET / HTTP/1.1" 200 1005 "https://komputers-best.ru/" "Mozilla/4.0 (compatible; MSIE 6.0; Windows NT) ::ELNSB50::000061100320025802a00111000000000507000900000000" "brucemillernurseryedgewood.com"
45.138.74.197 - - [05/Oct/2022:23:49:24 -0700] "GET / HTTP/1.1" 200 1005 "https://komputers-best.ru/" "Mozilla/4.0 (compatible; MSIE 6.0; Windows NT) ::ELNSB50::000061100320025802a00111000000000507000900000000" "brucemillernurseryedgewood.com"
4.236.170.8 - - [06/Oct/2022:00:12:04 -0700] "GET / HTTP/1.1" 200 1005 "-" "Mozilla/5.0 (Windows NT 10.0; Win64; x64) AppleWebKit/537.36 (KHTML, like Gecko) Chrome/78.0.3904.108 Safari/537.36" "brucemillernurseryedgewood.com"
4.236.170.8 - - [06/Oct/2022:00:12:04 -0700] "GET / HTTP/1.1" 200 1005 "-" "Mozilla/5.0 (Windows NT 10.0; Win64; x64) AppleWebKit/537.36 (KHTML, like Gecko) Chrome/78.0.3904.108 Safari/537.36" "brucemillernurseryedgewood.com"
4.236.170.8 - - [06/Oct/2022:00:12:05 -0700] "GET /wp-includes/wlwmanifest.xml HTTP/1.1" 404 73 "-" "Mozilla/5.0 (Windows NT 10.0; Win64; x64) AppleWebKit/537.36 (KHTML, like Gecko) Chrome/78.0.3904.108 Safari/537.36" "brucemillernurseryedgewood.com"
4.236.170.8 - - [06/Oct/2022:00:12:05 -0700] "GET /xmlrpc.php?rsd HTTP/1.1" 500 4971 "-" "Mozilla/5.0 (Windows NT 10.0; Win64; x64) AppleWebKit/537.36 (KHTML, like Gecko) Chrome/78.0.3904.108 Safari/537.36" "brucemillernurseryedgewood.com"
4.236.170.8 - - [06/Oct/2022:00:12:05 -0700] "GET / HTTP/1.1" 200 1005 "-" "Mozilla/5.0 (Windows NT 10.0; Win64; x64) AppleWebKit/537.36 (KHTML, like Gecko) Chrome/78.0.3904.108 Safari/537.36" "brucemillernurseryedgewood.com"
4.236.170.8 - - [06/Oct/2022:00:12:05 -0700] "GET /blog/wp-includes/wlwmanifest.xml HTTP/1.1" 404 73 "-" "Mozilla/5.0 (Windows NT 10.0; Win64; x64) AppleWebKit/537.36 (KHTML, like Gecko) Chrome/78.0.3904.108 Safari/537.36" "brucemillernurseryedgewood.com"
4.236.170.8 - - [06/Oct/2022:00:12:05 -0700] "GET /web/wp-includes/wlwmanifest.xml HTTP/1.1" 404 73 "-" "Mozilla/5.0 (Windows NT 10.0; Win64; x64) AppleWebKit/537.36 (KHTML, like Gecko) Chrome/78.0.3904.108 Safari/537.36" "brucemillernurseryedgewood.com"
4.236.170.8 - - [06/Oct/2022:00:12:06 -0700] "GET /wordpress/wp-includes/wlwmanifest.xml HTTP/1.1" 404 73 "-" "Mozilla/5.0 (Windows NT 10.0; Win64; x64) AppleWebKit/537.36 (KHTML, like Gecko) Chrome/78.0.3904.108 Safari/537.36" "brucemillernurseryedgewood.com"
4.236.170.8 - - [06/Oct/2022:00:12:06 -0700] "GET /website/wp-includes/wlwmanifest.xml HTTP/1.1" 404 73 "-" "Mozilla/5.0 (Windows NT 10.0; Win64; x64) AppleWebKit/537.36 (KHTML, like Gecko) Chrome/78.0.3904.108 Safari/537.36" "brucemillernurseryedgewood.com"
4.236.170.8 - - [06/Oct/2022:00:12:06 -0700] "GET /wp/wp-includes/wlwmanifest.xml HTTP/1.1" 404 73 "-" "Mozilla/5.0 (Windows NT 10.0; Win64; x64) AppleWebKit/537.36 (KHTML, like Gecko) Chrome/78.0.3904.108 Safari/537.36" "brucemillernurseryedgewood.com"
4.236.170.8 - - [06/Oct/2022:00:12:06 -0700] "GET /news/wp-includes/wlwmanifest.xml HTTP/1.1" 404 73 "-" "Mozilla/5.0 (Windows NT 10.0; Win64; x64) AppleWebKit/537.36 (KHTML, like Gecko) Chrome/78.0.3904.108 Safari/537.36" "brucemillernurseryedgewood.com"
4.236.170.8 - - [06/Oct/2022:00:12:07 -0700] "GET /2018/wp-includes/wlwmanifest.xml HTTP/1.1" 404 73 "-" "Mozilla/5.0 (Windows NT 10.0; Win64; x64) AppleWebKit/537.36 (KHTML, like Gecko) Chrome/78.0.3904.108 Safari/537.36" "brucemillernurseryedgewood.com"
4.236.170.8 - - [06/Oct/2022:00:12:07 -0700] "GET /2019/wp-includes/wlwmanifest.xml HTTP/1.1" 404 73 "-" "Mozilla/5.0 (Windows NT 10.0; Win64; x64) AppleWebKit/537.36 (KHTML, like Gecko) Chrome/78.0.3904.108 Safari/537.36" "brucemillernurseryedgewood.com"
