54.36.148.182 - - [04/Oct/2022:15:21:54 -0700] "GET /robots.txt HTTP/1.1" 404 88 "-" "Mozilla/5.0 (compatible; AhrefsBot/7.0; +http://ahrefs.com/robot/)" "brucemillernurseryedgewood.com"
51.222.253.17 - - [04/Oct/2022:15:21:54 -0700] "GET /sitebuilder/clipart/bars/regular/horizontal/?C=S;O=A HTTP/1.1" 200 416 "-" "Mozilla/5.0 (compatible; AhrefsBot/7.0; +http://ahrefs.com/robot/)" "brucemillernurseryedgewood.com"
114.119.132.146 - - [04/Oct/2022:15:24:25 -0700] "GET /clipart/images/sidebars/?C=M%3BO%3DA HTTP/1.1" 200 405 "http://brucemillernurseryedgewood.com/clipart/images/sidebars/?C=S%3BO%3DA" "Mozilla/5.0 (Linux; Android 7.0;) AppleWebKit/537.36 (KHTML, like Gecko) Mobile Safari/537.36 (compatible; PetalBot;+https://webmaster.petalsearch.com/site/petalbot)" "brucemillernurseryedgewood.com"
51.222.253.15 - - [04/Oct/2022:15:32:02 -0700] "GET /clipart/pageHeaders/?C=N;O=D HTTP/1.1" 200 478 "-" "Mozilla/5.0 (compatible; AhrefsBot/7.0; +http://ahrefs.com/robot/)" "brucemillernurseryedgewood.com"
51.222.253.8 - - [04/Oct/2022:15:39:46 -0700] "GET /sitebuilder/clipart/bars/regular/horizontal/?C=M;O=A HTTP/1.1" 200 416 "-" "Mozilla/5.0 (compatible; AhrefsBot/7.0; +http://ahrefs.com/robot/)" "brucemillernurseryedgewood.com"
114.119.132.149 - - [04/Oct/2022:15:42:50 -0700] "GET /sitebuilder/clipart/backgrounds/tile?C=M%3BO%3DA HTTP/1.1" 301 1453 "https://www.brucemillernurseryedgewood.com/sitebuilder/clipart/backgrounds/tile?C=N%3BO%3DD" "Mozilla/5.0 (Linux; Android 7.0;) AppleWebKit/537.36 (KHTML, like Gecko) Mobile Safari/537.36 (compatible; PetalBot;+https://webmaster.petalsearch.com/site/petalbot)" "www.brucemillernurseryedgewood.com"
114.119.132.149 - - [04/Oct/2022:15:42:53 -0700] "GET /sitebuilder/clipart/backgrounds/tile/?C=M%3BO%3DA HTTP/1.1" 200 412 "https://www.brucemillernurseryedgewood.com/sitebuilder/clipart/backgrounds/tile?C=N%3BO%3DD" "Mozilla/5.0 (Linux; Android 7.0;) AppleWebKit/537.36 (KHTML, like Gecko) Mobile Safari/537.36 (compatible; PetalBot;+https://webmaster.petalsearch.com/site/petalbot)" "www.brucemillernurseryedgewood.com"
51.222.253.17 - - [04/Oct/2022:15:45:20 -0700] "GET /sitebuilder/scripts/ HTTP/1.1" 200 372 "-" "Mozilla/5.0 (compatible; AhrefsBot/7.0; +http://ahrefs.com/robot/)" "brucemillernurseryedgewood.com"
114.119.132.131 - - [04/Oct/2022:15:48:39 -0700] "GET /sitebuilder/clipart/bars/low-carb/?C=D%3BO%3DA HTTP/1.1" 200 375 "https://www.brucemillernurseryedgewood.com/sitebuilder/clipart/bars/low-carb/" "Mozilla/5.0 (Linux; Android 7.0;) AppleWebKit/537.36 (KHTML, like Gecko) Mobile Safari/537.36 (compatible; PetalBot;+https://webmaster.petalsearch.com/site/petalbot)" "www.brucemillernurseryedgewood.com"
198.251.73.94 - - [04/Oct/2022:15:48:51 -0700] "GET /robots.txt HTTP/1.1" 404 88 "-" "IonCrawl (https://www.ionos.de/terms-gtc/faq-crawler-en/)" "brucemillernurseryedgewood.com"
198.251.73.84 - - [04/Oct/2022:15:51:44 -0700] "GET /sitemap.xml HTTP/1.1" 404 88 "-" "IonCrawl (https://www.ionos.de/terms-gtc/faq-crawler-en/)" "brucemillernurseryedgewood.com"
198.251.73.84 - - [04/Oct/2022:15:51:45 -0700] "GET / HTTP/1.1" 200 406 "-" "IonCrawl (https://www.ionos.de/terms-gtc/faq-crawler-en/)" "brucemillernurseryedgewood.com"
198.251.73.84 - - [04/Oct/2022:15:51:46 -0700] "GET /wp-admin/admin-ajax.php HTTP/1.1" 404 88 "-" "IonCrawl (https://www.ionos.de/terms-gtc/faq-crawler-en/)" "brucemillernurseryedgewood.com"
51.222.253.11 - - [04/Oct/2022:15:56:26 -0700] "GET /sitebuilder/clipart/bars/regular/horizontal/?C=D;O=A HTTP/1.1" 200 416 "-" "Mozilla/5.0 (compatible; AhrefsBot/7.0; +http://ahrefs.com/robot/)" "brucemillernurseryedgewood.com"
198.251.73.94 - - [04/Oct/2022:15:56:29 -0700] "GET /?C=M;O=A HTTP/1.1" 200 406 "-" "IonCrawl (https://www.ionos.de/terms-gtc/faq-crawler-en/)" "brucemillernurseryedgewood.com"
198.251.73.84 - - [04/Oct/2022:15:56:33 -0700] "GET /clipart/ HTTP/1.1" 200 456 "-" "IonCrawl (https://www.ionos.de/terms-gtc/faq-crawler-en/)" "brucemillernurseryedgewood.com"
198.251.73.94 - - [04/Oct/2022:15:56:36 -0700] "GET /navigation_bars/ HTTP/1.1" 200 372 "-" "IonCrawl (https://www.ionos.de/terms-gtc/faq-crawler-en/)" "brucemillernurseryedgewood.com"
198.251.73.94 - - [04/Oct/2022:15:56:37 -0700] "GET /?C=D;O=A HTTP/1.1" 200 406 "-" "IonCrawl (https://www.ionos.de/terms-gtc/faq-crawler-en/)" "brucemillernurseryedgewood.com"
198.251.73.104 - - [04/Oct/2022:15:56:37 -0700] "GET /sitebuilder/ HTTP/1.1" 200 443 "-" "IonCrawl (https://www.ionos.de/terms-gtc/faq-crawler-en/)" "brucemillernurseryedgewood.com"
198.251.73.74 - - [04/Oct/2022:15:56:38 -0700] "GET /?C=N;O=D HTTP/1.1" 200 402 "-" "IonCrawl (https://www.ionos.de/terms-gtc/faq-crawler-en/)" "brucemillernurseryedgewood.com"
198.251.73.84 - - [04/Oct/2022:15:56:41 -0700] "GET /images/ HTTP/1.1" 200 3702 "-" "IonCrawl (https://www.ionos.de/terms-gtc/faq-crawler-en/)" "brucemillernurseryedgewood.com"
198.251.73.94 - - [04/Oct/2022:15:56:42 -0700] "GET /?C=S;O=A HTTP/1.1" 200 406 "-" "IonCrawl (https://www.ionos.de/terms-gtc/faq-crawler-en/)" "brucemillernurseryedgewood.com"
114.119.132.153 - - [04/Oct/2022:16:10:56 -0700] "GET /sitebuilder/clipart/bars/regular/vertical/?C=S%3BO%3DA HTTP/1.1" 200 417 "https://www.brucemillernurseryedgewood.com/sitebuilder/clipart/bars/regular/vertical/" "Mozilla/5.0 (Linux; Android 7.0;) AppleWebKit/537.36 (KHTML, like Gecko) Mobile Safari/537.36 (compatible; PetalBot;+https://webmaster.petalsearch.com/site/petalbot)" "www.brucemillernurseryedgewood.com"
51.222.253.3 - - [04/Oct/2022:16:19:14 -0700] "GET /sitebuilder/scripts/?C=M;O=D HTTP/1.1" 200 371 "-" "Mozilla/5.0 (compatible; AhrefsBot/7.0; +http://ahrefs.com/robot/)" "www.brucemillernurseryedgewood.com"
114.119.132.131 - - [04/Oct/2022:16:22:06 -0700] "GET /clipart/bars/regular?C=S%3BO%3DA HTTP/1.1" 301 1446 "https://www.brucemillernurseryedgewood.com/clipart/bars/regular?C=M%3BO%3DA" "Mozilla/5.0 (Linux; Android 7.0;) AppleWebKit/537.36 (KHTML, like Gecko) Mobile Safari/537.36 (compatible; PetalBot;+https://webmaster.petalsearch.com/site/petalbot)" "www.brucemillernurseryedgewood.com"
114.119.132.131 - - [04/Oct/2022:16:22:08 -0700] "GET /clipart/bars/regular/?C=S%3BO%3DA HTTP/1.1" 200 366 "https://www.brucemillernurseryedgewood.com/clipart/bars/regular?C=M%3BO%3DA" "Mozilla/5.0 (Linux; Android 7.0;) AppleWebKit/537.36 (KHTML, like Gecko) Mobile Safari/537.36 (compatible; PetalBot;+https://webmaster.petalsearch.com/site/petalbot)" "www.brucemillernurseryedgewood.com"
198.251.73.104 - - [04/Oct/2022:16:23:33 -0700] "GET /?C=M;O=D HTTP/1.1" 200 403 "-" "IonCrawl (https://www.ionos.de/terms-gtc/faq-crawler-en/)" "brucemillernurseryedgewood.com"
198.251.73.104 - - [04/Oct/2022:16:23:34 -0700] "GET /clipart/images/ HTTP/1.1" 200 476 "-" "IonCrawl (https://www.ionos.de/terms-gtc/faq-crawler-en/)" "brucemillernurseryedgewood.com"
198.251.73.74 - - [04/Oct/2022:16:23:35 -0700] "GET /navigation_bars/?C=S;O=A HTTP/1.1" 200 373 "-" "IonCrawl (https://www.ionos.de/terms-gtc/faq-crawler-en/)" "brucemillernurseryedgewood.com"
198.251.73.104 - - [04/Oct/2022:16:23:36 -0700] "GET /clipart/pageHeaders/ HTTP/1.1" 200 479 "-" "IonCrawl (https://www.ionos.de/terms-gtc/faq-crawler-en/)" "brucemillernurseryedgewood.com"
198.251.73.74 - - [04/Oct/2022:16:23:37 -0700] "GET /navigation_bars/Edgewood.nav HTTP/1.1" 200 6654 "-" "IonCrawl (https://www.ionos.de/terms-gtc/faq-crawler-en/)" "brucemillernurseryedgewood.com"
198.251.73.94 - - [04/Oct/2022:16:23:38 -0700] "GET /navigation_bars/?C=N;O=D HTTP/1.1" 200 370 "-" "IonCrawl (https://www.ionos.de/terms-gtc/faq-crawler-en/)" "brucemillernurseryedgewood.com"
198.251.73.74 - - [04/Oct/2022:16:23:38 -0700] "GET /navigation_bars/?C=D;O=A HTTP/1.1" 200 372 "-" "IonCrawl (https://www.ionos.de/terms-gtc/faq-crawler-en/)" "brucemillernurseryedgewood.com"
198.251.73.84 - - [04/Oct/2022:16:23:38 -0700] "GET /clipart/?C=D;O=A HTTP/1.1" 200 456 "-" "IonCrawl (https://www.ionos.de/terms-gtc/faq-crawler-en/)" "brucemillernurseryedgewood.com"
198.251.73.94 - - [04/Oct/2022:16:23:39 -0700] "GET /clipart/lines/ HTTP/1.1" 200 361 "-" "IonCrawl (https://www.ionos.de/terms-gtc/faq-crawler-en/)" "brucemillernurseryedgewood.com"
198.251.73.84 - - [04/Oct/2022:16:23:40 -0700] "GET /clipart/?C=N;O=D HTTP/1.1" 200 456 "-" "IonCrawl (https://www.ionos.de/terms-gtc/faq-crawler-en/)" "brucemillernurseryedgewood.com"
198.251.73.74 - - [04/Oct/2022:16:23:40 -0700] "GET /sitebuilder/?C=D;O=A HTTP/1.1" 200 443 "-" "IonCrawl (https://www.ionos.de/terms-gtc/faq-crawler-en/)" "brucemillernurseryedgewood.com"
198.251.73.94 - - [04/Oct/2022:16:23:40 -0700] "GET /?C=N;O=A HTTP/1.1" 200 406 "-" "IonCrawl (https://www.ionos.de/terms-gtc/faq-crawler-en/)" "brucemillernurseryedgewood.com"
198.251.73.84 - - [04/Oct/2022:16:23:41 -0700] "GET /navigation_bars/?C=M;O=A HTTP/1.1" 200 373 "-" "IonCrawl (https://www.ionos.de/terms-gtc/faq-crawler-en/)" "brucemillernurseryedgewood.com"
198.251.73.94 - - [04/Oct/2022:16:23:41 -0700] "GET /clipart/?C=M;O=A HTTP/1.1" 200 456 "-" "IonCrawl (https://www.ionos.de/terms-gtc/faq-crawler-en/)" "brucemillernurseryedgewood.com"
198.251.73.74 - - [04/Oct/2022:16:23:42 -0700] "GET /clipart/buttons/ HTTP/1.1" 200 360 "-" "IonCrawl (https://www.ionos.de/terms-gtc/faq-crawler-en/)" "brucemillernurseryedgewood.com"
198.251.73.84 - - [04/Oct/2022:16:23:44 -0700] "GET /sitebuilder/?C=N;O=D HTTP/1.1" 200 446 "-" "IonCrawl (https://www.ionos.de/terms-gtc/faq-crawler-en/)" "brucemillernurseryedgewood.com"
198.251.73.104 - - [04/Oct/2022:16:23:44 -0700] "GET /sitebuilder/?C=M;O=A HTTP/1.1" 200 443 "-" "IonCrawl (https://www.ionos.de/terms-gtc/faq-crawler-en/)" "brucemillernurseryedgewood.com"
198.251.73.94 - - [04/Oct/2022:16:23:44 -0700] "GET /clipart/?C=S;O=A HTTP/1.1" 200 457 "-" "IonCrawl (https://www.ionos.de/terms-gtc/faq-crawler-en/)" "brucemillernurseryedgewood.com"
198.251.73.74 - - [04/Oct/2022:16:23:45 -0700] "GET /clipart/backgrounds/ HTTP/1.1" 200 389 "-" "IonCrawl (https://www.ionos.de/terms-gtc/faq-crawler-en/)" "brucemillernurseryedgewood.com"
198.251.73.104 - - [04/Oct/2022:16:23:45 -0700] "GET /clipart/bars/ HTTP/1.1" 200 358 "-" "IonCrawl (https://www.ionos.de/terms-gtc/faq-crawler-en/)" "brucemillernurseryedgewood.com"
198.251.73.74 - - [04/Oct/2022:16:23:46 -0700] "GET /?C=D;O=D HTTP/1.1" 200 402 "-" "IonCrawl (https://www.ionos.de/terms-gtc/faq-crawler-en/)" "brucemillernurseryedgewood.com"
157.55.39.86 - - [04/Oct/2022:16:26:42 -0700] "GET /robots.txt HTTP/1.1" 404 88 "-" "Mozilla/5.0 (compatible; bingbot/2.0; +http://www.bing.com/bingbot.htm)" "brucemillernurseryedgewood.com"
207.46.13.181 - - [04/Oct/2022:16:26:48 -0700] "GET /clipart/pageHeaders/?C=N;O=D HTTP/1.1" 200 478 "-" "Mozilla/5.0 AppleWebKit/537.36 (KHTML, like Gecko; compatible; bingbot/2.0; +http://www.bing.com/bingbot.htm) Chrome/103.0.5060.134 Safari/537.36" "brucemillernurseryedgewood.com"
114.119.132.122 - - [04/Oct/2022:16:33:52 -0700] "GET /sitebuilder/clipart/?C=M%3BO%3DA HTTP/1.1" 200 376 "http://brucemillernurseryedgewood.com/sitebuilder/clipart?C=S%3BO%3DA" "Mozilla/5.0 (Linux; Android 7.0;) AppleWebKit/537.36 (KHTML, like Gecko) Mobile Safari/537.36 (compatible; PetalBot;+https://webmaster.petalsearch.com/site/petalbot)" "brucemillernurseryedgewood.com"
114.119.132.153 - - [04/Oct/2022:16:47:46 -0700] "GET /sitebuilder/images HTTP/1.1" 301 1428 "http://www.brucemillernurseryedgewood.com/sitebuilder?C=N%3BO%3DD" "Mozilla/5.0 (Linux; Android 7.0;) AppleWebKit/537.36 (KHTML, like Gecko) Mobile Safari/537.36 (compatible; PetalBot;+https://webmaster.petalsearch.com/site/petalbot)" "www.brucemillernurseryedgewood.com"
114.119.132.153 - - [04/Oct/2022:16:47:47 -0700] "GET /sitebuilder/images/ HTTP/1.1" 200 7088 "http://www.brucemillernurseryedgewood.com/sitebuilder?C=N%3BO%3DD" "Mozilla/5.0 (Linux; Android 7.0;) AppleWebKit/537.36 (KHTML, like Gecko) Mobile Safari/537.36 (compatible; PetalBot;+https://webmaster.petalsearch.com/site/petalbot)" "www.brucemillernurseryedgewood.com"
114.119.132.149 - - [04/Oct/2022:16:53:40 -0700] "GET /clipart/backgrounds/sidebar/?C=M%3BO%3DA HTTP/1.1" 200 384 "http://brucemillernurseryedgewood.com/clipart/backgrounds/sidebar/" "Mozilla/5.0 (Linux; Android 7.0;) AppleWebKit/537.36 (KHTML, like Gecko) Mobile Safari/537.36 (compatible; PetalBot;+https://webmaster.petalsearch.com/site/petalbot)" "brucemillernurseryedgewood.com"
114.119.132.153 - - [04/Oct/2022:16:59:31 -0700] "GET /clipart/lines/ HTTP/1.1" 200 361 "http://brucemillernurseryedgewood.com/clipart/lines/horizontal/?C=S%3BO%3DA" "Mozilla/5.0 (Linux; Android 7.0;) AppleWebKit/537.36 (KHTML, like Gecko) Mobile Safari/537.36 (compatible; PetalBot;+https://webmaster.petalsearch.com/site/petalbot)" "brucemillernurseryedgewood.com"
157.55.39.25 - - [04/Oct/2022:16:59:31 -0700] "GET /images/3.19a.JPG HTTP/1.1" 200 4517258 "-" "Mozilla/5.0 (compatible; bingbot/2.0; +http://www.bing.com/bingbot.htm)" "brucemillernurseryedgewood.com"
114.119.132.131 - - [04/Oct/2022:17:05:24 -0700] "GET /sitebuilder/clipart/backgrounds/tile/?C=D%3BO%3DA HTTP/1.1" 200 412 "http://brucemillernurseryedgewood.com/sitebuilder/clipart/backgrounds/tile/?C=N%3BO%3DD" "Mozilla/5.0 (Linux; Android 7.0;) AppleWebKit/537.36 (KHTML, like Gecko) Mobile Safari/537.36 (compatible; PetalBot;+https://webmaster.petalsearch.com/site/petalbot)" "brucemillernurseryedgewood.com"
114.119.132.153 - - [04/Oct/2022:17:11:15 -0700] "GET /clipart/buttons?C=N%3BO%3DD HTTP/1.1" 301 1438 "http://brucemillernurseryedgewood.com/clipart/buttons?C=D%3BO%3DA" "Mozilla/5.0 (Linux; Android 7.0;) AppleWebKit/537.36 (KHTML, like Gecko) Mobile Safari/537.36 (compatible; PetalBot;+https://webmaster.petalsearch.com/site/petalbot)" "brucemillernurseryedgewood.com"
114.119.132.153 - - [04/Oct/2022:17:11:15 -0700] "GET /clipart/buttons/?C=N%3BO%3DD HTTP/1.1" 200 360 "http://brucemillernurseryedgewood.com/clipart/buttons?C=D%3BO%3DA" "Mozilla/5.0 (Linux; Android 7.0;) AppleWebKit/537.36 (KHTML, like Gecko) Mobile Safari/537.36 (compatible; PetalBot;+https://webmaster.petalsearch.com/site/petalbot)" "brucemillernurseryedgewood.com"
114.119.132.122 - - [04/Oct/2022:17:18:31 -0700] "GET /clipart/images/frames/?C=S%3BO%3DA HTTP/1.1" 200 395 "http://brucemillernurseryedgewood.com/clipart/images/frames/?C=D%3BO%3DA" "Mozilla/5.0 (Linux; Android 7.0;) AppleWebKit/537.36 (KHTML, like Gecko) Mobile Safari/537.36 (compatible; PetalBot;+https://webmaster.petalsearch.com/site/petalbot)" "brucemillernurseryedgewood.com"
114.119.132.16 - - [04/Oct/2022:17:24:25 -0700] "GET /clipart/images/sidebars/ HTTP/1.1" 200 405 "http://brucemillernurseryedgewood.com/clipart/images?C=N%3BO%3DD" "Mozilla/5.0 (Linux; Android 7.0;) AppleWebKit/537.36 (KHTML, like Gecko) Mobile Safari/537.36 (compatible; PetalBot;+https://webmaster.petalsearch.com/site/petalbot)" "brucemillernurseryedgewood.com"
114.119.132.146 - - [04/Oct/2022:17:30:16 -0700] "GET /clipart/pageHeaders/?C=S%3BO%3DA HTTP/1.1" 200 479 "https://www.brucemillernurseryedgewood.com/clipart/pageHeaders?C=D%3BO%3DA" "Mozilla/5.0 (Linux; Android 7.0;) AppleWebKit/537.36 (KHTML, like Gecko) Mobile Safari/537.36 (compatible; PetalBot;+https://webmaster.petalsearch.com/site/petalbot)" "www.brucemillernurseryedgewood.com"
106.52.131.116 - - [04/Oct/2022:17:31:38 -0700] "GET /yahoo_site_admin/assets/images/018.40132309_std.JPG HTTP/1.1" 200 128723 "-" "Mozilla/5.0 (X11; Ubuntu; Linux x86_64; rv:72.0) Gecko/20100101 Firefox/72.0" "brucemillernurseryedgewood.com"
35.90.200.246 - - [04/Oct/2022:17:36:06 -0700] "GET / HTTP/1.1" 200 406 "-" "Mozilla/5.0 (X11; Linux x86_64) AppleWebKit/537.36 (KHTML, like Gecko) Chrome/83.0.4103.97 Safari/537.36" "brucemillernurseryedgewood.com"
54.214.194.53 - - [04/Oct/2022:17:36:06 -0700] "GET / HTTP/1.1" 200 406 "-" "Mozilla/5.0 (X11; Linux x86_64) AppleWebKit/537.36 (KHTML, like Gecko) Chrome/83.0.4103.97 Safari/537.36" "brucemillernurseryedgewood.com"
114.119.132.149 - - [04/Oct/2022:17:36:12 -0700] "GET /clipart/buttons/themes/?C=M%3BO%3DA HTTP/1.1" 200 382 "http://brucemillernurseryedgewood.com/clipart/buttons/themes?C=S%3BO%3DA" "Mozilla/5.0 (Linux; Android 7.0;) AppleWebKit/537.36 (KHTML, like Gecko) Mobile Safari/537.36 (compatible; PetalBot;+https://webmaster.petalsearch.com/site/petalbot)" "brucemillernurseryedgewood.com"
52.27.212.250 - - [04/Oct/2022:17:36:29 -0700] "GET /favicon.ico HTTP/1.1" 404 88 "-" "Mozilla/5.0 (X11; Linux x86_64) AppleWebKit/537.36 (KHTML, like Gecko) Chrome/83.0.4103.97 Safari/537.36" "brucemillernurseryedgewood.com"
52.27.212.250 - - [04/Oct/2022:17:36:32 -0700] "GET / HTTP/1.1" 200 406 "-" "Mozilla/5.0 (X11; Linux x86_64) AppleWebKit/537.36 (KHTML, like Gecko) Chrome/83.0.4103.97 Safari/537.36" "brucemillernurseryedgewood.com"
54.190.168.249 - - [04/Oct/2022:17:36:40 -0700] "GET /favicon.ico HTTP/1.1" 404 88 "-" "Mozilla/5.0 (X11; Linux x86_64) AppleWebKit/537.36 (KHTML, like Gecko) Chrome/83.0.4103.97 Safari/537.36" "brucemillernurseryedgewood.com"
54.190.168.249 - - [04/Oct/2022:17:36:41 -0700] "GET / HTTP/1.1" 200 406 "-" "Mozilla/5.0 (X11; Linux x86_64) AppleWebKit/537.36 (KHTML, like Gecko) Chrome/83.0.4103.97 Safari/537.36" "brucemillernurseryedgewood.com"
114.119.132.146 - - [04/Oct/2022:17:42:00 -0700] "GET /sitebuilder/clipart/bars/regular?C=N%3BO%3DD HTTP/1.1" 301 1454 "https://www.brucemillernurseryedgewood.com/sitebuilder/clipart/bars/regular?C=S%3BO%3DA" "Mozilla/5.0 (Linux; Android 7.0;) AppleWebKit/537.36 (KHTML, like Gecko) Mobile Safari/537.36 (compatible; PetalBot;+https://webmaster.petalsearch.com/site/petalbot)" "www.brucemillernurseryedgewood.com"
114.119.132.146 - - [04/Oct/2022:17:42:01 -0700] "GET /sitebuilder/clipart/bars/regular/?C=N%3BO%3DD HTTP/1.1" 200 391 "https://www.brucemillernurseryedgewood.com/sitebuilder/clipart/bars/regular?C=S%3BO%3DA" "Mozilla/5.0 (Linux; Android 7.0;) AppleWebKit/537.36 (KHTML, like Gecko) Mobile Safari/537.36 (compatible; PetalBot;+https://webmaster.petalsearch.com/site/petalbot)" "www.brucemillernurseryedgewood.com"
114.119.132.149 - - [04/Oct/2022:17:47:56 -0700] "GET /clipart/buttons/themes/glow/?C=M%3BO%3DA HTTP/1.1" 200 420 "https://www.brucemillernurseryedgewood.com/clipart/buttons/themes/glow/?C=N%3BO%3DD" "Mozilla/5.0 (Linux; Android 7.0;) AppleWebKit/537.36 (KHTML, like Gecko) Mobile Safari/537.36 (compatible; PetalBot;+https://webmaster.petalsearch.com/site/petalbot)" "www.brucemillernurseryedgewood.com"
207.46.13.181 - - [04/Oct/2022:17:52:20 -0700] "GET /navigation_bars/ HTTP/1.1" 200 372 "-" "Mozilla/5.0 (compatible; bingbot/2.0; +http://www.bing.com/bingbot.htm)" "brucemillernurseryedgewood.com"
114.119.132.131 - - [04/Oct/2022:17:53:53 -0700] "GET /sitebuilder/clipart/bars/low-carb/horizontal HTTP/1.1" 301 1449 "https://www.brucemillernurseryedgewood.com/sitebuilder/clipart/bars/low-carb?C=D%3BO%3DA" "Mozilla/5.0 (Linux; Android 7.0;) AppleWebKit/537.36 (KHTML, like Gecko) Mobile Safari/537.36 (compatible; PetalBot;+https://webmaster.petalsearch.com/site/petalbot)" "www.brucemillernurseryedgewood.com"
114.119.132.131 - - [04/Oct/2022:17:53:54 -0700] "GET /sitebuilder/clipart/bars/low-carb/horizontal/ HTTP/1.1" 200 421 "https://www.brucemillernurseryedgewood.com/sitebuilder/clipart/bars/low-carb?C=D%3BO%3DA" "Mozilla/5.0 (Linux; Android 7.0;) AppleWebKit/537.36 (KHTML, like Gecko) Mobile Safari/537.36 (compatible; PetalBot;+https://webmaster.petalsearch.com/site/petalbot)" "www.brucemillernurseryedgewood.com"
114.119.132.146 - - [04/Oct/2022:17:59:52 -0700] "GET /sitebuilder/clipart/bars/low-carb/horizontal/?C=N%3BO%3DD HTTP/1.1" 200 421 "https://www.brucemillernurseryedgewood.com/sitebuilder/clipart/bars/low-carb/horizontal/?C=M%3BO%3DA" "Mozilla/5.0 (Linux; Android 7.0;) AppleWebKit/537.36 (KHTML, like Gecko) Mobile Safari/537.36 (compatible; PetalBot;+https://webmaster.petalsearch.com/site/petalbot)" "www.brucemillernurseryedgewood.com"
114.119.132.153 - - [04/Oct/2022:18:05:50 -0700] "GET /clipart/backgrounds/sidebar/?C=S%3BO%3DA HTTP/1.1" 200 384 "https://www.brucemillernurseryedgewood.com/clipart/backgrounds/sidebar?C=D%3BO%3DA" "Mozilla/5.0 (Linux; Android 7.0;) AppleWebKit/537.36 (KHTML, like Gecko) Mobile Safari/537.36 (compatible; PetalBot;+https://webmaster.petalsearch.com/site/petalbot)" "www.brucemillernurseryedgewood.com"
207.46.13.35 - - [04/Oct/2022:18:08:20 -0700] "GET /images/IMG_0254.JPG HTTP/1.1" 200 2601667 "-" "Mozilla/5.0 (compatible; bingbot/2.0; +http://www.bing.com/bingbot.htm)" "brucemillernurseryedgewood.com"
114.119.132.149 - - [04/Oct/2022:18:11:44 -0700] "GET /clipart/lines/ HTTP/1.1" 200 361 "https://www.brucemillernurseryedgewood.com/clipart?C=D%3BO%3DA" "Mozilla/5.0 (Linux; Android 7.0;) AppleWebKit/537.36 (KHTML, like Gecko) Mobile Safari/537.36 (compatible; PetalBot;+https://webmaster.petalsearch.com/site/petalbot)" "www.brucemillernurseryedgewood.com"
114.119.132.153 - - [04/Oct/2022:18:17:34 -0700] "GET /clipart/images/frames?C=N%3BO%3DD HTTP/1.1" 301 1446 "https://www.brucemillernurseryedgewood.com/clipart/images/frames?C=M%3BO%3DA" "Mozilla/5.0 (Linux; Android 7.0;) AppleWebKit/537.36 (KHTML, like Gecko) Mobile Safari/537.36 (compatible; PetalBot;+https://webmaster.petalsearch.com/site/petalbot)" "www.brucemillernurseryedgewood.com"
114.119.132.153 - - [04/Oct/2022:18:17:36 -0700] "GET /clipart/images/frames/?C=N%3BO%3DD HTTP/1.1" 200 395 "https://www.brucemillernurseryedgewood.com/clipart/images/frames?C=M%3BO%3DA" "Mozilla/5.0 (Linux; Android 7.0;) AppleWebKit/537.36 (KHTML, like Gecko) Mobile Safari/537.36 (compatible; PetalBot;+https://webmaster.petalsearch.com/site/petalbot)" "www.brucemillernurseryedgewood.com"
114.119.132.131 - - [04/Oct/2022:18:23:33 -0700] "GET /clipart/pageHeaders?C=M%3BO%3DA HTTP/1.1" 301 1445 "https://www.brucemillernurseryedgewood.com/clipart/pageHeaders?C=S%3BO%3DA" "Mozilla/5.0 (Linux; Android 7.0;) AppleWebKit/537.36 (KHTML, like Gecko) Mobile Safari/537.36 (compatible; PetalBot;+https://webmaster.petalsearch.com/site/petalbot)" "www.brucemillernurseryedgewood.com"
114.119.132.131 - - [04/Oct/2022:18:23:37 -0700] "GET /clipart/pageHeaders/?C=M%3BO%3DA HTTP/1.1" 200 479 "https://www.brucemillernurseryedgewood.com/clipart/pageHeaders?C=S%3BO%3DA" "Mozilla/5.0 (Linux; Android 7.0;) AppleWebKit/537.36 (KHTML, like Gecko) Mobile Safari/537.36 (compatible; PetalBot;+https://webmaster.petalsearch.com/site/petalbot)" "www.brucemillernurseryedgewood.com"
17.121.113.148 - - [04/Oct/2022:18:25:05 -0700] "GET /favicon.ico HTTP/1.1" 404 88 "-" "Mozilla/5.0 (Macintosh; Intel Mac OS X 10_15_5) AppleWebKit/605.1.15 (KHTML, like Gecko) Version/13.1.1 Safari/605.1.15 (Applebot/0.1; +http://www.apple.com/go/applebot)" "brucemillernurseryedgewood.com"
114.119.132.122 - - [04/Oct/2022:18:29:29 -0700] "GET /sitebuilder/images/?C=S%3BO%3DA HTTP/1.1" 200 7088 "http://www.brucemillernurseryedgewood.com/sitebuilder/images/?C=N%3BO%3DD" "Mozilla/5.0 (Linux; Android 7.0;) AppleWebKit/537.36 (KHTML, like Gecko) Mobile Safari/537.36 (compatible; PetalBot;+https://webmaster.petalsearch.com/site/petalbot)" "www.brucemillernurseryedgewood.com"
114.119.132.131 - - [04/Oct/2022:18:35:31 -0700] "GET /sitebuilder?C=S%3BO%3DA HTTP/1.1" 301 1435 "http://brucemillernurseryedgewood.com/sitebuilder?C=N%3BO%3DD" "Mozilla/5.0 (Linux; Android 7.0;) AppleWebKit/537.36 (KHTML, like Gecko) Mobile Safari/537.36 (compatible; PetalBot;+https://webmaster.petalsearch.com/site/petalbot)" "brucemillernurseryedgewood.com"
114.119.132.131 - - [04/Oct/2022:18:35:32 -0700] "GET /sitebuilder/?C=S%3BO%3DA HTTP/1.1" 200 443 "http://brucemillernurseryedgewood.com/sitebuilder?C=N%3BO%3DD" "Mozilla/5.0 (Linux; Android 7.0;) AppleWebKit/537.36 (KHTML, like Gecko) Mobile Safari/537.36 (compatible; PetalBot;+https://webmaster.petalsearch.com/site/petalbot)" "brucemillernurseryedgewood.com"
114.119.132.149 - - [04/Oct/2022:18:41:26 -0700] "GET /clipart/lines/?C=S%3BO%3DA HTTP/1.1" 200 361 "http://brucemillernurseryedgewood.com/clipart/lines?C=D%3BO%3DA" "Mozilla/5.0 (Linux; Android 7.0;) AppleWebKit/537.36 (KHTML, like Gecko) Mobile Safari/537.36 (compatible; PetalBot;+https://webmaster.petalsearch.com/site/petalbot)" "brucemillernurseryedgewood.com"
114.119.132.131 - - [04/Oct/2022:18:47:27 -0700] "GET /clipart/images/?C=D%3BO%3DA HTTP/1.1" 200 476 "https://www.brucemillernurseryedgewood.com/clipart/images/?C=S%3BO%3DA" "Mozilla/5.0 (Linux; Android 7.0;) AppleWebKit/537.36 (KHTML, like Gecko) Mobile Safari/537.36 (compatible; PetalBot;+https://webmaster.petalsearch.com/site/petalbot)" "www.brucemillernurseryedgewood.com"
114.119.132.122 - - [04/Oct/2022:18:53:20 -0700] "GET /contact_us HTTP/1.1" 200 8120 "https://www.brucemillernurseryedgewood.com/about_us" "Mozilla/5.0 (Linux; Android 7.0;) AppleWebKit/537.36 (KHTML, like Gecko) Mobile Safari/537.36 (compatible; PetalBot;+https://webmaster.petalsearch.com/site/petalbot)" "www.brucemillernurseryedgewood.com"
114.119.132.149 - - [04/Oct/2022:18:59:16 -0700] "GET /sitebuilder/?C=M%3BO%3DA HTTP/1.1" 200 443 "http://www.brucemillernurseryedgewood.com/sitebuilder/?C=D%3BO%3DA" "Mozilla/5.0 (Linux; Android 7.0;) AppleWebKit/537.36 (KHTML, like Gecko) Mobile Safari/537.36 (compatible; PetalBot;+https://webmaster.petalsearch.com/site/petalbot)" "www.brucemillernurseryedgewood.com"
114.119.150.186 - - [04/Oct/2022:19:05:09 -0700] "GET /clipart/lines/horizontal/?C=D%3BO%3DA HTTP/1.1" 200 447 "https://www.brucemillernurseryedgewood.com/clipart/lines/horizontal" "Mozilla/5.0 (Linux; Android 7.0;) AppleWebKit/537.36 (KHTML, like Gecko) Mobile Safari/537.36 (compatible; PetalBot;+https://webmaster.petalsearch.com/site/petalbot)" "www.brucemillernurseryedgewood.com"
114.119.132.149 - - [04/Oct/2022:19:11:02 -0700] "GET /sitebuilder/clipart/bars/regular/?C=S%3BO%3DA HTTP/1.1" 200 391 "https://www.brucemillernurseryedgewood.com/sitebuilder/clipart/bars/regular/?C=D%3BO%3DA" "Mozilla/5.0 (Linux; Android 7.0;) AppleWebKit/537.36 (KHTML, like Gecko) Mobile Safari/537.36 (compatible; PetalBot;+https://webmaster.petalsearch.com/site/petalbot)" "www.brucemillernurseryedgewood.com"
114.119.132.16 - - [04/Oct/2022:19:16:57 -0700] "GET /clipart/backgrounds?C=M%3BO%3DA HTTP/1.1" 301 1441 "https://www.brucemillernurseryedgewood.com/clipart/backgrounds?C=N%3BO%3DD" "Mozilla/5.0 (Linux; Android 7.0;) AppleWebKit/537.36 (KHTML, like Gecko) Mobile Safari/537.36 (compatible; PetalBot;+https://webmaster.petalsearch.com/site/petalbot)" "www.brucemillernurseryedgewood.com"
114.119.132.16 - - [04/Oct/2022:19:17:00 -0700] "GET /clipart/backgrounds/?C=M%3BO%3DA HTTP/1.1" 200 389 "https://www.brucemillernurseryedgewood.com/clipart/backgrounds?C=N%3BO%3DD" "Mozilla/5.0 (Linux; Android 7.0;) AppleWebKit/537.36 (KHTML, like Gecko) Mobile Safari/537.36 (compatible; PetalBot;+https://webmaster.petalsearch.com/site/petalbot)" "www.brucemillernurseryedgewood.com"
114.119.132.146 - - [04/Oct/2022:19:22:50 -0700] "GET /clipart/backgrounds/fullpage?C=S%3BO%3DA HTTP/1.1" 301 1446 "https://www.brucemillernurseryedgewood.com/clipart/backgrounds/fullpage?C=D%3BO%3DA" "Mozilla/5.0 (Linux; Android 7.0;) AppleWebKit/537.36 (KHTML, like Gecko) Mobile Safari/537.36 (compatible; PetalBot;+https://webmaster.petalsearch.com/site/petalbot)" "www.brucemillernurseryedgewood.com"
114.119.132.146 - - [04/Oct/2022:19:22:52 -0700] "GET /clipart/backgrounds/fullpage/?C=S%3BO%3DA HTTP/1.1" 200 387 "https://www.brucemillernurseryedgewood.com/clipart/backgrounds/fullpage?C=D%3BO%3DA" "Mozilla/5.0 (Linux; Android 7.0;) AppleWebKit/537.36 (KHTML, like Gecko) Mobile Safari/537.36 (compatible; PetalBot;+https://webmaster.petalsearch.com/site/petalbot)" "www.brucemillernurseryedgewood.com"
114.119.132.146 - - [04/Oct/2022:19:28:45 -0700] "GET /clipart/lines/?C=S%3BO%3DA HTTP/1.1" 200 361 "https://www.brucemillernurseryedgewood.com/clipart/lines/?C=D%3BO%3DA" "Mozilla/5.0 (Linux; Android 7.0;) AppleWebKit/537.36 (KHTML, like Gecko) Mobile Safari/537.36 (compatible; PetalBot;+https://webmaster.petalsearch.com/site/petalbot)" "www.brucemillernurseryedgewood.com"
61.135.159.197 - - [04/Oct/2022:19:31:36 -0700] "GET / HTTP/1.1" 200 406 "-" "Sogou web spider/4.0(+http://www.sogou.com/docs/help/webmasters.htm#07)" "brucemillernurseryedgewood.com"
114.119.132.153 - - [04/Oct/2022:19:34:37 -0700] "GET /clipart/bars/regular?C=D%3BO%3DA HTTP/1.1" 301 1441 "http://brucemillernurseryedgewood.com/clipart/bars/regular?C=N%3BO%3DD" "Mozilla/5.0 (Linux; Android 7.0;) AppleWebKit/537.36 (KHTML, like Gecko) Mobile Safari/537.36 (compatible; PetalBot;+https://webmaster.petalsearch.com/site/petalbot)" "brucemillernurseryedgewood.com"
114.119.132.153 - - [04/Oct/2022:19:34:38 -0700] "GET /clipart/bars/regular/?C=D%3BO%3DA HTTP/1.1" 200 366 "http://brucemillernurseryedgewood.com/clipart/bars/regular?C=N%3BO%3DD" "Mozilla/5.0 (Linux; Android 7.0;) AppleWebKit/537.36 (KHTML, like Gecko) Mobile Safari/537.36 (compatible; PetalBot;+https://webmaster.petalsearch.com/site/petalbot)" "brucemillernurseryedgewood.com"
123.125.109.116 - - [04/Oct/2022:20:25:42 -0700] "GET / HTTP/1.1" 200 406 "-" "Sogou web spider/4.0(+http://www.sogou.com/docs/help/webmasters.htm#07)" "www.brucemillernurseryedgewood.com"
157.55.39.153 - - [04/Oct/2022:20:27:01 -0700] "GET /images/IMG_0486.JPG HTTP/1.1" 200 3646063 "-" "Mozilla/5.0 (compatible; bingbot/2.0; +http://www.bing.com/bingbot.htm)" "brucemillernurseryedgewood.com"
42.236.10.83 - - [04/Oct/2022:20:44:10 -0700] "GET / HTTP/1.1" 200 406 "http://www.brucemillernurseryedgewood.com/" "Mozilla/5.0 (Windows NT 6.1; WOW64) AppleWebKit/537.36 (KHTML, like Gecko) Chrome/50.0.2661.102 Safari/537.36; 360Spider" "www.brucemillernurseryedgewood.com"
180.163.220.96 - - [04/Oct/2022:20:45:30 -0700] "GET / HTTP/1.1" 200 406 "http://www.brucemillernurseryedgewood.com/" "Mozilla/5.0 (Windows NT 6.1; WOW64) AppleWebKit/537.36 (KHTML, like Gecko) Chrome/50.0.2661.102 Safari/537.36; 360Spider" "www.brucemillernurseryedgewood.com"
42.236.10.112 - - [04/Oct/2022:20:46:05 -0700] "GET / HTTP/1.1" 200 406 "http://www.brucemillernurseryedgewood.com/" "Mozilla/5.0 (Windows NT 6.1; WOW64) AppleWebKit/537.36 (KHTML, like Gecko) Chrome/50.0.2661.102 Safari/537.36; 360Spider" "www.brucemillernurseryedgewood.com"
157.55.39.159 - - [04/Oct/2022:20:59:17 -0700] "GET /sitebuilder/?C=M;O=A HTTP/1.1" 200 443 "-" "Mozilla/5.0 (compatible; bingbot/2.0; +http://www.bing.com/bingbot.htm)" "www.brucemillernurseryedgewood.com"
207.46.13.35 - - [04/Oct/2022:21:05:47 -0700] "GET /clipart/backgrounds/sidebar/?C=D;O=A HTTP/1.1" 200 384 "-" "Mozilla/5.0 (compatible; bingbot/2.0; +http://www.bing.com/bingbot.htm)" "brucemillernurseryedgewood.com"
114.119.135.223 - - [04/Oct/2022:21:13:30 -0700] "GET /robots.txt HTTP/1.1" 404 88 "-" "Mozilla/5.0 (compatible;PetalBot;+https://webmaster.petalsearch.com/site/petalbot)" "www.brucemillernurseryedgewood.com"
114.119.132.16 - - [04/Oct/2022:21:14:59 -0700] "GET /sitebuilder/clipart/bars/low-carb/?C=N%3BO%3DD HTTP/1.1" 200 375 "http://brucemillernurseryedgewood.com/sitebuilder/clipart/bars/low-carb/" "Mozilla/5.0 (Linux; Android 7.0;) AppleWebKit/537.36 (KHTML, like Gecko) Mobile Safari/537.36 (compatible; PetalBot;+https://webmaster.petalsearch.com/site/petalbot)" "brucemillernurseryedgewood.com"
52.87.231.212 - - [04/Oct/2022:21:42:27 -0700] "GET /contact_us HTTP/1.1" 200 8120 "-" "Mozilla/5.0 (Windows NT 6.3; Win64; x64) AppleWebKit/537.36 (KHTML, like Gecko) Chrome/70.0.3538.77 Safari/537.36" "brucemillernurseryedgewood.com"
114.119.132.16 - - [04/Oct/2022:21:49:25 -0700] "GET /sitebuilder?C=M%3BO%3DA HTTP/1.1" 301 1440 "https://www.brucemillernurseryedgewood.com/sitebuilder?C=S%3BO%3DA" "Mozilla/5.0 (Linux; Android 7.0;) AppleWebKit/537.36 (KHTML, like Gecko) Mobile Safari/537.36 (compatible; PetalBot;+https://webmaster.petalsearch.com/site/petalbot)" "www.brucemillernurseryedgewood.com"
114.119.132.16 - - [04/Oct/2022:21:49:28 -0700] "GET /sitebuilder/?C=M%3BO%3DA HTTP/1.1" 200 443 "https://www.brucemillernurseryedgewood.com/sitebuilder?C=S%3BO%3DA" "Mozilla/5.0 (Linux; Android 7.0;) AppleWebKit/537.36 (KHTML, like Gecko) Mobile Safari/537.36 (compatible; PetalBot;+https://webmaster.petalsearch.com/site/petalbot)" "www.brucemillernurseryedgewood.com"
114.119.131.2 - - [04/Oct/2022:22:12:19 -0700] "GET /robots.txt HTTP/1.1" 404 88 "-" "Mozilla/5.0 (compatible;PetalBot;+https://webmaster.petalsearch.com/site/petalbot)" "brucemillernurseryedgewood.com"
51.222.253.9 - - [04/Oct/2022:22:25:12 -0700] "GET /clipart/backgrounds/?C=M;O=D HTTP/1.1" 200 388 "-" "Mozilla/5.0 (compatible; AhrefsBot/7.0; +http://ahrefs.com/robot/)" "brucemillernurseryedgewood.com"
114.119.132.131 - - [04/Oct/2022:22:40:50 -0700] "GET /clipart?C=M%3BO%3DA HTTP/1.1" 301 1438 "https://www.brucemillernurseryedgewood.com/clipart?C=N%3BO%3DD" "Mozilla/5.0 (Linux; Android 7.0;) AppleWebKit/537.36 (KHTML, like Gecko) Mobile Safari/537.36 (compatible; PetalBot;+https://webmaster.petalsearch.com/site/petalbot)" "www.brucemillernurseryedgewood.com"
114.119.132.131 - - [04/Oct/2022:22:40:51 -0700] "GET /clipart/?C=M%3BO%3DA HTTP/1.1" 200 456 "https://www.brucemillernurseryedgewood.com/clipart?C=N%3BO%3DD" "Mozilla/5.0 (Linux; Android 7.0;) AppleWebKit/537.36 (KHTML, like Gecko) Mobile Safari/537.36 (compatible; PetalBot;+https://webmaster.petalsearch.com/site/petalbot)" "www.brucemillernurseryedgewood.com"
3.144.46.76 - - [04/Oct/2022:22:45:30 -0700] "GET /contact_us HTTP/1.1" 200 8120 "-" "Mozilla/5.0 (Windows NT 6.3; Win64; x64) AppleWebKit/537.36 (KHTML, like Gecko) Chrome/70.0.3538.77 Safari/537.36" "brucemillernurseryedgewood.com"
66.249.66.9 - - [04/Oct/2022:22:58:45 -0700] "GET /robots.txt HTTP/1.1" 404 88 "-" "Mozilla/5.0 (compatible; Googlebot/2.1; +http://www.google.com/bot.html)" "www.brucemillernurseryedgewood.com"
66.249.66.9 - - [04/Oct/2022:22:59:32 -0700] "GET /ads.txt HTTP/1.1" 404 88 "-" "Mozilla/5.0 (compatible; Googlebot/2.1; +http://www.google.com/bot.html)" "www.brucemillernurseryedgewood.com"
114.119.132.122 - - [04/Oct/2022:23:03:03 -0700] "GET /clipart/buttons?C=M%3BO%3DA HTTP/1.1" 301 1438 "http://brucemillernurseryedgewood.com/clipart/buttons?C=D%3BO%3DA" "Mozilla/5.0 (Linux; Android 7.0;) AppleWebKit/537.36 (KHTML, like Gecko) Mobile Safari/537.36 (compatible; PetalBot;+https://webmaster.petalsearch.com/site/petalbot)" "brucemillernurseryedgewood.com"
114.119.132.122 - - [04/Oct/2022:23:03:04 -0700] "GET /clipart/buttons/?C=M%3BO%3DA HTTP/1.1" 200 360 "http://brucemillernurseryedgewood.com/clipart/buttons?C=D%3BO%3DA" "Mozilla/5.0 (Linux; Android 7.0;) AppleWebKit/537.36 (KHTML, like Gecko) Mobile Safari/537.36 (compatible; PetalBot;+https://webmaster.petalsearch.com/site/petalbot)" "brucemillernurseryedgewood.com"
171.97.131.30 - - [04/Oct/2022:23:20:16 -0700] "GET / HTTP/1.1" 200 406 "-" "Mozilla/5.0 (Windows NT 10.0; Win64; x64) AppleWebKit/537.36 (KHTML, like Gecko) Chrome/85.0.4183.121 Safari/537.36" "brucemillernurseryedgewood.com"
114.119.132.149 - - [04/Oct/2022:23:29:00 -0700] "GET /clipart/bars/regular/?C=N%3BO%3DD HTTP/1.1" 200 366 "https://www.brucemillernurseryedgewood.com/clipart/bars/regular?C=D%3BO%3DA" "Mozilla/5.0 (Linux; Android 7.0;) AppleWebKit/537.36 (KHTML, like Gecko) Mobile Safari/537.36 (compatible; PetalBot;+https://webmaster.petalsearch.com/site/petalbot)" "www.brucemillernurseryedgewood.com"
51.222.253.7 - - [04/Oct/2022:23:43:19 -0700] "GET /contact_us/admin HTTP/1.1" 302 21 "-" "Mozilla/5.0 (compatible; AhrefsBot/7.0; +http://ahrefs.com/robot/)" "www.brucemillernurseryedgewood.com"
114.119.132.16 - - [04/Oct/2022:23:48:55 -0700] "GET /clipart/lines?C=M%3BO%3DA HTTP/1.1" 301 1434 "http://brucemillernurseryedgewood.com/clipart/lines?C=D%3BO%3DA" "Mozilla/5.0 (Linux; Android 7.0;) AppleWebKit/537.36 (KHTML, like Gecko) Mobile Safari/537.36 (compatible; PetalBot;+https://webmaster.petalsearch.com/site/petalbot)" "brucemillernurseryedgewood.com"
114.119.132.16 - - [04/Oct/2022:23:48:55 -0700] "GET /clipart/lines/?C=M%3BO%3DA HTTP/1.1" 200 361 "http://brucemillernurseryedgewood.com/clipart/lines?C=D%3BO%3DA" "Mozilla/5.0 (Linux; Android 7.0;) AppleWebKit/537.36 (KHTML, like Gecko) Mobile Safari/537.36 (compatible; PetalBot;+https://webmaster.petalsearch.com/site/petalbot)" "brucemillernurseryedgewood.com"
114.119.150.186 - - [05/Oct/2022:00:10:30 -0700] "GET /images/Grower.html HTTP/1.1" 200 1990 "https://www.brucemillernurseryedgewood.com/images?C=D%3BO%3DA" "Mozilla/5.0 (Linux; Android 7.0;) AppleWebKit/537.36 (KHTML, like Gecko) Mobile Safari/537.36 (compatible; PetalBot;+https://webmaster.petalsearch.com/site/petalbot)" "www.brucemillernurseryedgewood.com"
114.119.132.146 - - [05/Oct/2022:00:18:16 -0700] "GET /images/?C=S%3BO%3DA HTTP/1.1" 200 3702 "http://brucemillernurseryedgewood.com/images/?C=N%3BO%3DD" "Mozilla/5.0 (Linux; Android 7.0;) AppleWebKit/537.36 (KHTML, like Gecko) Mobile Safari/537.36 (compatible; PetalBot;+https://webmaster.petalsearch.com/site/petalbot)" "brucemillernurseryedgewood.com"
3.12.123.130 - - [05/Oct/2022:00:29:47 -0700] "GET /contact_us HTTP/1.1" 200 8120 "-" "Mozilla/5.0 (Windows NT 6.3; Win64; x64) AppleWebKit/537.36 (KHTML, like Gecko) Chrome/70.0.3538.77 Safari/537.36" "brucemillernurseryedgewood.com"
66.249.66.30 - - [05/Oct/2022:00:50:49 -0700] "GET /robots.txt HTTP/1.1" 404 88 "-" "Mozilla/5.0 (compatible; Googlebot/2.1; +http://www.google.com/bot.html)" "www.brucemillernurseryedgewood.com"
66.249.66.28 - - [05/Oct/2022:00:51:09 -0700] "GET /ads.txt HTTP/1.1" 404 88 "-" "Mozilla/5.0 (compatible; Googlebot/2.1; +http://www.google.com/bot.html)" "www.brucemillernurseryedgewood.com"
35.225.68.141 - - [05/Oct/2022:01:01:04 -0700] "GET / HTTP/1.1" 200 406 "-" "python-requests/2.27.1" "brucemillernurseryedgewood.com"
61.135.159.197 - - [05/Oct/2022:01:09:20 -0700] "GET / HTTP/1.1" 200 406 "-" "Sogou web spider/4.0(+http://www.sogou.com/docs/help/webmasters.htm#07)" "www.brucemillernurseryedgewood.com"
114.119.132.16 - - [05/Oct/2022:01:23:10 -0700] "GET /navigation_bars?C=M%3BO%3DA HTTP/1.1" 301 1438 "http://brucemillernurseryedgewood.com/navigation_bars" "Mozilla/5.0 (Linux; Android 7.0;) AppleWebKit/537.36 (KHTML, like Gecko) Mobile Safari/537.36 (compatible; PetalBot;+https://webmaster.petalsearch.com/site/petalbot)" "brucemillernurseryedgewood.com"
114.119.132.16 - - [05/Oct/2022:01:23:10 -0700] "GET /navigation_bars/?C=M%3BO%3DA HTTP/1.1" 200 372 "http://brucemillernurseryedgewood.com/navigation_bars" "Mozilla/5.0 (Linux; Android 7.0;) AppleWebKit/537.36 (KHTML, like Gecko) Mobile Safari/537.36 (compatible; PetalBot;+https://webmaster.petalsearch.com/site/petalbot)" "brucemillernurseryedgewood.com"
66.249.66.7 - - [05/Oct/2022:01:30:17 -0700] "GET /robots.txt HTTP/1.1" 404 88 "-" "Mozilla/5.0 (compatible; Googlebot/2.1; +http://www.google.com/bot.html)" "brucemillernurseryedgewood.com"
66.249.66.5 - - [05/Oct/2022:01:30:44 -0700] "GET /ads.txt HTTP/1.1" 404 88 "-" "Mozilla/5.0 (compatible; Googlebot/2.1; +http://www.google.com/bot.html)" "brucemillernurseryedgewood.com"
114.119.132.122 - - [05/Oct/2022:01:31:18 -0700] "GET /sitebuilder/clipart?C=S%3BO%3DA HTTP/1.1" 301 1440 "http://brucemillernurseryedgewood.com/sitebuilder/clipart?C=D%3BO%3DA" "Mozilla/5.0 (Linux; Android 7.0;) AppleWebKit/537.36 (KHTML, like Gecko) Mobile Safari/537.36 (compatible; PetalBot;+https://webmaster.petalsearch.com/site/petalbot)" "brucemillernurseryedgewood.com"
114.119.132.122 - - [05/Oct/2022:01:31:19 -0700] "GET /sitebuilder/clipart/?C=S%3BO%3DA HTTP/1.1" 200 376 "http://brucemillernurseryedgewood.com/sitebuilder/clipart?C=D%3BO%3DA" "Mozilla/5.0 (Linux; Android 7.0;) AppleWebKit/537.36 (KHTML, like Gecko) Mobile Safari/537.36 (compatible; PetalBot;+https://webmaster.petalsearch.com/site/petalbot)" "brucemillernurseryedgewood.com"
114.119.132.16 - - [05/Oct/2022:01:37:19 -0700] "GET /robots.txt HTTP/1.1" 404 88 "-" "Mozilla/5.0 (Linux; Android 7.0;) AppleWebKit/537.36 (KHTML, like Gecko) Mobile Safari/537.36 (compatible; PetalBot;+https://webmaster.petalsearch.com/site/petalbot)" "brucemillernurseryedgewood.com"
114.119.132.153 - - [05/Oct/2022:01:49:02 -0700] "GET /clipart/images/ HTTP/1.1" 200 476 "http://brucemillernurseryedgewood.com/clipart?C=N%3BO%3DD" "Mozilla/5.0 (Linux; Android 7.0;) AppleWebKit/537.36 (KHTML, like Gecko) Mobile Safari/537.36 (compatible; PetalBot;+https://webmaster.petalsearch.com/site/petalbot)" "brucemillernurseryedgewood.com"
114.119.132.153 - - [05/Oct/2022:01:54:57 -0700] "GET /sitebuilder/clipart/backgrounds/tile/ HTTP/1.1" 200 412 "http://brucemillernurseryedgewood.com/sitebuilder/clipart/backgrounds?C=D%3BO%3DA" "Mozilla/5.0 (Linux; Android 7.0;) AppleWebKit/537.36 (KHTML, like Gecko) Mobile Safari/537.36 (compatible; PetalBot;+https://webmaster.petalsearch.com/site/petalbot)" "brucemillernurseryedgewood.com"
51.222.253.12 - - [05/Oct/2022:01:59:15 -0700] "GET /clipart/backgrounds/fullpage/?C=N;O=A HTTP/1.1" 200 387 "-" "Mozilla/5.0 (compatible; AhrefsBot/7.0; +http://ahrefs.com/robot/)" "brucemillernurseryedgewood.com"
114.119.132.146 - - [05/Oct/2022:02:00:58 -0700] "GET /clipart/pageHeaders?C=S%3BO%3DA HTTP/1.1" 301 1445 "https://www.brucemillernurseryedgewood.com/clipart/pageHeaders?C=N%3BO%3DD" "Mozilla/5.0 (Linux; Android 7.0;) AppleWebKit/537.36 (KHTML, like Gecko) Mobile Safari/537.36 (compatible; PetalBot;+https://webmaster.petalsearch.com/site/petalbot)" "www.brucemillernurseryedgewood.com"
114.119.132.146 - - [05/Oct/2022:02:01:09 -0700] "GET /clipart/pageHeaders/?C=S%3BO%3DA HTTP/1.1" 200 479 "https://www.brucemillernurseryedgewood.com/clipart/pageHeaders?C=N%3BO%3DD" "Mozilla/5.0 (Linux; Android 7.0;) AppleWebKit/537.36 (KHTML, like Gecko) Mobile Safari/537.36 (compatible; PetalBot;+https://webmaster.petalsearch.com/site/petalbot)" "www.brucemillernurseryedgewood.com"
114.119.150.186 - - [05/Oct/2022:02:14:14 -0700] "GET /sitebuilder/clipart/bars/low-carb/horizontal/?C=M%3BO%3DA HTTP/1.1" 200 421 "http://brucemillernurseryedgewood.com/sitebuilder/clipart/bars/low-carb/horizontal?C=M%3BO%3DA" "Mozilla/5.0 (Linux; Android 7.0;) AppleWebKit/537.36 (KHTML, like Gecko) Mobile Safari/537.36 (compatible; PetalBot;+https://webmaster.petalsearch.com/site/petalbot)" "brucemillernurseryedgewood.com"
114.119.132.149 - - [05/Oct/2022:02:20:19 -0700] "GET /sitebuilder/clipart/bars/regular/vertical?C=S%3BO%3DA HTTP/1.1" 301 1458 "https://www.brucemillernurseryedgewood.com/sitebuilder/clipart/bars/regular/vertical?C=D%3BO%3DA" "Mozilla/5.0 (Linux; Android 7.0;) AppleWebKit/537.36 (KHTML, like Gecko) Mobile Safari/537.36 (compatible; PetalBot;+https://webmaster.petalsearch.com/site/petalbot)" "www.brucemillernurseryedgewood.com"
114.119.132.149 - - [05/Oct/2022:02:20:24 -0700] "GET /sitebuilder/clipart/bars/regular/vertical/?C=S%3BO%3DA HTTP/1.1" 200 417 "https://www.brucemillernurseryedgewood.com/sitebuilder/clipart/bars/regular/vertical?C=D%3BO%3DA" "Mozilla/5.0 (Linux; Android 7.0;) AppleWebKit/537.36 (KHTML, like Gecko) Mobile Safari/537.36 (compatible; PetalBot;+https://webmaster.petalsearch.com/site/petalbot)" "www.brucemillernurseryedgewood.com"
162.55.85.225 - - [05/Oct/2022:02:23:08 -0700] "GET /robots.txt HTTP/1.1" 404 88 "-" "Mozilla/5.0 (compatible; BLEXBot/1.0; +http://webmeup-crawler.com/)" "brucemillernurseryedgewood.com"
162.55.85.225 - - [05/Oct/2022:02:23:10 -0700] "GET /sitemap HTTP/1.1" 404 88 "-" "Mozilla/5.0 (compatible; BLEXBot/1.0; +http://webmeup-crawler.com/)" "brucemillernurseryedgewood.com"
162.55.85.225 - - [05/Oct/2022:02:23:11 -0700] "GET /robots.txt HTTP/1.1" 404 88 "-" "Mozilla/5.0 (compatible; BLEXBot/1.0; +http://webmeup-crawler.com/)" "www.brucemillernurseryedgewood.com"
162.55.85.225 - - [05/Oct/2022:02:23:12 -0700] "GET /sitemap HTTP/1.1" 404 88 "-" "Mozilla/5.0 (compatible; BLEXBot/1.0; +http://webmeup-crawler.com/)" "www.brucemillernurseryedgewood.com"
162.55.85.225 - - [05/Oct/2022:02:23:14 -0700] "GET /sitemap.txt HTTP/1.1" 404 88 "-" "Mozilla/5.0 (compatible; BLEXBot/1.0; +http://webmeup-crawler.com/)" "brucemillernurseryedgewood.com"
162.55.85.225 - - [05/Oct/2022:02:23:16 -0700] "GET /sitemap.txt HTTP/1.1" 404 88 "-" "Mozilla/5.0 (compatible; BLEXBot/1.0; +http://webmeup-crawler.com/)" "www.brucemillernurseryedgewood.com"
162.55.85.225 - - [05/Oct/2022:02:23:18 -0700] "GET /?C=D;O=A HTTP/1.1" 200 406 "-" "Mozilla/5.0 (compatible; BLEXBot/1.0; +http://webmeup-crawler.com/)" "www.brucemillernurseryedgewood.com"
162.55.85.225 - - [05/Oct/2022:02:23:20 -0700] "GET /?C=M;O=A HTTP/1.1" 200 406 "-" "Mozilla/5.0 (compatible; BLEXBot/1.0; +http://webmeup-crawler.com/)" "www.brucemillernurseryedgewood.com"
162.55.85.225 - - [05/Oct/2022:02:23:22 -0700] "GET /?C=N;O=D HTTP/1.1" 200 402 "-" "Mozilla/5.0 (compatible; BLEXBot/1.0; +http://webmeup-crawler.com/)" "www.brucemillernurseryedgewood.com"
162.55.85.225 - - [05/Oct/2022:02:23:23 -0700] "GET /?C=S;O=A HTTP/1.1" 200 406 "-" "Mozilla/5.0 (compatible; BLEXBot/1.0; +http://webmeup-crawler.com/)" "www.brucemillernurseryedgewood.com"
162.55.85.225 - - [05/Oct/2022:02:23:25 -0700] "GET /clipart/ HTTP/1.1" 200 456 "-" "Mozilla/5.0 (compatible; BLEXBot/1.0; +http://webmeup-crawler.com/)" "www.brucemillernurseryedgewood.com"
162.55.85.225 - - [05/Oct/2022:02:23:26 -0700] "GET /images/ HTTP/1.1" 200 3702 "-" "Mozilla/5.0 (compatible; BLEXBot/1.0; +http://webmeup-crawler.com/)" "www.brucemillernurseryedgewood.com"
162.55.85.225 - - [05/Oct/2022:02:23:29 -0700] "GET /navigation_bars/ HTTP/1.1" 200 372 "-" "Mozilla/5.0 (compatible; BLEXBot/1.0; +http://webmeup-crawler.com/)" "www.brucemillernurseryedgewood.com"
162.55.85.225 - - [05/Oct/2022:02:23:30 -0700] "GET /sitebuilder/ HTTP/1.1" 200 443 "-" "Mozilla/5.0 (compatible; BLEXBot/1.0; +http://webmeup-crawler.com/)" "www.brucemillernurseryedgewood.com"
114.119.132.131 - - [05/Oct/2022:02:27:25 -0700] "GET /clipart/backgrounds/fullpage?C=N%3BO%3DD HTTP/1.1" 301 1441 "http://brucemillernurseryedgewood.com/clipart/backgrounds/fullpage?C=D%3BO%3DA" "Mozilla/5.0 (Linux; Android 7.0;) AppleWebKit/537.36 (KHTML, like Gecko) Mobile Safari/537.36 (compatible; PetalBot;+https://webmaster.petalsearch.com/site/petalbot)" "brucemillernurseryedgewood.com"
114.119.132.131 - - [05/Oct/2022:02:27:26 -0700] "GET /clipart/backgrounds/fullpage/?C=N%3BO%3DD HTTP/1.1" 200 387 "http://brucemillernurseryedgewood.com/clipart/backgrounds/fullpage?C=D%3BO%3DA" "Mozilla/5.0 (Linux; Android 7.0;) AppleWebKit/537.36 (KHTML, like Gecko) Mobile Safari/537.36 (compatible; PetalBot;+https://webmaster.petalsearch.com/site/petalbot)" "brucemillernurseryedgewood.com"
114.119.132.131 - - [05/Oct/2022:02:33:20 -0700] "GET /sitebuilder/clipart/bars?C=D%3BO%3DA HTTP/1.1" 301 1449 "https://www.brucemillernurseryedgewood.com/sitebuilder/clipart/bars?C=M%3BO%3DA" "Mozilla/5.0 (Linux; Android 7.0;) AppleWebKit/537.36 (KHTML, like Gecko) Mobile Safari/537.36 (compatible; PetalBot;+https://webmaster.petalsearch.com/site/petalbot)" "www.brucemillernurseryedgewood.com"
114.119.132.131 - - [05/Oct/2022:02:33:21 -0700] "GET /sitebuilder/clipart/bars/?C=D%3BO%3DA HTTP/1.1" 200 384 "https://www.brucemillernurseryedgewood.com/sitebuilder/clipart/bars?C=M%3BO%3DA" "Mozilla/5.0 (Linux; Android 7.0;) AppleWebKit/537.36 (KHTML, like Gecko) Mobile Safari/537.36 (compatible; PetalBot;+https://webmaster.petalsearch.com/site/petalbot)" "www.brucemillernurseryedgewood.com"
173.252.127.11 - - [05/Oct/2022:02:34:47 -0700] "GET /?fbclid=IwAR1urkuduZCX7hOZSHoLzyh2FN_n0jxmX8v_PoSjDjWwpNfL9UCUFn-bUhQ HTTP/1.1" 200 406 "-" "Mozilla/5.0 (X11; Linux x86_64) AppleWebKit/537.36 (KHTML, like Gecko) Chrome/106.0.0.0 Safari/537.36" "www.brucemillernurseryedgewood.com"
173.252.127.7 - - [05/Oct/2022:02:34:47 -0700] "GET /favicon.ico HTTP/1.1" 404 88 "http://www.brucemillernurseryedgewood.com/?fbclid=IwAR1urkuduZCX7hOZSHoLzyh2FN_n0jxmX8v_PoSjDjWwpNfL9UCUFn-bUhQ" "Mozilla/5.0 (X11; Linux x86_64) AppleWebKit/537.36 (KHTML, like Gecko) Chrome/106.0.0.0 Safari/537.36" "www.brucemillernurseryedgewood.com"
69.63.189.117 - - [05/Oct/2022:02:35:21 -0700] "GET / HTTP/1.1" 206 406 "-" "facebookexternalhit/1.1 (+http://www.facebook.com/externalhit_uatext.php)" "www.brucemillernurseryedgewood.com"
51.222.253.8 - - [05/Oct/2022:02:48:56 -0700] "GET /clipart/backgrounds/fullpage/?C=D;O=D HTTP/1.1" 200 385 "-" "Mozilla/5.0 (compatible; AhrefsBot/7.0; +http://ahrefs.com/robot/)" "brucemillernurseryedgewood.com"
114.119.150.186 - - [05/Oct/2022:02:57:15 -0700] "GET /sitebuilder/clipart/bars/regular/vertical/?C=M%3BO%3DA HTTP/1.1" 200 417 "https://www.brucemillernurseryedgewood.com/sitebuilder/clipart/bars/regular/vertical/" "Mozilla/5.0 (Linux; Android 7.0;) AppleWebKit/537.36 (KHTML, like Gecko) Mobile Safari/537.36 (compatible; PetalBot;+https://webmaster.petalsearch.com/site/petalbot)" "www.brucemillernurseryedgewood.com"
114.119.150.186 - - [05/Oct/2022:03:03:24 -0700] "GET /clipart/images/sidebars/?C=S%3BO%3DA HTTP/1.1" 200 405 "https://www.brucemillernurseryedgewood.com/clipart/images/sidebars?C=D%3BO%3DA" "Mozilla/5.0 (Linux; Android 7.0;) AppleWebKit/537.36 (KHTML, like Gecko) Mobile Safari/537.36 (compatible; PetalBot;+https://webmaster.petalsearch.com/site/petalbot)" "www.brucemillernurseryedgewood.com"
114.119.132.16 - - [05/Oct/2022:03:09:30 -0700] "GET /navigation_bars HTTP/1.1" 301 1429 "https://www.brucemillernurseryedgewood.com?C=M%3BO%3DA" "Mozilla/5.0 (Linux; Android 7.0;) AppleWebKit/537.36 (KHTML, like Gecko) Mobile Safari/537.36 (compatible; PetalBot;+https://webmaster.petalsearch.com/site/petalbot)" "www.brucemillernurseryedgewood.com"
114.119.132.16 - - [05/Oct/2022:03:09:33 -0700] "GET /navigation_bars/ HTTP/1.1" 200 372 "https://www.brucemillernurseryedgewood.com?C=M%3BO%3DA" "Mozilla/5.0 (Linux; Android 7.0;) AppleWebKit/537.36 (KHTML, like Gecko) Mobile Safari/537.36 (compatible; PetalBot;+https://webmaster.petalsearch.com/site/petalbot)" "www.brucemillernurseryedgewood.com"
