65.108.124.153 - - [03/Oct/2022:18:45:59 -0700] "GET /clipart/backgrounds/fullpage/?C=N;O=D HTTP/1.1" 200 385 "-" "Mozilla/5.0 (compatible; MJ12bot/v1.4.8; http://mj12bot.com/)" "www.brucemillernurseryedgewood.com"
65.108.124.153 - - [03/Oct/2022:18:46:07 -0700] "GET /clipart/backgrounds/fullpage/?C=S;O=A HTTP/1.1" 200 387 "-" "Mozilla/5.0 (compatible; MJ12bot/v1.4.8; http://mj12bot.com/)" "www.brucemillernurseryedgewood.com"
65.108.124.153 - - [03/Oct/2022:18:46:13 -0700] "GET /clipart/backgrounds/sidebar/ HTTP/1.1" 200 384 "-" "Mozilla/5.0 (compatible; MJ12bot/v1.4.8; http://mj12bot.com/)" "www.brucemillernurseryedgewood.com"
65.108.124.153 - - [03/Oct/2022:18:46:16 -0700] "GET /clipart/backgrounds/sidebar/?C=D;O=A HTTP/1.1" 200 384 "-" "Mozilla/5.0 (compatible; MJ12bot/v1.4.8; http://mj12bot.com/)" "www.brucemillernurseryedgewood.com"
65.108.124.153 - - [03/Oct/2022:18:46:25 -0700] "GET /clipart/backgrounds/sidebar/?C=M;O=A HTTP/1.1" 200 383 "-" "Mozilla/5.0 (compatible; MJ12bot/v1.4.8; http://mj12bot.com/)" "www.brucemillernurseryedgewood.com"
65.108.124.153 - - [03/Oct/2022:18:46:34 -0700] "GET /clipart/backgrounds/sidebar/?C=N;O=D HTTP/1.1" 200 382 "-" "Mozilla/5.0 (compatible; MJ12bot/v1.4.8; http://mj12bot.com/)" "www.brucemillernurseryedgewood.com"
65.108.124.153 - - [03/Oct/2022:18:46:46 -0700] "GET /clipart/backgrounds/sidebar/?C=S;O=A HTTP/1.1" 200 383 "-" "Mozilla/5.0 (compatible; MJ12bot/v1.4.8; http://mj12bot.com/)" "www.brucemillernurseryedgewood.com"
65.108.124.153 - - [03/Oct/2022:18:46:57 -0700] "GET /clipart/bars/?C=D;O=A HTTP/1.1" 200 358 "-" "Mozilla/5.0 (compatible; MJ12bot/v1.4.8; http://mj12bot.com/)" "www.brucemillernurseryedgewood.com"
65.108.124.153 - - [03/Oct/2022:18:47:15 -0700] "GET /clipart/bars/?C=D;O=D HTTP/1.1" 200 356 "-" "Mozilla/5.0 (compatible; MJ12bot/v1.4.8; http://mj12bot.com/)" "www.brucemillernurseryedgewood.com"
65.108.124.153 - - [03/Oct/2022:18:47:26 -0700] "GET /clipart/bars/?C=M;O=A HTTP/1.1" 200 359 "-" "Mozilla/5.0 (compatible; MJ12bot/v1.4.8; http://mj12bot.com/)" "www.brucemillernurseryedgewood.com"
65.108.124.153 - - [03/Oct/2022:18:47:40 -0700] "GET /clipart/bars/?C=M;O=D HTTP/1.1" 200 356 "-" "Mozilla/5.0 (compatible; MJ12bot/v1.4.8; http://mj12bot.com/)" "www.brucemillernurseryedgewood.com"
65.108.124.153 - - [03/Oct/2022:18:47:54 -0700] "GET /clipart/bars/?C=N;O=A HTTP/1.1" 200 358 "-" "Mozilla/5.0 (compatible; MJ12bot/v1.4.8; http://mj12bot.com/)" "www.brucemillernurseryedgewood.com"
65.108.124.153 - - [03/Oct/2022:18:48:07 -0700] "GET /clipart/bars/?C=N;O=D HTTP/1.1" 200 356 "-" "Mozilla/5.0 (compatible; MJ12bot/v1.4.8; http://mj12bot.com/)" "www.brucemillernurseryedgewood.com"
65.108.124.153 - - [03/Oct/2022:18:48:22 -0700] "GET /clipart/bars/?C=S;O=A HTTP/1.1" 200 359 "-" "Mozilla/5.0 (compatible; MJ12bot/v1.4.8; http://mj12bot.com/)" "www.brucemillernurseryedgewood.com"
114.119.132.16 - - [03/Oct/2022:18:48:32 -0700] "GET /clipart/lines/horizontal/?C=M%3BO%3DA HTTP/1.1" 200 447 "http://brucemillernurseryedgewood.com/clipart/lines/horizontal?C=S%3BO%3DA" "Mozilla/5.0 (Linux; Android 7.0;) AppleWebKit/537.36 (KHTML, like Gecko) Mobile Safari/537.36 (compatible; PetalBot;+https://webmaster.petalsearch.com/site/petalbot)" "brucemillernurseryedgewood.com"
65.108.124.153 - - [03/Oct/2022:18:48:37 -0700] "GET /clipart/bars/?C=S;O=D HTTP/1.1" 200 356 "-" "Mozilla/5.0 (compatible; MJ12bot/v1.4.8; http://mj12bot.com/)" "www.brucemillernurseryedgewood.com"
65.108.124.153 - - [03/Oct/2022:18:48:49 -0700] "GET /clipart/bars/regular/ HTTP/1.1" 200 366 "-" "Mozilla/5.0 (compatible; MJ12bot/v1.4.8; http://mj12bot.com/)" "www.brucemillernurseryedgewood.com"
65.108.124.153 - - [03/Oct/2022:18:49:07 -0700] "GET /clipart/bars/regular/?C=D;O=A HTTP/1.1" 200 366 "-" "Mozilla/5.0 (compatible; MJ12bot/v1.4.8; http://mj12bot.com/)" "www.brucemillernurseryedgewood.com"
65.108.124.153 - - [03/Oct/2022:18:49:22 -0700] "GET /clipart/bars/regular/?C=M;O=A HTTP/1.1" 200 366 "-" "Mozilla/5.0 (compatible; MJ12bot/v1.4.8; http://mj12bot.com/)" "www.brucemillernurseryedgewood.com"
65.108.124.153 - - [03/Oct/2022:18:49:35 -0700] "GET /clipart/bars/regular/?C=N;O=D HTTP/1.1" 200 364 "-" "Mozilla/5.0 (compatible; MJ12bot/v1.4.8; http://mj12bot.com/)" "www.brucemillernurseryedgewood.com"
65.108.124.153 - - [03/Oct/2022:18:49:43 -0700] "GET /clipart/bars/regular/?C=S;O=A HTTP/1.1" 200 366 "-" "Mozilla/5.0 (compatible; MJ12bot/v1.4.8; http://mj12bot.com/)" "www.brucemillernurseryedgewood.com"
65.108.124.153 - - [03/Oct/2022:18:49:54 -0700] "GET /clipart/bars/regular/horizontal/ HTTP/1.1" 200 390 "-" "Mozilla/5.0 (compatible; MJ12bot/v1.4.8; http://mj12bot.com/)" "www.brucemillernurseryedgewood.com"
65.108.124.153 - - [03/Oct/2022:18:50:08 -0700] "GET /clipart/buttons/?C=D;O=A HTTP/1.1" 200 360 "-" "Mozilla/5.0 (compatible; MJ12bot/v1.4.8; http://mj12bot.com/)" "www.brucemillernurseryedgewood.com"
65.108.124.153 - - [03/Oct/2022:18:50:26 -0700] "GET /clipart/buttons/?C=D;O=D HTTP/1.1" 200 358 "-" "Mozilla/5.0 (compatible; MJ12bot/v1.4.8; http://mj12bot.com/)" "www.brucemillernurseryedgewood.com"
65.108.124.153 - - [03/Oct/2022:18:50:38 -0700] "GET /clipart/buttons/?C=M;O=A HTTP/1.1" 200 360 "-" "Mozilla/5.0 (compatible; MJ12bot/v1.4.8; http://mj12bot.com/)" "www.brucemillernurseryedgewood.com"
65.108.124.153 - - [03/Oct/2022:18:50:49 -0700] "GET /clipart/buttons/?C=M;O=D HTTP/1.1" 200 358 "-" "Mozilla/5.0 (compatible; MJ12bot/v1.4.8; http://mj12bot.com/)" "www.brucemillernurseryedgewood.com"
65.108.124.153 - - [03/Oct/2022:18:51:05 -0700] "GET /clipart/buttons/?C=N;O=A HTTP/1.1" 200 360 "-" "Mozilla/5.0 (compatible; MJ12bot/v1.4.8; http://mj12bot.com/)" "www.brucemillernurseryedgewood.com"
65.108.124.153 - - [03/Oct/2022:18:51:20 -0700] "GET /clipart/buttons/?C=N;O=D HTTP/1.1" 200 358 "-" "Mozilla/5.0 (compatible; MJ12bot/v1.4.8; http://mj12bot.com/)" "www.brucemillernurseryedgewood.com"
65.108.124.153 - - [03/Oct/2022:18:51:39 -0700] "GET /clipart/buttons/?C=S;O=A HTTP/1.1" 200 360 "-" "Mozilla/5.0 (compatible; MJ12bot/v1.4.8; http://mj12bot.com/)" "www.brucemillernurseryedgewood.com"
65.108.124.153 - - [03/Oct/2022:18:51:53 -0700] "GET /clipart/buttons/?C=S;O=D HTTP/1.1" 200 358 "-" "Mozilla/5.0 (compatible; MJ12bot/v1.4.8; http://mj12bot.com/)" "www.brucemillernurseryedgewood.com"
65.108.124.153 - - [03/Oct/2022:18:52:09 -0700] "GET /clipart/buttons/themes/ HTTP/1.1" 200 382 "-" "Mozilla/5.0 (compatible; MJ12bot/v1.4.8; http://mj12bot.com/)" "www.brucemillernurseryedgewood.com"
65.108.124.153 - - [03/Oct/2022:18:52:24 -0700] "GET /clipart/buttons/themes/?C=D;O=A HTTP/1.1" 200 382 "-" "Mozilla/5.0 (compatible; MJ12bot/v1.4.8; http://mj12bot.com/)" "www.brucemillernurseryedgewood.com"
65.108.124.153 - - [03/Oct/2022:18:52:41 -0700] "GET /clipart/buttons/themes/?C=M;O=A HTTP/1.1" 200 382 "-" "Mozilla/5.0 (compatible; MJ12bot/v1.4.8; http://mj12bot.com/)" "www.brucemillernurseryedgewood.com"
65.108.124.153 - - [03/Oct/2022:18:52:54 -0700] "GET /clipart/buttons/themes/?C=N;O=D HTTP/1.1" 200 381 "-" "Mozilla/5.0 (compatible; MJ12bot/v1.4.8; http://mj12bot.com/)" "www.brucemillernurseryedgewood.com"
65.108.124.153 - - [03/Oct/2022:18:53:06 -0700] "GET /clipart/buttons/themes/?C=S;O=A HTTP/1.1" 200 382 "-" "Mozilla/5.0 (compatible; MJ12bot/v1.4.8; http://mj12bot.com/)" "www.brucemillernurseryedgewood.com"
65.108.124.153 - - [03/Oct/2022:18:53:23 -0700] "GET /clipart/buttons/themes/glow/ HTTP/1.1" 200 420 "-" "Mozilla/5.0 (compatible; MJ12bot/v1.4.8; http://mj12bot.com/)" "www.brucemillernurseryedgewood.com"
65.108.124.153 - - [03/Oct/2022:18:53:34 -0700] "GET /clipart/buttons/themes/stone/ HTTP/1.1" 200 413 "-" "Mozilla/5.0 (compatible; MJ12bot/v1.4.8; http://mj12bot.com/)" "www.brucemillernurseryedgewood.com"
65.108.124.153 - - [03/Oct/2022:18:53:48 -0700] "GET /clipart/images/?C=D;O=A HTTP/1.1" 200 476 "-" "Mozilla/5.0 (compatible; MJ12bot/v1.4.8; http://mj12bot.com/)" "www.brucemillernurseryedgewood.com"
65.108.124.153 - - [03/Oct/2022:18:53:59 -0700] "GET /clipart/images/?C=D;O=D HTTP/1.1" 200 470 "-" "Mozilla/5.0 (compatible; MJ12bot/v1.4.8; http://mj12bot.com/)" "www.brucemillernurseryedgewood.com"
65.108.124.153 - - [03/Oct/2022:18:54:09 -0700] "GET /clipart/images/?C=M;O=A HTTP/1.1" 200 473 "-" "Mozilla/5.0 (compatible; MJ12bot/v1.4.8; http://mj12bot.com/)" "www.brucemillernurseryedgewood.com"
65.108.124.153 - - [03/Oct/2022:18:54:28 -0700] "GET /clipart/images/?C=M;O=D HTTP/1.1" 200 474 "-" "Mozilla/5.0 (compatible; MJ12bot/v1.4.8; http://mj12bot.com/)" "www.brucemillernurseryedgewood.com"
114.119.132.146 - - [03/Oct/2022:18:54:29 -0700] "GET /clipart/buttons?C=D%3BO%3DA HTTP/1.1" 301 1438 "http://brucemillernurseryedgewood.com/clipart/buttons?C=M%3BO%3DA" "Mozilla/5.0 (Linux; Android 7.0;) AppleWebKit/537.36 (KHTML, like Gecko) Mobile Safari/537.36 (compatible; PetalBot;+https://webmaster.petalsearch.com/site/petalbot)" "brucemillernurseryedgewood.com"
114.119.132.146 - - [03/Oct/2022:18:54:29 -0700] "GET /clipart/buttons/?C=D%3BO%3DA HTTP/1.1" 200 360 "http://brucemillernurseryedgewood.com/clipart/buttons?C=M%3BO%3DA" "Mozilla/5.0 (Linux; Android 7.0;) AppleWebKit/537.36 (KHTML, like Gecko) Mobile Safari/537.36 (compatible; PetalBot;+https://webmaster.petalsearch.com/site/petalbot)" "brucemillernurseryedgewood.com"
65.108.124.153 - - [03/Oct/2022:18:54:35 -0700] "GET /clipart/images/?C=N;O=A HTTP/1.1" 200 476 "-" "Mozilla/5.0 (compatible; MJ12bot/v1.4.8; http://mj12bot.com/)" "www.brucemillernurseryedgewood.com"
65.108.124.153 - - [03/Oct/2022:18:54:45 -0700] "GET /clipart/images/?C=N;O=D HTTP/1.1" 200 470 "-" "Mozilla/5.0 (compatible; MJ12bot/v1.4.8; http://mj12bot.com/)" "www.brucemillernurseryedgewood.com"
65.108.124.153 - - [03/Oct/2022:18:54:57 -0700] "GET /clipart/images/?C=S;O=A HTTP/1.1" 200 473 "-" "Mozilla/5.0 (compatible; MJ12bot/v1.4.8; http://mj12bot.com/)" "www.brucemillernurseryedgewood.com"
65.108.124.153 - - [03/Oct/2022:18:55:10 -0700] "GET /clipart/images/?C=S;O=D HTTP/1.1" 200 476 "-" "Mozilla/5.0 (compatible; MJ12bot/v1.4.8; http://mj12bot.com/)" "www.brucemillernurseryedgewood.com"
65.108.124.153 - - [03/Oct/2022:18:55:25 -0700] "GET /clipart/images/frames/ HTTP/1.1" 200 395 "-" "Mozilla/5.0 (compatible; MJ12bot/v1.4.8; http://mj12bot.com/)" "www.brucemillernurseryedgewood.com"
65.108.124.153 - - [03/Oct/2022:18:55:36 -0700] "GET /clipart/images/frames/?C=D;O=A HTTP/1.1" 200 395 "-" "Mozilla/5.0 (compatible; MJ12bot/v1.4.8; http://mj12bot.com/)" "www.brucemillernurseryedgewood.com"
65.108.124.153 - - [03/Oct/2022:18:55:51 -0700] "GET /clipart/images/frames/?C=M;O=A HTTP/1.1" 200 395 "-" "Mozilla/5.0 (compatible; MJ12bot/v1.4.8; http://mj12bot.com/)" "www.brucemillernurseryedgewood.com"
65.108.124.153 - - [03/Oct/2022:18:55:59 -0700] "GET /clipart/images/frames/?C=N;O=D HTTP/1.1" 200 393 "-" "Mozilla/5.0 (compatible; MJ12bot/v1.4.8; http://mj12bot.com/)" "www.brucemillernurseryedgewood.com"
65.108.124.153 - - [03/Oct/2022:18:56:15 -0700] "GET /clipart/images/frames/?C=S;O=A HTTP/1.1" 200 395 "-" "Mozilla/5.0 (compatible; MJ12bot/v1.4.8; http://mj12bot.com/)" "www.brucemillernurseryedgewood.com"
65.108.124.153 - - [03/Oct/2022:18:56:28 -0700] "GET /clipart/images/sidebars/ HTTP/1.1" 200 405 "-" "Mozilla/5.0 (compatible; MJ12bot/v1.4.8; http://mj12bot.com/)" "www.brucemillernurseryedgewood.com"
65.108.124.153 - - [03/Oct/2022:18:56:39 -0700] "GET /clipart/images/sidebars/?C=D;O=A HTTP/1.1" 200 405 "-" "Mozilla/5.0 (compatible; MJ12bot/v1.4.8; http://mj12bot.com/)" "www.brucemillernurseryedgewood.com"
65.108.124.153 - - [03/Oct/2022:18:56:53 -0700] "GET /clipart/images/sidebars/?C=M;O=A HTTP/1.1" 200 405 "-" "Mozilla/5.0 (compatible; MJ12bot/v1.4.8; http://mj12bot.com/)" "www.brucemillernurseryedgewood.com"
65.108.124.153 - - [03/Oct/2022:18:57:02 -0700] "GET /clipart/images/sidebars/?C=N;O=D HTTP/1.1" 200 403 "-" "Mozilla/5.0 (compatible; MJ12bot/v1.4.8; http://mj12bot.com/)" "www.brucemillernurseryedgewood.com"
65.108.124.153 - - [03/Oct/2022:18:57:14 -0700] "GET /clipart/images/sidebars/?C=S;O=A HTTP/1.1" 200 405 "-" "Mozilla/5.0 (compatible; MJ12bot/v1.4.8; http://mj12bot.com/)" "www.brucemillernurseryedgewood.com"
65.108.124.153 - - [03/Oct/2022:18:57:25 -0700] "GET /clipart/lines/?C=D;O=A HTTP/1.1" 200 361 "-" "Mozilla/5.0 (compatible; MJ12bot/v1.4.8; http://mj12bot.com/)" "www.brucemillernurseryedgewood.com"
65.108.124.153 - - [03/Oct/2022:18:57:38 -0700] "GET /clipart/lines/?C=M;O=A HTTP/1.1" 200 361 "-" "Mozilla/5.0 (compatible; MJ12bot/v1.4.8; http://mj12bot.com/)" "www.brucemillernurseryedgewood.com"
65.108.124.153 - - [03/Oct/2022:18:57:46 -0700] "GET /clipart/lines/?C=M;O=D HTTP/1.1" 200 359 "-" "Mozilla/5.0 (compatible; MJ12bot/v1.4.8; http://mj12bot.com/)" "www.brucemillernurseryedgewood.com"
65.108.124.153 - - [03/Oct/2022:18:57:58 -0700] "GET /clipart/lines/?C=N;O=A HTTP/1.1" 200 361 "-" "Mozilla/5.0 (compatible; MJ12bot/v1.4.8; http://mj12bot.com/)" "www.brucemillernurseryedgewood.com"
65.108.124.153 - - [03/Oct/2022:18:58:10 -0700] "GET /clipart/lines/?C=N;O=D HTTP/1.1" 200 359 "-" "Mozilla/5.0 (compatible; MJ12bot/v1.4.8; http://mj12bot.com/)" "www.brucemillernurseryedgewood.com"
65.108.124.153 - - [03/Oct/2022:18:58:21 -0700] "GET /clipart/lines/?C=S;O=A HTTP/1.1" 200 361 "-" "Mozilla/5.0 (compatible; MJ12bot/v1.4.8; http://mj12bot.com/)" "www.brucemillernurseryedgewood.com"
65.108.124.153 - - [03/Oct/2022:18:58:32 -0700] "GET /clipart/lines/?C=S;O=D HTTP/1.1" 200 359 "-" "Mozilla/5.0 (compatible; MJ12bot/v1.4.8; http://mj12bot.com/)" "www.brucemillernurseryedgewood.com"
65.108.124.153 - - [03/Oct/2022:18:58:44 -0700] "GET /clipart/lines/horizontal/ HTTP/1.1" 200 447 "-" "Mozilla/5.0 (compatible; MJ12bot/v1.4.8; http://mj12bot.com/)" "www.brucemillernurseryedgewood.com"
65.108.124.153 - - [03/Oct/2022:18:58:56 -0700] "GET /clipart/lines/horizontal/?C=D;O=A HTTP/1.1" 200 447 "-" "Mozilla/5.0 (compatible; MJ12bot/v1.4.8; http://mj12bot.com/)" "www.brucemillernurseryedgewood.com"
65.108.124.153 - - [03/Oct/2022:18:59:11 -0700] "GET /clipart/lines/horizontal/?C=M;O=A HTTP/1.1" 200 448 "-" "Mozilla/5.0 (compatible; MJ12bot/v1.4.8; http://mj12bot.com/)" "www.brucemillernurseryedgewood.com"
65.108.124.153 - - [03/Oct/2022:18:59:24 -0700] "GET /clipart/lines/horizontal/?C=N;O=D HTTP/1.1" 200 446 "-" "Mozilla/5.0 (compatible; MJ12bot/v1.4.8; http://mj12bot.com/)" "www.brucemillernurseryedgewood.com"
65.108.124.153 - - [03/Oct/2022:18:59:38 -0700] "GET /clipart/lines/horizontal/?C=S;O=A HTTP/1.1" 200 447 "-" "Mozilla/5.0 (compatible; MJ12bot/v1.4.8; http://mj12bot.com/)" "www.brucemillernurseryedgewood.com"
65.108.124.153 - - [03/Oct/2022:18:59:53 -0700] "GET /clipart/pageHeaders/?C=D;O=A HTTP/1.1" 200 479 "-" "Mozilla/5.0 (compatible; MJ12bot/v1.4.8; http://mj12bot.com/)" "www.brucemillernurseryedgewood.com"
65.108.124.153 - - [03/Oct/2022:19:00:06 -0700] "GET /clipart/pageHeaders/?C=D;O=D HTTP/1.1" 200 478 "-" "Mozilla/5.0 (compatible; MJ12bot/v1.4.8; http://mj12bot.com/)" "www.brucemillernurseryedgewood.com"
65.108.124.153 - - [03/Oct/2022:19:00:17 -0700] "GET /clipart/pageHeaders/?C=M;O=A HTTP/1.1" 200 480 "-" "Mozilla/5.0 (compatible; MJ12bot/v1.4.8; http://mj12bot.com/)" "www.brucemillernurseryedgewood.com"
65.108.124.153 - - [03/Oct/2022:19:00:29 -0700] "GET /clipart/pageHeaders/?C=M;O=D HTTP/1.1" 200 477 "-" "Mozilla/5.0 (compatible; MJ12bot/v1.4.8; http://mj12bot.com/)" "www.brucemillernurseryedgewood.com"
114.119.132.131 - - [03/Oct/2022:19:00:30 -0700] "GET /clipart/buttons/themes?C=S%3BO%3DA HTTP/1.1" 301 1443 "http://brucemillernurseryedgewood.com/clipart/buttons/themes?C=M%3BO%3DA" "Mozilla/5.0 (Linux; Android 7.0;) AppleWebKit/537.36 (KHTML, like Gecko) Mobile Safari/537.36 (compatible; PetalBot;+https://webmaster.petalsearch.com/site/petalbot)" "brucemillernurseryedgewood.com"
114.119.132.131 - - [03/Oct/2022:19:00:32 -0700] "GET /clipart/buttons/themes/?C=S%3BO%3DA HTTP/1.1" 200 382 "http://brucemillernurseryedgewood.com/clipart/buttons/themes?C=M%3BO%3DA" "Mozilla/5.0 (Linux; Android 7.0;) AppleWebKit/537.36 (KHTML, like Gecko) Mobile Safari/537.36 (compatible; PetalBot;+https://webmaster.petalsearch.com/site/petalbot)" "brucemillernurseryedgewood.com"
65.108.124.153 - - [03/Oct/2022:19:00:36 -0700] "GET /clipart/pageHeaders/?C=N;O=A HTTP/1.1" 200 479 "-" "Mozilla/5.0 (compatible; MJ12bot/v1.4.8; http://mj12bot.com/)" "www.brucemillernurseryedgewood.com"
65.108.124.153 - - [03/Oct/2022:19:00:49 -0700] "GET /clipart/pageHeaders/?C=N;O=D HTTP/1.1" 200 478 "-" "Mozilla/5.0 (compatible; MJ12bot/v1.4.8; http://mj12bot.com/)" "www.brucemillernurseryedgewood.com"
65.108.124.153 - - [03/Oct/2022:19:01:02 -0700] "GET /clipart/pageHeaders/?C=S;O=A HTTP/1.1" 200 479 "-" "Mozilla/5.0 (compatible; MJ12bot/v1.4.8; http://mj12bot.com/)" "www.brucemillernurseryedgewood.com"
65.108.124.153 - - [03/Oct/2022:19:01:14 -0700] "GET /clipart/pageHeaders/?C=S;O=D HTTP/1.1" 200 476 "-" "Mozilla/5.0 (compatible; MJ12bot/v1.4.8; http://mj12bot.com/)" "www.brucemillernurseryedgewood.com"
65.108.124.153 - - [03/Oct/2022:19:01:28 -0700] "GET /images/?C=D;O=D HTTP/1.1" 200 3712 "-" "Mozilla/5.0 (compatible; MJ12bot/v1.4.8; http://mj12bot.com/)" "www.brucemillernurseryedgewood.com"
65.108.124.153 - - [03/Oct/2022:19:01:42 -0700] "GET /images/?C=M;O=D HTTP/1.1" 200 3757 "-" "Mozilla/5.0 (compatible; MJ12bot/v1.4.8; http://mj12bot.com/)" "www.brucemillernurseryedgewood.com"
65.108.124.153 - - [03/Oct/2022:19:01:54 -0700] "GET /images/?C=N;O=A HTTP/1.1" 200 3702 "-" "Mozilla/5.0 (compatible; MJ12bot/v1.4.8; http://mj12bot.com/)" "www.brucemillernurseryedgewood.com"
65.108.124.153 - - [03/Oct/2022:19:02:05 -0700] "GET /navigation_bars/?C=D;O=D HTTP/1.1" 200 370 "-" "Mozilla/5.0 (compatible; MJ12bot/v1.4.8; http://mj12bot.com/)" "www.brucemillernurseryedgewood.com"
65.108.124.153 - - [03/Oct/2022:19:02:13 -0700] "GET /navigation_bars/?C=M;O=D HTTP/1.1" 200 370 "-" "Mozilla/5.0 (compatible; MJ12bot/v1.4.8; http://mj12bot.com/)" "www.brucemillernurseryedgewood.com"
65.108.124.153 - - [03/Oct/2022:19:02:24 -0700] "GET /navigation_bars/?C=N;O=A HTTP/1.1" 200 372 "-" "Mozilla/5.0 (compatible; MJ12bot/v1.4.8; http://mj12bot.com/)" "www.brucemillernurseryedgewood.com"
65.108.124.153 - - [03/Oct/2022:19:02:34 -0700] "GET /navigation_bars/?C=S;O=D HTTP/1.1" 200 370 "-" "Mozilla/5.0 (compatible; MJ12bot/v1.4.8; http://mj12bot.com/)" "www.brucemillernurseryedgewood.com"
65.108.124.153 - - [03/Oct/2022:19:02:43 -0700] "GET /sitebuilder/?C=D;O=D HTTP/1.1" 200 446 "-" "Mozilla/5.0 (compatible; MJ12bot/v1.4.8; http://mj12bot.com/)" "www.brucemillernurseryedgewood.com"
65.108.124.153 - - [03/Oct/2022:19:02:53 -0700] "GET /sitebuilder/?C=M;O=D HTTP/1.1" 200 445 "-" "Mozilla/5.0 (compatible; MJ12bot/v1.4.8; http://mj12bot.com/)" "www.brucemillernurseryedgewood.com"
65.108.124.153 - - [03/Oct/2022:19:03:03 -0700] "GET /sitebuilder/?C=N;O=A HTTP/1.1" 200 443 "-" "Mozilla/5.0 (compatible; MJ12bot/v1.4.8; http://mj12bot.com/)" "www.brucemillernurseryedgewood.com"
65.108.124.153 - - [03/Oct/2022:19:03:16 -0700] "GET /sitebuilder/?C=S;O=D HTTP/1.1" 200 446 "-" "Mozilla/5.0 (compatible; MJ12bot/v1.4.8; http://mj12bot.com/)" "www.brucemillernurseryedgewood.com"
65.108.124.153 - - [03/Oct/2022:19:03:25 -0700] "GET /sitebuilder/clipart/?C=D;O=A HTTP/1.1" 200 376 "-" "Mozilla/5.0 (compatible; MJ12bot/v1.4.8; http://mj12bot.com/)" "www.brucemillernurseryedgewood.com"
65.108.124.153 - - [03/Oct/2022:19:03:38 -0700] "GET /sitebuilder/clipart/?C=D;O=D HTTP/1.1" 200 377 "-" "Mozilla/5.0 (compatible; MJ12bot/v1.4.8; http://mj12bot.com/)" "www.brucemillernurseryedgewood.com"
65.108.124.153 - - [03/Oct/2022:19:03:52 -0700] "GET /sitebuilder/clipart/?C=M;O=A HTTP/1.1" 200 378 "-" "Mozilla/5.0 (compatible; MJ12bot/v1.4.8; http://mj12bot.com/)" "www.brucemillernurseryedgewood.com"
65.108.124.153 - - [03/Oct/2022:19:04:03 -0700] "GET /sitebuilder/clipart/?C=M;O=D HTTP/1.1" 200 375 "-" "Mozilla/5.0 (compatible; MJ12bot/v1.4.8; http://mj12bot.com/)" "www.brucemillernurseryedgewood.com"
65.108.124.153 - - [03/Oct/2022:19:04:12 -0700] "GET /sitebuilder/clipart/?C=N;O=A HTTP/1.1" 200 376 "-" "Mozilla/5.0 (compatible; MJ12bot/v1.4.8; http://mj12bot.com/)" "www.brucemillernurseryedgewood.com"
65.108.124.153 - - [03/Oct/2022:19:04:24 -0700] "GET /sitebuilder/clipart/?C=N;O=D HTTP/1.1" 200 377 "-" "Mozilla/5.0 (compatible; MJ12bot/v1.4.8; http://mj12bot.com/)" "www.brucemillernurseryedgewood.com"
65.108.124.153 - - [03/Oct/2022:19:04:35 -0700] "GET /sitebuilder/clipart/?C=S;O=A HTTP/1.1" 200 376 "-" "Mozilla/5.0 (compatible; MJ12bot/v1.4.8; http://mj12bot.com/)" "www.brucemillernurseryedgewood.com"
65.108.124.153 - - [03/Oct/2022:19:04:48 -0700] "GET /sitebuilder/clipart/?C=S;O=D HTTP/1.1" 200 377 "-" "Mozilla/5.0 (compatible; MJ12bot/v1.4.8; http://mj12bot.com/)" "www.brucemillernurseryedgewood.com"
65.108.124.153 - - [03/Oct/2022:19:04:58 -0700] "GET /sitebuilder/clipart/backgrounds/ HTTP/1.1" 200 371 "-" "Mozilla/5.0 (compatible; MJ12bot/v1.4.8; http://mj12bot.com/)" "www.brucemillernurseryedgewood.com"
65.108.124.153 - - [03/Oct/2022:19:05:11 -0700] "GET /sitebuilder/clipart/backgrounds/?C=D;O=A HTTP/1.1" 200 371 "-" "Mozilla/5.0 (compatible; MJ12bot/v1.4.8; http://mj12bot.com/)" "www.brucemillernurseryedgewood.com"
65.108.124.153 - - [03/Oct/2022:19:05:20 -0700] "GET /sitebuilder/clipart/backgrounds/?C=M;O=A HTTP/1.1" 200 371 "-" "Mozilla/5.0 (compatible; MJ12bot/v1.4.8; http://mj12bot.com/)" "www.brucemillernurseryedgewood.com"
65.108.124.153 - - [03/Oct/2022:19:05:29 -0700] "GET /sitebuilder/clipart/backgrounds/?C=N;O=D HTTP/1.1" 200 368 "-" "Mozilla/5.0 (compatible; MJ12bot/v1.4.8; http://mj12bot.com/)" "www.brucemillernurseryedgewood.com"
65.108.124.153 - - [03/Oct/2022:19:05:38 -0700] "GET /sitebuilder/clipart/backgrounds/?C=S;O=A HTTP/1.1" 200 371 "-" "Mozilla/5.0 (compatible; MJ12bot/v1.4.8; http://mj12bot.com/)" "www.brucemillernurseryedgewood.com"
65.108.124.153 - - [03/Oct/2022:19:05:48 -0700] "GET /sitebuilder/clipart/backgrounds/tile/ HTTP/1.1" 200 412 "-" "Mozilla/5.0 (compatible; MJ12bot/v1.4.8; http://mj12bot.com/)" "www.brucemillernurseryedgewood.com"
65.108.124.153 - - [03/Oct/2022:19:05:58 -0700] "GET /sitebuilder/clipart/bars/ HTTP/1.1" 200 384 "-" "Mozilla/5.0 (compatible; MJ12bot/v1.4.8; http://mj12bot.com/)" "www.brucemillernurseryedgewood.com"
65.108.124.153 - - [03/Oct/2022:19:06:07 -0700] "GET /sitebuilder/clipart/bars/?C=D;O=A HTTP/1.1" 200 384 "-" "Mozilla/5.0 (compatible; MJ12bot/v1.4.8; http://mj12bot.com/)" "www.brucemillernurseryedgewood.com"
65.108.124.153 - - [03/Oct/2022:19:06:17 -0700] "GET /sitebuilder/clipart/bars/?C=M;O=A HTTP/1.1" 200 384 "-" "Mozilla/5.0 (compatible; MJ12bot/v1.4.8; http://mj12bot.com/)" "www.brucemillernurseryedgewood.com"
65.108.124.153 - - [03/Oct/2022:19:06:28 -0700] "GET /sitebuilder/clipart/bars/?C=N;O=D HTTP/1.1" 200 382 "-" "Mozilla/5.0 (compatible; MJ12bot/v1.4.8; http://mj12bot.com/)" "www.brucemillernurseryedgewood.com"
114.119.132.122 - - [03/Oct/2022:19:06:35 -0700] "GET /sitebuilder/clipart/backgrounds/tile/?C=S%3BO%3DA HTTP/1.1" 200 412 "https://www.brucemillernurseryedgewood.com/sitebuilder/clipart/backgrounds/tile/" "Mozilla/5.0 (Linux; Android 7.0;) AppleWebKit/537.36 (KHTML, like Gecko) Mobile Safari/537.36 (compatible; PetalBot;+https://webmaster.petalsearch.com/site/petalbot)" "www.brucemillernurseryedgewood.com"
65.108.124.153 - - [03/Oct/2022:19:06:39 -0700] "GET /sitebuilder/clipart/bars/?C=S;O=A HTTP/1.1" 200 384 "-" "Mozilla/5.0 (compatible; MJ12bot/v1.4.8; http://mj12bot.com/)" "www.brucemillernurseryedgewood.com"
65.108.124.153 - - [03/Oct/2022:19:06:51 -0700] "GET /sitebuilder/clipart/bars/low-carb/ HTTP/1.1" 200 375 "-" "Mozilla/5.0 (compatible; MJ12bot/v1.4.8; http://mj12bot.com/)" "www.brucemillernurseryedgewood.com"
65.108.124.153 - - [03/Oct/2022:19:07:00 -0700] "GET /sitebuilder/clipart/bars/regular/ HTTP/1.1" 200 391 "-" "Mozilla/5.0 (compatible; MJ12bot/v1.4.8; http://mj12bot.com/)" "www.brucemillernurseryedgewood.com"
65.108.124.153 - - [03/Oct/2022:19:07:13 -0700] "GET /sitebuilder/images/?C=D;O=A HTTP/1.1" 200 7088 "-" "Mozilla/5.0 (compatible; MJ12bot/v1.4.8; http://mj12bot.com/)" "www.brucemillernurseryedgewood.com"
65.108.124.153 - - [03/Oct/2022:19:07:25 -0700] "GET /sitebuilder/images/?C=D;O=D HTTP/1.1" 200 7086 "-" "Mozilla/5.0 (compatible; MJ12bot/v1.4.8; http://mj12bot.com/)" "www.brucemillernurseryedgewood.com"
65.108.124.153 - - [03/Oct/2022:19:07:33 -0700] "GET /sitebuilder/images/?C=M;O=A HTTP/1.1" 200 7291 "-" "Mozilla/5.0 (compatible; MJ12bot/v1.4.8; http://mj12bot.com/)" "www.brucemillernurseryedgewood.com"
65.108.124.153 - - [03/Oct/2022:19:07:41 -0700] "GET /sitebuilder/images/?C=M;O=D HTTP/1.1" 200 7372 "-" "Mozilla/5.0 (compatible; MJ12bot/v1.4.8; http://mj12bot.com/)" "www.brucemillernurseryedgewood.com"
65.108.124.153 - - [03/Oct/2022:19:07:51 -0700] "GET /sitebuilder/images/?C=N;O=A HTTP/1.1" 200 7088 "-" "Mozilla/5.0 (compatible; MJ12bot/v1.4.8; http://mj12bot.com/)" "www.brucemillernurseryedgewood.com"
65.108.124.153 - - [03/Oct/2022:19:08:02 -0700] "GET /sitebuilder/images/?C=N;O=D HTTP/1.1" 200 7086 "-" "Mozilla/5.0 (compatible; MJ12bot/v1.4.8; http://mj12bot.com/)" "www.brucemillernurseryedgewood.com"
65.108.124.153 - - [03/Oct/2022:19:08:13 -0700] "GET /sitebuilder/images/?C=S;O=A HTTP/1.1" 200 7302 "-" "Mozilla/5.0 (compatible; MJ12bot/v1.4.8; http://mj12bot.com/)" "www.brucemillernurseryedgewood.com"
65.108.124.153 - - [03/Oct/2022:19:08:24 -0700] "GET /sitebuilder/images/?C=S;O=D HTTP/1.1" 200 7298 "-" "Mozilla/5.0 (compatible; MJ12bot/v1.4.8; http://mj12bot.com/)" "www.brucemillernurseryedgewood.com"
65.108.124.153 - - [03/Oct/2022:19:08:36 -0700] "GET /sitebuilder/scripts/?C=D;O=A HTTP/1.1" 200 372 "-" "Mozilla/5.0 (compatible; MJ12bot/v1.4.8; http://mj12bot.com/)" "www.brucemillernurseryedgewood.com"
65.108.124.153 - - [03/Oct/2022:19:08:46 -0700] "GET /sitebuilder/scripts/?C=D;O=D HTTP/1.1" 200 371 "-" "Mozilla/5.0 (compatible; MJ12bot/v1.4.8; http://mj12bot.com/)" "www.brucemillernurseryedgewood.com"
65.108.124.153 - - [03/Oct/2022:19:08:55 -0700] "GET /sitebuilder/scripts/?C=M;O=A HTTP/1.1" 200 372 "-" "Mozilla/5.0 (compatible; MJ12bot/v1.4.8; http://mj12bot.com/)" "www.brucemillernurseryedgewood.com"
65.108.124.153 - - [03/Oct/2022:19:09:06 -0700] "GET /sitebuilder/scripts/?C=M;O=D HTTP/1.1" 200 371 "-" "Mozilla/5.0 (compatible; MJ12bot/v1.4.8; http://mj12bot.com/)" "www.brucemillernurseryedgewood.com"
65.108.124.153 - - [03/Oct/2022:19:09:19 -0700] "GET /sitebuilder/scripts/?C=N;O=A HTTP/1.1" 200 372 "-" "Mozilla/5.0 (compatible; MJ12bot/v1.4.8; http://mj12bot.com/)" "www.brucemillernurseryedgewood.com"
65.108.124.153 - - [03/Oct/2022:19:09:29 -0700] "GET /sitebuilder/scripts/?C=N;O=D HTTP/1.1" 200 371 "-" "Mozilla/5.0 (compatible; MJ12bot/v1.4.8; http://mj12bot.com/)" "www.brucemillernurseryedgewood.com"
65.108.124.153 - - [03/Oct/2022:19:09:41 -0700] "GET /sitebuilder/scripts/?C=S;O=A HTTP/1.1" 200 372 "-" "Mozilla/5.0 (compatible; MJ12bot/v1.4.8; http://mj12bot.com/)" "www.brucemillernurseryedgewood.com"
65.108.124.153 - - [03/Oct/2022:19:09:49 -0700] "GET /sitebuilder/scripts/?C=S;O=D HTTP/1.1" 200 371 "-" "Mozilla/5.0 (compatible; MJ12bot/v1.4.8; http://mj12bot.com/)" "www.brucemillernurseryedgewood.com"
65.108.124.153 - - [03/Oct/2022:19:09:54 -0700] "GET /sitebuilder/scripts/layers.js HTTP/1.1" 200 1140 "-" "Mozilla/5.0 (compatible; MJ12bot/v1.4.8; http://mj12bot.com/)" "www.brucemillernurseryedgewood.com"
114.119.132.146 - - [03/Oct/2022:19:12:29 -0700] "GET /clipart/bars/regular/?C=D%3BO%3DA HTTP/1.1" 200 366 "https://www.brucemillernurseryedgewood.com/clipart/bars/regular?C=D%3BO%3DA" "Mozilla/5.0 (Linux; Android 7.0;) AppleWebKit/537.36 (KHTML, like Gecko) Mobile Safari/537.36 (compatible; PetalBot;+https://webmaster.petalsearch.com/site/petalbot)" "www.brucemillernurseryedgewood.com"
114.119.132.16 - - [03/Oct/2022:19:18:30 -0700] "GET /clipart/lines/horizontal/ZbThumbnail.info HTTP/1.1" 200 3188 "http://brucemillernurseryedgewood.com/clipart/lines/horizontal?C=S%3BO%3DA" "Mozilla/5.0 (Linux; Android 7.0;) AppleWebKit/537.36 (KHTML, like Gecko) Mobile Safari/537.36 (compatible; PetalBot;+https://webmaster.petalsearch.com/site/petalbot)" "brucemillernurseryedgewood.com"
54.36.148.198 - - [03/Oct/2022:19:22:23 -0700] "GET /sitebuilder/clipart/bars/low-carb/horizontal/?C=M;O=A HTTP/1.1" 200 421 "-" "Mozilla/5.0 (compatible; AhrefsBot/7.0; +http://ahrefs.com/robot/)" "brucemillernurseryedgewood.com"
114.119.132.131 - - [03/Oct/2022:19:24:31 -0700] "GET /sitebuilder/clipart/bars/ HTTP/1.1" 200 384 "https://www.brucemillernurseryedgewood.com/sitebuilder/clipart" "Mozilla/5.0 (Linux; Android 7.0;) AppleWebKit/537.36 (KHTML, like Gecko) Mobile Safari/537.36 (compatible; PetalBot;+https://webmaster.petalsearch.com/site/petalbot)" "www.brucemillernurseryedgewood.com"
157.55.39.159 - - [03/Oct/2022:19:31:31 -0700] "GET /images/IMG_0128.JPG HTTP/1.1" 200 4994951 "-" "Mozilla/5.0 (compatible; bingbot/2.0; +http://www.bing.com/bingbot.htm)" "brucemillernurseryedgewood.com"
114.119.132.131 - - [03/Oct/2022:19:36:28 -0700] "GET /sitebuilder/clipart/bars/regular/horizontal/?C=D%3BO%3DA HTTP/1.1" 200 416 "https://www.brucemillernurseryedgewood.com/sitebuilder/clipart/bars/regular/horizontal/?C=S%3BO%3DA" "Mozilla/5.0 (Linux; Android 7.0;) AppleWebKit/537.36 (KHTML, like Gecko) Mobile Safari/537.36 (compatible; PetalBot;+https://webmaster.petalsearch.com/site/petalbot)" "www.brucemillernurseryedgewood.com"
77.75.78.160 - - [03/Oct/2022:19:36:46 -0700] "GET /robots.txt HTTP/1.1" 404 88 "-" "Mozilla/5.0 (compatible; SeznamBot/3.2; +http://napoveda.seznam.cz/en/seznambot-intro/)" "brucemillernurseryedgewood.com"
77.75.78.160 - - [03/Oct/2022:19:36:47 -0700] "GET /images/2009_0620Image0008.JPG HTTP/1.1" 304 - "-" "Mozilla/5.0 (compatible; SeznamBot/3.2; +http://napoveda.seznam.cz/en/seznambot-intro/)" "brucemillernurseryedgewood.com"
51.222.253.13 - - [03/Oct/2022:19:42:34 -0700] "GET /sitebuilder/?C=M;O=A HTTP/1.1" 200 443 "-" "Mozilla/5.0 (compatible; AhrefsBot/7.0; +http://ahrefs.com/robot/)" "www.brucemillernurseryedgewood.com"
114.119.132.16 - - [03/Oct/2022:19:42:46 -0700] "GET /clipart/backgrounds/sidebar/?C=D%3BO%3DA HTTP/1.1" 200 384 "http://brucemillernurseryedgewood.com/clipart/backgrounds/sidebar/" "Mozilla/5.0 (Linux; Android 7.0;) AppleWebKit/537.36 (KHTML, like Gecko) Mobile Safari/537.36 (compatible; PetalBot;+https://webmaster.petalsearch.com/site/petalbot)" "brucemillernurseryedgewood.com"
114.119.132.131 - - [03/Oct/2022:19:48:59 -0700] "GET /sitebuilder/clipart/bars/low-carb/horizontal/?C=M%3BO%3DA HTTP/1.1" 200 421 "https://www.brucemillernurseryedgewood.com/sitebuilder/clipart/bars/low-carb/horizontal?C=N%3BO%3DD" "Mozilla/5.0 (Linux; Android 7.0;) AppleWebKit/537.36 (KHTML, like Gecko) Mobile Safari/537.36 (compatible; PetalBot;+https://webmaster.petalsearch.com/site/petalbot)" "www.brucemillernurseryedgewood.com"
157.55.39.153 - - [03/Oct/2022:19:53:00 -0700] "GET /images/IMG_0199.JPG HTTP/1.1" 200 3720137 "-" "Mozilla/5.0 (compatible; bingbot/2.0; +http://www.bing.com/bingbot.htm)" "brucemillernurseryedgewood.com"
99.77.124.33 - - [03/Oct/2022:20:03:27 -0700] "GET /home HTTP/1.1" 200 4616 "-" "Mozilla/5.0 (iPhone; CPU iPhone OS 11_3 like Mac OS X) AppleWebKit/605.1.15 (KHTML, like Gecko) Version/11.0 Mobile/15E148 Safari/604.1" "brucemillernurseryedgewood.com"
99.77.124.33 - - [03/Oct/2022:20:03:27 -0700] "GET /yahoo_site_admin/assets/images/118765601_1902304113245994_1757334005447454970_n.259131218_std.jpg HTTP/1.1" 200 84670 "http://brucemillernurseryedgewood.com/home" "Mozilla/5.0 (iPhone; CPU iPhone OS 11_3 like Mac OS X) AppleWebKit/605.1.15 (KHTML, like Gecko) Version/11.0 Mobile/15E148 Safari/604.1" "brucemillernurseryedgewood.com"
99.77.124.33 - - [03/Oct/2022:20:04:27 -0700] "GET /home HTTP/1.1" 200 4616 "-" "Mozilla/5.0 (iPhone; CPU iPhone OS 11_3 like Mac OS X) AppleWebKit/605.1.15 (KHTML, like Gecko) Version/11.0 Mobile/15E148 Safari/604.1" "brucemillernurseryedgewood.com"
114.119.132.122 - - [03/Oct/2022:20:09:17 -0700] "GET /clipart/bars/regular/?C=D%3BO%3DA HTTP/1.1" 200 366 "http://brucemillernurseryedgewood.com/clipart/bars/regular" "Mozilla/5.0 (Linux; Android 7.0;) AppleWebKit/537.36 (KHTML, like Gecko) Mobile Safari/537.36 (compatible; PetalBot;+https://webmaster.petalsearch.com/site/petalbot)" "brucemillernurseryedgewood.com"
54.36.148.158 - - [03/Oct/2022:20:10:30 -0700] "GET /clipart/backgrounds/?C=S;O=A HTTP/1.1" 200 389 "-" "Mozilla/5.0 (compatible; AhrefsBot/7.0; +http://ahrefs.com/robot/)" "brucemillernurseryedgewood.com"
118.184.177.82 - - [03/Oct/2022:20:13:17 -0700] "GET / HTTP/1.1" 200 406 "-" "Sogou web spider/4.0(+http://www.sogou.com/docs/help/webmasters.htm#07)" "www.brucemillernurseryedgewood.com"
17.121.112.165 - - [03/Oct/2022:20:26:56 -0700] "GET /robots.txt HTTP/1.1" 404 88 "-" "Mozilla/5.0 (Macintosh; Intel Mac OS X 10_15_5) AppleWebKit/605.1.15 (KHTML, like Gecko) Version/13.1.1 Safari/605.1.15 (Applebot/0.1; +http://www.apple.com/go/applebot)" "brucemillernurseryedgewood.com"
17.121.112.165 - - [03/Oct/2022:20:26:56 -0700] "GET / HTTP/1.1" 200 406 "-" "Mozilla/5.0 (Macintosh; Intel Mac OS X 10_15_5) AppleWebKit/605.1.15 (KHTML, like Gecko) Version/13.1.1 Safari/605.1.15 (Applebot/0.1; +http://www.apple.com/go/applebot)" "brucemillernurseryedgewood.com"
114.119.132.146 - - [03/Oct/2022:20:33:17 -0700] "GET /clipart/images/sidebars?C=D%3BO%3DA HTTP/1.1" 301 1448 "https://www.brucemillernurseryedgewood.com/clipart/images/sidebars?C=N%3BO%3DD" "Mozilla/5.0 (Linux; Android 7.0;) AppleWebKit/537.36 (KHTML, like Gecko) Mobile Safari/537.36 (compatible; PetalBot;+https://webmaster.petalsearch.com/site/petalbot)" "www.brucemillernurseryedgewood.com"
114.119.132.146 - - [03/Oct/2022:20:33:21 -0700] "GET /clipart/images/sidebars/?C=D%3BO%3DA HTTP/1.1" 200 405 "https://www.brucemillernurseryedgewood.com/clipart/images/sidebars?C=N%3BO%3DD" "Mozilla/5.0 (Linux; Android 7.0;) AppleWebKit/537.36 (KHTML, like Gecko) Mobile Safari/537.36 (compatible; PetalBot;+https://webmaster.petalsearch.com/site/petalbot)" "www.brucemillernurseryedgewood.com"
172.104.53.46 - - [03/Oct/2022:20:36:06 -0700] "GET /style.php?sig=rename HTTP/1.1" 404 73 "-" "Mozilla/5.0 (Linux; arm_64; Android 8.0.0; ZE520KL) AppleWebKit/537.36 (KHTML, like Gecko) Chrome/88.0.4324.182 YaBrowser/21.2.0.223.00 SA/3 Mobile Safari/537.36" "brucemillernurseryedgewood.com"
157.55.39.25 - - [03/Oct/2022:20:37:54 -0700] "GET /images/IMG_0129.JPG HTTP/1.1" 200 3563851 "-" "Mozilla/5.0 (compatible; bingbot/2.0; +http://www.bing.com/bingbot.htm)" "brucemillernurseryedgewood.com"
123.125.109.116 - - [03/Oct/2022:20:43:12 -0700] "GET / HTTP/1.1" 200 406 "-" "Sogou web spider/4.0(+http://www.sogou.com/docs/help/webmasters.htm#07)" "brucemillernurseryedgewood.com"
207.46.13.181 - - [03/Oct/2022:20:48:09 -0700] "GET /great_deals HTTP/1.1" 200 4168 "-" "Mozilla/5.0 (compatible; bingbot/2.0; +http://www.bing.com/bingbot.htm)" "brucemillernurseryedgewood.com"
51.222.253.14 - - [03/Oct/2022:21:08:32 -0700] "GET /contact_us HTTP/1.1" 200 8120 "-" "Mozilla/5.0 (compatible; AhrefsBot/7.0; +http://ahrefs.com/robot/)" "www.brucemillernurseryedgewood.com"
157.55.39.25 - - [03/Oct/2022:21:25:58 -0700] "GET /images/2009_0516Image0008.JPG HTTP/1.1" 200 445222 "-" "Mozilla/5.0 (compatible; bingbot/2.0; +http://www.bing.com/bingbot.htm)" "brucemillernurseryedgewood.com"
157.55.39.25 - - [03/Oct/2022:21:29:08 -0700] "GET /images/IMG_0181.JPG HTTP/1.1" 200 2942391 "-" "Mozilla/5.0 AppleWebKit/537.36 (KHTML, like Gecko; compatible; bingbot/2.0; +http://www.bing.com/bingbot.htm) Chrome/103.0.5060.134 Safari/537.36" "brucemillernurseryedgewood.com"
207.46.13.181 - - [03/Oct/2022:21:33:51 -0700] "GET /whats_new HTTP/1.1" 200 4437 "-" "Mozilla/5.0 (compatible; bingbot/2.0; +http://www.bing.com/bingbot.htm)" "brucemillernurseryedgewood.com"
77.75.78.163 - - [03/Oct/2022:21:43:22 -0700] "GET /robots.txt HTTP/1.1" 404 88 "-" "Mozilla/5.0 (compatible; SeznamBot/3.2; +http://napoveda.seznam.cz/en/seznambot-intro/)" "brucemillernurseryedgewood.com"
77.75.78.163 - - [03/Oct/2022:21:43:23 -0700] "GET /images/IMG_0926.JPG HTTP/1.1" 304 - "-" "Mozilla/5.0 (compatible; SeznamBot/3.2; +http://napoveda.seznam.cz/en/seznambot-intro/)" "brucemillernurseryedgewood.com"
193.235.141.170 - - [03/Oct/2022:21:46:36 -0700] "GET / HTTP/1.1" 200 406 "-" "Mozilla/5.0 (Windows NT 10.0; Win64; x64) AppleWebKit/537.36 (KHTML, like Gecko) Chrome/105.0.0.0 Safari/537.36" "brucemillernurseryedgewood.com"
193.235.141.170 - - [03/Oct/2022:21:46:37 -0700] "GET /favicon.ico HTTP/1.1" 404 88 "-" "Mozilla/5.0 (Windows NT 10.0; Win64; x64) AppleWebKit/537.36 (KHTML, like Gecko) Chrome/105.0.0.0 Safari/537.36" "brucemillernurseryedgewood.com"
157.55.39.153 - - [03/Oct/2022:21:56:33 -0700] "GET /images/DSC01918.JPG HTTP/1.1" 200 3074144 "-" "Mozilla/5.0 (compatible; bingbot/2.0; +http://www.bing.com/bingbot.htm)" "brucemillernurseryedgewood.com"
17.121.114.222 - - [03/Oct/2022:21:58:42 -0700] "GET / HTTP/1.1" 200 406 "-" "Mozilla/5.0 (Macintosh; Intel Mac OS X 10_15_5) AppleWebKit/605.1.15 (KHTML, like Gecko) Version/13.1.1 Safari/605.1.15 (Applebot/0.1; +http://www.apple.com/go/applebot)" "brucemillernurseryedgewood.com"
51.222.253.6 - - [03/Oct/2022:22:05:52 -0700] "GET /home HTTP/1.1" 200 4616 "-" "Mozilla/5.0 (compatible; AhrefsBot/7.0; +http://ahrefs.com/robot/)" "www.brucemillernurseryedgewood.com"
66.249.66.23 - - [03/Oct/2022:22:48:17 -0700] "GET /robots.txt HTTP/1.1" 404 88 "-" "Mozilla/5.0 (compatible; Googlebot/2.1; +http://www.google.com/bot.html)" "brucemillernurseryedgewood.com"
35.192.23.12 - - [03/Oct/2022:22:49:40 -0700] "GET / HTTP/1.1" 200 406 "-" "python-requests/2.27.1" "brucemillernurseryedgewood.com"
114.119.132.153 - - [03/Oct/2022:22:54:52 -0700] "GET /clipart/lines?C=D%3BO%3DA HTTP/1.1" 301 1434 "http://brucemillernurseryedgewood.com/clipart/lines?C=M%3BO%3DA" "Mozilla/5.0 (Linux; Android 7.0;) AppleWebKit/537.36 (KHTML, like Gecko) Mobile Safari/537.36 (compatible; PetalBot;+https://webmaster.petalsearch.com/site/petalbot)" "brucemillernurseryedgewood.com"
114.119.132.153 - - [03/Oct/2022:22:54:56 -0700] "GET /clipart/lines/?C=D%3BO%3DA HTTP/1.1" 200 361 "http://brucemillernurseryedgewood.com/clipart/lines?C=M%3BO%3DA" "Mozilla/5.0 (Linux; Android 7.0;) AppleWebKit/537.36 (KHTML, like Gecko) Mobile Safari/537.36 (compatible; PetalBot;+https://webmaster.petalsearch.com/site/petalbot)" "brucemillernurseryedgewood.com"
51.222.253.9 - - [03/Oct/2022:23:00:54 -0700] "GET /sitebuilder/clipart/?C=M;O=A HTTP/1.1" 200 378 "-" "Mozilla/5.0 (compatible; AhrefsBot/7.0; +http://ahrefs.com/robot/)" "www.brucemillernurseryedgewood.com"
114.119.132.16 - - [03/Oct/2022:23:12:32 -0700] "GET /clipart/images/?C=S%3BO%3DA HTTP/1.1" 200 476 "https://www.brucemillernurseryedgewood.com/clipart/images/?C=N%3BO%3DD" "Mozilla/5.0 (Linux; Android 7.0;) AppleWebKit/537.36 (KHTML, like Gecko) Mobile Safari/537.36 (compatible; PetalBot;+https://webmaster.petalsearch.com/site/petalbot)" "www.brucemillernurseryedgewood.com"
157.55.39.159 - - [03/Oct/2022:23:34:15 -0700] "GET /images/IMG_0251.JPG HTTP/1.1" 200 3960313 "-" "Mozilla/5.0 (compatible; bingbot/2.0; +http://www.bing.com/bingbot.htm)" "brucemillernurseryedgewood.com"
51.222.253.19 - - [04/Oct/2022:00:11:37 -0700] "GET /sitebuilder/clipart/bars/ HTTP/1.1" 200 384 "-" "Mozilla/5.0 (compatible; AhrefsBot/7.0; +http://ahrefs.com/robot/)" "www.brucemillernurseryedgewood.com"
207.46.13.35 - - [04/Oct/2022:00:12:37 -0700] "GET /images/IMG_0267.JPG HTTP/1.1" 200 3919537 "-" "Mozilla/5.0 (compatible; bingbot/2.0; +http://www.bing.com/bingbot.htm)" "brucemillernurseryedgewood.com"
157.55.39.25 - - [04/Oct/2022:00:35:46 -0700] "GET /images/IMG_0125.JPG HTTP/1.1" 200 3541168 "-" "Mozilla/5.0 (compatible; bingbot/2.0; +http://www.bing.com/bingbot.htm)" "brucemillernurseryedgewood.com"
114.119.132.153 - - [04/Oct/2022:00:44:50 -0700] "GET /sitebuilder/images?C=N%3BO%3DD HTTP/1.1" 301 1441 "http://www.brucemillernurseryedgewood.com/sitebuilder/images" "Mozilla/5.0 (Linux; Android 7.0;) AppleWebKit/537.36 (KHTML, like Gecko) Mobile Safari/537.36 (compatible; PetalBot;+https://webmaster.petalsearch.com/site/petalbot)" "www.brucemillernurseryedgewood.com"
114.119.132.153 - - [04/Oct/2022:00:44:50 -0700] "GET /sitebuilder/images/?C=N%3BO%3DD HTTP/1.1" 200 7088 "http://www.brucemillernurseryedgewood.com/sitebuilder/images" "Mozilla/5.0 (Linux; Android 7.0;) AppleWebKit/537.36 (KHTML, like Gecko) Mobile Safari/537.36 (compatible; PetalBot;+https://webmaster.petalsearch.com/site/petalbot)" "www.brucemillernurseryedgewood.com"
77.75.79.72 - - [04/Oct/2022:00:46:37 -0700] "GET /robots.txt HTTP/1.1" 404 88 "-" "Mozilla/5.0 (compatible; SeznamBot/3.2; +http://napoveda.seznam.cz/en/seznambot-intro/)" "brucemillernurseryedgewood.com"
77.75.79.72 - - [04/Oct/2022:00:46:38 -0700] "GET /images/IMG_0727.JPG HTTP/1.1" 304 - "-" "Mozilla/5.0 (compatible; SeznamBot/3.2; +http://napoveda.seznam.cz/en/seznambot-intro/)" "brucemillernurseryedgewood.com"
114.119.132.153 - - [04/Oct/2022:00:50:44 -0700] "GET /clipart/buttons/themes/glow?C=D%3BO%3DA HTTP/1.1" 301 1446 "http://brucemillernurseryedgewood.com/clipart/buttons/themes/glow?C=N%3BO%3DD" "Mozilla/5.0 (Linux; Android 7.0;) AppleWebKit/537.36 (KHTML, like Gecko) Mobile Safari/537.36 (compatible; PetalBot;+https://webmaster.petalsearch.com/site/petalbot)" "brucemillernurseryedgewood.com"
114.119.132.153 - - [04/Oct/2022:00:50:44 -0700] "GET /clipart/buttons/themes/glow/?C=D%3BO%3DA HTTP/1.1" 200 420 "http://brucemillernurseryedgewood.com/clipart/buttons/themes/glow?C=N%3BO%3DD" "Mozilla/5.0 (Linux; Android 7.0;) AppleWebKit/537.36 (KHTML, like Gecko) Mobile Safari/537.36 (compatible; PetalBot;+https://webmaster.petalsearch.com/site/petalbot)" "brucemillernurseryedgewood.com"
123.125.109.116 - - [04/Oct/2022:01:04:59 -0700] "GET / HTTP/1.1" 200 406 "-" "Sogou web spider/4.0(+http://www.sogou.com/docs/help/webmasters.htm#07)" "www.brucemillernurseryedgewood.com"
123.125.109.134 - - [04/Oct/2022:01:11:21 -0700] "GET /robots.txt HTTP/1.1" 404 88 "-" "Sogou web spider/4.0(+http://www.sogou.com/docs/help/webmasters.htm#07)" "www.brucemillernurseryedgewood.com"
114.119.132.153 - - [04/Oct/2022:01:11:56 -0700] "GET /clipart/pageHeaders/ HTTP/1.1" 200 479 "https://www.brucemillernurseryedgewood.com/clipart/?C=D%3BO%3DA" "Mozilla/5.0 (Linux; Android 7.0;) AppleWebKit/537.36 (KHTML, like Gecko) Mobile Safari/537.36 (compatible; PetalBot;+https://webmaster.petalsearch.com/site/petalbot)" "www.brucemillernurseryedgewood.com"
77.75.77.109 - - [04/Oct/2022:01:16:36 -0700] "GET /robots.txt HTTP/1.1" 404 88 "-" "Mozilla/5.0 (compatible; SeznamBot/3.2; +http://napoveda.seznam.cz/en/seznambot-intro/)" "brucemillernurseryedgewood.com"
77.75.77.109 - - [04/Oct/2022:01:16:37 -0700] "GET /images/IMG_0534.JPG HTTP/1.1" 304 - "-" "Mozilla/5.0 (compatible; SeznamBot/3.2; +http://napoveda.seznam.cz/en/seznambot-intro/)" "brucemillernurseryedgewood.com"
61.135.159.197 - - [04/Oct/2022:01:18:22 -0700] "GET / HTTP/1.1" 200 406 "-" "Sogou web spider/4.0(+http://www.sogou.com/docs/help/webmasters.htm#07)" "brucemillernurseryedgewood.com"
149.202.41.51 - - [04/Oct/2022:01:39:46 -0700] "GET /wp-22.php?sfilename=on.php&sfilecontent=<%3F%3D409723%2A20%3B&supfiles=on.php HTTP/1.1" 404 73 "-" "Mozilla/5.0 (Windows NT 10.0; Win64; x64) AppleWebKit/537.36 (KHTML, like Gecko) Chrome/83.0.4103.116 Safari/537.36" "brucemillernurseryedgewood.com"
54.36.148.25 - - [04/Oct/2022:01:45:30 -0700] "GET /clipart/lines/horizontal/?C=M;O=A HTTP/1.1" 200 448 "-" "Mozilla/5.0 (compatible; AhrefsBot/7.0; +http://ahrefs.com/robot/)" "brucemillernurseryedgewood.com"
114.119.132.16 - - [04/Oct/2022:01:48:19 -0700] "GET /sitebuilder/?C=S%3BO%3DA HTTP/1.1" 200 443 "http://brucemillernurseryedgewood.com/sitebuilder/" "Mozilla/5.0 (Linux; Android 7.0;) AppleWebKit/537.36 (KHTML, like Gecko) Mobile Safari/537.36 (compatible; PetalBot;+https://webmaster.petalsearch.com/site/petalbot)" "brucemillernurseryedgewood.com"
114.119.132.146 - - [04/Oct/2022:02:01:38 -0700] "GET /clipart/bars HTTP/1.1" 301 1421 "http://brucemillernurseryedgewood.com/clipart/bars/regular" "Mozilla/5.0 (Linux; Android 7.0;) AppleWebKit/537.36 (KHTML, like Gecko) Mobile Safari/537.36 (compatible; PetalBot;+https://webmaster.petalsearch.com/site/petalbot)" "brucemillernurseryedgewood.com"
114.119.132.146 - - [04/Oct/2022:02:01:41 -0700] "GET /clipart/bars/ HTTP/1.1" 200 358 "http://brucemillernurseryedgewood.com/clipart/bars/regular" "Mozilla/5.0 (Linux; Android 7.0;) AppleWebKit/537.36 (KHTML, like Gecko) Mobile Safari/537.36 (compatible; PetalBot;+https://webmaster.petalsearch.com/site/petalbot)" "brucemillernurseryedgewood.com"
162.55.85.225 - - [04/Oct/2022:02:02:22 -0700] "GET /robots.txt HTTP/1.1" 404 88 "-" "Mozilla/5.0 (compatible; BLEXBot/1.0; +http://webmeup-crawler.com/)" "brucemillernurseryedgewood.com"
162.55.85.225 - - [04/Oct/2022:02:02:22 -0700] "GET /sitemap HTTP/1.1" 404 88 "-" "Mozilla/5.0 (compatible; BLEXBot/1.0; +http://webmeup-crawler.com/)" "brucemillernurseryedgewood.com"
162.55.85.225 - - [04/Oct/2022:02:02:24 -0700] "GET /sitemap.txt HTTP/1.1" 404 88 "-" "Mozilla/5.0 (compatible; BLEXBot/1.0; +http://webmeup-crawler.com/)" "brucemillernurseryedgewood.com"
162.55.85.225 - - [04/Oct/2022:02:02:27 -0700] "GET /robots.txt HTTP/1.1" 404 88 "-" "Mozilla/5.0 (compatible; BLEXBot/1.0; +http://webmeup-crawler.com/)" "www.brucemillernurseryedgewood.com"
162.55.85.225 - - [04/Oct/2022:02:02:28 -0700] "GET / HTTP/1.1" 200 406 "-" "Mozilla/5.0 (compatible; BLEXBot/1.0; +http://webmeup-crawler.com/)" "www.brucemillernurseryedgewood.com"
77.75.78.167 - - [04/Oct/2022:02:12:01 -0700] "GET /robots.txt HTTP/1.1" 404 88 "-" "Mozilla/5.0 (compatible; SeznamBot/3.2; +http://napoveda.seznam.cz/en/seznambot-intro/)" "brucemillernurseryedgewood.com"
77.75.78.167 - - [04/Oct/2022:02:12:02 -0700] "GET /images/IMG_0196.JPG HTTP/1.1" 304 - "-" "Mozilla/5.0 (compatible; SeznamBot/3.2; +http://napoveda.seznam.cz/en/seznambot-intro/)" "brucemillernurseryedgewood.com"
114.119.132.122 - - [04/Oct/2022:02:21:00 -0700] "GET /sitebuilder/clipart/backgrounds?C=D%3BO%3DA HTTP/1.1" 301 1444 "http://brucemillernurseryedgewood.com/sitebuilder/clipart/backgrounds?C=S%3BO%3DA" "Mozilla/5.0 (Linux; Android 7.0;) AppleWebKit/537.36 (KHTML, like Gecko) Mobile Safari/537.36 (compatible; PetalBot;+https://webmaster.petalsearch.com/site/petalbot)" "brucemillernurseryedgewood.com"
114.119.132.122 - - [04/Oct/2022:02:21:01 -0700] "GET /sitebuilder/clipart/backgrounds/?C=D%3BO%3DA HTTP/1.1" 200 371 "http://brucemillernurseryedgewood.com/sitebuilder/clipart/backgrounds?C=S%3BO%3DA" "Mozilla/5.0 (Linux; Android 7.0;) AppleWebKit/537.36 (KHTML, like Gecko) Mobile Safari/537.36 (compatible; PetalBot;+https://webmaster.petalsearch.com/site/petalbot)" "brucemillernurseryedgewood.com"
114.119.132.149 - - [04/Oct/2022:02:27:14 -0700] "GET /sitebuilder/clipart?C=S%3BO%3DA HTTP/1.1" 301 1440 "http://brucemillernurseryedgewood.com/sitebuilder/clipart?C=D%3BO%3DA" "Mozilla/5.0 (Linux; Android 7.0;) AppleWebKit/537.36 (KHTML, like Gecko) Mobile Safari/537.36 (compatible; PetalBot;+https://webmaster.petalsearch.com/site/petalbot)" "brucemillernurseryedgewood.com"
114.119.132.149 - - [04/Oct/2022:02:27:15 -0700] "GET /sitebuilder/clipart/?C=S%3BO%3DA HTTP/1.1" 200 376 "http://brucemillernurseryedgewood.com/sitebuilder/clipart?C=D%3BO%3DA" "Mozilla/5.0 (Linux; Android 7.0;) AppleWebKit/537.36 (KHTML, like Gecko) Mobile Safari/537.36 (compatible; PetalBot;+https://webmaster.petalsearch.com/site/petalbot)" "brucemillernurseryedgewood.com"
157.245.67.4 - - [04/Oct/2022:02:30:18 -0700] "GET / HTTP/1.1" 200 1005 "-" "Mozilla/5.0 (Windows NT 10.0; Win64; x64) AppleWebKit/537.36 (KHTML, like Gecko) Chrome/80.0.3987.149 Safari/537.36" "brucemillernurseryedgewood.com"
157.245.67.4 - - [04/Oct/2022:02:30:19 -0700] "GET / HTTP/1.1" 200 1005 "-" "Mozilla/5.0 (Windows NT 10.0; Win64; x64) AppleWebKit/537.36 (KHTML, like Gecko) Chrome/80.0.3987.149 Safari/537.36" "brucemillernurseryedgewood.com"
157.245.67.4 - - [04/Oct/2022:02:30:19 -0700] "GET /wp-includes/wlwmanifest.xml HTTP/1.1" 404 73 "-" "Mozilla/5.0 (Windows NT 10.0; Win64; x64) AppleWebKit/537.36 (KHTML, like Gecko) Chrome/80.0.3987.149 Safari/537.36" "brucemillernurseryedgewood.com"
157.245.67.4 - - [04/Oct/2022:02:30:19 -0700] "GET /xmlrpc.php?rsd HTTP/1.1" 404 73 "-" "Mozilla/5.0 (Windows NT 10.0; Win64; x64) AppleWebKit/537.36 (KHTML, like Gecko) Chrome/80.0.3987.149 Safari/537.36" "brucemillernurseryedgewood.com"
157.245.67.4 - - [04/Oct/2022:02:30:20 -0700] "GET / HTTP/1.1" 200 1005 "-" "Mozilla/5.0 (Windows NT 10.0; Win64; x64) AppleWebKit/537.36 (KHTML, like Gecko) Chrome/80.0.3987.149 Safari/537.36" "brucemillernurseryedgewood.com"
157.245.67.4 - - [04/Oct/2022:02:30:20 -0700] "GET /blog/wp-includes/wlwmanifest.xml HTTP/1.1" 404 73 "-" "Mozilla/5.0 (Windows NT 10.0; Win64; x64) AppleWebKit/537.36 (KHTML, like Gecko) Chrome/80.0.3987.149 Safari/537.36" "brucemillernurseryedgewood.com"
157.245.67.4 - - [04/Oct/2022:02:30:20 -0700] "GET /web/wp-includes/wlwmanifest.xml HTTP/1.1" 404 73 "-" "Mozilla/5.0 (Windows NT 10.0; Win64; x64) AppleWebKit/537.36 (KHTML, like Gecko) Chrome/80.0.3987.149 Safari/537.36" "brucemillernurseryedgewood.com"
157.245.67.4 - - [04/Oct/2022:02:30:20 -0700] "GET /wordpress/wp-includes/wlwmanifest.xml HTTP/1.1" 404 73 "-" "Mozilla/5.0 (Windows NT 10.0; Win64; x64) AppleWebKit/537.36 (KHTML, like Gecko) Chrome/80.0.3987.149 Safari/537.36" "brucemillernurseryedgewood.com"
