4.236.170.8 - - [06/Oct/2022:00:12:07 -0700] "GET /shop/wp-includes/wlwmanifest.xml HTTP/1.1" 404 73 "-" "Mozilla/5.0 (Windows NT 10.0; Win64; x64) AppleWebKit/537.36 (KHTML, like Gecko) Chrome/78.0.3904.108 Safari/537.36" "brucemillernurseryedgewood.com"
4.236.170.8 - - [06/Oct/2022:00:12:07 -0700] "GET /wp1/wp-includes/wlwmanifest.xml HTTP/1.1" 404 73 "-" "Mozilla/5.0 (Windows NT 10.0; Win64; x64) AppleWebKit/537.36 (KHTML, like Gecko) Chrome/78.0.3904.108 Safari/537.36" "brucemillernurseryedgewood.com"
4.236.170.8 - - [06/Oct/2022:00:12:08 -0700] "GET /test/wp-includes/wlwmanifest.xml HTTP/1.1" 404 73 "-" "Mozilla/5.0 (Windows NT 10.0; Win64; x64) AppleWebKit/537.36 (KHTML, like Gecko) Chrome/78.0.3904.108 Safari/537.36" "brucemillernurseryedgewood.com"
4.236.170.8 - - [06/Oct/2022:00:12:08 -0700] "GET /media/wp-includes/wlwmanifest.xml HTTP/1.1" 404 73 "-" "Mozilla/5.0 (Windows NT 10.0; Win64; x64) AppleWebKit/537.36 (KHTML, like Gecko) Chrome/78.0.3904.108 Safari/537.36" "brucemillernurseryedgewood.com"
4.236.170.8 - - [06/Oct/2022:00:12:08 -0700] "GET /wp2/wp-includes/wlwmanifest.xml HTTP/1.1" 404 73 "-" "Mozilla/5.0 (Windows NT 10.0; Win64; x64) AppleWebKit/537.36 (KHTML, like Gecko) Chrome/78.0.3904.108 Safari/537.36" "brucemillernurseryedgewood.com"
4.236.170.8 - - [06/Oct/2022:00:12:08 -0700] "GET /site/wp-includes/wlwmanifest.xml HTTP/1.1" 404 73 "-" "Mozilla/5.0 (Windows NT 10.0; Win64; x64) AppleWebKit/537.36 (KHTML, like Gecko) Chrome/78.0.3904.108 Safari/537.36" "brucemillernurseryedgewood.com"
4.236.170.8 - - [06/Oct/2022:00:12:08 -0700] "GET /cms/wp-includes/wlwmanifest.xml HTTP/1.1" 404 73 "-" "Mozilla/5.0 (Windows NT 10.0; Win64; x64) AppleWebKit/537.36 (KHTML, like Gecko) Chrome/78.0.3904.108 Safari/537.36" "brucemillernurseryedgewood.com"
4.236.170.8 - - [06/Oct/2022:00:12:09 -0700] "GET /sito/wp-includes/wlwmanifest.xml HTTP/1.1" 404 73 "-" "Mozilla/5.0 (Windows NT 10.0; Win64; x64) AppleWebKit/537.36 (KHTML, like Gecko) Chrome/78.0.3904.108 Safari/537.36" "brucemillernurseryedgewood.com"
118.184.177.82 - - [06/Oct/2022:00:40:28 -0700] "GET / HTTP/1.1" 200 406 "-" "Sogou web spider/4.0(+http://www.sogou.com/docs/help/webmasters.htm#07)" "brucemillernurseryedgewood.com"
157.55.39.86 - - [06/Oct/2022:00:54:41 -0700] "GET /robots.txt HTTP/1.1" 404 88 "-" "Mozilla/5.0 (compatible; bingbot/2.0; +http://www.bing.com/bingbot.htm)" "www.brucemillernurseryedgewood.com"
207.46.13.181 - - [06/Oct/2022:00:54:48 -0700] "GET /sitebuilder/clipart/bars/low-carb/horizontal/?C=M;O=D HTTP/1.1" 200 419 "-" "Mozilla/5.0 (compatible; bingbot/2.0; +http://www.bing.com/bingbot.htm)" "www.brucemillernurseryedgewood.com"
54.36.149.9 - - [06/Oct/2022:01:07:47 -0700] "GET /robots.txt HTTP/1.1" 404 88 "-" "Mozilla/5.0 (compatible; AhrefsBot/7.0; +http://ahrefs.com/robot/)" "www.brucemillernurseryedgewood.com"
54.36.149.97 - - [06/Oct/2022:01:07:53 -0700] "GET / HTTP/1.1" 200 406 "-" "Mozilla/5.0 (compatible; AhrefsBot/7.0; +http://ahrefs.com/robot/)" "www.brucemillernurseryedgewood.com"
157.55.39.153 - - [06/Oct/2022:01:20:55 -0700] "GET /images/IMG_0178.JPG HTTP/1.1" 200 3495840 "-" "Mozilla/5.0 (compatible; bingbot/2.0; +http://www.bing.com/bingbot.htm)" "brucemillernurseryedgewood.com"
20.150.219.192 - - [06/Oct/2022:01:22:41 -0700] "GET / HTTP/1.1" 200 406 "-" "python-requests/2.27.1" "brucemillernurseryedgewood.com"
114.119.148.252 - - [06/Oct/2022:02:32:38 -0700] "GET /robots.txt HTTP/1.1" 404 88 "-" "Mozilla/5.0 (compatible;PetalBot;+https://webmaster.petalsearch.com/site/petalbot)" "www.brucemillernurseryedgewood.com"
66.249.70.216 - - [06/Oct/2022:02:39:00 -0700] "GET /robots.txt HTTP/1.1" 404 88 "-" "Mozilla/5.0 (compatible; Googlebot/2.1; +http://www.google.com/bot.html)" "www.brucemillernurseryedgewood.com"
66.249.70.216 - - [06/Oct/2022:02:39:05 -0700] "GET /ads.txt HTTP/1.1" 404 88 "-" "Mozilla/5.0 (compatible; Googlebot/2.1; +http://www.google.com/bot.html)" "www.brucemillernurseryedgewood.com"
114.119.132.149 - - [06/Oct/2022:02:44:43 -0700] "GET /clipart/images/frames?C=M%3BO%3DA HTTP/1.1" 301 1441 "http://brucemillernurseryedgewood.com/clipart/images/frames?C=S%3BO%3DA" "Mozilla/5.0 (Linux; Android 7.0;) AppleWebKit/537.36 (KHTML, like Gecko) Mobile Safari/537.36 (compatible; PetalBot;+https://webmaster.petalsearch.com/site/petalbot)" "brucemillernurseryedgewood.com"
114.119.132.149 - - [06/Oct/2022:02:44:44 -0700] "GET /clipart/images/frames/?C=M%3BO%3DA HTTP/1.1" 200 395 "http://brucemillernurseryedgewood.com/clipart/images/frames?C=S%3BO%3DA" "Mozilla/5.0 (Linux; Android 7.0;) AppleWebKit/537.36 (KHTML, like Gecko) Mobile Safari/537.36 (compatible; PetalBot;+https://webmaster.petalsearch.com/site/petalbot)" "brucemillernurseryedgewood.com"
87.250.224.105 - - [06/Oct/2022:02:54:05 -0700] "GET /robots.txt HTTP/1.1" 404 73 "-" "Mozilla/5.0 (compatible; YandexBot/3.0; +http://yandex.com/bots)" "brucemillernurseryedgewood.com"
5.255.231.109 - - [06/Oct/2022:02:54:09 -0700] "GET /contact_us/admin HTTP/1.1" 302 21 "-" "Mozilla/5.0 (compatible; YandexBot/3.0; +http://yandex.com/bots)" "brucemillernurseryedgewood.com"
114.119.132.153 - - [06/Oct/2022:02:55:07 -0700] "GET /?C=S%3BO%3DA HTTP/1.1" 200 406 "http://www.brucemillernurseryedgewood.com?C=S%3BO%3DA" "Mozilla/5.0 (Linux; Android 7.0;) AppleWebKit/537.36 (KHTML, like Gecko) Mobile Safari/537.36 (compatible; PetalBot;+https://webmaster.petalsearch.com/site/petalbot)" "www.brucemillernurseryedgewood.com"
42.236.10.109 - - [06/Oct/2022:03:00:08 -0700] "GET / HTTP/1.1" 200 406 "http://www.brucemillernurseryedgewood.com/" "Mozilla/5.0 (Windows NT 6.1; WOW64) AppleWebKit/537.36 (KHTML, like Gecko) Chrome/50.0.2661.102 Safari/537.36; 360Spider" "www.brucemillernurseryedgewood.com"
217.182.15.147 - - [06/Oct/2022:03:17:22 -0700] "GET / HTTP/1.1" 200 1005 "-" "Mozilla/5.0 (Windows NT 10.0; Win64; x64) AppleWebKit/537.36 (KHTML, like Gecko) Chrome/89.0.4389.114 Safari/537.36" "brucemillernurseryedgewood.com"
217.182.15.147 - - [06/Oct/2022:03:17:22 -0700] "GET /wp-includes/wlwmanifest.xml HTTP/1.1" 404 73 "-" "Mozilla/5.0 (Windows NT 10.0; Win64; x64) AppleWebKit/537.36 (KHTML, like Gecko) Chrome/89.0.4389.114 Safari/537.36" "brucemillernurseryedgewood.com"
217.182.15.147 - - [06/Oct/2022:03:17:22 -0700] "GET /xmlrpc.php?rsd HTTP/1.1" 500 5419 "-" "Mozilla/5.0 (Windows NT 10.0; Win64; x64) AppleWebKit/537.36 (KHTML, like Gecko) Chrome/89.0.4389.114 Safari/537.36" "brucemillernurseryedgewood.com"
217.182.15.147 - - [06/Oct/2022:03:17:23 -0700] "GET / HTTP/1.1" 200 1005 "-" "Mozilla/5.0 (Windows NT 10.0; Win64; x64) AppleWebKit/537.36 (KHTML, like Gecko) Chrome/89.0.4389.114 Safari/537.36" "brucemillernurseryedgewood.com"
217.182.15.147 - - [06/Oct/2022:03:17:23 -0700] "GET /blog/wp-includes/wlwmanifest.xml HTTP/1.1" 404 73 "-" "Mozilla/5.0 (Windows NT 10.0; Win64; x64) AppleWebKit/537.36 (KHTML, like Gecko) Chrome/89.0.4389.114 Safari/537.36" "brucemillernurseryedgewood.com"
217.182.15.147 - - [06/Oct/2022:03:17:23 -0700] "GET /web/wp-includes/wlwmanifest.xml HTTP/1.1" 404 73 "-" "Mozilla/5.0 (Windows NT 10.0; Win64; x64) AppleWebKit/537.36 (KHTML, like Gecko) Chrome/89.0.4389.114 Safari/537.36" "brucemillernurseryedgewood.com"
217.182.15.147 - - [06/Oct/2022:03:17:23 -0700] "GET /wordpress/wp-includes/wlwmanifest.xml HTTP/1.1" 404 73 "-" "Mozilla/5.0 (Windows NT 10.0; Win64; x64) AppleWebKit/537.36 (KHTML, like Gecko) Chrome/89.0.4389.114 Safari/537.36" "brucemillernurseryedgewood.com"
217.182.15.147 - - [06/Oct/2022:03:17:24 -0700] "GET /wp/wp-includes/wlwmanifest.xml HTTP/1.1" 404 73 "-" "Mozilla/5.0 (Windows NT 10.0; Win64; x64) AppleWebKit/537.36 (KHTML, like Gecko) Chrome/89.0.4389.114 Safari/537.36" "brucemillernurseryedgewood.com"
217.182.15.147 - - [06/Oct/2022:03:17:24 -0700] "GET /news/wp-includes/wlwmanifest.xml HTTP/1.1" 404 73 "-" "Mozilla/5.0 (Windows NT 10.0; Win64; x64) AppleWebKit/537.36 (KHTML, like Gecko) Chrome/89.0.4389.114 Safari/537.36" "brucemillernurseryedgewood.com"
217.182.15.147 - - [06/Oct/2022:03:17:24 -0700] "GET /2019/wp-includes/wlwmanifest.xml HTTP/1.1" 404 73 "-" "Mozilla/5.0 (Windows NT 10.0; Win64; x64) AppleWebKit/537.36 (KHTML, like Gecko) Chrome/89.0.4389.114 Safari/537.36" "brucemillernurseryedgewood.com"
217.182.15.147 - - [06/Oct/2022:03:17:25 -0700] "GET /shop/wp-includes/wlwmanifest.xml HTTP/1.1" 404 73 "-" "Mozilla/5.0 (Windows NT 10.0; Win64; x64) AppleWebKit/537.36 (KHTML, like Gecko) Chrome/89.0.4389.114 Safari/537.36" "brucemillernurseryedgewood.com"
217.182.15.147 - - [06/Oct/2022:03:17:25 -0700] "GET /wp1/wp-includes/wlwmanifest.xml HTTP/1.1" 404 73 "-" "Mozilla/5.0 (Windows NT 10.0; Win64; x64) AppleWebKit/537.36 (KHTML, like Gecko) Chrome/89.0.4389.114 Safari/537.36" "brucemillernurseryedgewood.com"
217.182.15.147 - - [06/Oct/2022:03:17:25 -0700] "GET /test/wp-includes/wlwmanifest.xml HTTP/1.1" 404 73 "-" "Mozilla/5.0 (Windows NT 10.0; Win64; x64) AppleWebKit/537.36 (KHTML, like Gecko) Chrome/89.0.4389.114 Safari/537.36" "brucemillernurseryedgewood.com"
217.182.15.147 - - [06/Oct/2022:03:17:25 -0700] "GET /wp2/wp-includes/wlwmanifest.xml HTTP/1.1" 404 73 "-" "Mozilla/5.0 (Windows NT 10.0; Win64; x64) AppleWebKit/537.36 (KHTML, like Gecko) Chrome/89.0.4389.114 Safari/537.36" "brucemillernurseryedgewood.com"
217.182.15.147 - - [06/Oct/2022:03:17:25 -0700] "GET /site/wp-includes/wlwmanifest.xml HTTP/1.1" 404 73 "-" "Mozilla/5.0 (Windows NT 10.0; Win64; x64) AppleWebKit/537.36 (KHTML, like Gecko) Chrome/89.0.4389.114 Safari/537.36" "brucemillernurseryedgewood.com"
217.182.15.147 - - [06/Oct/2022:03:17:26 -0700] "GET /sito/wp-includes/wlwmanifest.xml HTTP/1.1" 404 73 "-" "Mozilla/5.0 (Windows NT 10.0; Win64; x64) AppleWebKit/537.36 (KHTML, like Gecko) Chrome/89.0.4389.114 Safari/537.36" "brucemillernurseryedgewood.com"
114.119.150.186 - - [06/Oct/2022:03:36:33 -0700] "GET /clipart/bars/regular/horizontal?C=S%3BO%3DA HTTP/1.1" 301 1448 "http://brucemillernurseryedgewood.com/clipart/bars/regular/horizontal?C=D%3BO%3DA" "Mozilla/5.0 (Linux; Android 7.0;) AppleWebKit/537.36 (KHTML, like Gecko) Mobile Safari/537.36 (compatible; PetalBot;+https://webmaster.petalsearch.com/site/petalbot)" "brucemillernurseryedgewood.com"
114.119.150.186 - - [06/Oct/2022:03:36:35 -0700] "GET /clipart/bars/regular/horizontal/?C=S%3BO%3DA HTTP/1.1" 200 390 "http://brucemillernurseryedgewood.com/clipart/bars/regular/horizontal?C=D%3BO%3DA" "Mozilla/5.0 (Linux; Android 7.0;) AppleWebKit/537.36 (KHTML, like Gecko) Mobile Safari/537.36 (compatible; PetalBot;+https://webmaster.petalsearch.com/site/petalbot)" "brucemillernurseryedgewood.com"
114.119.150.186 - - [06/Oct/2022:03:42:34 -0700] "GET /clipart/backgrounds/sidebar/?C=N%3BO%3DD HTTP/1.1" 200 384 "http://brucemillernurseryedgewood.com/clipart/backgrounds/sidebar/?C=S%3BO%3DA" "Mozilla/5.0 (Linux; Android 7.0;) AppleWebKit/537.36 (KHTML, like Gecko) Mobile Safari/537.36 (compatible; PetalBot;+https://webmaster.petalsearch.com/site/petalbot)" "brucemillernurseryedgewood.com"
69.171.251.3 - - [06/Oct/2022:03:45:42 -0700] "GET /?fbclid=IwAR2QuLLyh4FVfyRAAdSUd7zxLT3d1oFdmxc6vzJcgy2S2I046JwikRWCt6s HTTP/1.1" 200 406 "-" "Mozilla/5.0 (X11; Linux x86_64) AppleWebKit/537.36 (KHTML, like Gecko) Chrome/106.0.0.0 Safari/537.36" "www.brucemillernurseryedgewood.com"
69.171.251.117 - - [06/Oct/2022:03:45:42 -0700] "GET /favicon.ico HTTP/1.1" 404 88 "http://www.brucemillernurseryedgewood.com/?fbclid=IwAR2QuLLyh4FVfyRAAdSUd7zxLT3d1oFdmxc6vzJcgy2S2I046JwikRWCt6s" "Mozilla/5.0 (X11; Linux x86_64) AppleWebKit/537.36 (KHTML, like Gecko) Chrome/106.0.0.0 Safari/537.36" "www.brucemillernurseryedgewood.com"
173.252.107.4 - - [06/Oct/2022:03:46:13 -0700] "GET / HTTP/1.1" 206 406 "-" "facebookexternalhit/1.1 (+http://www.facebook.com/externalhit_uatext.php)" "www.brucemillernurseryedgewood.com"
114.119.132.122 - - [06/Oct/2022:03:55:29 -0700] "GET /clipart/images/frames?C=S%3BO%3DA HTTP/1.1" 301 1441 "http://brucemillernurseryedgewood.com/clipart/images/frames?C=D%3BO%3DA" "Mozilla/5.0 (Linux; Android 7.0;) AppleWebKit/537.36 (KHTML, like Gecko) Mobile Safari/537.36 (compatible; PetalBot;+https://webmaster.petalsearch.com/site/petalbot)" "brucemillernurseryedgewood.com"
114.119.132.122 - - [06/Oct/2022:03:55:31 -0700] "GET /clipart/images/frames/?C=S%3BO%3DA HTTP/1.1" 200 395 "http://brucemillernurseryedgewood.com/clipart/images/frames?C=D%3BO%3DA" "Mozilla/5.0 (Linux; Android 7.0;) AppleWebKit/537.36 (KHTML, like Gecko) Mobile Safari/537.36 (compatible; PetalBot;+https://webmaster.petalsearch.com/site/petalbot)" "brucemillernurseryedgewood.com"
114.119.132.146 - - [06/Oct/2022:04:03:16 -0700] "GET /clipart/images/ HTTP/1.1" 200 476 "https://www.brucemillernurseryedgewood.com/clipart/images/frames?C=N%3BO%3DD" "Mozilla/5.0 (Linux; Android 7.0;) AppleWebKit/537.36 (KHTML, like Gecko) Mobile Safari/537.36 (compatible; PetalBot;+https://webmaster.petalsearch.com/site/petalbot)" "www.brucemillernurseryedgewood.com"
114.119.132.146 - - [06/Oct/2022:04:09:03 -0700] "GET /sitebuilder/clipart/ HTTP/1.1" 200 376 "http://brucemillernurseryedgewood.com/sitebuilder/?C=M%3BO%3DA" "Mozilla/5.0 (Linux; Android 7.0;) AppleWebKit/537.36 (KHTML, like Gecko) Mobile Safari/537.36 (compatible; PetalBot;+https://webmaster.petalsearch.com/site/petalbot)" "brucemillernurseryedgewood.com"
54.36.148.255 - - [06/Oct/2022:04:17:02 -0700] "GET /robots.txt HTTP/1.1" 404 88 "-" "Mozilla/5.0 (compatible; AhrefsBot/7.0; +http://ahrefs.com/robot/)" "brucemillernurseryedgewood.com"
114.119.132.122 - - [06/Oct/2022:04:17:04 -0700] "GET /sitebuilder/clipart/bars/regular?C=S%3BO%3DA HTTP/1.1" 301 1454 "https://www.brucemillernurseryedgewood.com/sitebuilder/clipart/bars/regular" "Mozilla/5.0 (Linux; Android 7.0;) AppleWebKit/537.36 (KHTML, like Gecko) Mobile Safari/537.36 (compatible; PetalBot;+https://webmaster.petalsearch.com/site/petalbot)" "www.brucemillernurseryedgewood.com"
114.119.132.122 - - [06/Oct/2022:04:17:07 -0700] "GET /sitebuilder/clipart/bars/regular/?C=S%3BO%3DA HTTP/1.1" 200 391 "https://www.brucemillernurseryedgewood.com/sitebuilder/clipart/bars/regular" "Mozilla/5.0 (Linux; Android 7.0;) AppleWebKit/537.36 (KHTML, like Gecko) Mobile Safari/537.36 (compatible; PetalBot;+https://webmaster.petalsearch.com/site/petalbot)" "www.brucemillernurseryedgewood.com"
51.222.253.6 - - [06/Oct/2022:04:17:07 -0700] "GET / HTTP/1.1" 200 406 "-" "Mozilla/5.0 (compatible; AhrefsBot/7.0; +http://ahrefs.com/robot/)" "brucemillernurseryedgewood.com"
162.55.85.225 - - [06/Oct/2022:04:24:30 -0700] "GET /robots.txt HTTP/1.1" 404 88 "-" "Mozilla/5.0 (compatible; BLEXBot/1.0; +http://webmeup-crawler.com/)" "brucemillernurseryedgewood.com"
162.55.85.225 - - [06/Oct/2022:04:24:31 -0700] "GET /sitemap HTTP/1.1" 404 88 "-" "Mozilla/5.0 (compatible; BLEXBot/1.0; +http://webmeup-crawler.com/)" "brucemillernurseryedgewood.com"
162.55.85.225 - - [06/Oct/2022:04:24:44 -0700] "GET /robots.txt HTTP/1.1" 404 88 "-" "Mozilla/5.0 (compatible; BLEXBot/1.0; +http://webmeup-crawler.com/)" "www.brucemillernurseryedgewood.com"
162.55.85.225 - - [06/Oct/2022:04:24:44 -0700] "GET /sitemap HTTP/1.1" 404 88 "-" "Mozilla/5.0 (compatible; BLEXBot/1.0; +http://webmeup-crawler.com/)" "www.brucemillernurseryedgewood.com"
162.55.85.225 - - [06/Oct/2022:04:24:57 -0700] "GET /sitemap.txt HTTP/1.1" 404 88 "-" "Mozilla/5.0 (compatible; BLEXBot/1.0; +http://webmeup-crawler.com/)" "brucemillernurseryedgewood.com"
162.55.85.225 - - [06/Oct/2022:04:25:49 -0700] "GET /sitemap.txt HTTP/1.1" 404 88 "-" "Mozilla/5.0 (compatible; BLEXBot/1.0; +http://webmeup-crawler.com/)" "www.brucemillernurseryedgewood.com"
114.119.132.131 - - [06/Oct/2022:04:25:58 -0700] "GET /sitebuilder/clipart/bars/?C=N%3BO%3DD HTTP/1.1" 200 384 "https://www.brucemillernurseryedgewood.com/sitebuilder/clipart/bars?C=D%3BO%3DA" "Mozilla/5.0 (Linux; Android 7.0;) AppleWebKit/537.36 (KHTML, like Gecko) Mobile Safari/537.36 (compatible; PetalBot;+https://webmaster.petalsearch.com/site/petalbot)" "www.brucemillernurseryedgewood.com"
162.55.85.225 - - [06/Oct/2022:04:26:22 -0700] "GET /?C=D;O=D HTTP/1.1" 200 402 "-" "Mozilla/5.0 (compatible; BLEXBot/1.0; +http://webmeup-crawler.com/)" "www.brucemillernurseryedgewood.com"
162.55.85.225 - - [06/Oct/2022:04:26:34 -0700] "GET /?C=M;O=D HTTP/1.1" 200 403 "-" "Mozilla/5.0 (compatible; BLEXBot/1.0; +http://webmeup-crawler.com/)" "www.brucemillernurseryedgewood.com"
162.55.85.225 - - [06/Oct/2022:04:26:46 -0700] "GET /?C=N;O=A HTTP/1.1" 200 406 "-" "Mozilla/5.0 (compatible; BLEXBot/1.0; +http://webmeup-crawler.com/)" "www.brucemillernurseryedgewood.com"
162.55.85.225 - - [06/Oct/2022:04:26:59 -0700] "GET /?C=S;O=D HTTP/1.1" 200 402 "-" "Mozilla/5.0 (compatible; BLEXBot/1.0; +http://webmeup-crawler.com/)" "www.brucemillernurseryedgewood.com"
162.55.85.225 - - [06/Oct/2022:04:27:11 -0700] "GET /clipart/?C=D;O=A HTTP/1.1" 200 456 "-" "Mozilla/5.0 (compatible; BLEXBot/1.0; +http://webmeup-crawler.com/)" "www.brucemillernurseryedgewood.com"
162.55.85.225 - - [06/Oct/2022:04:27:23 -0700] "GET /clipart/?C=M;O=A HTTP/1.1" 200 456 "-" "Mozilla/5.0 (compatible; BLEXBot/1.0; +http://webmeup-crawler.com/)" "www.brucemillernurseryedgewood.com"
162.55.85.225 - - [06/Oct/2022:04:27:35 -0700] "GET /clipart/?C=N;O=D HTTP/1.1" 200 456 "-" "Mozilla/5.0 (compatible; BLEXBot/1.0; +http://webmeup-crawler.com/)" "www.brucemillernurseryedgewood.com"
162.55.85.225 - - [06/Oct/2022:04:27:52 -0700] "GET /clipart/?C=S;O=A HTTP/1.1" 200 457 "-" "Mozilla/5.0 (compatible; BLEXBot/1.0; +http://webmeup-crawler.com/)" "www.brucemillernurseryedgewood.com"
162.55.85.225 - - [06/Oct/2022:04:28:05 -0700] "GET /clipart/backgrounds/ HTTP/1.1" 200 389 "-" "Mozilla/5.0 (compatible; BLEXBot/1.0; +http://webmeup-crawler.com/)" "www.brucemillernurseryedgewood.com"
162.55.85.225 - - [06/Oct/2022:04:28:18 -0700] "GET /clipart/bars/ HTTP/1.1" 200 358 "-" "Mozilla/5.0 (compatible; BLEXBot/1.0; +http://webmeup-crawler.com/)" "www.brucemillernurseryedgewood.com"
162.55.85.225 - - [06/Oct/2022:04:28:32 -0700] "GET /clipart/buttons/ HTTP/1.1" 200 360 "-" "Mozilla/5.0 (compatible; BLEXBot/1.0; +http://webmeup-crawler.com/)" "www.brucemillernurseryedgewood.com"
162.55.85.225 - - [06/Oct/2022:04:28:46 -0700] "GET /clipart/images/ HTTP/1.1" 200 476 "-" "Mozilla/5.0 (compatible; BLEXBot/1.0; +http://webmeup-crawler.com/)" "www.brucemillernurseryedgewood.com"
162.55.85.225 - - [06/Oct/2022:04:28:58 -0700] "GET /clipart/lines/ HTTP/1.1" 200 361 "-" "Mozilla/5.0 (compatible; BLEXBot/1.0; +http://webmeup-crawler.com/)" "www.brucemillernurseryedgewood.com"
162.55.85.225 - - [06/Oct/2022:04:29:12 -0700] "GET /clipart/pageHeaders/ HTTP/1.1" 200 479 "-" "Mozilla/5.0 (compatible; BLEXBot/1.0; +http://webmeup-crawler.com/)" "www.brucemillernurseryedgewood.com"
162.55.85.225 - - [06/Oct/2022:04:29:24 -0700] "GET /images/?C=D;O=A HTTP/1.1" 200 3702 "-" "Mozilla/5.0 (compatible; BLEXBot/1.0; +http://webmeup-crawler.com/)" "www.brucemillernurseryedgewood.com"
162.55.85.225 - - [06/Oct/2022:04:29:37 -0700] "GET /images/?C=M;O=A HTTP/1.1" 200 3758 "-" "Mozilla/5.0 (compatible; BLEXBot/1.0; +http://webmeup-crawler.com/)" "www.brucemillernurseryedgewood.com"
162.55.85.225 - - [06/Oct/2022:04:29:51 -0700] "GET /images/?C=N;O=D HTTP/1.1" 200 3712 "-" "Mozilla/5.0 (compatible; BLEXBot/1.0; +http://webmeup-crawler.com/)" "www.brucemillernurseryedgewood.com"
162.55.85.225 - - [06/Oct/2022:04:30:04 -0700] "GET /images/?C=S;O=A HTTP/1.1" 200 3797 "-" "Mozilla/5.0 (compatible; BLEXBot/1.0; +http://webmeup-crawler.com/)" "www.brucemillernurseryedgewood.com"
162.55.85.225 - - [06/Oct/2022:04:30:17 -0700] "GET /images/Grower.html HTTP/1.1" 200 1990 "-" "Mozilla/5.0 (compatible; BLEXBot/1.0; +http://webmeup-crawler.com/)" "www.brucemillernurseryedgewood.com"
162.55.85.225 - - [06/Oct/2022:04:30:30 -0700] "GET /navigation_bars/?C=D;O=A HTTP/1.1" 200 372 "-" "Mozilla/5.0 (compatible; BLEXBot/1.0; +http://webmeup-crawler.com/)" "www.brucemillernurseryedgewood.com"
162.55.85.225 - - [06/Oct/2022:04:30:42 -0700] "GET /navigation_bars/?C=M;O=A HTTP/1.1" 200 373 "-" "Mozilla/5.0 (compatible; BLEXBot/1.0; +http://webmeup-crawler.com/)" "www.brucemillernurseryedgewood.com"
162.55.85.225 - - [06/Oct/2022:04:30:55 -0700] "GET /navigation_bars/?C=N;O=D HTTP/1.1" 200 370 "-" "Mozilla/5.0 (compatible; BLEXBot/1.0; +http://webmeup-crawler.com/)" "www.brucemillernurseryedgewood.com"
162.55.85.225 - - [06/Oct/2022:04:31:07 -0700] "GET /navigation_bars/?C=S;O=A HTTP/1.1" 200 373 "-" "Mozilla/5.0 (compatible; BLEXBot/1.0; +http://webmeup-crawler.com/)" "www.brucemillernurseryedgewood.com"
162.55.85.225 - - [06/Oct/2022:04:31:20 -0700] "GET /sitebuilder/?C=D;O=A HTTP/1.1" 200 443 "-" "Mozilla/5.0 (compatible; BLEXBot/1.0; +http://webmeup-crawler.com/)" "www.brucemillernurseryedgewood.com"
162.55.85.225 - - [06/Oct/2022:04:31:32 -0700] "GET /sitebuilder/?C=M;O=A HTTP/1.1" 200 443 "-" "Mozilla/5.0 (compatible; BLEXBot/1.0; +http://webmeup-crawler.com/)" "www.brucemillernurseryedgewood.com"
162.55.85.225 - - [06/Oct/2022:04:31:44 -0700] "GET /sitebuilder/?C=N;O=D HTTP/1.1" 200 446 "-" "Mozilla/5.0 (compatible; BLEXBot/1.0; +http://webmeup-crawler.com/)" "www.brucemillernurseryedgewood.com"
162.55.85.225 - - [06/Oct/2022:04:31:57 -0700] "GET /sitebuilder/?C=S;O=A HTTP/1.1" 200 443 "-" "Mozilla/5.0 (compatible; BLEXBot/1.0; +http://webmeup-crawler.com/)" "www.brucemillernurseryedgewood.com"
162.55.85.225 - - [06/Oct/2022:04:32:09 -0700] "GET /sitebuilder/clipart/ HTTP/1.1" 200 376 "-" "Mozilla/5.0 (compatible; BLEXBot/1.0; +http://webmeup-crawler.com/)" "www.brucemillernurseryedgewood.com"
162.55.85.225 - - [06/Oct/2022:04:32:22 -0700] "GET /sitebuilder/images/ HTTP/1.1" 200 7088 "-" "Mozilla/5.0 (compatible; BLEXBot/1.0; +http://webmeup-crawler.com/)" "www.brucemillernurseryedgewood.com"
162.55.85.225 - - [06/Oct/2022:04:32:35 -0700] "GET /sitebuilder/scripts/ HTTP/1.1" 200 372 "-" "Mozilla/5.0 (compatible; BLEXBot/1.0; +http://webmeup-crawler.com/)" "www.brucemillernurseryedgewood.com"
162.55.85.225 - - [06/Oct/2022:04:32:47 -0700] "GET /sitebuilder/server_meta.txt HTTP/1.1" 200 1779 "-" "Mozilla/5.0 (compatible; BLEXBot/1.0; +http://webmeup-crawler.com/)" "www.brucemillernurseryedgewood.com"
114.119.132.153 - - [06/Oct/2022:04:44:17 -0700] "GET /navigation_bars?C=N%3BO%3DD HTTP/1.1" 301 1438 "http://brucemillernurseryedgewood.com/navigation_bars" "Mozilla/5.0 (Linux; Android 7.0;) AppleWebKit/537.36 (KHTML, like Gecko) Mobile Safari/537.36 (compatible; PetalBot;+https://webmaster.petalsearch.com/site/petalbot)" "brucemillernurseryedgewood.com"
114.119.132.153 - - [06/Oct/2022:04:44:20 -0700] "GET /navigation_bars/?C=N%3BO%3DD HTTP/1.1" 200 372 "http://brucemillernurseryedgewood.com/navigation_bars" "Mozilla/5.0 (Linux; Android 7.0;) AppleWebKit/537.36 (KHTML, like Gecko) Mobile Safari/537.36 (compatible; PetalBot;+https://webmaster.petalsearch.com/site/petalbot)" "brucemillernurseryedgewood.com"
114.119.132.149 - - [06/Oct/2022:04:50:14 -0700] "GET /sitebuilder/clipart/bars/regular/vertical/?C=N%3BO%3DD HTTP/1.1" 200 417 "https://www.brucemillernurseryedgewood.com/sitebuilder/clipart/bars/regular/vertical/?C=M%3BO%3DA" "Mozilla/5.0 (Linux; Android 7.0;) AppleWebKit/537.36 (KHTML, like Gecko) Mobile Safari/537.36 (compatible; PetalBot;+https://webmaster.petalsearch.com/site/petalbot)" "www.brucemillernurseryedgewood.com"
114.119.150.186 - - [06/Oct/2022:04:56:11 -0700] "GET /clipart/lines/horizontal?C=S%3BO%3DA HTTP/1.1" 301 1442 "http://brucemillernurseryedgewood.com/clipart/lines/horizontal?C=M%3BO%3DA" "Mozilla/5.0 (Linux; Android 7.0;) AppleWebKit/537.36 (KHTML, like Gecko) Mobile Safari/537.36 (compatible; PetalBot;+https://webmaster.petalsearch.com/site/petalbot)" "brucemillernurseryedgewood.com"
114.119.150.186 - - [06/Oct/2022:04:56:13 -0700] "GET /clipart/lines/horizontal/?C=S%3BO%3DA HTTP/1.1" 200 447 "http://brucemillernurseryedgewood.com/clipart/lines/horizontal?C=M%3BO%3DA" "Mozilla/5.0 (Linux; Android 7.0;) AppleWebKit/537.36 (KHTML, like Gecko) Mobile Safari/537.36 (compatible; PetalBot;+https://webmaster.petalsearch.com/site/petalbot)" "brucemillernurseryedgewood.com"
213.226.123.211 - - [06/Oct/2022:04:58:32 -0700] "GET / HTTP/1.1" 200 1005 "-" "Mozilla/5.0 (Windows NT 10.0; Win64; x64) AppleWebKit/537.36 (KHTML, like Gecko) Chrome/95.0.4638.69 Safari/537.36" "brucemillernurseryedgewood.com"
213.226.123.211 - - [06/Oct/2022:04:58:32 -0700] "GET /wp-includes/ID3/license.txt HTTP/1.1" 404 73 "-" "Mozilla/5.0 (Windows NT 10.0; Win64; x64) AppleWebKit/537.36 (KHTML, like Gecko) Chrome/95.0.4638.69 Safari/537.36" "brucemillernurseryedgewood.com"
213.226.123.211 - - [06/Oct/2022:04:58:32 -0700] "GET /feed/ HTTP/1.1" 404 73 "-" "Mozilla/5.0 (Windows NT 10.0; Win64; x64) AppleWebKit/537.36 (KHTML, like Gecko) Chrome/95.0.4638.69 Safari/537.36" "brucemillernurseryedgewood.com"
213.226.123.211 - - [06/Oct/2022:04:58:33 -0700] "GET /web/wp-includes/wlwmanifest.xml HTTP/1.1" 404 73 "-" "Mozilla/5.0 (Windows NT 10.0; Win64; x64) AppleWebKit/537.36 (KHTML, like Gecko) Chrome/95.0.4638.69 Safari/537.36" "brucemillernurseryedgewood.com"
213.226.123.211 - - [06/Oct/2022:04:58:33 -0700] "GET /wp/wp-includes/wlwmanifest.xml HTTP/1.1" 404 73 "-" "Mozilla/5.0 (Windows NT 10.0; Win64; x64) AppleWebKit/537.36 (KHTML, like Gecko) Chrome/95.0.4638.69 Safari/537.36" "brucemillernurseryedgewood.com"
213.226.123.211 - - [06/Oct/2022:04:58:33 -0700] "GET /2020/wp-includes/wlwmanifest.xml HTTP/1.1" 404 73 "-" "Mozilla/5.0 (Windows NT 10.0; Win64; x64) AppleWebKit/537.36 (KHTML, like Gecko) Chrome/95.0.4638.69 Safari/537.36" "brucemillernurseryedgewood.com"
213.226.123.211 - - [06/Oct/2022:04:58:33 -0700] "GET /2019/wp-includes/wlwmanifest.xml HTTP/1.1" 404 73 "-" "Mozilla/5.0 (Windows NT 10.0; Win64; x64) AppleWebKit/537.36 (KHTML, like Gecko) Chrome/95.0.4638.69 Safari/537.36" "brucemillernurseryedgewood.com"
213.226.123.211 - - [06/Oct/2022:04:58:34 -0700] "GET /2021/wp-includes/wlwmanifest.xml HTTP/1.1" 404 73 "-" "Mozilla/5.0 (Windows NT 10.0; Win64; x64) AppleWebKit/537.36 (KHTML, like Gecko) Chrome/95.0.4638.69 Safari/537.36" "brucemillernurseryedgewood.com"
213.226.123.211 - - [06/Oct/2022:04:58:34 -0700] "GET /wp1/wp-includes/wlwmanifest.xml HTTP/1.1" 404 73 "-" "Mozilla/5.0 (Windows NT 10.0; Win64; x64) AppleWebKit/537.36 (KHTML, like Gecko) Chrome/95.0.4638.69 Safari/537.36" "brucemillernurseryedgewood.com"
213.226.123.211 - - [06/Oct/2022:04:58:34 -0700] "GET /site/wp-includes/wlwmanifest.xml HTTP/1.1" 404 73 "-" "Mozilla/5.0 (Windows NT 10.0; Win64; x64) AppleWebKit/537.36 (KHTML, like Gecko) Chrome/95.0.4638.69 Safari/537.36" "brucemillernurseryedgewood.com"
114.119.132.122 - - [06/Oct/2022:05:02:05 -0700] "GET /sitebuilder/clipart HTTP/1.1" 301 1425 "http://brucemillernurseryedgewood.com/sitebuilder/clipart/bars?C=D%3BO%3DA" "Mozilla/5.0 (Linux; Android 7.0;) AppleWebKit/537.36 (KHTML, like Gecko) Mobile Safari/537.36 (compatible; PetalBot;+https://webmaster.petalsearch.com/site/petalbot)" "brucemillernurseryedgewood.com"
114.119.132.122 - - [06/Oct/2022:05:02:06 -0700] "GET /sitebuilder/clipart/ HTTP/1.1" 200 376 "http://brucemillernurseryedgewood.com/sitebuilder/clipart/bars?C=D%3BO%3DA" "Mozilla/5.0 (Linux; Android 7.0;) AppleWebKit/537.36 (KHTML, like Gecko) Mobile Safari/537.36 (compatible; PetalBot;+https://webmaster.petalsearch.com/site/petalbot)" "brucemillernurseryedgewood.com"
114.119.132.16 - - [06/Oct/2022:05:07:58 -0700] "GET /clipart/buttons/themes/glow/?C=S%3BO%3DA HTTP/1.1" 200 420 "https://www.brucemillernurseryedgewood.com/clipart/buttons/themes/glow/" "Mozilla/5.0 (Linux; Android 7.0;) AppleWebKit/537.36 (KHTML, like Gecko) Mobile Safari/537.36 (compatible; PetalBot;+https://webmaster.petalsearch.com/site/petalbot)" "www.brucemillernurseryedgewood.com"
114.119.132.122 - - [06/Oct/2022:05:13:59 -0700] "GET /clipart/backgrounds/fullpage?C=M%3BO%3DA HTTP/1.1" 301 1441 "http://brucemillernurseryedgewood.com/clipart/backgrounds/fullpage?C=N%3BO%3DD" "Mozilla/5.0 (Linux; Android 7.0;) AppleWebKit/537.36 (KHTML, like Gecko) Mobile Safari/537.36 (compatible; PetalBot;+https://webmaster.petalsearch.com/site/petalbot)" "brucemillernurseryedgewood.com"
114.119.132.122 - - [06/Oct/2022:05:14:00 -0700] "GET /clipart/backgrounds/fullpage/?C=M%3BO%3DA HTTP/1.1" 200 387 "http://brucemillernurseryedgewood.com/clipart/backgrounds/fullpage?C=N%3BO%3DD" "Mozilla/5.0 (Linux; Android 7.0;) AppleWebKit/537.36 (KHTML, like Gecko) Mobile Safari/537.36 (compatible; PetalBot;+https://webmaster.petalsearch.com/site/petalbot)" "brucemillernurseryedgewood.com"
123.125.109.116 - - [06/Oct/2022:05:17:54 -0700] "GET / HTTP/1.1" 200 406 "-" "Sogou web spider/4.0(+http://www.sogou.com/docs/help/webmasters.htm#07)" "www.brucemillernurseryedgewood.com"
114.119.132.131 - - [06/Oct/2022:05:20:01 -0700] "GET /clipart/images/frames?C=S%3BO%3DA HTTP/1.1" 301 1446 "https://www.brucemillernurseryedgewood.com/clipart/images/frames?C=N%3BO%3DD" "Mozilla/5.0 (Linux; Android 7.0;) AppleWebKit/537.36 (KHTML, like Gecko) Mobile Safari/537.36 (compatible; PetalBot;+https://webmaster.petalsearch.com/site/petalbot)" "www.brucemillernurseryedgewood.com"
114.119.132.131 - - [06/Oct/2022:05:20:04 -0700] "GET /clipart/images/frames/?C=S%3BO%3DA HTTP/1.1" 200 395 "https://www.brucemillernurseryedgewood.com/clipart/images/frames?C=N%3BO%3DD" "Mozilla/5.0 (Linux; Android 7.0;) AppleWebKit/537.36 (KHTML, like Gecko) Mobile Safari/537.36 (compatible; PetalBot;+https://webmaster.petalsearch.com/site/petalbot)" "www.brucemillernurseryedgewood.com"
43.130.59.85 - - [06/Oct/2022:05:20:27 -0700] "GET /yahoo_site_admin/assets/images/018.40132309_std.JPG HTTP/1.1" 200 128723 "-" "Mozilla/5.0 (X11; Ubuntu; Linux x86_64; rv:72.0) Gecko/20100101 Firefox/72.0" "brucemillernurseryedgewood.com"
114.119.132.16 - - [06/Oct/2022:05:26:01 -0700] "GET /sitebuilder/clipart/bars/?C=D%3BO%3DA HTTP/1.1" 200 384 "https://www.brucemillernurseryedgewood.com/sitebuilder/clipart/bars?C=D%3BO%3DA" "Mozilla/5.0 (Linux; Android 7.0;) AppleWebKit/537.36 (KHTML, like Gecko) Mobile Safari/537.36 (compatible; PetalBot;+https://webmaster.petalsearch.com/site/petalbot)" "www.brucemillernurseryedgewood.com"
114.119.132.131 - - [06/Oct/2022:05:32:01 -0700] "GET /sitebuilder/clipart?C=N%3BO%3DD HTTP/1.1" 301 1440 "http://brucemillernurseryedgewood.com/sitebuilder/clipart?C=D%3BO%3DA" "Mozilla/5.0 (Linux; Android 7.0;) AppleWebKit/537.36 (KHTML, like Gecko) Mobile Safari/537.36 (compatible; PetalBot;+https://webmaster.petalsearch.com/site/petalbot)" "brucemillernurseryedgewood.com"
114.119.132.131 - - [06/Oct/2022:05:32:01 -0700] "GET /sitebuilder/clipart/?C=N%3BO%3DD HTTP/1.1" 200 376 "http://brucemillernurseryedgewood.com/sitebuilder/clipart?C=D%3BO%3DA" "Mozilla/5.0 (Linux; Android 7.0;) AppleWebKit/537.36 (KHTML, like Gecko) Mobile Safari/537.36 (compatible; PetalBot;+https://webmaster.petalsearch.com/site/petalbot)" "brucemillernurseryedgewood.com"
114.119.150.186 - - [06/Oct/2022:05:38:07 -0700] "GET /clipart/pageHeaders/ HTTP/1.1" 200 479 "http://brucemillernurseryedgewood.com/clipart?C=N%3BO%3DD" "Mozilla/5.0 (Linux; Android 7.0;) AppleWebKit/537.36 (KHTML, like Gecko) Mobile Safari/537.36 (compatible; PetalBot;+https://webmaster.petalsearch.com/site/petalbot)" "brucemillernurseryedgewood.com"
51.222.253.17 - - [06/Oct/2022:05:40:23 -0700] "GET /clipart/backgrounds/sidebar/?C=S;O=D HTTP/1.1" 200 382 "-" "Mozilla/5.0 (compatible; AhrefsBot/7.0; +http://ahrefs.com/robot/)" "brucemillernurseryedgewood.com"
114.119.132.131 - - [06/Oct/2022:05:44:10 -0700] "GET /clipart/backgrounds/sidebar/ HTTP/1.1" 200 384 "https://www.brucemillernurseryedgewood.com/clipart/backgrounds/?C=S%3BO%3DA" "Mozilla/5.0 (Linux; Android 7.0;) AppleWebKit/537.36 (KHTML, like Gecko) Mobile Safari/537.36 (compatible; PetalBot;+https://webmaster.petalsearch.com/site/petalbot)" "www.brucemillernurseryedgewood.com"
66.249.66.30 - - [06/Oct/2022:05:47:01 -0700] "GET /robots.txt HTTP/1.1" 404 88 "-" "Mozilla/5.0 (compatible; Googlebot/2.1; +http://www.google.com/bot.html)" "www.brucemillernurseryedgewood.com"
66.249.66.30 - - [06/Oct/2022:05:47:24 -0700] "GET /ads.txt HTTP/1.1" 404 88 "-" "Mozilla/5.0 (compatible; Googlebot/2.1; +http://www.google.com/bot.html)" "www.brucemillernurseryedgewood.com"
114.119.132.16 - - [06/Oct/2022:05:50:06 -0700] "GET /sitebuilder/clipart/bars/?C=S%3BO%3DA HTTP/1.1" 200 384 "https://www.brucemillernurseryedgewood.com/sitebuilder/clipart/bars?C=D%3BO%3DA" "Mozilla/5.0 (Linux; Android 7.0;) AppleWebKit/537.36 (KHTML, like Gecko) Mobile Safari/537.36 (compatible; PetalBot;+https://webmaster.petalsearch.com/site/petalbot)" "www.brucemillernurseryedgewood.com"
61.135.159.197 - - [06/Oct/2022:05:52:33 -0700] "GET / HTTP/1.1" 200 406 "-" "Sogou web spider/4.0(+http://www.sogou.com/docs/help/webmasters.htm#07)" "brucemillernurseryedgewood.com"
114.119.132.122 - - [06/Oct/2022:05:55:58 -0700] "GET /clipart/backgrounds/sidebar HTTP/1.1" 301 1427 "http://brucemillernurseryedgewood.com/clipart/backgrounds?C=D%3BO%3DA" "Mozilla/5.0 (Linux; Android 7.0;) AppleWebKit/537.36 (KHTML, like Gecko) Mobile Safari/537.36 (compatible; PetalBot;+https://webmaster.petalsearch.com/site/petalbot)" "brucemillernurseryedgewood.com"
114.119.132.122 - - [06/Oct/2022:05:56:00 -0700] "GET /clipart/backgrounds/sidebar/ HTTP/1.1" 200 384 "http://brucemillernurseryedgewood.com/clipart/backgrounds?C=D%3BO%3DA" "Mozilla/5.0 (Linux; Android 7.0;) AppleWebKit/537.36 (KHTML, like Gecko) Mobile Safari/537.36 (compatible; PetalBot;+https://webmaster.petalsearch.com/site/petalbot)" "brucemillernurseryedgewood.com"
114.119.150.186 - - [06/Oct/2022:06:01:56 -0700] "GET /sitebuilder/clipart/backgrounds/?C=M%3BO%3DA HTTP/1.1" 200 371 "http://brucemillernurseryedgewood.com/sitebuilder/clipart/backgrounds?C=D%3BO%3DA" "Mozilla/5.0 (Linux; Android 7.0;) AppleWebKit/537.36 (KHTML, like Gecko) Mobile Safari/537.36 (compatible; PetalBot;+https://webmaster.petalsearch.com/site/petalbot)" "brucemillernurseryedgewood.com"
114.119.132.16 - - [06/Oct/2022:06:07:53 -0700] "GET /sitebuilder/images?C=M%3BO%3DA HTTP/1.1" 301 1441 "http://www.brucemillernurseryedgewood.com/sitebuilder/images" "Mozilla/5.0 (Linux; Android 7.0;) AppleWebKit/537.36 (KHTML, like Gecko) Mobile Safari/537.36 (compatible; PetalBot;+https://webmaster.petalsearch.com/site/petalbot)" "www.brucemillernurseryedgewood.com"
114.119.132.16 - - [06/Oct/2022:06:07:53 -0700] "GET /sitebuilder/images/?C=M%3BO%3DA HTTP/1.1" 200 7088 "http://www.brucemillernurseryedgewood.com/sitebuilder/images" "Mozilla/5.0 (Linux; Android 7.0;) AppleWebKit/537.36 (KHTML, like Gecko) Mobile Safari/537.36 (compatible; PetalBot;+https://webmaster.petalsearch.com/site/petalbot)" "www.brucemillernurseryedgewood.com"
114.119.132.146 - - [06/Oct/2022:06:13:59 -0700] "GET /clipart/bars/regular/?C=S%3BO%3DA HTTP/1.1" 200 366 "https://www.brucemillernurseryedgewood.com/clipart/bars/regular?C=S%3BO%3DA" "Mozilla/5.0 (Linux; Android 7.0;) AppleWebKit/537.36 (KHTML, like Gecko) Mobile Safari/537.36 (compatible; PetalBot;+https://webmaster.petalsearch.com/site/petalbot)" "www.brucemillernurseryedgewood.com"
114.119.132.16 - - [06/Oct/2022:06:19:53 -0700] "GET /clipart/lines?C=N%3BO%3DD HTTP/1.1" 301 1440 "https://www.brucemillernurseryedgewood.com/clipart/lines" "Mozilla/5.0 (Linux; Android 7.0;) AppleWebKit/537.36 (KHTML, like Gecko) Mobile Safari/537.36 (compatible; PetalBot;+https://webmaster.petalsearch.com/site/petalbot)" "www.brucemillernurseryedgewood.com"
114.119.132.16 - - [06/Oct/2022:06:19:56 -0700] "GET /clipart/lines/?C=N%3BO%3DD HTTP/1.1" 200 361 "https://www.brucemillernurseryedgewood.com/clipart/lines" "Mozilla/5.0 (Linux; Android 7.0;) AppleWebKit/537.36 (KHTML, like Gecko) Mobile Safari/537.36 (compatible; PetalBot;+https://webmaster.petalsearch.com/site/petalbot)" "www.brucemillernurseryedgewood.com"
114.119.132.122 - - [06/Oct/2022:06:25:53 -0700] "GET /clipart/bars/ HTTP/1.1" 200 358 "https://www.brucemillernurseryedgewood.com/clipart/bars/regular?C=S%3BO%3DA" "Mozilla/5.0 (Linux; Android 7.0;) AppleWebKit/537.36 (KHTML, like Gecko) Mobile Safari/537.36 (compatible; PetalBot;+https://webmaster.petalsearch.com/site/petalbot)" "www.brucemillernurseryedgewood.com"
207.46.13.181 - - [06/Oct/2022:06:27:26 -0700] "GET /featured_article HTTP/1.1" 200 4255 "-" "Mozilla/5.0 (compatible; bingbot/2.0; +http://www.bing.com/bingbot.htm)" "brucemillernurseryedgewood.com"
114.119.132.153 - - [06/Oct/2022:06:31:52 -0700] "GET /clipart/buttons/themes/glow HTTP/1.1" 301 1438 "https://www.brucemillernurseryedgewood.com/clipart/buttons/themes" "Mozilla/5.0 (Linux; Android 7.0;) AppleWebKit/537.36 (KHTML, like Gecko) Mobile Safari/537.36 (compatible; PetalBot;+https://webmaster.petalsearch.com/site/petalbot)" "www.brucemillernurseryedgewood.com"
114.119.132.153 - - [06/Oct/2022:06:31:53 -0700] "GET /clipart/buttons/themes/glow/ HTTP/1.1" 200 420 "https://www.brucemillernurseryedgewood.com/clipart/buttons/themes" "Mozilla/5.0 (Linux; Android 7.0;) AppleWebKit/537.36 (KHTML, like Gecko) Mobile Safari/537.36 (compatible; PetalBot;+https://webmaster.petalsearch.com/site/petalbot)" "www.brucemillernurseryedgewood.com"
114.119.132.153 - - [06/Oct/2022:06:37:58 -0700] "GET /clipart/backgrounds?C=N%3BO%3DD HTTP/1.1" 301 1441 "https://www.brucemillernurseryedgewood.com/clipart/backgrounds?C=D%3BO%3DA" "Mozilla/5.0 (Linux; Android 7.0;) AppleWebKit/537.36 (KHTML, like Gecko) Mobile Safari/537.36 (compatible; PetalBot;+https://webmaster.petalsearch.com/site/petalbot)" "www.brucemillernurseryedgewood.com"
114.119.132.153 - - [06/Oct/2022:06:37:59 -0700] "GET /clipart/backgrounds/?C=N%3BO%3DD HTTP/1.1" 200 389 "https://www.brucemillernurseryedgewood.com/clipart/backgrounds?C=D%3BO%3DA" "Mozilla/5.0 (Linux; Android 7.0;) AppleWebKit/537.36 (KHTML, like Gecko) Mobile Safari/537.36 (compatible; PetalBot;+https://webmaster.petalsearch.com/site/petalbot)" "www.brucemillernurseryedgewood.com"
114.119.132.149 - - [06/Oct/2022:06:44:03 -0700] "GET /navigation_bars/?C=S%3BO%3DA HTTP/1.1" 200 372 "https://www.brucemillernurseryedgewood.com/navigation_bars/?C=D%3BO%3DA" "Mozilla/5.0 (Linux; Android 7.0;) AppleWebKit/537.36 (KHTML, like Gecko) Mobile Safari/537.36 (compatible; PetalBot;+https://webmaster.petalsearch.com/site/petalbot)" "www.brucemillernurseryedgewood.com"
114.119.132.122 - - [06/Oct/2022:06:50:01 -0700] "GET /sitebuilder/clipart/bars/?C=N%3BO%3DD HTTP/1.1" 200 384 "http://brucemillernurseryedgewood.com/sitebuilder/clipart/bars" "Mozilla/5.0 (Linux; Android 7.0;) AppleWebKit/537.36 (KHTML, like Gecko) Mobile Safari/537.36 (compatible; PetalBot;+https://webmaster.petalsearch.com/site/petalbot)" "brucemillernurseryedgewood.com"
114.119.132.131 - - [06/Oct/2022:06:56:05 -0700] "GET /sitebuilder/clipart/bars/regular/horizontal?C=N%3BO%3DD HTTP/1.1" 301 1462 "https://www.brucemillernurseryedgewood.com/sitebuilder/clipart/bars/regular/horizontal?C=S%3BO%3DA" "Mozilla/5.0 (Linux; Android 7.0;) AppleWebKit/537.36 (KHTML, like Gecko) Mobile Safari/537.36 (compatible; PetalBot;+https://webmaster.petalsearch.com/site/petalbot)" "www.brucemillernurseryedgewood.com"
114.119.132.131 - - [06/Oct/2022:06:56:09 -0700] "GET /sitebuilder/clipart/bars/regular/horizontal/?C=N%3BO%3DD HTTP/1.1" 200 416 "https://www.brucemillernurseryedgewood.com/sitebuilder/clipart/bars/regular/horizontal?C=S%3BO%3DA" "Mozilla/5.0 (Linux; Android 7.0;) AppleWebKit/537.36 (KHTML, like Gecko) Mobile Safari/537.36 (compatible; PetalBot;+https://webmaster.petalsearch.com/site/petalbot)" "www.brucemillernurseryedgewood.com"
114.119.132.122 - - [06/Oct/2022:07:02:01 -0700] "GET /clipart/bars/regular/horizontal?C=N%3BO%3DD HTTP/1.1" 301 1448 "http://brucemillernurseryedgewood.com/clipart/bars/regular/horizontal?C=D%3BO%3DA" "Mozilla/5.0 (Linux; Android 7.0;) AppleWebKit/537.36 (KHTML, like Gecko) Mobile Safari/537.36 (compatible; PetalBot;+https://webmaster.petalsearch.com/site/petalbot)" "brucemillernurseryedgewood.com"
114.119.132.122 - - [06/Oct/2022:07:02:04 -0700] "GET /clipart/bars/regular/horizontal/?C=N%3BO%3DD HTTP/1.1" 200 390 "http://brucemillernurseryedgewood.com/clipart/bars/regular/horizontal?C=D%3BO%3DA" "Mozilla/5.0 (Linux; Android 7.0;) AppleWebKit/537.36 (KHTML, like Gecko) Mobile Safari/537.36 (compatible; PetalBot;+https://webmaster.petalsearch.com/site/petalbot)" "brucemillernurseryedgewood.com"
114.119.132.146 - - [06/Oct/2022:07:08:02 -0700] "GET /clipart?C=S%3BO%3DA HTTP/1.1" 301 1431 "http://brucemillernurseryedgewood.com/clipart?C=N%3BO%3DD" "Mozilla/5.0 (Linux; Android 7.0;) AppleWebKit/537.36 (KHTML, like Gecko) Mobile Safari/537.36 (compatible; PetalBot;+https://webmaster.petalsearch.com/site/petalbot)" "brucemillernurseryedgewood.com"
114.119.132.146 - - [06/Oct/2022:07:08:03 -0700] "GET /clipart/?C=S%3BO%3DA HTTP/1.1" 200 456 "http://brucemillernurseryedgewood.com/clipart?C=N%3BO%3DD" "Mozilla/5.0 (Linux; Android 7.0;) AppleWebKit/537.36 (KHTML, like Gecko) Mobile Safari/537.36 (compatible; PetalBot;+https://webmaster.petalsearch.com/site/petalbot)" "brucemillernurseryedgewood.com"
207.46.13.230 - - [06/Oct/2022:07:14:15 -0700] "GET /robots.txt HTTP/1.1" 404 88 "-" "Mozilla/5.0 AppleWebKit/537.36 (KHTML, like Gecko; compatible; bingbot/2.0; +http://www.bing.com/bingbot.htm) Chrome/103.0.5060.134 Safari/537.36" "brucemillernurseryedgewood.com"
207.46.13.230 - - [06/Oct/2022:07:14:15 -0700] "GET /robots.txt HTTP/1.1" 404 88 "-" "Mozilla/5.0 AppleWebKit/537.36 (KHTML, like Gecko; compatible; bingbot/2.0; +http://www.bing.com/bingbot.htm) Chrome/103.0.5060.134 Safari/537.36" "brucemillernurseryedgewood.com"
207.46.13.181 - - [06/Oct/2022:07:14:23 -0700] "GET /images/IMG_0263.JPG HTTP/1.1" 200 4433553 "-" "Mozilla/5.0 (compatible; bingbot/2.0; +http://www.bing.com/bingbot.htm)" "brucemillernurseryedgewood.com"
114.119.150.186 - - [06/Oct/2022:07:20:26 -0700] "GET /clipart/?C=N%3BO%3DD HTTP/1.1" 200 456 "https://www.brucemillernurseryedgewood.com/clipart?C=N%3BO%3DD" "Mozilla/5.0 (Linux; Android 7.0;) AppleWebKit/537.36 (KHTML, like Gecko) Mobile Safari/537.36 (compatible; PetalBot;+https://webmaster.petalsearch.com/site/petalbot)" "www.brucemillernurseryedgewood.com"
114.119.132.153 - - [06/Oct/2022:07:26:22 -0700] "GET /clipart/buttons/themes/glow?C=M%3BO%3DA HTTP/1.1" 301 1451 "https://www.brucemillernurseryedgewood.com/clipart/buttons/themes/glow?C=N%3BO%3DD" "Mozilla/5.0 (Linux; Android 7.0;) AppleWebKit/537.36 (KHTML, like Gecko) Mobile Safari/537.36 (compatible; PetalBot;+https://webmaster.petalsearch.com/site/petalbot)" "www.brucemillernurseryedgewood.com"
114.119.132.153 - - [06/Oct/2022:07:26:24 -0700] "GET /clipart/buttons/themes/glow/?C=M%3BO%3DA HTTP/1.1" 200 420 "https://www.brucemillernurseryedgewood.com/clipart/buttons/themes/glow?C=N%3BO%3DD" "Mozilla/5.0 (Linux; Android 7.0;) AppleWebKit/537.36 (KHTML, like Gecko) Mobile Safari/537.36 (compatible; PetalBot;+https://webmaster.petalsearch.com/site/petalbot)" "www.brucemillernurseryedgewood.com"
180.163.220.97 - - [06/Oct/2022:07:46:44 -0700] "GET / HTTP/1.1" 200 406 "http://brucemillernurseryedgewood.com/" "Mozilla/5.0 (Windows NT 6.1; WOW64) AppleWebKit/537.36 (KHTML, like Gecko) Chrome/50.0.2661.102 Safari/537.36; 360Spider" "brucemillernurseryedgewood.com"
114.119.132.149 - - [06/Oct/2022:07:49:06 -0700] "GET /clipart/images/sidebars/?C=D%3BO%3DA HTTP/1.1" 200 405 "http://brucemillernurseryedgewood.com/clipart/images/sidebars?C=M%3BO%3DA" "Mozilla/5.0 (Linux; Android 7.0;) AppleWebKit/537.36 (KHTML, like Gecko) Mobile Safari/537.36 (compatible; PetalBot;+https://webmaster.petalsearch.com/site/petalbot)" "brucemillernurseryedgewood.com"
114.119.132.146 - - [06/Oct/2022:07:55:08 -0700] "GET /clipart/backgrounds/sidebar/ HTTP/1.1" 200 384 "http://brucemillernurseryedgewood.com/clipart/backgrounds/?C=S%3BO%3DA" "Mozilla/5.0 (Linux; Android 7.0;) AppleWebKit/537.36 (KHTML, like Gecko) Mobile Safari/537.36 (compatible; PetalBot;+https://webmaster.petalsearch.com/site/petalbot)" "brucemillernurseryedgewood.com"
157.55.39.159 - - [06/Oct/2022:08:12:57 -0700] "GET /sitebuilder/clipart/ HTTP/1.1" 200 376 "-" "Mozilla/5.0 (compatible; bingbot/2.0; +http://www.bing.com/bingbot.htm)" "www.brucemillernurseryedgewood.com"
1.202.249.94 - - [06/Oct/2022:09:09:50 -0700] "GET / HTTP/1.1" 200 406 "-" "Mozilla/5.0 (Windows NT 6.1; WOW64; rv:45.0) Gecko/20100101 Firefox/45.0" "brucemillernurseryedgewood.com"
114.119.132.146 - - [06/Oct/2022:09:15:02 -0700] "GET /clipart/bars/regular/horizontal/?C=N%3BO%3DD HTTP/1.1" 200 390 "https://www.brucemillernurseryedgewood.com/clipart/bars/regular/horizontal/?C=D%3BO%3DA" "Mozilla/5.0 (Linux; Android 7.0;) AppleWebKit/537.36 (KHTML, like Gecko) Mobile Safari/537.36 (compatible; PetalBot;+https://webmaster.petalsearch.com/site/petalbot)" "www.brucemillernurseryedgewood.com"
54.209.159.63 - - [06/Oct/2022:10:01:37 -0700] "GET / HTTP/1.1" 200 406 "-" "Mozilla/5.0 (Macintosh; Intel Mac OS X 10_9_2) AppleWebKit/537.36 (KHTML, like Gecko) Chrome/34.0.1847.131 Safari/537.36" "brucemillernurseryedgewood.com"
185.191.171.45 - - [06/Oct/2022:10:21:58 -0700] "GET /robots.txt HTTP/1.1" 404 88 "-" "Mozilla/5.0 (compatible; SemrushBot/7~bl; +http://www.semrush.com/bot.html)" "www.brucemillernurseryedgewood.com"
185.191.171.2 - - [06/Oct/2022:10:21:58 -0700] "GET /whats_new HTTP/1.1" 200 4437 "-" "Mozilla/5.0 (compatible; SemrushBot/7~bl; +http://www.semrush.com/bot.html)" "www.brucemillernurseryedgewood.com"
185.191.171.20 - - [06/Oct/2022:10:22:05 -0700] "GET /sitemap.xml HTTP/1.1" 404 88 "-" "Mozilla/5.0 (compatible; SemrushBot/7~bl; +http://www.semrush.com/bot.html)" "www.brucemillernurseryedgewood.com"
216.244.66.230 - - [06/Oct/2022:10:54:26 -0700] "GET /robots.txt HTTP/1.1" 404 73 "-" "Mozilla/5.0 (compatible; DotBot/1.2; +https://opensiteexplorer.org/dotbot; help@moz.com)" "www.brucemillernurseryedgewood.com"
114.119.132.153 - - [06/Oct/2022:11:06:55 -0700] "GET /navigation_bars/ HTTP/1.1" 200 372 "http://www.brucemillernurseryedgewood.com?C=S%3BO%3DA" "Mozilla/5.0 (Linux; Android 7.0;) AppleWebKit/537.36 (KHTML, like Gecko) Mobile Safari/537.36 (compatible; PetalBot;+https://webmaster.petalsearch.com/site/petalbot)" "www.brucemillernurseryedgewood.com"
40.88.21.235 - - [06/Oct/2022:11:19:27 -0700] "GET / HTTP/1.1" 200 406 "http://brucemillernurseryedgewood.com/" "Mozilla/5.0 (compatible; DuckDuckGo-Favicons-Bot/1.0; +http://duckduckgo.com)" "brucemillernurseryedgewood.com"
40.88.21.235 - - [06/Oct/2022:11:19:27 -0700] "GET /favicon.ico HTTP/1.1" 404 88 "http://brucemillernurseryedgewood.com/favicon.ico" "Mozilla/5.0 (compatible; DuckDuckGo-Favicons-Bot/1.0; +http://duckduckgo.com)" "brucemillernurseryedgewood.com"
138.68.180.18 - - [06/Oct/2022:11:39:49 -0700] "GET / HTTP/1.1" 200 406 "-" "Mozilla/5.0 (Windows NT 6.0) AppleWebKit/537.36 (KHTML, like Gecko) Chrome/34.0.1847.116 Safari/537.36" "brucemillernurseryedgewood.com"
138.68.180.18 - - [06/Oct/2022:11:39:49 -0700] "GET /?C=N;O=D HTTP/1.1" 200 402 "-" "Mozilla/5.0 (Windows NT 6.0) AppleWebKit/537.36 (KHTML, like Gecko) Chrome/34.0.1847.116 Safari/537.36" "brucemillernurseryedgewood.com"
138.68.180.18 - - [06/Oct/2022:11:39:50 -0700] "GET /clipart/ HTTP/1.1" 200 456 "-" "Mozilla/5.0 (Windows NT 6.0) AppleWebKit/537.36 (KHTML, like Gecko) Chrome/34.0.1847.116 Safari/537.36" "brucemillernurseryedgewood.com"
138.68.180.18 - - [06/Oct/2022:11:39:50 -0700] "GET /images/ HTTP/1.1" 200 3702 "-" "Mozilla/5.0 (Windows NT 6.0) AppleWebKit/537.36 (KHTML, like Gecko) Chrome/34.0.1847.116 Safari/537.36" "brucemillernurseryedgewood.com"
138.68.180.18 - - [06/Oct/2022:11:39:51 -0700] "GET /navigation_bars/ HTTP/1.1" 200 372 "-" "Mozilla/5.0 (Windows NT 6.0) AppleWebKit/537.36 (KHTML, like Gecko) Chrome/34.0.1847.116 Safari/537.36" "brucemillernurseryedgewood.com"
138.68.180.18 - - [06/Oct/2022:11:39:52 -0700] "GET /sitebuilder/ HTTP/1.1" 200 443 "-" "Mozilla/5.0 (Windows NT 6.0) AppleWebKit/537.36 (KHTML, like Gecko) Chrome/34.0.1847.116 Safari/537.36" "brucemillernurseryedgewood.com"
138.68.180.18 - - [06/Oct/2022:11:39:52 -0700] "GET /navigation_bars/?C=S;O=A HTTP/1.1" 200 373 "-" "Mozilla/5.0 (Windows NT 6.0) AppleWebKit/537.36 (KHTML, like Gecko) Chrome/34.0.1847.116 Safari/537.36" "brucemillernurseryedgewood.com"
216.244.66.230 - - [06/Oct/2022:11:47:47 -0700] "GET /robots.txt HTTP/1.1" 404 73 "-" "Mozilla/5.0 (compatible; DotBot/1.2; +https://opensiteexplorer.org/dotbot; help@moz.com)" "brucemillernurseryedgewood.com"
40.88.21.235 - - [06/Oct/2022:11:48:28 -0700] "GET / HTTP/1.1" 200 406 "http://brucemillernurseryedgewood.com/" "Mozilla/5.0 (compatible; DuckDuckGo-Favicons-Bot/1.0; +http://duckduckgo.com)" "brucemillernurseryedgewood.com"
40.88.21.235 - - [06/Oct/2022:11:48:28 -0700] "GET /favicon.ico HTTP/1.1" 404 88 "http://brucemillernurseryedgewood.com/favicon.ico" "Mozilla/5.0 (compatible; DuckDuckGo-Favicons-Bot/1.0; +http://duckduckgo.com)" "brucemillernurseryedgewood.com"
104.251.185.75 - - [06/Oct/2022:11:53:44 -0700] "GET /home HTTP/1.1" 200 4616 "https://search.yahoo.com/" "Mozilla/5.0 (Windows NT 10.0; Win64; x64) AppleWebKit/537.36 (KHTML, like Gecko) Chrome/106.0.0.0 Safari/537.36" "brucemillernurseryedgewood.com"
104.251.185.75 - - [06/Oct/2022:11:53:45 -0700] "GET /yahoo_site_admin/assets/images/118765601_1902304113245994_1757334005447454970_n.259131218_std.jpg HTTP/1.1" 200 84670 "http://brucemillernurseryedgewood.com/home" "Mozilla/5.0 (Windows NT 10.0; Win64; x64) AppleWebKit/537.36 (KHTML, like Gecko) Chrome/106.0.0.0 Safari/537.36" "brucemillernurseryedgewood.com"
104.251.185.75 - - [06/Oct/2022:11:53:45 -0700] "GET /favicon.ico HTTP/1.1" 404 88 "http://brucemillernurseryedgewood.com/home" "Mozilla/5.0 (Windows NT 10.0; Win64; x64) AppleWebKit/537.36 (KHTML, like Gecko) Chrome/106.0.0.0 Safari/537.36" "brucemillernurseryedgewood.com"
