114.119.132.149 - - [06/Nov/2022:21:48:57 -0800] "GET /sitebuilder/scripts HTTP/1.1" 301 1425 "http://brucemillernurseryedgewood.com/sitebuilder?C=D%3BO%3DA" "Mozilla/5.0 (Linux; Android 7.0;) AppleWebKit/537.36 (KHTML, like Gecko) Mobile Safari/537.36 (compatible; PetalBot;+https://webmaster.petalsearch.com/site/petalbot)" "brucemillernurseryedgewood.com"
114.119.132.149 - - [06/Nov/2022:21:48:58 -0800] "GET /sitebuilder/scripts/ HTTP/1.1" 200 372 "http://brucemillernurseryedgewood.com/sitebuilder?C=D%3BO%3DA" "Mozilla/5.0 (Linux; Android 7.0;) AppleWebKit/537.36 (KHTML, like Gecko) Mobile Safari/537.36 (compatible; PetalBot;+https://webmaster.petalsearch.com/site/petalbot)" "brucemillernurseryedgewood.com"
44.192.23.17 - - [06/Nov/2022:21:49:41 -0800] "GET /robots.txt HTTP/1.1" 404 73 "-" "Mozilla/5.0 (X11; Linux x86_64) AppleWebKit/537.36 (KHTML, like Gecko) Chrome/94.0.4606.81 Safari/537.36" "brucemillernurseryedgewood.com"
44.192.23.17 - - [06/Nov/2022:21:49:41 -0800] "GET / HTTP/1.1" 200 1005 "-" "Mozilla/5.0 (X11; Linux x86_64) AppleWebKit/537.36 (KHTML, like Gecko) Chrome/94.0.4606.81 Safari/537.36" "brucemillernurseryedgewood.com"
114.119.132.149 - - [06/Nov/2022:21:53:58 -0800] "GET /clipart/backgrounds/fullpage/?C=N%3BO%3DD HTTP/1.1" 200 387 "https://www.brucemillernurseryedgewood.com/clipart/backgrounds/fullpage/?C=M%3BO%3DA" "Mozilla/5.0 (Linux; Android 7.0;) AppleWebKit/537.36 (KHTML, like Gecko) Mobile Safari/537.36 (compatible; PetalBot;+https://webmaster.petalsearch.com/site/petalbot)" "www.brucemillernurseryedgewood.com"
114.119.132.131 - - [06/Nov/2022:22:01:00 -0800] "GET /clipart/images HTTP/1.1" 301 1427 "https://www.brucemillernurseryedgewood.com/clipart/images/sidebars" "Mozilla/5.0 (Linux; Android 7.0;) AppleWebKit/537.36 (KHTML, like Gecko) Mobile Safari/537.36 (compatible; PetalBot;+https://webmaster.petalsearch.com/site/petalbot)" "www.brucemillernurseryedgewood.com"
114.119.132.131 - - [06/Nov/2022:22:01:01 -0800] "GET /clipart/images/ HTTP/1.1" 200 476 "https://www.brucemillernurseryedgewood.com/clipart/images/sidebars" "Mozilla/5.0 (Linux; Android 7.0;) AppleWebKit/537.36 (KHTML, like Gecko) Mobile Safari/537.36 (compatible; PetalBot;+https://webmaster.petalsearch.com/site/petalbot)" "www.brucemillernurseryedgewood.com"
196.242.10.233 - - [06/Nov/2022:22:05:34 -0800] "GET / HTTP/1.1" 200 406 "-" "Mozilla/5.0 (Macintosh; Intel Mac OS X 12_5) AppleWebKit/537.36 (KHTML, like Gecko) Chrome/103.0.0.0 Safari/537.36" "brucemillernurseryedgewood.com"
196.242.10.233 - - [06/Nov/2022:22:05:34 -0800] "GET /?C=N;O=D HTTP/1.1" 200 402 "http://brucemillernurseryedgewood.com" "Mozilla/5.0 (Macintosh; Intel Mac OS X 12_5) AppleWebKit/537.36 (KHTML, like Gecko) Chrome/103.0.0.0 Safari/537.36" "brucemillernurseryedgewood.com"
196.242.10.233 - - [06/Nov/2022:22:05:35 -0800] "GET /sitebuilder/ HTTP/1.1" 200 443 "http://brucemillernurseryedgewood.com" "Mozilla/5.0 (Macintosh; Intel Mac OS X 12_5) AppleWebKit/537.36 (KHTML, like Gecko) Chrome/103.0.0.0 Safari/537.36" "brucemillernurseryedgewood.com"
196.242.10.233 - - [06/Nov/2022:22:05:36 -0800] "GET /?C=M;O=A HTTP/1.1" 200 406 "http://brucemillernurseryedgewood.com" "Mozilla/5.0 (Macintosh; Intel Mac OS X 12_5) AppleWebKit/537.36 (KHTML, like Gecko) Chrome/103.0.0.0 Safari/537.36" "brucemillernurseryedgewood.com"
196.242.10.233 - - [06/Nov/2022:22:05:36 -0800] "GET /navigation_bars/ HTTP/1.1" 200 372 "http://brucemillernurseryedgewood.com" "Mozilla/5.0 (Macintosh; Intel Mac OS X 12_5) AppleWebKit/537.36 (KHTML, like Gecko) Chrome/103.0.0.0 Safari/537.36" "brucemillernurseryedgewood.com"
196.242.10.233 - - [06/Nov/2022:22:05:37 -0800] "GET /?C=S;O=A HTTP/1.1" 200 406 "http://brucemillernurseryedgewood.com" "Mozilla/5.0 (Macintosh; Intel Mac OS X 12_5) AppleWebKit/537.36 (KHTML, like Gecko) Chrome/103.0.0.0 Safari/537.36" "brucemillernurseryedgewood.com"
196.242.10.233 - - [06/Nov/2022:22:05:38 -0800] "GET /images/ HTTP/1.1" 200 3702 "http://brucemillernurseryedgewood.com" "Mozilla/5.0 (Macintosh; Intel Mac OS X 12_5) AppleWebKit/537.36 (KHTML, like Gecko) Chrome/103.0.0.0 Safari/537.36" "brucemillernurseryedgewood.com"
196.242.10.233 - - [06/Nov/2022:22:05:38 -0800] "GET /?C=D;O=A HTTP/1.1" 200 406 "http://brucemillernurseryedgewood.com" "Mozilla/5.0 (Macintosh; Intel Mac OS X 12_5) AppleWebKit/537.36 (KHTML, like Gecko) Chrome/103.0.0.0 Safari/537.36" "brucemillernurseryedgewood.com"
196.242.10.233 - - [06/Nov/2022:22:05:39 -0800] "GET /clipart/ HTTP/1.1" 200 456 "http://brucemillernurseryedgewood.com" "Mozilla/5.0 (Macintosh; Intel Mac OS X 12_5) AppleWebKit/537.36 (KHTML, like Gecko) Chrome/103.0.0.0 Safari/537.36" "brucemillernurseryedgewood.com"
54.203.93.200 - - [06/Nov/2022:22:09:04 -0800] "GET / HTTP/1.1" 200 406 "-" "Mozilla/5.0 (Macintosh; Intel Mac OS X 10_13_6) AppleWebKit/537.36 (KHTML, like Gecko) Chrome/73.0.3683.103 Safari/537.36" "brucemillernurseryedgewood.com"
54.36.148.86 - - [06/Nov/2022:22:20:52 -0800] "GET /robots.txt HTTP/1.1" 404 88 "-" "Mozilla/5.0 (compatible; AhrefsBot/7.0; +http://ahrefs.com/robot/)" "www.brucemillernurseryedgewood.com"
51.222.253.6 - - [06/Nov/2022:22:20:53 -0800] "GET / HTTP/1.1" 200 406 "-" "Mozilla/5.0 (compatible; AhrefsBot/7.0; +http://ahrefs.com/robot/)" "www.brucemillernurseryedgewood.com"
54.36.148.9 - - [06/Nov/2022:22:32:44 -0800] "GET /robots.txt HTTP/1.1" 404 88 "-" "Mozilla/5.0 (compatible; AhrefsBot/7.0; +http://ahrefs.com/robot/)" "www.brucemillernurseryedgewood.com"
51.222.253.17 - - [06/Nov/2022:22:32:45 -0800] "GET / HTTP/1.1" 200 406 "-" "Mozilla/5.0 (compatible; AhrefsBot/7.0; +http://ahrefs.com/robot/)" "www.brucemillernurseryedgewood.com"
114.119.132.149 - - [06/Nov/2022:22:39:47 -0800] "GET /clipart/backgrounds?C=S%3BO%3DA HTTP/1.1" 301 1436 "http://brucemillernurseryedgewood.com/clipart/backgrounds?C=D%3BO%3DA" "Mozilla/5.0 (Linux; Android 7.0;) AppleWebKit/537.36 (KHTML, like Gecko) Mobile Safari/537.36 (compatible; PetalBot;+https://webmaster.petalsearch.com/site/petalbot)" "brucemillernurseryedgewood.com"
114.119.132.149 - - [06/Nov/2022:22:39:50 -0800] "GET /clipart/backgrounds/?C=S%3BO%3DA HTTP/1.1" 200 389 "http://brucemillernurseryedgewood.com/clipart/backgrounds?C=D%3BO%3DA" "Mozilla/5.0 (Linux; Android 7.0;) AppleWebKit/537.36 (KHTML, like Gecko) Mobile Safari/537.36 (compatible; PetalBot;+https://webmaster.petalsearch.com/site/petalbot)" "brucemillernurseryedgewood.com"
51.222.253.1 - - [06/Nov/2022:22:50:16 -0800] "GET /sitebuilder/images/ HTTP/1.1" 200 7088 "-" "Mozilla/5.0 (compatible; AhrefsBot/7.0; +http://ahrefs.com/robot/)" "www.brucemillernurseryedgewood.com"
162.55.85.225 - - [06/Nov/2022:23:04:48 -0800] "GET /robots.txt HTTP/1.1" 404 88 "-" "Mozilla/5.0 (compatible; BLEXBot/1.0; +http://webmeup-crawler.com/)" "brucemillernurseryedgewood.com"
162.55.85.225 - - [06/Nov/2022:23:04:48 -0800] "GET /sitemap HTTP/1.1" 404 88 "-" "Mozilla/5.0 (compatible; BLEXBot/1.0; +http://webmeup-crawler.com/)" "brucemillernurseryedgewood.com"
162.55.85.225 - - [06/Nov/2022:23:04:51 -0800] "GET /sitemap.txt HTTP/1.1" 404 88 "-" "Mozilla/5.0 (compatible; BLEXBot/1.0; +http://webmeup-crawler.com/)" "brucemillernurseryedgewood.com"
162.55.85.225 - - [06/Nov/2022:23:04:54 -0800] "GET /clipart/backgrounds/?C=D;O=D HTTP/1.1" 200 388 "-" "Mozilla/5.0 (compatible; BLEXBot/1.0; +http://webmeup-crawler.com/)" "brucemillernurseryedgewood.com"
162.55.85.225 - - [06/Nov/2022:23:04:56 -0800] "GET /clipart/backgrounds/?C=M;O=D HTTP/1.1" 200 388 "-" "Mozilla/5.0 (compatible; BLEXBot/1.0; +http://webmeup-crawler.com/)" "brucemillernurseryedgewood.com"
162.55.85.225 - - [06/Nov/2022:23:04:58 -0800] "GET /clipart/backgrounds/?C=N;O=A HTTP/1.1" 200 389 "-" "Mozilla/5.0 (compatible; BLEXBot/1.0; +http://webmeup-crawler.com/)" "brucemillernurseryedgewood.com"
162.55.85.225 - - [06/Nov/2022:23:05:00 -0800] "GET /clipart/backgrounds/?C=S;O=D HTTP/1.1" 200 388 "-" "Mozilla/5.0 (compatible; BLEXBot/1.0; +http://webmeup-crawler.com/)" "brucemillernurseryedgewood.com"
162.55.85.225 - - [06/Nov/2022:23:05:11 -0800] "GET /clipart/backgrounds/fullpage/?C=D;O=A HTTP/1.1" 200 387 "-" "Mozilla/5.0 (compatible; BLEXBot/1.0; +http://webmeup-crawler.com/)" "brucemillernurseryedgewood.com"
162.55.85.225 - - [06/Nov/2022:23:05:15 -0800] "GET /clipart/backgrounds/fullpage/?C=M;O=A HTTP/1.1" 200 387 "-" "Mozilla/5.0 (compatible; BLEXBot/1.0; +http://webmeup-crawler.com/)" "brucemillernurseryedgewood.com"
162.55.85.225 - - [06/Nov/2022:23:05:17 -0800] "GET /clipart/backgrounds/fullpage/?C=N;O=D HTTP/1.1" 200 385 "-" "Mozilla/5.0 (compatible; BLEXBot/1.0; +http://webmeup-crawler.com/)" "brucemillernurseryedgewood.com"
162.55.85.225 - - [06/Nov/2022:23:05:21 -0800] "GET /clipart/backgrounds/fullpage/?C=S;O=A HTTP/1.1" 200 387 "-" "Mozilla/5.0 (compatible; BLEXBot/1.0; +http://webmeup-crawler.com/)" "brucemillernurseryedgewood.com"
162.55.85.225 - - [06/Nov/2022:23:05:25 -0800] "GET /clipart/backgrounds/sidebar/?C=D;O=A HTTP/1.1" 200 384 "-" "Mozilla/5.0 (compatible; BLEXBot/1.0; +http://webmeup-crawler.com/)" "brucemillernurseryedgewood.com"
162.55.85.225 - - [06/Nov/2022:23:05:27 -0800] "GET /clipart/backgrounds/sidebar/?C=M;O=A HTTP/1.1" 200 383 "-" "Mozilla/5.0 (compatible; BLEXBot/1.0; +http://webmeup-crawler.com/)" "brucemillernurseryedgewood.com"
162.55.85.225 - - [06/Nov/2022:23:05:29 -0800] "GET /clipart/backgrounds/sidebar/?C=N;O=D HTTP/1.1" 200 382 "-" "Mozilla/5.0 (compatible; BLEXBot/1.0; +http://webmeup-crawler.com/)" "brucemillernurseryedgewood.com"
162.55.85.225 - - [06/Nov/2022:23:05:32 -0800] "GET /clipart/backgrounds/sidebar/?C=S;O=A HTTP/1.1" 200 383 "-" "Mozilla/5.0 (compatible; BLEXBot/1.0; +http://webmeup-crawler.com/)" "brucemillernurseryedgewood.com"
162.55.85.225 - - [06/Nov/2022:23:05:34 -0800] "GET /clipart/bars/?C=D;O=D HTTP/1.1" 200 356 "-" "Mozilla/5.0 (compatible; BLEXBot/1.0; +http://webmeup-crawler.com/)" "brucemillernurseryedgewood.com"
162.55.85.225 - - [06/Nov/2022:23:05:36 -0800] "GET /clipart/bars/?C=M;O=D HTTP/1.1" 200 356 "-" "Mozilla/5.0 (compatible; BLEXBot/1.0; +http://webmeup-crawler.com/)" "brucemillernurseryedgewood.com"
162.55.85.225 - - [06/Nov/2022:23:05:43 -0800] "GET /clipart/bars/?C=N;O=A HTTP/1.1" 200 358 "-" "Mozilla/5.0 (compatible; BLEXBot/1.0; +http://webmeup-crawler.com/)" "brucemillernurseryedgewood.com"
162.55.85.225 - - [06/Nov/2022:23:05:48 -0800] "GET /clipart/bars/?C=S;O=D HTTP/1.1" 200 356 "-" "Mozilla/5.0 (compatible; BLEXBot/1.0; +http://webmeup-crawler.com/)" "brucemillernurseryedgewood.com"
162.55.85.225 - - [06/Nov/2022:23:05:52 -0800] "GET /clipart/bars/regular/?C=D;O=A HTTP/1.1" 200 366 "-" "Mozilla/5.0 (compatible; BLEXBot/1.0; +http://webmeup-crawler.com/)" "brucemillernurseryedgewood.com"
162.55.85.225 - - [06/Nov/2022:23:05:54 -0800] "GET /clipart/bars/regular/?C=M;O=A HTTP/1.1" 200 366 "-" "Mozilla/5.0 (compatible; BLEXBot/1.0; +http://webmeup-crawler.com/)" "brucemillernurseryedgewood.com"
162.55.85.225 - - [06/Nov/2022:23:06:02 -0800] "GET /clipart/bars/regular/?C=N;O=D HTTP/1.1" 200 364 "-" "Mozilla/5.0 (compatible; BLEXBot/1.0; +http://webmeup-crawler.com/)" "brucemillernurseryedgewood.com"
162.55.85.225 - - [06/Nov/2022:23:06:06 -0800] "GET /clipart/bars/regular/?C=S;O=A HTTP/1.1" 200 366 "-" "Mozilla/5.0 (compatible; BLEXBot/1.0; +http://webmeup-crawler.com/)" "brucemillernurseryedgewood.com"
162.55.85.225 - - [06/Nov/2022:23:06:10 -0800] "GET /clipart/bars/regular/horizontal/ HTTP/1.1" 200 390 "-" "Mozilla/5.0 (compatible; BLEXBot/1.0; +http://webmeup-crawler.com/)" "brucemillernurseryedgewood.com"
162.55.85.225 - - [06/Nov/2022:23:06:12 -0800] "GET /clipart/buttons/?C=D;O=D HTTP/1.1" 200 358 "-" "Mozilla/5.0 (compatible; BLEXBot/1.0; +http://webmeup-crawler.com/)" "brucemillernurseryedgewood.com"
162.55.85.225 - - [06/Nov/2022:23:06:31 -0800] "GET /clipart/buttons/?C=M;O=D HTTP/1.1" 200 358 "-" "Mozilla/5.0 (compatible; BLEXBot/1.0; +http://webmeup-crawler.com/)" "brucemillernurseryedgewood.com"
162.55.85.225 - - [06/Nov/2022:23:06:36 -0800] "GET /clipart/buttons/?C=N;O=A HTTP/1.1" 200 360 "-" "Mozilla/5.0 (compatible; BLEXBot/1.0; +http://webmeup-crawler.com/)" "brucemillernurseryedgewood.com"
162.55.85.225 - - [06/Nov/2022:23:06:39 -0800] "GET /clipart/buttons/?C=S;O=D HTTP/1.1" 200 358 "-" "Mozilla/5.0 (compatible; BLEXBot/1.0; +http://webmeup-crawler.com/)" "brucemillernurseryedgewood.com"
162.55.85.225 - - [06/Nov/2022:23:06:48 -0800] "GET /clipart/buttons/themes/?C=D;O=A HTTP/1.1" 200 382 "-" "Mozilla/5.0 (compatible; BLEXBot/1.0; +http://webmeup-crawler.com/)" "brucemillernurseryedgewood.com"
162.55.85.225 - - [06/Nov/2022:23:06:51 -0800] "GET /clipart/buttons/themes/?C=M;O=A HTTP/1.1" 200 382 "-" "Mozilla/5.0 (compatible; BLEXBot/1.0; +http://webmeup-crawler.com/)" "brucemillernurseryedgewood.com"
162.55.85.225 - - [06/Nov/2022:23:06:53 -0800] "GET /clipart/buttons/themes/?C=N;O=D HTTP/1.1" 200 381 "-" "Mozilla/5.0 (compatible; BLEXBot/1.0; +http://webmeup-crawler.com/)" "brucemillernurseryedgewood.com"
162.55.85.225 - - [06/Nov/2022:23:06:59 -0800] "GET /clipart/buttons/themes/?C=S;O=A HTTP/1.1" 200 382 "-" "Mozilla/5.0 (compatible; BLEXBot/1.0; +http://webmeup-crawler.com/)" "brucemillernurseryedgewood.com"
162.55.85.225 - - [06/Nov/2022:23:07:02 -0800] "GET /clipart/buttons/themes/glow/ HTTP/1.1" 200 420 "-" "Mozilla/5.0 (compatible; BLEXBot/1.0; +http://webmeup-crawler.com/)" "brucemillernurseryedgewood.com"
162.55.85.225 - - [06/Nov/2022:23:07:04 -0800] "GET /clipart/buttons/themes/stone/ HTTP/1.1" 200 413 "-" "Mozilla/5.0 (compatible; BLEXBot/1.0; +http://webmeup-crawler.com/)" "brucemillernurseryedgewood.com"
162.55.85.225 - - [06/Nov/2022:23:07:06 -0800] "GET /clipart/images/?C=D;O=D HTTP/1.1" 200 470 "-" "Mozilla/5.0 (compatible; BLEXBot/1.0; +http://webmeup-crawler.com/)" "brucemillernurseryedgewood.com"
162.55.85.225 - - [06/Nov/2022:23:07:11 -0800] "GET /clipart/images/?C=M;O=D HTTP/1.1" 200 474 "-" "Mozilla/5.0 (compatible; BLEXBot/1.0; +http://webmeup-crawler.com/)" "brucemillernurseryedgewood.com"
162.55.85.225 - - [06/Nov/2022:23:07:15 -0800] "GET /clipart/images/?C=N;O=A HTTP/1.1" 200 476 "-" "Mozilla/5.0 (compatible; BLEXBot/1.0; +http://webmeup-crawler.com/)" "brucemillernurseryedgewood.com"
162.55.85.225 - - [06/Nov/2022:23:07:18 -0800] "GET /clipart/images/?C=S;O=D HTTP/1.1" 200 476 "-" "Mozilla/5.0 (compatible; BLEXBot/1.0; +http://webmeup-crawler.com/)" "brucemillernurseryedgewood.com"
162.55.85.225 - - [06/Nov/2022:23:07:24 -0800] "GET /clipart/images/frames/?C=D;O=A HTTP/1.1" 200 395 "-" "Mozilla/5.0 (compatible; BLEXBot/1.0; +http://webmeup-crawler.com/)" "brucemillernurseryedgewood.com"
162.55.85.225 - - [06/Nov/2022:23:07:26 -0800] "GET /clipart/images/frames/?C=M;O=A HTTP/1.1" 200 395 "-" "Mozilla/5.0 (compatible; BLEXBot/1.0; +http://webmeup-crawler.com/)" "brucemillernurseryedgewood.com"
162.55.85.225 - - [06/Nov/2022:23:07:29 -0800] "GET /clipart/images/frames/?C=N;O=D HTTP/1.1" 200 393 "-" "Mozilla/5.0 (compatible; BLEXBot/1.0; +http://webmeup-crawler.com/)" "brucemillernurseryedgewood.com"
162.55.85.225 - - [06/Nov/2022:23:07:34 -0800] "GET /clipart/images/frames/?C=S;O=A HTTP/1.1" 200 395 "-" "Mozilla/5.0 (compatible; BLEXBot/1.0; +http://webmeup-crawler.com/)" "brucemillernurseryedgewood.com"
162.55.85.225 - - [06/Nov/2022:23:07:36 -0800] "GET /clipart/images/sidebars/?C=D;O=A HTTP/1.1" 200 405 "-" "Mozilla/5.0 (compatible; BLEXBot/1.0; +http://webmeup-crawler.com/)" "brucemillernurseryedgewood.com"
162.55.85.225 - - [06/Nov/2022:23:07:40 -0800] "GET /clipart/images/sidebars/?C=M;O=A HTTP/1.1" 200 405 "-" "Mozilla/5.0 (compatible; BLEXBot/1.0; +http://webmeup-crawler.com/)" "brucemillernurseryedgewood.com"
162.55.85.225 - - [06/Nov/2022:23:07:44 -0800] "GET /clipart/images/sidebars/?C=N;O=D HTTP/1.1" 200 403 "-" "Mozilla/5.0 (compatible; BLEXBot/1.0; +http://webmeup-crawler.com/)" "brucemillernurseryedgewood.com"
162.55.85.225 - - [06/Nov/2022:23:07:46 -0800] "GET /clipart/images/sidebars/?C=S;O=A HTTP/1.1" 200 405 "-" "Mozilla/5.0 (compatible; BLEXBot/1.0; +http://webmeup-crawler.com/)" "brucemillernurseryedgewood.com"
162.55.85.225 - - [06/Nov/2022:23:07:48 -0800] "GET /clipart/lines/?C=D;O=D HTTP/1.1" 200 359 "-" "Mozilla/5.0 (compatible; BLEXBot/1.0; +http://webmeup-crawler.com/)" "brucemillernurseryedgewood.com"
162.55.85.225 - - [06/Nov/2022:23:07:53 -0800] "GET /clipart/lines/?C=M;O=D HTTP/1.1" 200 359 "-" "Mozilla/5.0 (compatible; BLEXBot/1.0; +http://webmeup-crawler.com/)" "brucemillernurseryedgewood.com"
54.36.148.156 - - [06/Nov/2022:23:07:56 -0800] "GET /robots.txt HTTP/1.1" 404 88 "-" "Mozilla/5.0 (compatible; AhrefsBot/7.0; +http://ahrefs.com/robot/)" "brucemillernurseryedgewood.com"
51.222.253.20 - - [06/Nov/2022:23:07:56 -0800] "GET /sitebuilder/scripts/?C=S;O=A HTTP/1.1" 200 372 "-" "Mozilla/5.0 (compatible; AhrefsBot/7.0; +http://ahrefs.com/robot/)" "brucemillernurseryedgewood.com"
162.55.85.225 - - [06/Nov/2022:23:07:57 -0800] "GET /clipart/lines/?C=N;O=A HTTP/1.1" 200 361 "-" "Mozilla/5.0 (compatible; BLEXBot/1.0; +http://webmeup-crawler.com/)" "brucemillernurseryedgewood.com"
216.244.66.230 - - [06/Nov/2022:23:07:58 -0800] "GET /robots.txt HTTP/1.1" 404 73 "-" "Mozilla/5.0 (compatible; DotBot/1.2; +https://opensiteexplorer.org/dotbot; help@moz.com)" "www.brucemillernurseryedgewood.com"
216.244.66.230 - - [06/Nov/2022:23:07:58 -0800] "GET /robots.txt HTTP/1.1" 404 73 "-" "Mozilla/5.0 (compatible; DotBot/1.2; +https://opensiteexplorer.org/dotbot; help@moz.com)" "brucemillernurseryedgewood.com"
162.55.85.225 - - [06/Nov/2022:23:08:02 -0800] "GET /clipart/lines/?C=S;O=D HTTP/1.1" 200 359 "-" "Mozilla/5.0 (compatible; BLEXBot/1.0; +http://webmeup-crawler.com/)" "brucemillernurseryedgewood.com"
162.55.85.225 - - [06/Nov/2022:23:08:04 -0800] "GET /clipart/lines/horizontal/?C=D;O=A HTTP/1.1" 200 447 "-" "Mozilla/5.0 (compatible; BLEXBot/1.0; +http://webmeup-crawler.com/)" "brucemillernurseryedgewood.com"
162.55.85.225 - - [06/Nov/2022:23:08:07 -0800] "GET /clipart/lines/horizontal/?C=M;O=A HTTP/1.1" 200 448 "-" "Mozilla/5.0 (compatible; BLEXBot/1.0; +http://webmeup-crawler.com/)" "brucemillernurseryedgewood.com"
162.55.85.225 - - [06/Nov/2022:23:08:10 -0800] "GET /clipart/lines/horizontal/?C=N;O=D HTTP/1.1" 200 446 "-" "Mozilla/5.0 (compatible; BLEXBot/1.0; +http://webmeup-crawler.com/)" "brucemillernurseryedgewood.com"
162.55.85.225 - - [06/Nov/2022:23:08:13 -0800] "GET /clipart/lines/horizontal/?C=S;O=A HTTP/1.1" 200 447 "-" "Mozilla/5.0 (compatible; BLEXBot/1.0; +http://webmeup-crawler.com/)" "brucemillernurseryedgewood.com"
162.55.85.225 - - [06/Nov/2022:23:08:16 -0800] "GET /clipart/pageHeaders/?C=D;O=D HTTP/1.1" 200 478 "-" "Mozilla/5.0 (compatible; BLEXBot/1.0; +http://webmeup-crawler.com/)" "brucemillernurseryedgewood.com"
162.55.85.225 - - [06/Nov/2022:23:08:19 -0800] "GET /clipart/pageHeaders/?C=M;O=D HTTP/1.1" 200 477 "-" "Mozilla/5.0 (compatible; BLEXBot/1.0; +http://webmeup-crawler.com/)" "brucemillernurseryedgewood.com"
162.55.85.225 - - [06/Nov/2022:23:08:24 -0800] "GET /clipart/pageHeaders/?C=N;O=A HTTP/1.1" 200 479 "-" "Mozilla/5.0 (compatible; BLEXBot/1.0; +http://webmeup-crawler.com/)" "brucemillernurseryedgewood.com"
162.55.85.225 - - [06/Nov/2022:23:08:27 -0800] "GET /clipart/pageHeaders/?C=S;O=D HTTP/1.1" 200 476 "-" "Mozilla/5.0 (compatible; BLEXBot/1.0; +http://webmeup-crawler.com/)" "brucemillernurseryedgewood.com"
162.55.85.225 - - [06/Nov/2022:23:08:30 -0800] "GET /sitebuilder/clipart/?C=D;O=D HTTP/1.1" 200 377 "-" "Mozilla/5.0 (compatible; BLEXBot/1.0; +http://webmeup-crawler.com/)" "brucemillernurseryedgewood.com"
162.55.85.225 - - [06/Nov/2022:23:08:33 -0800] "GET /sitebuilder/clipart/?C=M;O=D HTTP/1.1" 200 375 "-" "Mozilla/5.0 (compatible; BLEXBot/1.0; +http://webmeup-crawler.com/)" "brucemillernurseryedgewood.com"
162.55.85.225 - - [06/Nov/2022:23:08:37 -0800] "GET /sitebuilder/clipart/?C=N;O=A HTTP/1.1" 200 376 "-" "Mozilla/5.0 (compatible; BLEXBot/1.0; +http://webmeup-crawler.com/)" "brucemillernurseryedgewood.com"
162.55.85.225 - - [06/Nov/2022:23:08:43 -0800] "GET /sitebuilder/clipart/?C=S;O=D HTTP/1.1" 200 377 "-" "Mozilla/5.0 (compatible; BLEXBot/1.0; +http://webmeup-crawler.com/)" "brucemillernurseryedgewood.com"
162.55.85.225 - - [06/Nov/2022:23:08:52 -0800] "GET /sitebuilder/clipart/backgrounds/?C=D;O=A HTTP/1.1" 200 371 "-" "Mozilla/5.0 (compatible; BLEXBot/1.0; +http://webmeup-crawler.com/)" "brucemillernurseryedgewood.com"
162.55.85.225 - - [06/Nov/2022:23:08:55 -0800] "GET /sitebuilder/clipart/backgrounds/?C=M;O=A HTTP/1.1" 200 371 "-" "Mozilla/5.0 (compatible; BLEXBot/1.0; +http://webmeup-crawler.com/)" "brucemillernurseryedgewood.com"
162.55.85.225 - - [06/Nov/2022:23:09:01 -0800] "GET /sitebuilder/clipart/backgrounds/?C=N;O=D HTTP/1.1" 200 368 "-" "Mozilla/5.0 (compatible; BLEXBot/1.0; +http://webmeup-crawler.com/)" "brucemillernurseryedgewood.com"
162.55.85.225 - - [06/Nov/2022:23:09:12 -0800] "GET /sitebuilder/clipart/backgrounds/?C=S;O=A HTTP/1.1" 200 371 "-" "Mozilla/5.0 (compatible; BLEXBot/1.0; +http://webmeup-crawler.com/)" "brucemillernurseryedgewood.com"
162.55.85.225 - - [06/Nov/2022:23:09:16 -0800] "GET /sitebuilder/clipart/backgrounds/tile/ HTTP/1.1" 200 412 "-" "Mozilla/5.0 (compatible; BLEXBot/1.0; +http://webmeup-crawler.com/)" "brucemillernurseryedgewood.com"
162.55.85.225 - - [06/Nov/2022:23:09:18 -0800] "GET /sitebuilder/clipart/bars/?C=D;O=A HTTP/1.1" 200 384 "-" "Mozilla/5.0 (compatible; BLEXBot/1.0; +http://webmeup-crawler.com/)" "brucemillernurseryedgewood.com"
162.55.85.225 - - [06/Nov/2022:23:09:20 -0800] "GET /sitebuilder/clipart/bars/?C=M;O=A HTTP/1.1" 200 384 "-" "Mozilla/5.0 (compatible; BLEXBot/1.0; +http://webmeup-crawler.com/)" "brucemillernurseryedgewood.com"
162.55.85.225 - - [06/Nov/2022:23:09:24 -0800] "GET /sitebuilder/clipart/bars/?C=N;O=D HTTP/1.1" 200 382 "-" "Mozilla/5.0 (compatible; BLEXBot/1.0; +http://webmeup-crawler.com/)" "brucemillernurseryedgewood.com"
162.55.85.225 - - [06/Nov/2022:23:09:29 -0800] "GET /sitebuilder/clipart/bars/?C=S;O=A HTTP/1.1" 200 384 "-" "Mozilla/5.0 (compatible; BLEXBot/1.0; +http://webmeup-crawler.com/)" "brucemillernurseryedgewood.com"
162.55.85.225 - - [06/Nov/2022:23:09:31 -0800] "GET /sitebuilder/clipart/bars/low-carb/ HTTP/1.1" 200 375 "-" "Mozilla/5.0 (compatible; BLEXBot/1.0; +http://webmeup-crawler.com/)" "brucemillernurseryedgewood.com"
162.55.85.225 - - [06/Nov/2022:23:09:36 -0800] "GET /sitebuilder/clipart/bars/regular/ HTTP/1.1" 200 391 "-" "Mozilla/5.0 (compatible; BLEXBot/1.0; +http://webmeup-crawler.com/)" "brucemillernurseryedgewood.com"
162.55.85.225 - - [06/Nov/2022:23:09:38 -0800] "GET /sitebuilder/images/?C=D;O=D HTTP/1.1" 200 7086 "-" "Mozilla/5.0 (compatible; BLEXBot/1.0; +http://webmeup-crawler.com/)" "brucemillernurseryedgewood.com"
162.55.85.225 - - [06/Nov/2022:23:09:41 -0800] "GET /sitebuilder/images/?C=M;O=D HTTP/1.1" 200 7372 "-" "Mozilla/5.0 (compatible; BLEXBot/1.0; +http://webmeup-crawler.com/)" "brucemillernurseryedgewood.com"
162.55.85.225 - - [06/Nov/2022:23:09:45 -0800] "GET /sitebuilder/images/?C=N;O=A HTTP/1.1" 200 7088 "-" "Mozilla/5.0 (compatible; BLEXBot/1.0; +http://webmeup-crawler.com/)" "brucemillernurseryedgewood.com"
162.55.85.225 - - [06/Nov/2022:23:09:50 -0800] "GET /sitebuilder/images/?C=S;O=D HTTP/1.1" 200 7298 "-" "Mozilla/5.0 (compatible; BLEXBot/1.0; +http://webmeup-crawler.com/)" "brucemillernurseryedgewood.com"
162.55.85.225 - - [06/Nov/2022:23:09:52 -0800] "GET /sitebuilder/scripts/?C=D;O=D HTTP/1.1" 200 371 "-" "Mozilla/5.0 (compatible; BLEXBot/1.0; +http://webmeup-crawler.com/)" "brucemillernurseryedgewood.com"
162.55.85.225 - - [06/Nov/2022:23:09:55 -0800] "GET /sitebuilder/scripts/?C=M;O=D HTTP/1.1" 200 371 "-" "Mozilla/5.0 (compatible; BLEXBot/1.0; +http://webmeup-crawler.com/)" "brucemillernurseryedgewood.com"
162.55.85.225 - - [06/Nov/2022:23:09:57 -0800] "GET /sitebuilder/scripts/?C=N;O=A HTTP/1.1" 200 372 "-" "Mozilla/5.0 (compatible; BLEXBot/1.0; +http://webmeup-crawler.com/)" "brucemillernurseryedgewood.com"
162.55.85.225 - - [06/Nov/2022:23:09:59 -0800] "GET /sitebuilder/scripts/?C=S;O=D HTTP/1.1" 200 371 "-" "Mozilla/5.0 (compatible; BLEXBot/1.0; +http://webmeup-crawler.com/)" "brucemillernurseryedgewood.com"
114.119.132.149 - - [06/Nov/2022:23:10:18 -0800] "GET /featured_article HTTP/1.1" 200 4255 "http://www.brucemillernurseryedgewood.com/whats_new" "Mozilla/5.0 (Linux; Android 7.0;) AppleWebKit/537.36 (KHTML, like Gecko) Mobile Safari/537.36 (compatible; PetalBot;+https://webmaster.petalsearch.com/site/petalbot)" "www.brucemillernurseryedgewood.com"
114.119.132.149 - - [06/Nov/2022:23:15:17 -0800] "GET /clipart/buttons/themes/?C=M%3BO%3DA HTTP/1.1" 200 382 "http://brucemillernurseryedgewood.com/clipart/buttons/themes/?C=D%3BO%3DA" "Mozilla/5.0 (Linux; Android 7.0;) AppleWebKit/537.36 (KHTML, like Gecko) Mobile Safari/537.36 (compatible; PetalBot;+https://webmaster.petalsearch.com/site/petalbot)" "brucemillernurseryedgewood.com"
49.7.20.113 - - [06/Nov/2022:23:19:04 -0800] "GET / HTTP/1.1" 200 406 "-" "Sogou web spider/4.0(+http://www.sogou.com/docs/help/webmasters.htm#07)" "www.brucemillernurseryedgewood.com"
114.119.150.186 - - [06/Nov/2022:23:20:19 -0800] "GET /clipart/images/sidebars?C=M%3BO%3DA HTTP/1.1" 301 1448 "https://www.brucemillernurseryedgewood.com/clipart/images/sidebars?C=N%3BO%3DD" "Mozilla/5.0 (Linux; Android 7.0;) AppleWebKit/537.36 (KHTML, like Gecko) Mobile Safari/537.36 (compatible; PetalBot;+https://webmaster.petalsearch.com/site/petalbot)" "www.brucemillernurseryedgewood.com"
114.119.150.186 - - [06/Nov/2022:23:20:20 -0800] "GET /clipart/images/sidebars/?C=M%3BO%3DA HTTP/1.1" 200 405 "https://www.brucemillernurseryedgewood.com/clipart/images/sidebars?C=N%3BO%3DD" "Mozilla/5.0 (Linux; Android 7.0;) AppleWebKit/537.36 (KHTML, like Gecko) Mobile Safari/537.36 (compatible; PetalBot;+https://webmaster.petalsearch.com/site/petalbot)" "www.brucemillernurseryedgewood.com"
216.244.66.230 - - [06/Nov/2022:23:22:57 -0800] "GET /images/IMG_0123.JPG HTTP/1.1" 200 3507304 "-" "Mozilla/5.0 (compatible; DotBot/1.2; +https://opensiteexplorer.org/dotbot; help@moz.com)" "www.brucemillernurseryedgewood.com"
216.244.66.230 - - [06/Nov/2022:23:23:47 -0800] "GET /images/IMG_0713.JPG HTTP/1.1" 200 5219188 "-" "Mozilla/5.0 (compatible; DotBot/1.2; +https://opensiteexplorer.org/dotbot; help@moz.com)" "www.brucemillernurseryedgewood.com"
216.244.66.230 - - [06/Nov/2022:23:24:38 -0800] "GET /images/wildflower_search_bar_background-960x40.jpg HTTP/1.1" 200 6399 "-" "Mozilla/5.0 (compatible; DotBot/1.2; +https://opensiteexplorer.org/dotbot; help@moz.com)" "www.brucemillernurseryedgewood.com"
216.244.66.230 - - [06/Nov/2022:23:26:30 -0800] "GET /images/14989_1_.jpg HTTP/1.1" 200 2343 "-" "Mozilla/5.0 (compatible; DotBot/1.2; +https://opensiteexplorer.org/dotbot; help@moz.com)" "brucemillernurseryedgewood.com"
216.244.66.230 - - [06/Nov/2022:23:26:59 -0800] "GET /images/IMG_0747.JPG HTTP/1.1" 200 5142021 "-" "Mozilla/5.0 (compatible; DotBot/1.2; +https://opensiteexplorer.org/dotbot; help@moz.com)" "brucemillernurseryedgewood.com"
114.119.132.122 - - [06/Nov/2022:23:28:52 -0800] "GET /sitebuilder/clipart/bars/regular/vertical/?C=M%3BO%3DA HTTP/1.1" 200 417 "http://brucemillernurseryedgewood.com/sitebuilder/clipart/bars/regular/vertical" "Mozilla/5.0 (Linux; Android 7.0;) AppleWebKit/537.36 (KHTML, like Gecko) Mobile Safari/537.36 (compatible; PetalBot;+https://webmaster.petalsearch.com/site/petalbot)" "brucemillernurseryedgewood.com"
123.125.109.110 - - [06/Nov/2022:23:35:26 -0800] "GET / HTTP/1.1" 200 406 "-" "Sogou web spider/4.0(+http://www.sogou.com/docs/help/webmasters.htm#07)" "www.brucemillernurseryedgewood.com"
160.20.11.8 - - [06/Nov/2022:23:45:50 -0800] "GET / HTTP/1.1" 200 406 "-" "Mozilla/5.0 (Macintosh; Intel Mac OS X 12_5) AppleWebKit/537.36 (KHTML, like Gecko) Chrome/103.0.0.0 Safari/537.36" "brucemillernurseryedgewood.com"
160.20.11.8 - - [06/Nov/2022:23:45:51 -0800] "GET /?C=N;O=D HTTP/1.1" 200 402 "http://brucemillernurseryedgewood.com" "Mozilla/5.0 (Macintosh; Intel Mac OS X 12_5) AppleWebKit/537.36 (KHTML, like Gecko) Chrome/103.0.0.0 Safari/537.36" "brucemillernurseryedgewood.com"
160.20.11.8 - - [06/Nov/2022:23:45:52 -0800] "GET /sitebuilder/ HTTP/1.1" 200 443 "http://brucemillernurseryedgewood.com" "Mozilla/5.0 (Macintosh; Intel Mac OS X 12_5) AppleWebKit/537.36 (KHTML, like Gecko) Chrome/103.0.0.0 Safari/537.36" "brucemillernurseryedgewood.com"
160.20.11.8 - - [06/Nov/2022:23:45:53 -0800] "GET /?C=M;O=A HTTP/1.1" 200 406 "http://brucemillernurseryedgewood.com" "Mozilla/5.0 (Macintosh; Intel Mac OS X 12_5) AppleWebKit/537.36 (KHTML, like Gecko) Chrome/103.0.0.0 Safari/537.36" "brucemillernurseryedgewood.com"
160.20.11.8 - - [06/Nov/2022:23:45:55 -0800] "GET /navigation_bars/ HTTP/1.1" 200 372 "http://brucemillernurseryedgewood.com" "Mozilla/5.0 (Macintosh; Intel Mac OS X 12_5) AppleWebKit/537.36 (KHTML, like Gecko) Chrome/103.0.0.0 Safari/537.36" "brucemillernurseryedgewood.com"
160.20.11.8 - - [06/Nov/2022:23:45:56 -0800] "GET /?C=S;O=A HTTP/1.1" 200 406 "http://brucemillernurseryedgewood.com" "Mozilla/5.0 (Macintosh; Intel Mac OS X 12_5) AppleWebKit/537.36 (KHTML, like Gecko) Chrome/103.0.0.0 Safari/537.36" "brucemillernurseryedgewood.com"
160.20.11.8 - - [06/Nov/2022:23:45:57 -0800] "GET /images/ HTTP/1.1" 200 3702 "http://brucemillernurseryedgewood.com" "Mozilla/5.0 (Macintosh; Intel Mac OS X 12_5) AppleWebKit/537.36 (KHTML, like Gecko) Chrome/103.0.0.0 Safari/537.36" "brucemillernurseryedgewood.com"
160.20.11.8 - - [06/Nov/2022:23:45:58 -0800] "GET /?C=D;O=A HTTP/1.1" 200 406 "http://brucemillernurseryedgewood.com" "Mozilla/5.0 (Macintosh; Intel Mac OS X 12_5) AppleWebKit/537.36 (KHTML, like Gecko) Chrome/103.0.0.0 Safari/537.36" "brucemillernurseryedgewood.com"
160.20.11.8 - - [06/Nov/2022:23:46:00 -0800] "GET /clipart/ HTTP/1.1" 200 456 "http://brucemillernurseryedgewood.com" "Mozilla/5.0 (Macintosh; Intel Mac OS X 12_5) AppleWebKit/537.36 (KHTML, like Gecko) Chrome/103.0.0.0 Safari/537.36" "brucemillernurseryedgewood.com"
51.222.253.10 - - [06/Nov/2022:23:53:55 -0800] "GET /?C=S;O=A HTTP/1.1" 200 406 "-" "Mozilla/5.0 (compatible; AhrefsBot/7.0; +http://ahrefs.com/robot/)" "www.brucemillernurseryedgewood.com"
216.244.66.230 - - [06/Nov/2022:23:56:20 -0800] "GET /robots.txt HTTP/1.1" 404 73 "-" "Mozilla/5.0 (compatible; DotBot/1.2; +https://opensiteexplorer.org/dotbot; help@moz.com)" "brucemillernurseryedgewood.com"
216.244.66.230 - - [06/Nov/2022:23:56:21 -0800] "GET /robots.txt HTTP/1.1" 404 73 "-" "Mozilla/5.0 (compatible; DotBot/1.2; +https://opensiteexplorer.org/dotbot; help@moz.com)" "www.brucemillernurseryedgewood.com"
61.135.159.210 - - [07/Nov/2022:00:01:55 -0800] "GET / HTTP/1.1" 200 406 "-" "Sogou web spider/4.0(+http://www.sogou.com/docs/help/webmasters.htm#07)" "brucemillernurseryedgewood.com"
114.119.131.245 - - [07/Nov/2022:00:02:47 -0800] "GET /robots.txt HTTP/1.1" 404 88 "-" "Mozilla/5.0 (compatible;PetalBot;+https://webmaster.petalsearch.com/site/petalbot)" "brucemillernurseryedgewood.com"
51.222.253.20 - - [07/Nov/2022:00:06:08 -0800] "GET / HTTP/1.1" 200 406 "-" "Mozilla/5.0 (compatible; AhrefsBot/7.0; +http://ahrefs.com/robot/)" "brucemillernurseryedgewood.com"
216.244.66.230 - - [07/Nov/2022:00:10:59 -0800] "GET /images/2009_0516Image0008.JPG HTTP/1.1" 200 445222 "-" "Mozilla/5.0 (compatible; DotBot/1.2; +https://opensiteexplorer.org/dotbot; help@moz.com)" "www.brucemillernurseryedgewood.com"
216.244.66.230 - - [07/Nov/2022:00:11:49 -0800] "GET /images/2009_0531Image0020.JPG HTTP/1.1" 200 456991 "-" "Mozilla/5.0 (compatible; DotBot/1.2; +https://opensiteexplorer.org/dotbot; help@moz.com)" "www.brucemillernurseryedgewood.com"
216.244.66.230 - - [07/Nov/2022:00:12:39 -0800] "GET /images/IMG_0766.JPG HTTP/1.1" 200 3970015 "-" "Mozilla/5.0 (compatible; DotBot/1.2; +https://opensiteexplorer.org/dotbot; help@moz.com)" "www.brucemillernurseryedgewood.com"
216.244.66.230 - - [07/Nov/2022:00:13:29 -0800] "GET /images/IMG_0934.JPG HTTP/1.1" 200 3608177 "-" "Mozilla/5.0 (compatible; DotBot/1.2; +https://opensiteexplorer.org/dotbot; help@moz.com)" "www.brucemillernurseryedgewood.com"
118.184.177.82 - - [07/Nov/2022:00:13:35 -0800] "GET / HTTP/1.1" 200 406 "-" "Sogou web spider/4.0(+http://www.sogou.com/docs/help/webmasters.htm#07)" "www.brucemillernurseryedgewood.com"
216.244.66.230 - - [07/Nov/2022:00:14:19 -0800] "GET /images/tn_1_4.jpg HTTP/1.1" 200 5501 "-" "Mozilla/5.0 (compatible; DotBot/1.2; +https://opensiteexplorer.org/dotbot; help@moz.com)" "www.brucemillernurseryedgewood.com"
216.244.66.230 - - [07/Nov/2022:00:16:12 -0800] "GET /images/2009_0620Image0004.JPG HTTP/1.1" 200 453495 "-" "Mozilla/5.0 (compatible; DotBot/1.2; +https://opensiteexplorer.org/dotbot; help@moz.com)" "brucemillernurseryedgewood.com"
216.244.66.230 - - [07/Nov/2022:00:17:03 -0800] "GET /images/IMG_0718.JPG HTTP/1.1" 200 3129207 "-" "Mozilla/5.0 (compatible; DotBot/1.2; +https://opensiteexplorer.org/dotbot; help@moz.com)" "brucemillernurseryedgewood.com"
141.95.110.165 - - [07/Nov/2022:00:20:04 -0800] "GET /wp-content/themes/seotheme/mar.php HTTP/1.1" 404 88 "-" "Mozilla/5.0 (Windows NT 10.0; Win64; x64) AppleWebKit/537.36 (KHTML, like Gecko) Chrome/85.0.4183.102 Safari/537.36" "brucemillernurseryedgewood.com"
141.95.110.165 - - [07/Nov/2022:00:20:04 -0800] "GET /wp-content/themes/seoplugins/mar.php HTTP/1.1" 404 88 "-" "Mozilla/5.0 (Windows NT 10.0; Win64; x64) AppleWebKit/537.36 (KHTML, like Gecko) Chrome/85.0.4183.102 Safari/537.36" "brucemillernurseryedgewood.com"
114.119.132.131 - - [07/Nov/2022:00:21:08 -0800] "GET /about_us HTTP/1.1" 200 3906 "http://www.brucemillernurseryedgewood.com/whats_new" "Mozilla/5.0 (Linux; Android 7.0;) AppleWebKit/537.36 (KHTML, like Gecko) Mobile Safari/537.36 (compatible; PetalBot;+https://webmaster.petalsearch.com/site/petalbot)" "www.brucemillernurseryedgewood.com"
51.222.253.2 - - [07/Nov/2022:00:23:32 -0800] "GET /robots.txt HTTP/1.1" 404 88 "-" "Mozilla/5.0 (compatible; AhrefsBot/7.0; +http://ahrefs.com/robot/)" "brucemillernurseryedgewood.com"
51.222.253.3 - - [07/Nov/2022:00:23:35 -0800] "GET / HTTP/1.1" 200 406 "-" "Mozilla/5.0 (compatible; AhrefsBot/7.0; +http://ahrefs.com/robot/)" "brucemillernurseryedgewood.com"
114.119.132.16 - - [07/Nov/2022:00:27:09 -0800] "GET /sitebuilder/clipart/backgrounds/tile?C=D%3BO%3DA HTTP/1.1" 301 1448 "http://brucemillernurseryedgewood.com/sitebuilder/clipart/backgrounds/tile?C=S%3BO%3DA" "Mozilla/5.0 (Linux; Android 7.0;) AppleWebKit/537.36 (KHTML, like Gecko) Mobile Safari/537.36 (compatible; PetalBot;+https://webmaster.petalsearch.com/site/petalbot)" "brucemillernurseryedgewood.com"
114.119.132.16 - - [07/Nov/2022:00:27:14 -0800] "GET /sitebuilder/clipart/backgrounds/tile/?C=D%3BO%3DA HTTP/1.1" 200 412 "http://brucemillernurseryedgewood.com/sitebuilder/clipart/backgrounds/tile?C=S%3BO%3DA" "Mozilla/5.0 (Linux; Android 7.0;) AppleWebKit/537.36 (KHTML, like Gecko) Mobile Safari/537.36 (compatible; PetalBot;+https://webmaster.petalsearch.com/site/petalbot)" "brucemillernurseryedgewood.com"
51.222.253.11 - - [07/Nov/2022:00:43:22 -0800] "GET /clipart/bars/regular/?C=N;O=D HTTP/1.1" 200 364 "-" "Mozilla/5.0 (compatible; AhrefsBot/7.0; +http://ahrefs.com/robot/)" "brucemillernurseryedgewood.com"
114.119.132.122 - - [07/Nov/2022:00:46:16 -0800] "GET /sitebuilder/clipart/bars/low-carb?C=D%3BO%3DA HTTP/1.1" 301 1455 "https://www.brucemillernurseryedgewood.com/sitebuilder/clipart/bars/low-carb?C=N%3BO%3DD" "Mozilla/5.0 (Linux; Android 7.0;) AppleWebKit/537.36 (KHTML, like Gecko) Mobile Safari/537.36 (compatible; PetalBot;+https://webmaster.petalsearch.com/site/petalbot)" "www.brucemillernurseryedgewood.com"
114.119.132.122 - - [07/Nov/2022:00:46:17 -0800] "GET /sitebuilder/clipart/bars/low-carb/?C=D%3BO%3DA HTTP/1.1" 200 375 "https://www.brucemillernurseryedgewood.com/sitebuilder/clipart/bars/low-carb?C=N%3BO%3DD" "Mozilla/5.0 (Linux; Android 7.0;) AppleWebKit/537.36 (KHTML, like Gecko) Mobile Safari/537.36 (compatible; PetalBot;+https://webmaster.petalsearch.com/site/petalbot)" "www.brucemillernurseryedgewood.com"
216.244.66.230 - - [07/Nov/2022:00:46:59 -0800] "GET /robots.txt HTTP/1.1" 404 73 "-" "Mozilla/5.0 (compatible; DotBot/1.2; +https://opensiteexplorer.org/dotbot; help@moz.com)" "www.brucemillernurseryedgewood.com"
216.244.66.230 - - [07/Nov/2022:00:46:59 -0800] "GET /robots.txt HTTP/1.1" 404 73 "-" "Mozilla/5.0 (compatible; DotBot/1.2; +https://opensiteexplorer.org/dotbot; help@moz.com)" "brucemillernurseryedgewood.com"
51.222.253.20 - - [07/Nov/2022:01:02:44 -0800] "GET /sitebuilder/clipart/bars/low-carb/horizontal/ HTTP/1.1" 200 421 "-" "Mozilla/5.0 (compatible; AhrefsBot/7.0; +http://ahrefs.com/robot/)" "brucemillernurseryedgewood.com"
216.244.66.230 - - [07/Nov/2022:01:02:50 -0800] "GET /images/IMG_0767.JPG HTTP/1.1" 200 3762400 "-" "Mozilla/5.0 (compatible; DotBot/1.2; +https://opensiteexplorer.org/dotbot; help@moz.com)" "www.brucemillernurseryedgewood.com"
216.244.66.230 - - [07/Nov/2022:01:03:41 -0800] "GET /images/IMG_1175.JPG HTTP/1.1" 200 2838269 "-" "Mozilla/5.0 (compatible; DotBot/1.2; +https://opensiteexplorer.org/dotbot; help@moz.com)" "www.brucemillernurseryedgewood.com"
216.244.66.230 - - [07/Nov/2022:01:05:50 -0800] "GET /images/IMG_0767.JPG HTTP/1.1" 200 3762400 "-" "Mozilla/5.0 (compatible; DotBot/1.2; +https://opensiteexplorer.org/dotbot; help@moz.com)" "brucemillernurseryedgewood.com"
51.222.253.12 - - [07/Nov/2022:01:22:40 -0800] "GET /sitebuilder/?C=D;O=D HTTP/1.1" 200 446 "-" "Mozilla/5.0 (compatible; AhrefsBot/7.0; +http://ahrefs.com/robot/)" "brucemillernurseryedgewood.com"
114.119.150.186 - - [07/Nov/2022:01:23:21 -0800] "GET /sitebuilder/clipart/bars/low-carb/horizontal/?C=S%3BO%3DA HTTP/1.1" 200 421 "http://brucemillernurseryedgewood.com/sitebuilder/clipart/bars/low-carb/horizontal/?C=D%3BO%3DA" "Mozilla/5.0 (Linux; Android 7.0;) AppleWebKit/537.36 (KHTML, like Gecko) Mobile Safari/537.36 (compatible; PetalBot;+https://webmaster.petalsearch.com/site/petalbot)" "brucemillernurseryedgewood.com"
216.244.66.230 - - [07/Nov/2022:01:24:04 -0800] "GET /navigation_bars/?C=S;O=A HTTP/1.1" 200 722 "-" "Mozilla/5.0 (compatible; DotBot/1.2; +https://opensiteexplorer.org/dotbot; help@moz.com)" "brucemillernurseryedgewood.com"
114.119.150.186 - - [07/Nov/2022:01:28:19 -0800] "GET /clipart/lines/?C=S%3BO%3DA HTTP/1.1" 200 361 "https://www.brucemillernurseryedgewood.com/clipart/lines/" "Mozilla/5.0 (Linux; Android 7.0;) AppleWebKit/537.36 (KHTML, like Gecko) Mobile Safari/537.36 (compatible; PetalBot;+https://webmaster.petalsearch.com/site/petalbot)" "www.brucemillernurseryedgewood.com"
114.119.132.131 - - [07/Nov/2022:01:33:18 -0800] "GET /sitebuilder/clipart/bars/regular/?C=M%3BO%3DA HTTP/1.1" 200 391 "http://brucemillernurseryedgewood.com/sitebuilder/clipart/bars/regular?C=M%3BO%3DA" "Mozilla/5.0 (Linux; Android 7.0;) AppleWebKit/537.36 (KHTML, like Gecko) Mobile Safari/537.36 (compatible; PetalBot;+https://webmaster.petalsearch.com/site/petalbot)" "brucemillernurseryedgewood.com"
114.119.132.149 - - [07/Nov/2022:01:38:20 -0800] "GET /clipart/backgrounds/?C=S%3BO%3DA HTTP/1.1" 200 389 "https://www.brucemillernurseryedgewood.com/clipart/backgrounds" "Mozilla/5.0 (Linux; Android 7.0;) AppleWebKit/537.36 (KHTML, like Gecko) Mobile Safari/537.36 (compatible; PetalBot;+https://webmaster.petalsearch.com/site/petalbot)" "www.brucemillernurseryedgewood.com"
114.119.132.131 - - [07/Nov/2022:01:43:18 -0800] "GET /clipart/backgrounds/?C=N%3BO%3DD HTTP/1.1" 200 389 "http://brucemillernurseryedgewood.com/clipart/backgrounds/" "Mozilla/5.0 (Linux; Android 7.0;) AppleWebKit/537.36 (KHTML, like Gecko) Mobile Safari/537.36 (compatible; PetalBot;+https://webmaster.petalsearch.com/site/petalbot)" "brucemillernurseryedgewood.com"
51.222.253.6 - - [07/Nov/2022:01:43:58 -0800] "GET /sitebuilder/scripts/?C=D;O=A HTTP/1.1" 200 372 "-" "Mozilla/5.0 (compatible; AhrefsBot/7.0; +http://ahrefs.com/robot/)" "brucemillernurseryedgewood.com"
114.119.132.149 - - [07/Nov/2022:01:48:20 -0800] "GET /clipart/pageHeaders?C=D%3BO%3DA HTTP/1.1" 301 1440 "http://brucemillernurseryedgewood.com/clipart/pageHeaders" "Mozilla/5.0 (Linux; Android 7.0;) AppleWebKit/537.36 (KHTML, like Gecko) Mobile Safari/537.36 (compatible; PetalBot;+https://webmaster.petalsearch.com/site/petalbot)" "brucemillernurseryedgewood.com"
114.119.132.149 - - [07/Nov/2022:01:48:21 -0800] "GET /clipart/pageHeaders/?C=D%3BO%3DA HTTP/1.1" 200 479 "http://brucemillernurseryedgewood.com/clipart/pageHeaders" "Mozilla/5.0 (Linux; Android 7.0;) AppleWebKit/537.36 (KHTML, like Gecko) Mobile Safari/537.36 (compatible; PetalBot;+https://webmaster.petalsearch.com/site/petalbot)" "brucemillernurseryedgewood.com"
114.119.132.122 - - [07/Nov/2022:01:54:18 -0800] "GET /sitebuilder/clipart/bars/low-carb/horizontal?C=N%3BO%3DD HTTP/1.1" 301 1463 "https://www.brucemillernurseryedgewood.com/sitebuilder/clipart/bars/low-carb/horizontal?C=M%3BO%3DA" "Mozilla/5.0 (Linux; Android 7.0;) AppleWebKit/537.36 (KHTML, like Gecko) Mobile Safari/537.36 (compatible; PetalBot;+https://webmaster.petalsearch.com/site/petalbot)" "www.brucemillernurseryedgewood.com"
114.119.132.122 - - [07/Nov/2022:01:54:20 -0800] "GET /sitebuilder/clipart/bars/low-carb/horizontal/?C=N%3BO%3DD HTTP/1.1" 200 421 "https://www.brucemillernurseryedgewood.com/sitebuilder/clipart/bars/low-carb/horizontal?C=M%3BO%3DA" "Mozilla/5.0 (Linux; Android 7.0;) AppleWebKit/537.36 (KHTML, like Gecko) Mobile Safari/537.36 (compatible; PetalBot;+https://webmaster.petalsearch.com/site/petalbot)" "www.brucemillernurseryedgewood.com"
216.244.66.230 - - [07/Nov/2022:01:59:03 -0800] "GET /robots.txt HTTP/1.1" 404 73 "-" "Mozilla/5.0 (compatible; DotBot/1.2; +https://opensiteexplorer.org/dotbot; help@moz.com)" "www.brucemillernurseryedgewood.com"
216.244.66.230 - - [07/Nov/2022:01:59:03 -0800] "GET /robots.txt HTTP/1.1" 404 73 "-" "Mozilla/5.0 (compatible; DotBot/1.2; +https://opensiteexplorer.org/dotbot; help@moz.com)" "brucemillernurseryedgewood.com"
114.119.132.122 - - [07/Nov/2022:01:59:19 -0800] "GET /clipart/bars?C=S%3BO%3DA HTTP/1.1" 301 1441 "https://www.brucemillernurseryedgewood.com/clipart/bars?C=D%3BO%3DA" "Mozilla/5.0 (Linux; Android 7.0;) AppleWebKit/537.36 (KHTML, like Gecko) Mobile Safari/537.36 (compatible; PetalBot;+https://webmaster.petalsearch.com/site/petalbot)" "www.brucemillernurseryedgewood.com"
114.119.132.122 - - [07/Nov/2022:01:59:21 -0800] "GET /clipart/bars/?C=S%3BO%3DA HTTP/1.1" 200 358 "https://www.brucemillernurseryedgewood.com/clipart/bars?C=D%3BO%3DA" "Mozilla/5.0 (Linux; Android 7.0;) AppleWebKit/537.36 (KHTML, like Gecko) Mobile Safari/537.36 (compatible; PetalBot;+https://webmaster.petalsearch.com/site/petalbot)" "www.brucemillernurseryedgewood.com"
51.222.253.1 - - [07/Nov/2022:02:03:01 -0800] "GET /?C=N;O=A HTTP/1.1" 200 406 "-" "Mozilla/5.0 (compatible; AhrefsBot/7.0; +http://ahrefs.com/robot/)" "www.brucemillernurseryedgewood.com"
114.119.132.131 - - [07/Nov/2022:02:06:14 -0800] "GET /clipart/pageHeaders/ HTTP/1.1" 200 479 "https://www.brucemillernurseryedgewood.com/clipart" "Mozilla/5.0 (Linux; Android 7.0;) AppleWebKit/537.36 (KHTML, like Gecko) Mobile Safari/537.36 (compatible; PetalBot;+https://webmaster.petalsearch.com/site/petalbot)" "www.brucemillernurseryedgewood.com"
216.244.66.230 - - [07/Nov/2022:02:07:34 -0800] "GET /images/Buckeyes_from_Stan.jpg HTTP/1.1" 200 5537 "-" "Mozilla/5.0 (compatible; DotBot/1.2; +https://opensiteexplorer.org/dotbot; help@moz.com)" "www.brucemillernurseryedgewood.com"
216.244.66.230 - - [07/Nov/2022:02:07:40 -0800] "GET /images/IMG_1193.JPG HTTP/1.1" 200 4049761 "-" "Mozilla/5.0 (compatible; DotBot/1.2; +https://opensiteexplorer.org/dotbot; help@moz.com)" "www.brucemillernurseryedgewood.com"
216.244.66.230 - - [07/Nov/2022:02:07:58 -0800] "GET /images/Steven_s_yard.jpg HTTP/1.1" 200 444626 "-" "Mozilla/5.0 (compatible; DotBot/1.2; +https://opensiteexplorer.org/dotbot; help@moz.com)" "www.brucemillernurseryedgewood.com"
216.244.66.230 - - [07/Nov/2022:02:08:11 -0800] "GET /images/IMG_0178.JPG HTTP/1.1" 200 3495840 "-" "Mozilla/5.0 (compatible; DotBot/1.2; +https://opensiteexplorer.org/dotbot; help@moz.com)" "brucemillernurseryedgewood.com"
216.244.66.230 - - [07/Nov/2022:02:08:56 -0800] "GET /images/IMG_0773.JPG HTTP/1.1" 200 2739203 "-" "Mozilla/5.0 (compatible; DotBot/1.2; +https://opensiteexplorer.org/dotbot; help@moz.com)" "brucemillernurseryedgewood.com"
216.244.66.230 - - [07/Nov/2022:02:12:03 -0800] "GET /images/?C=M;O=A HTTP/1.1" 200 36684 "-" "Mozilla/5.0 (compatible; DotBot/1.2; +https://opensiteexplorer.org/dotbot; help@moz.com)" "www.brucemillernurseryedgewood.com"
114.119.150.186 - - [07/Nov/2022:02:16:35 -0800] "GET /sitebuilder?C=N%3BO%3DD HTTP/1.1" 301 1435 "http://brucemillernurseryedgewood.com/sitebuilder?C=D%3BO%3DA" "Mozilla/5.0 (Linux; Android 7.0;) AppleWebKit/537.36 (KHTML, like Gecko) Mobile Safari/537.36 (compatible; PetalBot;+https://webmaster.petalsearch.com/site/petalbot)" "brucemillernurseryedgewood.com"
114.119.150.186 - - [07/Nov/2022:02:16:36 -0800] "GET /sitebuilder/?C=N%3BO%3DD HTTP/1.1" 200 443 "http://brucemillernurseryedgewood.com/sitebuilder?C=D%3BO%3DA" "Mozilla/5.0 (Linux; Android 7.0;) AppleWebKit/537.36 (KHTML, like Gecko) Mobile Safari/537.36 (compatible; PetalBot;+https://webmaster.petalsearch.com/site/petalbot)" "brucemillernurseryedgewood.com"
157.55.39.3 - - [07/Nov/2022:02:17:41 -0800] "GET /clipart/backgrounds/sidebar/?C=D;O=A HTTP/1.1" 200 384 "-" "Mozilla/5.0 AppleWebKit/537.36 (KHTML, like Gecko; compatible; bingbot/2.0; +http://www.bing.com/bingbot.htm) Chrome/103.0.5060.134 Safari/537.36" "brucemillernurseryedgewood.com"
51.222.253.6 - - [07/Nov/2022:02:18:34 -0800] "GET /?C=S;O=D HTTP/1.1" 200 402 "-" "Mozilla/5.0 (compatible; AhrefsBot/7.0; +http://ahrefs.com/robot/)" "www.brucemillernurseryedgewood.com"
114.119.132.149 - - [07/Nov/2022:02:21:36 -0800] "GET /clipart/backgrounds/?C=M%3BO%3DA HTTP/1.1" 200 389 "http://brucemillernurseryedgewood.com/clipart/backgrounds/" "Mozilla/5.0 (Linux; Android 7.0;) AppleWebKit/537.36 (KHTML, like Gecko) Mobile Safari/537.36 (compatible; PetalBot;+https://webmaster.petalsearch.com/site/petalbot)" "brucemillernurseryedgewood.com"
216.244.66.230 - - [07/Nov/2022:02:55:19 -0800] "GET /robots.txt HTTP/1.1" 404 73 "-" "Mozilla/5.0 (compatible; DotBot/1.2; +https://opensiteexplorer.org/dotbot; help@moz.com)" "www.brucemillernurseryedgewood.com"
216.244.66.230 - - [07/Nov/2022:02:55:19 -0800] "GET /robots.txt HTTP/1.1" 404 73 "-" "Mozilla/5.0 (compatible; DotBot/1.2; +https://opensiteexplorer.org/dotbot; help@moz.com)" "brucemillernurseryedgewood.com"
51.222.253.10 - - [07/Nov/2022:02:56:48 -0800] "GET /images/ HTTP/1.1" 200 3702 "-" "Mozilla/5.0 (compatible; AhrefsBot/7.0; +http://ahrefs.com/robot/)" "brucemillernurseryedgewood.com"
216.244.66.230 - - [07/Nov/2022:03:05:49 -0800] "GET /sitebuilder/scripts/ HTTP/1.1" 200 739 "-" "Mozilla/5.0 (compatible; DotBot/1.2; +https://opensiteexplorer.org/dotbot; help@moz.com)" "www.brucemillernurseryedgewood.com"
216.244.66.230 - - [07/Nov/2022:03:06:37 -0800] "GET /images/2009_0516Image0008.JPG HTTP/1.1" 200 445222 "-" "Mozilla/5.0 (compatible; DotBot/1.2; +https://opensiteexplorer.org/dotbot; help@moz.com)" "brucemillernurseryedgewood.com"
216.244.66.230 - - [07/Nov/2022:03:07:25 -0800] "GET /images/IMG_0918.JPG HTTP/1.1" 200 3059258 "-" "Mozilla/5.0 (compatible; DotBot/1.2; +https://opensiteexplorer.org/dotbot; help@moz.com)" "brucemillernurseryedgewood.com"
216.244.66.230 - - [07/Nov/2022:03:08:16 -0800] "GET /images/IMG_1169.JPG HTTP/1.1" 200 3582164 "-" "Mozilla/5.0 (compatible; DotBot/1.2; +https://opensiteexplorer.org/dotbot; help@moz.com)" "brucemillernurseryedgewood.com"
118.184.177.83 - - [07/Nov/2022:03:29:42 -0800] "GET / HTTP/1.1" 200 406 "-" "Sogou web spider/4.0(+http://www.sogou.com/docs/help/webmasters.htm#07)" "www.brucemillernurseryedgewood.com"
114.119.132.122 - - [07/Nov/2022:03:31:11 -0800] "GET /sitebuilder/clipart/bars/regular/horizontal?C=S%3BO%3DA HTTP/1.1" 301 1457 "http://brucemillernurseryedgewood.com/sitebuilder/clipart/bars/regular/horizontal?C=M%3BO%3DA" "Mozilla/5.0 (Linux; Android 7.0;) AppleWebKit/537.36 (KHTML, like Gecko) Mobile Safari/537.36 (compatible; PetalBot;+https://webmaster.petalsearch.com/site/petalbot)" "brucemillernurseryedgewood.com"
114.119.132.122 - - [07/Nov/2022:03:31:14 -0800] "GET /sitebuilder/clipart/bars/regular/horizontal/?C=S%3BO%3DA HTTP/1.1" 200 416 "http://brucemillernurseryedgewood.com/sitebuilder/clipart/bars/regular/horizontal?C=M%3BO%3DA" "Mozilla/5.0 (Linux; Android 7.0;) AppleWebKit/537.36 (KHTML, like Gecko) Mobile Safari/537.36 (compatible; PetalBot;+https://webmaster.petalsearch.com/site/petalbot)" "brucemillernurseryedgewood.com"
195.191.219.132 - - [07/Nov/2022:03:35:18 -0800] "GET /robots.txt HTTP/1.1" 404 73 "-" "Mozilla/5.0 (compatible; MJ12bot/v1.4.8; http://mj12bot.com/)" "brucemillernurseryedgewood.com"
195.191.219.132 - - [07/Nov/2022:03:35:20 -0800] "GET /contact_us HTTP/1.1" 200 8121 "-" "Mozilla/5.0 (compatible; MJ12bot/v1.4.8; http://mj12bot.com/)" "brucemillernurseryedgewood.com"
195.191.219.132 - - [07/Nov/2022:03:35:21 -0800] "GET /whats_new HTTP/1.1" 200 4437 "-" "Mozilla/5.0 (compatible; MJ12bot/v1.4.8; http://mj12bot.com/)" "brucemillernurseryedgewood.com"
216.244.66.230 - - [07/Nov/2022:03:42:04 -0800] "GET /robots.txt HTTP/1.1" 404 73 "-" "Mozilla/5.0 (compatible; DotBot/1.2; +https://opensiteexplorer.org/dotbot; help@moz.com)" "brucemillernurseryedgewood.com"
216.244.66.230 - - [07/Nov/2022:03:42:04 -0800] "GET /robots.txt HTTP/1.1" 404 73 "-" "Mozilla/5.0 (compatible; DotBot/1.2; +https://opensiteexplorer.org/dotbot; help@moz.com)" "www.brucemillernurseryedgewood.com"
