216.244.66.230 - - [10/Nov/2022:07:04:42 -0800] "GET /sitebuilder/images/IMG_0178-340x254.jpg HTTP/1.1" 200 23009 "-" "Mozilla/5.0 (compatible; DotBot/1.2; +https://opensiteexplorer.org/dotbot; help@moz.com)" "brucemillernurseryedgewood.com"
216.244.66.230 - - [10/Nov/2022:07:05:12 -0800] "GET /sitebuilder/images/Ivy_kittens2-285x225.jpg HTTP/1.1" 200 14903 "-" "Mozilla/5.0 (compatible; DotBot/1.2; +https://opensiteexplorer.org/dotbot; help@moz.com)" "brucemillernurseryedgewood.com"
216.244.66.230 - - [10/Nov/2022:07:10:46 -0800] "GET /sitebuilder/images/13126_1_-180x168.jpg HTTP/1.1" 200 5726 "-" "Mozilla/5.0 (compatible; DotBot/1.2; +https://opensiteexplorer.org/dotbot; help@moz.com)" "www.brucemillernurseryedgewood.com"
216.244.66.230 - - [10/Nov/2022:07:11:07 -0800] "GET /sitebuilder/images/2009_0620Image0007-320x435.jpg HTTP/1.1" 200 38553 "-" "Mozilla/5.0 (compatible; DotBot/1.2; +https://opensiteexplorer.org/dotbot; help@moz.com)" "www.brucemillernurseryedgewood.com"
216.244.66.230 - - [10/Nov/2022:07:11:29 -0800] "GET /sitebuilder/images/IMG_0128-263x420.jpg HTTP/1.1" 200 42499 "-" "Mozilla/5.0 (compatible; DotBot/1.2; +https://opensiteexplorer.org/dotbot; help@moz.com)" "www.brucemillernurseryedgewood.com"
216.244.66.230 - - [10/Nov/2022:07:11:48 -0800] "GET /sitebuilder/images/Ivy_kittens2-390x255.jpg HTTP/1.1" 200 21773 "-" "Mozilla/5.0 (compatible; DotBot/1.2; +https://opensiteexplorer.org/dotbot; help@moz.com)" "www.brucemillernurseryedgewood.com"
216.244.66.230 - - [10/Nov/2022:07:22:17 -0800] "GET /robots.txt HTTP/1.1" 404 73 "-" "Mozilla/5.0 (compatible; DotBot/1.2; +https://opensiteexplorer.org/dotbot; help@moz.com)" "brucemillernurseryedgewood.com"
216.244.66.230 - - [10/Nov/2022:07:22:17 -0800] "GET /robots.txt HTTP/1.1" 404 73 "-" "Mozilla/5.0 (compatible; DotBot/1.2; +https://opensiteexplorer.org/dotbot; help@moz.com)" "www.brucemillernurseryedgewood.com"
77.75.79.11 - - [10/Nov/2022:07:44:11 -0800] "GET /robots.txt HTTP/1.1" 404 88 "-" "Mozilla/5.0 (compatible; SeznamBot/3.2; +http://napoveda.seznam.cz/en/seznambot-intro/)" "brucemillernurseryedgewood.com"
77.75.79.11 - - [10/Nov/2022:07:44:12 -0800] "GET /images/IMG_0486.JPG HTTP/1.1" 304 - "-" "Mozilla/5.0 (compatible; SeznamBot/3.2; +http://napoveda.seznam.cz/en/seznambot-intro/)" "brucemillernurseryedgewood.com"
216.244.66.230 - - [10/Nov/2022:07:45:11 -0800] "GET /images/IMG_0182.JPG HTTP/1.1" 200 3025818 "-" "Mozilla/5.0 (compatible; DotBot/1.2; +https://opensiteexplorer.org/dotbot; help@moz.com)" "www.brucemillernurseryedgewood.com"
216.244.66.230 - - [10/Nov/2022:07:46:01 -0800] "GET /images/IMG_0196.JPG HTTP/1.1" 200 4741523 "-" "Mozilla/5.0 (compatible; DotBot/1.2; +https://opensiteexplorer.org/dotbot; help@moz.com)" "www.brucemillernurseryedgewood.com"
216.244.66.230 - - [10/Nov/2022:07:46:51 -0800] "GET /images/IMG_0488.JPG HTTP/1.1" 200 3038059 "-" "Mozilla/5.0 (compatible; DotBot/1.2; +https://opensiteexplorer.org/dotbot; help@moz.com)" "www.brucemillernurseryedgewood.com"
216.244.66.230 - - [10/Nov/2022:07:47:41 -0800] "GET /images/IMG_0879.JPG HTTP/1.1" 200 2419010 "-" "Mozilla/5.0 (compatible; DotBot/1.2; +https://opensiteexplorer.org/dotbot; help@moz.com)" "www.brucemillernurseryedgewood.com"
216.244.66.230 - - [10/Nov/2022:07:49:53 -0800] "GET /images/IMG_0509.JPG HTTP/1.1" 200 4502396 "-" "Mozilla/5.0 (compatible; DotBot/1.2; +https://opensiteexplorer.org/dotbot; help@moz.com)" "brucemillernurseryedgewood.com"
216.244.66.230 - - [10/Nov/2022:07:50:43 -0800] "GET /sitebuilder/images/Edgewood-1-mouseOver-84984.png HTTP/1.1" 200 1694 "-" "Mozilla/5.0 (compatible; DotBot/1.2; +https://opensiteexplorer.org/dotbot; help@moz.com)" "brucemillernurseryedgewood.com"
216.244.66.230 - - [10/Nov/2022:07:51:12 -0800] "GET /sitebuilder/images/IMG_0488-420x311.jpg HTTP/1.1" 200 29398 "-" "Mozilla/5.0 (compatible; DotBot/1.2; +https://opensiteexplorer.org/dotbot; help@moz.com)" "brucemillernurseryedgewood.com"
216.244.66.230 - - [10/Nov/2022:07:51:40 -0800] "GET /sitebuilder/images/IMG_0513-357x252.jpg HTTP/1.1" 200 35911 "-" "Mozilla/5.0 (compatible; DotBot/1.2; +https://opensiteexplorer.org/dotbot; help@moz.com)" "brucemillernurseryedgewood.com"
216.244.66.230 - - [10/Nov/2022:07:52:09 -0800] "GET /sitebuilder/images/IMG_0704-344x254.jpg HTTP/1.1" 200 30692 "-" "Mozilla/5.0 (compatible; DotBot/1.2; +https://opensiteexplorer.org/dotbot; help@moz.com)" "brucemillernurseryedgewood.com"
216.244.66.230 - - [10/Nov/2022:07:52:37 -0800] "GET /sitebuilder/images/IMG_0718-324x435.jpg HTTP/1.1" 200 34651 "-" "Mozilla/5.0 (compatible; DotBot/1.2; +https://opensiteexplorer.org/dotbot; help@moz.com)" "brucemillernurseryedgewood.com"
216.244.66.230 - - [10/Nov/2022:07:53:02 -0800] "GET /sitebuilder/images/IMG_0949-427x315.jpg HTTP/1.1" 200 24660 "-" "Mozilla/5.0 (compatible; DotBot/1.2; +https://opensiteexplorer.org/dotbot; help@moz.com)" "brucemillernurseryedgewood.com"
216.244.66.230 - - [10/Nov/2022:07:53:26 -0800] "GET /sitebuilder/images/small_137_1_-124x180.jpg HTTP/1.1" 200 4994 "-" "Mozilla/5.0 (compatible; DotBot/1.2; +https://opensiteexplorer.org/dotbot; help@moz.com)" "brucemillernurseryedgewood.com"
216.244.66.230 - - [10/Nov/2022:08:00:01 -0800] "GET /sitebuilder/images/Edgewood-0-mouseOver-44225.png HTTP/1.1" 200 1615 "-" "Mozilla/5.0 (compatible; DotBot/1.2; +https://opensiteexplorer.org/dotbot; help@moz.com)" "www.brucemillernurseryedgewood.com"
216.244.66.230 - - [10/Nov/2022:08:00:18 -0800] "GET /sitebuilder/images/Edgewood-1-mouseOver-31140.png HTTP/1.1" 200 1694 "-" "Mozilla/5.0 (compatible; DotBot/1.2; +https://opensiteexplorer.org/dotbot; help@moz.com)" "www.brucemillernurseryedgewood.com"
216.244.66.230 - - [10/Nov/2022:08:00:33 -0800] "GET /sitebuilder/images/Edgewood-3-inactive-31343.png HTTP/1.1" 200 1735 "-" "Mozilla/5.0 (compatible; DotBot/1.2; +https://opensiteexplorer.org/dotbot; help@moz.com)" "www.brucemillernurseryedgewood.com"
216.244.66.230 - - [10/Nov/2022:08:00:47 -0800] "GET /sitebuilder/images/Edgewood-4-inactive-85765.png HTTP/1.1" 200 1735 "-" "Mozilla/5.0 (compatible; DotBot/1.2; +https://opensiteexplorer.org/dotbot; help@moz.com)" "www.brucemillernurseryedgewood.com"
216.244.66.230 - - [10/Nov/2022:08:01:00 -0800] "GET /sitebuilder/images/IMG_0516-384x300.jpg HTTP/1.1" 200 42030 "-" "Mozilla/5.0 (compatible; DotBot/1.2; +https://opensiteexplorer.org/dotbot; help@moz.com)" "www.brucemillernurseryedgewood.com"
216.244.66.230 - - [10/Nov/2022:08:01:13 -0800] "GET /sitebuilder/images/scanned_stuff-294x180.jpg HTTP/1.1" 200 12442 "-" "Mozilla/5.0 (compatible; DotBot/1.2; +https://opensiteexplorer.org/dotbot; help@moz.com)" "www.brucemillernurseryedgewood.com"
216.244.66.230 - - [10/Nov/2022:08:01:24 -0800] "GET /sitebuilder/images/th_BlackLabrador-190x210.jpg HTTP/1.1" 200 6095 "-" "Mozilla/5.0 (compatible; DotBot/1.2; +https://opensiteexplorer.org/dotbot; help@moz.com)" "www.brucemillernurseryedgewood.com"
77.75.79.17 - - [10/Nov/2022:08:04:13 -0800] "GET /robots.txt HTTP/1.1" 404 88 "-" "Mozilla/5.0 (compatible; SeznamBot/3.2; +http://napoveda.seznam.cz/en/seznambot-intro/)" "brucemillernurseryedgewood.com"
77.75.79.17 - - [10/Nov/2022:08:04:14 -0800] "GET /images/IMG_0486.JPG HTTP/1.1" 304 - "-" "Mozilla/5.0 (compatible; SeznamBot/3.2; +http://napoveda.seznam.cz/en/seznambot-intro/)" "brucemillernurseryedgewood.com"
138.246.253.24 - - [10/Nov/2022:08:07:42 -0800] "GET /robots.txt HTTP/1.1" 404 73 "-" "Mozilla/5.0 (Windows NT 10.0; Win64; x64) AppleWebKit/537.36 (KHTML, like Gecko) Chrome/103.0.5060.134 Safari/537.36" "brucemillernurseryedgewood.com"
51.222.253.13 - - [10/Nov/2022:08:11:32 -0800] "GET /sitebuilder/scripts/?C=N;O=D HTTP/1.1" 200 371 "-" "Mozilla/5.0 (compatible; AhrefsBot/7.0; +http://ahrefs.com/robot/)" "brucemillernurseryedgewood.com"
216.244.66.230 - - [10/Nov/2022:08:12:48 -0800] "GET /robots.txt HTTP/1.1" 404 73 "-" "Mozilla/5.0 (compatible; DotBot/1.2; +https://opensiteexplorer.org/dotbot; help@moz.com)" "www.brucemillernurseryedgewood.com"
216.244.66.230 - - [10/Nov/2022:08:12:48 -0800] "GET /robots.txt HTTP/1.1" 404 73 "-" "Mozilla/5.0 (compatible; DotBot/1.2; +https://opensiteexplorer.org/dotbot; help@moz.com)" "brucemillernurseryedgewood.com"
40.77.167.49 - - [10/Nov/2022:08:17:25 -0800] "GET / HTTP/1.1" 200 406 "-" "Mozilla/5.0 AppleWebKit/537.36 (KHTML, like Gecko; compatible; bingbot/2.0; +http://www.bing.com/bingbot.htm) Chrome/103.0.5060.134 Safari/537.36" "brucemillernurseryedgewood.com"
216.244.66.230 - - [10/Nov/2022:08:23:49 -0800] "GET /clipart/ HTTP/1.1" 200 1448 "-" "Mozilla/5.0 (compatible; DotBot/1.2; +https://opensiteexplorer.org/dotbot; help@moz.com)" "www.brucemillernurseryedgewood.com"
185.27.99.116 - - [10/Nov/2022:08:31:43 -0800] "GET /robots.txt HTTP/1.1" 404 88 "-" "Mozilla/5.0 (iPad; CPU OS 6_0 like Mac OS X) AppleWebKit/536.26 (KHTML, like Gecko) Version/6.0 Mobile/10A5355d Safari/8536.25" "brucemillernurseryedgewood.com"
185.27.99.143 - - [10/Nov/2022:08:31:43 -0800] "GET /humans.txt HTTP/1.1" 404 88 "-" "Mozilla/5.0 (iPad; CPU OS 6_0 like Mac OS X) AppleWebKit/536.26 (KHTML, like Gecko) Version/6.0 Mobile/10A5355d Safari/8536.25" "brucemillernurseryedgewood.com"
185.27.99.129 - - [10/Nov/2022:08:31:43 -0800] "GET /ads.txt HTTP/1.1" 404 88 "-" "Mozilla/5.0 (iPad; CPU OS 6_0 like Mac OS X) AppleWebKit/536.26 (KHTML, like Gecko) Version/6.0 Mobile/10A5355d Safari/8536.25" "brucemillernurseryedgewood.com"
185.27.99.138 - - [10/Nov/2022:08:31:44 -0800] "GET / HTTP/1.1" 200 406 "-" "Mozilla/5.0 (iPad; CPU OS 6_0 like Mac OS X) AppleWebKit/536.26 (KHTML, like Gecko) Version/6.0 Mobile/10A5355d Safari/8536.25" "brucemillernurseryedgewood.com"
216.244.66.230 - - [10/Nov/2022:08:31:59 -0800] "GET /images/Front_Pasture_Aug09_-_02.jpg HTTP/1.1" 200 91560 "-" "Mozilla/5.0 (compatible; DotBot/1.2; +https://opensiteexplorer.org/dotbot; help@moz.com)" "www.brucemillernurseryedgewood.com"
216.244.66.230 - - [10/Nov/2022:08:32:50 -0800] "GET /images/IMG_0522.JPG HTTP/1.1" 200 3913440 "-" "Mozilla/5.0 (compatible; DotBot/1.2; +https://opensiteexplorer.org/dotbot; help@moz.com)" "www.brucemillernurseryedgewood.com"
216.244.66.230 - - [10/Nov/2022:08:33:40 -0800] "GET /images/IMG_0875.JPG HTTP/1.1" 200 2623094 "-" "Mozilla/5.0 (compatible; DotBot/1.2; +https://opensiteexplorer.org/dotbot; help@moz.com)" "www.brucemillernurseryedgewood.com"
216.244.66.230 - - [10/Nov/2022:08:37:14 -0800] "GET /images/IMG_0486.JPG HTTP/1.1" 200 3646063 "-" "Mozilla/5.0 (compatible; DotBot/1.2; +https://opensiteexplorer.org/dotbot; help@moz.com)" "brucemillernurseryedgewood.com"
216.244.66.230 - - [10/Nov/2022:08:38:05 -0800] "GET /images/IMG_1272.JPG HTTP/1.1" 200 357519 "-" "Mozilla/5.0 (compatible; DotBot/1.2; +https://opensiteexplorer.org/dotbot; help@moz.com)" "brucemillernurseryedgewood.com"
216.244.66.230 - - [10/Nov/2022:08:38:56 -0800] "GET /images/Steven_s_yard.jpg HTTP/1.1" 200 444626 "-" "Mozilla/5.0 (compatible; DotBot/1.2; +https://opensiteexplorer.org/dotbot; help@moz.com)" "brucemillernurseryedgewood.com"
216.244.66.230 - - [10/Nov/2022:08:39:46 -0800] "GET /sitebuilder/images/IMG_0254-225x315.jpg HTTP/1.1" 200 14949 "-" "Mozilla/5.0 (compatible; DotBot/1.2; +https://opensiteexplorer.org/dotbot; help@moz.com)" "brucemillernurseryedgewood.com"
216.244.66.230 - - [10/Nov/2022:08:47:22 -0800] "GET /sitebuilder/images/2009_0620Image0004-527x397.jpg HTTP/1.1" 200 58621 "-" "Mozilla/5.0 (compatible; DotBot/1.2; +https://opensiteexplorer.org/dotbot; help@moz.com)" "www.brucemillernurseryedgewood.com"
216.244.66.230 - - [10/Nov/2022:08:47:55 -0800] "GET /sitebuilder/images/Edgewood-2-inactive-85125.png HTTP/1.1" 200 2057 "-" "Mozilla/5.0 (compatible; DotBot/1.2; +https://opensiteexplorer.org/dotbot; help@moz.com)" "www.brucemillernurseryedgewood.com"
216.244.66.230 - - [10/Nov/2022:08:48:23 -0800] "GET /sitebuilder/images/th_BlackLabrador-175x165.jpg HTTP/1.1" 200 4995 "-" "Mozilla/5.0 (compatible; DotBot/1.2; +https://opensiteexplorer.org/dotbot; help@moz.com)" "www.brucemillernurseryedgewood.com"
162.240.211.236 - - [10/Nov/2022:08:49:14 -0800] "GET /wp-login.php HTTP/1.1" 404 88 "-" "Mozilla/5.0 (Windows NT 10.0; Win64; x64; rv:96.0) Gecko/20100101 Firefox/96" "brucemillernurseryedgewood.com"
157.55.39.193 - - [10/Nov/2022:08:52:33 -0800] "GET / HTTP/1.1" 200 406 "-" "Mozilla/5.0 (compatible; bingbot/2.0; +http://www.bing.com/bingbot.htm)" "brucemillernurseryedgewood.com"
216.244.66.230 - - [10/Nov/2022:09:01:20 -0800] "GET /robots.txt HTTP/1.1" 404 73 "-" "Mozilla/5.0 (compatible; DotBot/1.2; +https://opensiteexplorer.org/dotbot; help@moz.com)" "brucemillernurseryedgewood.com"
216.244.66.230 - - [10/Nov/2022:09:01:20 -0800] "GET /robots.txt HTTP/1.1" 404 73 "-" "Mozilla/5.0 (compatible; DotBot/1.2; +https://opensiteexplorer.org/dotbot; help@moz.com)" "www.brucemillernurseryedgewood.com"
51.222.253.3 - - [10/Nov/2022:09:04:22 -0800] "GET /sitebuilder/clipart/backgrounds/?C=N;O=D HTTP/1.1" 200 368 "-" "Mozilla/5.0 (compatible; AhrefsBot/7.0; +http://ahrefs.com/robot/)" "brucemillernurseryedgewood.com"
77.75.79.95 - - [10/Nov/2022:09:11:46 -0800] "GET /robots.txt HTTP/1.1" 404 88 "-" "Mozilla/5.0 (compatible; SeznamBot/3.2; +http://napoveda.seznam.cz/en/seznambot-intro/)" "brucemillernurseryedgewood.com"
77.75.79.95 - - [10/Nov/2022:09:11:47 -0800] "GET /images/IMG_0718.JPG HTTP/1.1" 304 - "-" "Mozilla/5.0 (compatible; SeznamBot/3.2; +http://napoveda.seznam.cz/en/seznambot-intro/)" "brucemillernurseryedgewood.com"
216.244.66.230 - - [10/Nov/2022:09:29:57 -0800] "GET /images/2009_0516Image0001.JPG HTTP/1.1" 200 451419 "-" "Mozilla/5.0 (compatible; DotBot/1.2; +https://opensiteexplorer.org/dotbot; help@moz.com)" "www.brucemillernurseryedgewood.com"
216.244.66.230 - - [10/Nov/2022:09:30:49 -0800] "GET /images/IMG_1171.JPG HTTP/1.1" 200 2736849 "-" "Mozilla/5.0 (compatible; DotBot/1.2; +https://opensiteexplorer.org/dotbot; help@moz.com)" "www.brucemillernurseryedgewood.com"
173.252.111.12 - - [10/Nov/2022:09:31:51 -0800] "GET / HTTP/1.1" 206 406 "-" "facebookexternalhit/1.1 (+http://www.facebook.com/externalhit_uatext.php)" "brucemillernurseryedgewood.com"
173.252.111.20 - - [10/Nov/2022:09:31:52 -0800] "GET /yahoo_site_admin/assets/images/018.40132309_std.JPG HTTP/1.1" 200 128723 "-" "facebookexternalhit/1.1 (+http://www.facebook.com/externalhit_uatext.php)" "brucemillernurseryedgewood.com"
173.252.111.21 - - [10/Nov/2022:09:31:52 -0800] "GET /yahoo_site_admin/assets/images/018.40132309_std.JPG HTTP/1.1" 200 128723 "-" "facebookexternalhit/1.1 (+http://www.facebook.com/externalhit_uatext.php)" "brucemillernurseryedgewood.com"
216.244.66.230 - - [10/Nov/2022:09:35:41 -0800] "GET /images/IMG_0512.JPG HTTP/1.1" 200 4029511 "-" "Mozilla/5.0 (compatible; DotBot/1.2; +https://opensiteexplorer.org/dotbot; help@moz.com)" "brucemillernurseryedgewood.com"
216.244.66.230 - - [10/Nov/2022:09:36:31 -0800] "GET /images/IMG_0534.JPG HTTP/1.1" 200 3826934 "-" "Mozilla/5.0 (compatible; DotBot/1.2; +https://opensiteexplorer.org/dotbot; help@moz.com)" "brucemillernurseryedgewood.com"
216.244.66.230 - - [10/Nov/2022:09:37:22 -0800] "GET /images/IMG_0771.JPG HTTP/1.1" 200 2468916 "-" "Mozilla/5.0 (compatible; DotBot/1.2; +https://opensiteexplorer.org/dotbot; help@moz.com)" "brucemillernurseryedgewood.com"
216.244.66.230 - - [10/Nov/2022:09:38:12 -0800] "GET /sitebuilder/images/2009_0531Image0023-273x194.jpg HTTP/1.1" 200 15764 "-" "Mozilla/5.0 (compatible; DotBot/1.2; +https://opensiteexplorer.org/dotbot; help@moz.com)" "brucemillernurseryedgewood.com"
216.244.66.230 - - [10/Nov/2022:09:38:41 -0800] "GET /sitebuilder/images/Edgewood-1-active-84875.png HTTP/1.1" 200 1503 "-" "Mozilla/5.0 (compatible; DotBot/1.2; +https://opensiteexplorer.org/dotbot; help@moz.com)" "brucemillernurseryedgewood.com"
216.244.66.230 - - [10/Nov/2022:09:39:10 -0800] "GET /sitebuilder/images/Edgewood-1-mouseOver-14078.png HTTP/1.1" 200 1658 "-" "Mozilla/5.0 (compatible; DotBot/1.2; +https://opensiteexplorer.org/dotbot; help@moz.com)" "brucemillernurseryedgewood.com"
216.244.66.230 - - [10/Nov/2022:09:39:37 -0800] "GET /sitebuilder/images/Edgewood-5-active-27148.png HTTP/1.1" 200 1561 "-" "Mozilla/5.0 (compatible; DotBot/1.2; +https://opensiteexplorer.org/dotbot; help@moz.com)" "brucemillernurseryedgewood.com"
216.244.66.230 - - [10/Nov/2022:09:40:04 -0800] "GET /sitebuilder/images/IMG_0267-489x248.jpg HTTP/1.1" 200 35373 "-" "Mozilla/5.0 (compatible; DotBot/1.2; +https://opensiteexplorer.org/dotbot; help@moz.com)" "brucemillernurseryedgewood.com"
216.244.66.230 - - [10/Nov/2022:09:40:29 -0800] "GET /sitebuilder/images/IMG_0530-414x310.jpg HTTP/1.1" 200 28750 "-" "Mozilla/5.0 (compatible; DotBot/1.2; +https://opensiteexplorer.org/dotbot; help@moz.com)" "brucemillernurseryedgewood.com"
216.244.66.230 - - [10/Nov/2022:09:40:53 -0800] "GET /sitebuilder/images/IMG_0585-382x510.jpg HTTP/1.1" 200 42058 "-" "Mozilla/5.0 (compatible; DotBot/1.2; +https://opensiteexplorer.org/dotbot; help@moz.com)" "brucemillernurseryedgewood.com"
216.244.66.230 - - [10/Nov/2022:09:41:19 -0800] "GET /sitebuilder/images/IMG_1172-334x243.jpg HTTP/1.1" 200 29202 "-" "Mozilla/5.0 (compatible; DotBot/1.2; +https://opensiteexplorer.org/dotbot; help@moz.com)" "brucemillernurseryedgewood.com"
216.244.66.230 - - [10/Nov/2022:09:41:41 -0800] "GET /sitebuilder/images/IMG_1189-343x461.jpg HTTP/1.1" 200 33943 "-" "Mozilla/5.0 (compatible; DotBot/1.2; +https://opensiteexplorer.org/dotbot; help@moz.com)" "brucemillernurseryedgewood.com"
216.244.66.230 - - [10/Nov/2022:09:43:34 -0800] "GET /sitebuilder/images/14531_1_-172x166.jpg HTTP/1.1" 200 5370 "-" "Mozilla/5.0 (compatible; DotBot/1.2; +https://opensiteexplorer.org/dotbot; help@moz.com)" "www.brucemillernurseryedgewood.com"
216.244.66.230 - - [10/Nov/2022:09:43:49 -0800] "GET /sitebuilder/images/2009_0516Image0001-345x260.jpg HTTP/1.1" 200 26591 "-" "Mozilla/5.0 (compatible; DotBot/1.2; +https://opensiteexplorer.org/dotbot; help@moz.com)" "www.brucemillernurseryedgewood.com"
216.244.66.230 - - [10/Nov/2022:09:44:03 -0800] "GET /sitebuilder/images/2009_0531Image0028-600x450.jpg HTTP/1.1" 200 110928 "-" "Mozilla/5.0 (compatible; DotBot/1.2; +https://opensiteexplorer.org/dotbot; help@moz.com)" "www.brucemillernurseryedgewood.com"
216.244.66.230 - - [10/Nov/2022:09:49:57 -0800] "GET /robots.txt HTTP/1.1" 404 73 "-" "Mozilla/5.0 (compatible; DotBot/1.2; +https://opensiteexplorer.org/dotbot; help@moz.com)" "brucemillernurseryedgewood.com"
216.244.66.230 - - [10/Nov/2022:09:49:57 -0800] "GET /robots.txt HTTP/1.1" 404 73 "-" "Mozilla/5.0 (compatible; DotBot/1.2; +https://opensiteexplorer.org/dotbot; help@moz.com)" "www.brucemillernurseryedgewood.com"
77.75.79.95 - - [10/Nov/2022:10:05:58 -0800] "GET /robots.txt HTTP/1.1" 404 88 "-" "Mozilla/5.0 (compatible; SeznamBot/3.2; +http://napoveda.seznam.cz/en/seznambot-intro/)" "brucemillernurseryedgewood.com"
77.75.79.95 - - [10/Nov/2022:10:05:59 -0800] "GET /images/IMG_0514.JPG HTTP/1.1" 304 - "-" "Mozilla/5.0 (compatible; SeznamBot/3.2; +http://napoveda.seznam.cz/en/seznambot-intro/)" "brucemillernurseryedgewood.com"
216.244.66.230 - - [10/Nov/2022:10:08:10 -0800] "GET /images/IMG_1267.JPG HTTP/1.1" 200 2617416 "-" "Mozilla/5.0 (compatible; DotBot/1.2; +https://opensiteexplorer.org/dotbot; help@moz.com)" "www.brucemillernurseryedgewood.com"
216.244.66.230 - - [10/Nov/2022:10:09:00 -0800] "GET /images/ZbThumbnail.info HTTP/1.1" 200 1262596 "-" "Mozilla/5.0 (compatible; DotBot/1.2; +https://opensiteexplorer.org/dotbot; help@moz.com)" "www.brucemillernurseryedgewood.com"
216.244.66.230 - - [10/Nov/2022:10:09:50 -0800] "GET /images/american-flag_1_.jpg HTTP/1.1" 200 92216 "-" "Mozilla/5.0 (compatible; DotBot/1.2; +https://opensiteexplorer.org/dotbot; help@moz.com)" "www.brucemillernurseryedgewood.com"
216.244.66.230 - - [10/Nov/2022:10:11:59 -0800] "GET /images/IMG_0530.JPG HTTP/1.1" 200 3258496 "-" "Mozilla/5.0 (compatible; DotBot/1.2; +https://opensiteexplorer.org/dotbot; help@moz.com)" "brucemillernurseryedgewood.com"
216.244.66.230 - - [10/Nov/2022:10:12:49 -0800] "GET /images/flag3_1_.gif HTTP/1.1" 200 8587 "-" "Mozilla/5.0 (compatible; DotBot/1.2; +https://opensiteexplorer.org/dotbot; help@moz.com)" "brucemillernurseryedgewood.com"
216.244.66.230 - - [10/Nov/2022:10:13:19 -0800] "GET /sitebuilder/images/Edgewood-5-inactive-09488.png HTTP/1.1" 200 2105 "-" "Mozilla/5.0 (compatible; DotBot/1.2; +https://opensiteexplorer.org/dotbot; help@moz.com)" "brucemillernurseryedgewood.com"
216.244.66.230 - - [10/Nov/2022:10:13:48 -0800] "GET /sitebuilder/images/IMG_1275-338x455.jpg HTTP/1.1" 200 25467 "-" "Mozilla/5.0 (compatible; DotBot/1.2; +https://opensiteexplorer.org/dotbot; help@moz.com)" "brucemillernurseryedgewood.com"
216.244.66.230 - - [10/Nov/2022:10:17:42 -0800] "GET /sitebuilder/images/2009_0524Image0012-383x285.jpg HTTP/1.1" 200 24917 "-" "Mozilla/5.0 (compatible; DotBot/1.2; +https://opensiteexplorer.org/dotbot; help@moz.com)" "www.brucemillernurseryedgewood.com"
216.244.66.230 - - [10/Nov/2022:10:18:00 -0800] "GET /sitebuilder/images/3.19a-384x270.jpg HTTP/1.1" 200 39710 "-" "Mozilla/5.0 (compatible; DotBot/1.2; +https://opensiteexplorer.org/dotbot; help@moz.com)" "www.brucemillernurseryedgewood.com"
216.244.66.230 - - [10/Nov/2022:10:18:21 -0800] "GET /sitebuilder/images/Edgewood-5-inactive-40070.png HTTP/1.1" 200 1738 "-" "Mozilla/5.0 (compatible; DotBot/1.2; +https://opensiteexplorer.org/dotbot; help@moz.com)" "www.brucemillernurseryedgewood.com"
216.244.66.230 - - [10/Nov/2022:10:39:24 -0800] "GET /robots.txt HTTP/1.1" 404 73 "-" "Mozilla/5.0 (compatible; DotBot/1.2; +https://opensiteexplorer.org/dotbot; help@moz.com)" "brucemillernurseryedgewood.com"
77.75.78.171 - - [10/Nov/2022:11:01:20 -0800] "GET /robots.txt HTTP/1.1" 404 88 "-" "Mozilla/5.0 (compatible; SeznamBot/3.2; +http://napoveda.seznam.cz/en/seznambot-intro/)" "brucemillernurseryedgewood.com"
77.75.78.171 - - [10/Nov/2022:11:01:22 -0800] "GET /images/IMG_0511.JPG HTTP/1.1" 304 - "-" "Mozilla/5.0 (compatible; SeznamBot/3.2; +http://napoveda.seznam.cz/en/seznambot-intro/)" "brucemillernurseryedgewood.com"
114.119.132.122 - - [10/Nov/2022:11:10:12 -0800] "GET /sitebuilder/clipart/bars/low-carb/?C=S%3BO%3DA HTTP/1.1" 200 375 "http://brucemillernurseryedgewood.com/sitebuilder/clipart/bars/low-carb?C=S%3BO%3DA" "Mozilla/5.0 (Linux; Android 7.0;) AppleWebKit/537.36 (KHTML, like Gecko) Mobile Safari/537.36 (compatible; PetalBot;+https://webmaster.petalsearch.com/site/petalbot)" "brucemillernurseryedgewood.com"
114.119.132.146 - - [10/Nov/2022:11:49:54 -0800] "GET /sitebuilder/clipart/backgrounds/tile?C=N%3BO%3DD HTTP/1.1" 301 1453 "https://www.brucemillernurseryedgewood.com/sitebuilder/clipart/backgrounds/tile?C=M%3BO%3DA" "Mozilla/5.0 (Linux; Android 7.0;) AppleWebKit/537.36 (KHTML, like Gecko) Mobile Safari/537.36 (compatible; PetalBot;+https://webmaster.petalsearch.com/site/petalbot)" "www.brucemillernurseryedgewood.com"
114.119.132.146 - - [10/Nov/2022:11:49:56 -0800] "GET /sitebuilder/clipart/backgrounds/tile/?C=N%3BO%3DD HTTP/1.1" 200 412 "https://www.brucemillernurseryedgewood.com/sitebuilder/clipart/backgrounds/tile?C=M%3BO%3DA" "Mozilla/5.0 (Linux; Android 7.0;) AppleWebKit/537.36 (KHTML, like Gecko) Mobile Safari/537.36 (compatible; PetalBot;+https://webmaster.petalsearch.com/site/petalbot)" "www.brucemillernurseryedgewood.com"
114.119.132.122 - - [10/Nov/2022:12:04:44 -0800] "GET /clipart/pageHeaders?C=M%3BO%3DA HTTP/1.1" 301 1445 "https://www.brucemillernurseryedgewood.com/clipart/pageHeaders?C=S%3BO%3DA" "Mozilla/5.0 (Linux; Android 7.0;) AppleWebKit/537.36 (KHTML, like Gecko) Mobile Safari/537.36 (compatible; PetalBot;+https://webmaster.petalsearch.com/site/petalbot)" "www.brucemillernurseryedgewood.com"
114.119.132.122 - - [10/Nov/2022:12:04:50 -0800] "GET /clipart/pageHeaders/?C=M%3BO%3DA HTTP/1.1" 200 479 "https://www.brucemillernurseryedgewood.com/clipart/pageHeaders?C=S%3BO%3DA" "Mozilla/5.0 (Linux; Android 7.0;) AppleWebKit/537.36 (KHTML, like Gecko) Mobile Safari/537.36 (compatible; PetalBot;+https://webmaster.petalsearch.com/site/petalbot)" "www.brucemillernurseryedgewood.com"
114.119.132.16 - - [10/Nov/2022:12:16:48 -0800] "GET /clipart/images/frames/?C=D%3BO%3DA HTTP/1.1" 200 395 "https://www.brucemillernurseryedgewood.com/clipart/images/frames?C=N%3BO%3DD" "Mozilla/5.0 (Linux; Android 7.0;) AppleWebKit/537.36 (KHTML, like Gecko) Mobile Safari/537.36 (compatible; PetalBot;+https://webmaster.petalsearch.com/site/petalbot)" "www.brucemillernurseryedgewood.com"
114.119.132.153 - - [10/Nov/2022:12:21:57 -0800] "GET /clipart/images/frames/?C=S%3BO%3DA HTTP/1.1" 200 395 "http://brucemillernurseryedgewood.com/clipart/images/frames" "Mozilla/5.0 (Linux; Android 7.0;) AppleWebKit/537.36 (KHTML, like Gecko) Mobile Safari/537.36 (compatible; PetalBot;+https://webmaster.petalsearch.com/site/petalbot)" "brucemillernurseryedgewood.com"
114.119.150.186 - - [10/Nov/2022:12:26:57 -0800] "GET /sitebuilder/clipart/bars/low-carb/?C=M%3BO%3DA HTTP/1.1" 200 375 "https://www.brucemillernurseryedgewood.com/sitebuilder/clipart/bars/low-carb/?C=S%3BO%3DA" "Mozilla/5.0 (Linux; Android 7.0;) AppleWebKit/537.36 (KHTML, like Gecko) Mobile Safari/537.36 (compatible; PetalBot;+https://webmaster.petalsearch.com/site/petalbot)" "www.brucemillernurseryedgewood.com"
114.119.132.153 - - [10/Nov/2022:12:32:01 -0800] "GET /clipart/lines?C=M%3BO%3DA HTTP/1.1" 301 1434 "http://brucemillernurseryedgewood.com/clipart/lines?C=D%3BO%3DA" "Mozilla/5.0 (Linux; Android 7.0;) AppleWebKit/537.36 (KHTML, like Gecko) Mobile Safari/537.36 (compatible; PetalBot;+https://webmaster.petalsearch.com/site/petalbot)" "brucemillernurseryedgewood.com"
114.119.132.153 - - [10/Nov/2022:12:32:01 -0800] "GET /clipart/lines/?C=M%3BO%3DA HTTP/1.1" 200 361 "http://brucemillernurseryedgewood.com/clipart/lines?C=D%3BO%3DA" "Mozilla/5.0 (Linux; Android 7.0;) AppleWebKit/537.36 (KHTML, like Gecko) Mobile Safari/537.36 (compatible; PetalBot;+https://webmaster.petalsearch.com/site/petalbot)" "brucemillernurseryedgewood.com"
114.119.132.122 - - [10/Nov/2022:12:37:06 -0800] "GET /clipart/lines/horizontal HTTP/1.1" 301 1429 "http://brucemillernurseryedgewood.com/clipart/lines?C=S%3BO%3DA" "Mozilla/5.0 (Linux; Android 7.0;) AppleWebKit/537.36 (KHTML, like Gecko) Mobile Safari/537.36 (compatible; PetalBot;+https://webmaster.petalsearch.com/site/petalbot)" "brucemillernurseryedgewood.com"
114.119.132.122 - - [10/Nov/2022:12:37:06 -0800] "GET /clipart/lines/horizontal/ HTTP/1.1" 200 447 "http://brucemillernurseryedgewood.com/clipart/lines?C=S%3BO%3DA" "Mozilla/5.0 (Linux; Android 7.0;) AppleWebKit/537.36 (KHTML, like Gecko) Mobile Safari/537.36 (compatible; PetalBot;+https://webmaster.petalsearch.com/site/petalbot)" "brucemillernurseryedgewood.com"
114.119.132.146 - - [10/Nov/2022:12:49:40 -0800] "GET /clipart/bars/regular?C=D%3BO%3DA HTTP/1.1" 301 1441 "http://brucemillernurseryedgewood.com/clipart/bars/regular?C=N%3BO%3DD" "Mozilla/5.0 (Linux; Android 7.0;) AppleWebKit/537.36 (KHTML, like Gecko) Mobile Safari/537.36 (compatible; PetalBot;+https://webmaster.petalsearch.com/site/petalbot)" "brucemillernurseryedgewood.com"
114.119.132.146 - - [10/Nov/2022:12:49:41 -0800] "GET /clipart/bars/regular/?C=D%3BO%3DA HTTP/1.1" 200 366 "http://brucemillernurseryedgewood.com/clipart/bars/regular?C=N%3BO%3DD" "Mozilla/5.0 (Linux; Android 7.0;) AppleWebKit/537.36 (KHTML, like Gecko) Mobile Safari/537.36 (compatible; PetalBot;+https://webmaster.petalsearch.com/site/petalbot)" "brucemillernurseryedgewood.com"
114.119.132.153 - - [10/Nov/2022:12:58:28 -0800] "GET /clipart/images/sidebars/ HTTP/1.1" 200 405 "http://brucemillernurseryedgewood.com/clipart/images?C=N%3BO%3DD" "Mozilla/5.0 (Linux; Android 7.0;) AppleWebKit/537.36 (KHTML, like Gecko) Mobile Safari/537.36 (compatible; PetalBot;+https://webmaster.petalsearch.com/site/petalbot)" "brucemillernurseryedgewood.com"
216.244.66.230 - - [10/Nov/2022:13:05:57 -0800] "GET /robots.txt HTTP/1.1" 404 73 "-" "Mozilla/5.0 (compatible; DotBot/1.2; +https://opensiteexplorer.org/dotbot; help@moz.com)" "www.brucemillernurseryedgewood.com"
206.81.23.58 - - [10/Nov/2022:13:11:05 -0800] "HEAD / HTTP/1.1" 200 - "-" "Mozilla/5.0 (Windows NT 10.0; Win64; x64) AppleWebKit/537.36 (KHTML, like Gecko) Chrome/74.0.3729.169 Safari/537.36" "brucemillernurseryedgewood.com"
206.81.23.58 - - [10/Nov/2022:13:11:05 -0800] "HEAD /wordpress HTTP/1.1" 404 - "-" "Mozilla/5.0 (Windows NT 10.0; Win64; x64) AppleWebKit/537.36 (KHTML, like Gecko) Chrome/74.0.3729.169 Safari/537.36" "brucemillernurseryedgewood.com"
206.81.23.58 - - [10/Nov/2022:13:11:05 -0800] "HEAD /Wordpress HTTP/1.1" 404 - "-" "Mozilla/5.0 (Windows NT 10.0; Win64; x64) AppleWebKit/537.36 (KHTML, like Gecko) Chrome/74.0.3729.169 Safari/537.36" "brucemillernurseryedgewood.com"
206.81.23.58 - - [10/Nov/2022:13:11:05 -0800] "HEAD /WORDPRESS HTTP/1.1" 404 - "-" "Mozilla/5.0 (Windows NT 10.0; Win64; x64) AppleWebKit/537.36 (KHTML, like Gecko) Chrome/74.0.3729.169 Safari/537.36" "brucemillernurseryedgewood.com"
206.81.23.58 - - [10/Nov/2022:13:11:05 -0800] "HEAD /WordPress HTTP/1.1" 404 - "-" "Mozilla/5.0 (Windows NT 10.0; Win64; x64) AppleWebKit/537.36 (KHTML, like Gecko) Chrome/74.0.3729.169 Safari/537.36" "brucemillernurseryedgewood.com"
206.81.23.58 - - [10/Nov/2022:13:11:06 -0800] "HEAD /wp HTTP/1.1" 404 - "-" "Mozilla/5.0 (Windows NT 10.0; Win64; x64) AppleWebKit/537.36 (KHTML, like Gecko) Chrome/74.0.3729.169 Safari/537.36" "brucemillernurseryedgewood.com"
206.81.23.58 - - [10/Nov/2022:13:11:06 -0800] "HEAD /Wp HTTP/1.1" 404 - "-" "Mozilla/5.0 (Windows NT 10.0; Win64; x64) AppleWebKit/537.36 (KHTML, like Gecko) Chrome/74.0.3729.169 Safari/537.36" "brucemillernurseryedgewood.com"
206.81.23.58 - - [10/Nov/2022:13:11:06 -0800] "HEAD /WP HTTP/1.1" 404 - "-" "Mozilla/5.0 (Windows NT 10.0; Win64; x64) AppleWebKit/537.36 (KHTML, like Gecko) Chrome/74.0.3729.169 Safari/537.36" "brucemillernurseryedgewood.com"
206.81.23.58 - - [10/Nov/2022:13:11:06 -0800] "HEAD /old HTTP/1.1" 404 - "-" "Mozilla/5.0 (Windows NT 10.0; Win64; x64) AppleWebKit/537.36 (KHTML, like Gecko) Chrome/74.0.3729.169 Safari/537.36" "brucemillernurseryedgewood.com"
206.81.23.58 - - [10/Nov/2022:13:11:06 -0800] "HEAD /Old HTTP/1.1" 404 - "-" "Mozilla/5.0 (Windows NT 10.0; Win64; x64) AppleWebKit/537.36 (KHTML, like Gecko) Chrome/74.0.3729.169 Safari/537.36" "brucemillernurseryedgewood.com"
206.81.23.58 - - [10/Nov/2022:13:11:06 -0800] "HEAD /OLD HTTP/1.1" 404 - "-" "Mozilla/5.0 (Windows NT 10.0; Win64; x64) AppleWebKit/537.36 (KHTML, like Gecko) Chrome/74.0.3729.169 Safari/537.36" "brucemillernurseryedgewood.com"
206.81.23.58 - - [10/Nov/2022:13:11:06 -0800] "HEAD /oldsite HTTP/1.1" 404 - "-" "Mozilla/5.0 (Windows NT 10.0; Win64; x64) AppleWebKit/537.36 (KHTML, like Gecko) Chrome/74.0.3729.169 Safari/537.36" "brucemillernurseryedgewood.com"
206.81.23.58 - - [10/Nov/2022:13:11:06 -0800] "HEAD /new HTTP/1.1" 404 - "-" "Mozilla/5.0 (Windows NT 10.0; Win64; x64) AppleWebKit/537.36 (KHTML, like Gecko) Chrome/74.0.3729.169 Safari/537.36" "brucemillernurseryedgewood.com"
206.81.23.58 - - [10/Nov/2022:13:11:06 -0800] "HEAD /New HTTP/1.1" 404 - "-" "Mozilla/5.0 (Windows NT 10.0; Win64; x64) AppleWebKit/537.36 (KHTML, like Gecko) Chrome/74.0.3729.169 Safari/537.36" "brucemillernurseryedgewood.com"
206.81.23.58 - - [10/Nov/2022:13:11:07 -0800] "HEAD /NEW HTTP/1.1" 404 - "-" "Mozilla/5.0 (Windows NT 10.0; Win64; x64) AppleWebKit/537.36 (KHTML, like Gecko) Chrome/74.0.3729.169 Safari/537.36" "brucemillernurseryedgewood.com"
206.81.23.58 - - [10/Nov/2022:13:11:07 -0800] "HEAD /wp-old HTTP/1.1" 404 - "-" "Mozilla/5.0 (Windows NT 10.0; Win64; x64) AppleWebKit/537.36 (KHTML, like Gecko) Chrome/74.0.3729.169 Safari/537.36" "brucemillernurseryedgewood.com"
206.81.23.58 - - [10/Nov/2022:13:11:07 -0800] "HEAD /2022 HTTP/1.1" 404 - "-" "Mozilla/5.0 (Windows NT 10.0; Win64; x64) AppleWebKit/537.36 (KHTML, like Gecko) Chrome/74.0.3729.169 Safari/537.36" "brucemillernurseryedgewood.com"
206.81.23.58 - - [10/Nov/2022:13:11:07 -0800] "HEAD /2020 HTTP/1.1" 404 - "-" "Mozilla/5.0 (Windows NT 10.0; Win64; x64) AppleWebKit/537.36 (KHTML, like Gecko) Chrome/74.0.3729.169 Safari/537.36" "brucemillernurseryedgewood.com"
206.81.23.58 - - [10/Nov/2022:13:11:07 -0800] "HEAD /2019 HTTP/1.1" 404 - "-" "Mozilla/5.0 (Windows NT 10.0; Win64; x64) AppleWebKit/537.36 (KHTML, like Gecko) Chrome/74.0.3729.169 Safari/537.36" "brucemillernurseryedgewood.com"
206.81.23.58 - - [10/Nov/2022:13:11:07 -0800] "HEAD /2018 HTTP/1.1" 404 - "-" "Mozilla/5.0 (Windows NT 10.0; Win64; x64) AppleWebKit/537.36 (KHTML, like Gecko) Chrome/74.0.3729.169 Safari/537.36" "brucemillernurseryedgewood.com"
206.81.23.58 - - [10/Nov/2022:13:11:07 -0800] "HEAD /backup HTTP/1.1" 404 - "-" "Mozilla/5.0 (Windows NT 10.0; Win64; x64) AppleWebKit/537.36 (KHTML, like Gecko) Chrome/74.0.3729.169 Safari/537.36" "brucemillernurseryedgewood.com"
206.81.23.58 - - [10/Nov/2022:13:11:07 -0800] "HEAD /test HTTP/1.1" 404 - "-" "Mozilla/5.0 (Windows NT 10.0; Win64; x64) AppleWebKit/537.36 (KHTML, like Gecko) Chrome/74.0.3729.169 Safari/537.36" "brucemillernurseryedgewood.com"
206.81.23.58 - - [10/Nov/2022:13:11:07 -0800] "HEAD /Test HTTP/1.1" 404 - "-" "Mozilla/5.0 (Windows NT 10.0; Win64; x64) AppleWebKit/537.36 (KHTML, like Gecko) Chrome/74.0.3729.169 Safari/537.36" "brucemillernurseryedgewood.com"
206.81.23.58 - - [10/Nov/2022:13:11:08 -0800] "HEAD /TEST HTTP/1.1" 404 - "-" "Mozilla/5.0 (Windows NT 10.0; Win64; x64) AppleWebKit/537.36 (KHTML, like Gecko) Chrome/74.0.3729.169 Safari/537.36" "brucemillernurseryedgewood.com"
206.81.23.58 - - [10/Nov/2022:13:11:08 -0800] "HEAD /demo HTTP/1.1" 404 - "-" "Mozilla/5.0 (Windows NT 10.0; Win64; x64) AppleWebKit/537.36 (KHTML, like Gecko) Chrome/74.0.3729.169 Safari/537.36" "brucemillernurseryedgewood.com"
206.81.23.58 - - [10/Nov/2022:13:11:08 -0800] "HEAD /bc HTTP/1.1" 404 - "-" "Mozilla/5.0 (Windows NT 10.0; Win64; x64) AppleWebKit/537.36 (KHTML, like Gecko) Chrome/74.0.3729.169 Safari/537.36" "brucemillernurseryedgewood.com"
206.81.23.58 - - [10/Nov/2022:13:11:08 -0800] "HEAD /www HTTP/1.1" 404 - "-" "Mozilla/5.0 (Windows NT 10.0; Win64; x64) AppleWebKit/537.36 (KHTML, like Gecko) Chrome/74.0.3729.169 Safari/537.36" "brucemillernurseryedgewood.com"
206.81.23.58 - - [10/Nov/2022:13:11:08 -0800] "HEAD /WWW HTTP/1.1" 404 - "-" "Mozilla/5.0 (Windows NT 10.0; Win64; x64) AppleWebKit/537.36 (KHTML, like Gecko) Chrome/74.0.3729.169 Safari/537.36" "brucemillernurseryedgewood.com"
206.81.23.58 - - [10/Nov/2022:13:11:08 -0800] "HEAD /Www HTTP/1.1" 404 - "-" "Mozilla/5.0 (Windows NT 10.0; Win64; x64) AppleWebKit/537.36 (KHTML, like Gecko) Chrome/74.0.3729.169 Safari/537.36" "brucemillernurseryedgewood.com"
206.81.23.58 - - [10/Nov/2022:13:11:08 -0800] "HEAD /2021 HTTP/1.1" 404 - "-" "Mozilla/5.0 (Windows NT 10.0; Win64; x64) AppleWebKit/537.36 (KHTML, like Gecko) Chrome/74.0.3729.169 Safari/537.36" "brucemillernurseryedgewood.com"
206.81.23.58 - - [10/Nov/2022:13:11:08 -0800] "HEAD /main HTTP/1.1" 404 - "-" "Mozilla/5.0 (Windows NT 10.0; Win64; x64) AppleWebKit/537.36 (KHTML, like Gecko) Chrome/74.0.3729.169 Safari/537.36" "brucemillernurseryedgewood.com"
206.81.23.58 - - [10/Nov/2022:13:11:08 -0800] "HEAD /old-site HTTP/1.1" 404 - "-" "Mozilla/5.0 (Windows NT 10.0; Win64; x64) AppleWebKit/537.36 (KHTML, like Gecko) Chrome/74.0.3729.169 Safari/537.36" "brucemillernurseryedgewood.com"
206.81.23.58 - - [10/Nov/2022:13:11:09 -0800] "HEAD /bk HTTP/1.1" 404 - "-" "Mozilla/5.0 (Windows NT 10.0; Win64; x64) AppleWebKit/537.36 (KHTML, like Gecko) Chrome/74.0.3729.169 Safari/537.36" "brucemillernurseryedgewood.com"
206.81.23.58 - - [10/Nov/2022:13:11:09 -0800] "HEAD /Backup HTTP/1.1" 404 - "-" "Mozilla/5.0 (Windows NT 10.0; Win64; x64) AppleWebKit/537.36 (KHTML, like Gecko) Chrome/74.0.3729.169 Safari/537.36" "brucemillernurseryedgewood.com"
206.81.23.58 - - [10/Nov/2022:13:11:09 -0800] "HEAD /BACKUP HTTP/1.1" 404 - "-" "Mozilla/5.0 (Windows NT 10.0; Win64; x64) AppleWebKit/537.36 (KHTML, like Gecko) Chrome/74.0.3729.169 Safari/537.36" "brucemillernurseryedgewood.com"
206.81.23.58 - - [10/Nov/2022:13:11:09 -0800] "HEAD /SHOP HTTP/1.1" 404 - "-" "Mozilla/5.0 (Windows NT 10.0; Win64; x64) AppleWebKit/537.36 (KHTML, like Gecko) Chrome/74.0.3729.169 Safari/537.36" "brucemillernurseryedgewood.com"
206.81.23.58 - - [10/Nov/2022:13:11:09 -0800] "HEAD /Shop HTTP/1.1" 404 - "-" "Mozilla/5.0 (Windows NT 10.0; Win64; x64) AppleWebKit/537.36 (KHTML, like Gecko) Chrome/74.0.3729.169 Safari/537.36" "brucemillernurseryedgewood.com"
206.81.23.58 - - [10/Nov/2022:13:11:09 -0800] "HEAD /shop HTTP/1.1" 404 - "-" "Mozilla/5.0 (Windows NT 10.0; Win64; x64) AppleWebKit/537.36 (KHTML, like Gecko) Chrome/74.0.3729.169 Safari/537.36" "brucemillernurseryedgewood.com"
206.81.23.58 - - [10/Nov/2022:13:11:09 -0800] "HEAD /bak HTTP/1.1" 404 - "-" "Mozilla/5.0 (Windows NT 10.0; Win64; x64) AppleWebKit/537.36 (KHTML, like Gecko) Chrome/74.0.3729.169 Safari/537.36" "brucemillernurseryedgewood.com"
206.81.23.58 - - [10/Nov/2022:13:11:09 -0800] "HEAD /sitio HTTP/1.1" 404 - "-" "Mozilla/5.0 (Windows NT 10.0; Win64; x64) AppleWebKit/537.36 (KHTML, like Gecko) Chrome/74.0.3729.169 Safari/537.36" "brucemillernurseryedgewood.com"
206.81.23.58 - - [10/Nov/2022:13:11:09 -0800] "HEAD /bac HTTP/1.1" 404 - "-" "Mozilla/5.0 (Windows NT 10.0; Win64; x64) AppleWebKit/537.36 (KHTML, like Gecko) Chrome/74.0.3729.169 Safari/537.36" "brucemillernurseryedgewood.com"
206.81.23.58 - - [10/Nov/2022:13:11:10 -0800] "HEAD /sito HTTP/1.1" 404 - "-" "Mozilla/5.0 (Windows NT 10.0; Win64; x64) AppleWebKit/537.36 (KHTML, like Gecko) Chrome/74.0.3729.169 Safari/537.36" "brucemillernurseryedgewood.com"
206.81.23.58 - - [10/Nov/2022:13:11:10 -0800] "HEAD /site HTTP/1.1" 404 - "-" "Mozilla/5.0 (Windows NT 10.0; Win64; x64) AppleWebKit/537.36 (KHTML, like Gecko) Chrome/74.0.3729.169 Safari/537.36" "brucemillernurseryedgewood.com"
206.81.23.58 - - [10/Nov/2022:13:11:10 -0800] "HEAD /Site HTTP/1.1" 404 - "-" "Mozilla/5.0 (Windows NT 10.0; Win64; x64) AppleWebKit/537.36 (KHTML, like Gecko) Chrome/74.0.3729.169 Safari/537.36" "brucemillernurseryedgewood.com"
206.81.23.58 - - [10/Nov/2022:13:11:10 -0800] "HEAD /SITE HTTP/1.1" 404 - "-" "Mozilla/5.0 (Windows NT 10.0; Win64; x64) AppleWebKit/537.36 (KHTML, like Gecko) Chrome/74.0.3729.169 Safari/537.36" "brucemillernurseryedgewood.com"
206.81.23.58 - - [10/Nov/2022:13:11:10 -0800] "HEAD /blog HTTP/1.1" 404 - "-" "Mozilla/5.0 (Windows NT 10.0; Win64; x64) AppleWebKit/537.36 (KHTML, like Gecko) Chrome/74.0.3729.169 Safari/537.36" "brucemillernurseryedgewood.com"
206.81.23.58 - - [10/Nov/2022:13:11:10 -0800] "HEAD /BLOG HTTP/1.1" 404 - "-" "Mozilla/5.0 (Windows NT 10.0; Win64; x64) AppleWebKit/537.36 (KHTML, like Gecko) Chrome/74.0.3729.169 Safari/537.36" "brucemillernurseryedgewood.com"
206.81.23.58 - - [10/Nov/2022:13:11:10 -0800] "HEAD /Blog HTTP/1.1" 404 - "-" "Mozilla/5.0 (Windows NT 10.0; Win64; x64) AppleWebKit/537.36 (KHTML, like Gecko) Chrome/74.0.3729.169 Safari/537.36" "brucemillernurseryedgewood.com"
216.244.66.230 - - [10/Nov/2022:13:12:32 -0800] "GET /sitebuilder/images/flowerHeader-758x79.jpg HTTP/1.1" 200 6026 "-" "Mozilla/5.0 (compatible; DotBot/1.2; +https://opensiteexplorer.org/dotbot; help@moz.com)" "www.brucemillernurseryedgewood.com"
216.244.66.230 - - [10/Nov/2022:13:12:35 -0800] "GET /sitebuilder/images/yellowBrownBeach-758x64.jpg HTTP/1.1" 200 4746 "-" "Mozilla/5.0 (compatible; DotBot/1.2; +https://opensiteexplorer.org/dotbot; help@moz.com)" "www.brucemillernurseryedgewood.com"
114.119.132.153 - - [10/Nov/2022:13:13:52 -0800] "GET /clipart/images/sidebars/?C=N%3BO%3DD HTTP/1.1" 200 405 "http://brucemillernurseryedgewood.com/clipart/images/sidebars" "Mozilla/5.0 (Linux; Android 7.0;) AppleWebKit/537.36 (KHTML, like Gecko) Mobile Safari/537.36 (compatible; PetalBot;+https://webmaster.petalsearch.com/site/petalbot)" "brucemillernurseryedgewood.com"
114.119.132.149 - - [10/Nov/2022:13:18:58 -0800] "GET /sitebuilder/scripts/?C=M%3BO%3DA HTTP/1.1" 200 372 "http://brucemillernurseryedgewood.com/sitebuilder/scripts/?C=M%3BO%3DA" "Mozilla/5.0 (Linux; Android 7.0;) AppleWebKit/537.36 (KHTML, like Gecko) Mobile Safari/537.36 (compatible; PetalBot;+https://webmaster.petalsearch.com/site/petalbot)" "brucemillernurseryedgewood.com"
114.119.150.186 - - [10/Nov/2022:13:29:48 -0800] "GET /sitebuilder/clipart/bars/regular/horizontal?C=M%3BO%3DA HTTP/1.1" 301 1462 "https://www.brucemillernurseryedgewood.com/sitebuilder/clipart/bars/regular/horizontal?C=S%3BO%3DA" "Mozilla/5.0 (Linux; Android 7.0;) AppleWebKit/537.36 (KHTML, like Gecko) Mobile Safari/537.36 (compatible; PetalBot;+https://webmaster.petalsearch.com/site/petalbot)" "www.brucemillernurseryedgewood.com"
114.119.150.186 - - [10/Nov/2022:13:29:49 -0800] "GET /sitebuilder/clipart/bars/regular/horizontal/?C=M%3BO%3DA HTTP/1.1" 200 416 "https://www.brucemillernurseryedgewood.com/sitebuilder/clipart/bars/regular/horizontal?C=S%3BO%3DA" "Mozilla/5.0 (Linux; Android 7.0;) AppleWebKit/537.36 (KHTML, like Gecko) Mobile Safari/537.36 (compatible; PetalBot;+https://webmaster.petalsearch.com/site/petalbot)" "www.brucemillernurseryedgewood.com"
114.119.132.131 - - [10/Nov/2022:13:44:06 -0800] "GET /?C=N%3BO%3DD HTTP/1.1" 200 406 "http://www.brucemillernurseryedgewood.com?C=D%3BO%3DA" "Mozilla/5.0 (Linux; Android 7.0;) AppleWebKit/537.36 (KHTML, like Gecko) Mobile Safari/537.36 (compatible; PetalBot;+https://webmaster.petalsearch.com/site/petalbot)" "www.brucemillernurseryedgewood.com"
114.119.150.186 - - [10/Nov/2022:13:49:14 -0800] "GET /clipart/backgrounds/sidebar?C=D%3BO%3DA HTTP/1.1" 301 1446 "https://www.brucemillernurseryedgewood.com/clipart/backgrounds/sidebar" "Mozilla/5.0 (Linux; Android 7.0;) AppleWebKit/537.36 (KHTML, like Gecko) Mobile Safari/537.36 (compatible; PetalBot;+https://webmaster.petalsearch.com/site/petalbot)" "www.brucemillernurseryedgewood.com"
114.119.150.186 - - [10/Nov/2022:13:49:15 -0800] "GET /clipart/backgrounds/sidebar/?C=D%3BO%3DA HTTP/1.1" 200 384 "https://www.brucemillernurseryedgewood.com/clipart/backgrounds/sidebar" "Mozilla/5.0 (Linux; Android 7.0;) AppleWebKit/537.36 (KHTML, like Gecko) Mobile Safari/537.36 (compatible; PetalBot;+https://webmaster.petalsearch.com/site/petalbot)" "www.brucemillernurseryedgewood.com"
216.244.66.230 - - [10/Nov/2022:13:54:11 -0800] "GET /robots.txt HTTP/1.1" 404 73 "-" "Mozilla/5.0 (compatible; DotBot/1.2; +https://opensiteexplorer.org/dotbot; help@moz.com)" "brucemillernurseryedgewood.com"
114.119.132.131 - - [10/Nov/2022:13:54:16 -0800] "GET /?C=M%3BO%3DA HTTP/1.1" 200 406 "http://www.brucemillernurseryedgewood.com/?C=N%3BO%3DD" "Mozilla/5.0 (Linux; Android 7.0;) AppleWebKit/537.36 (KHTML, like Gecko) Mobile Safari/537.36 (compatible; PetalBot;+https://webmaster.petalsearch.com/site/petalbot)" "www.brucemillernurseryedgewood.com"
114.119.132.153 - - [10/Nov/2022:13:59:21 -0800] "GET /clipart/bars/regular/horizontal?C=M%3BO%3DA HTTP/1.1" 301 1448 "http://brucemillernurseryedgewood.com/clipart/bars/regular/horizontal?C=D%3BO%3DA" "Mozilla/5.0 (Linux; Android 7.0;) AppleWebKit/537.36 (KHTML, like Gecko) Mobile Safari/537.36 (compatible; PetalBot;+https://webmaster.petalsearch.com/site/petalbot)" "brucemillernurseryedgewood.com"
114.119.132.153 - - [10/Nov/2022:13:59:21 -0800] "GET /clipart/bars/regular/horizontal/?C=M%3BO%3DA HTTP/1.1" 200 390 "http://brucemillernurseryedgewood.com/clipart/bars/regular/horizontal?C=D%3BO%3DA" "Mozilla/5.0 (Linux; Android 7.0;) AppleWebKit/537.36 (KHTML, like Gecko) Mobile Safari/537.36 (compatible; PetalBot;+https://webmaster.petalsearch.com/site/petalbot)" "brucemillernurseryedgewood.com"
216.244.66.230 - - [10/Nov/2022:14:01:05 -0800] "GET /clipart/backgrounds/?C=D;O=A HTTP/1.1" 200 883 "-" "Mozilla/5.0 (compatible; DotBot/1.2; +https://opensiteexplorer.org/dotbot; help@moz.com)" "brucemillernurseryedgewood.com"
114.119.132.122 - - [10/Nov/2022:14:04:30 -0800] "GET /clipart/backgrounds/fullpage/?C=M%3BO%3DA HTTP/1.1" 200 387 "http://brucemillernurseryedgewood.com/clipart/backgrounds/fullpage/?C=D%3BO%3DA" "Mozilla/5.0 (Linux; Android 7.0;) AppleWebKit/537.36 (KHTML, like Gecko) Mobile Safari/537.36 (compatible; PetalBot;+https://webmaster.petalsearch.com/site/petalbot)" "brucemillernurseryedgewood.com"
114.119.150.38 - - [10/Nov/2022:14:13:51 -0800] "GET /robots.txt HTTP/1.1" 404 88 "-" "Mozilla/5.0 (compatible;PetalBot;+https://webmaster.petalsearch.com/site/petalbot)" "www.brucemillernurseryedgewood.com"
114.119.132.122 - - [10/Nov/2022:14:16:05 -0800] "GET /clipart/buttons/?C=N%3BO%3DD HTTP/1.1" 200 360 "https://www.brucemillernurseryedgewood.com/clipart/buttons/?C=S%3BO%3DA" "Mozilla/5.0 (Linux; Android 7.0;) AppleWebKit/537.36 (KHTML, like Gecko) Mobile Safari/537.36 (compatible; PetalBot;+https://webmaster.petalsearch.com/site/petalbot)" "www.brucemillernurseryedgewood.com"
114.119.146.226 - - [10/Nov/2022:14:19:22 -0800] "GET /robots.txt HTTP/1.1" 404 88 "-" "Mozilla/5.0 (compatible;PetalBot;+https://webmaster.petalsearch.com/site/petalbot)" "brucemillernurseryedgewood.com"
114.119.132.131 - - [10/Nov/2022:14:24:26 -0800] "GET /clipart/buttons/themes?C=S%3BO%3DA HTTP/1.1" 301 1448 "https://www.brucemillernurseryedgewood.com/clipart/buttons/themes?C=D%3BO%3DA" "Mozilla/5.0 (Linux; Android 7.0;) AppleWebKit/537.36 (KHTML, like Gecko) Mobile Safari/537.36 (compatible; PetalBot;+https://webmaster.petalsearch.com/site/petalbot)" "www.brucemillernurseryedgewood.com"
114.119.132.131 - - [10/Nov/2022:14:24:26 -0800] "GET /clipart/buttons/themes/?C=S%3BO%3DA HTTP/1.1" 200 382 "https://www.brucemillernurseryedgewood.com/clipart/buttons/themes?C=D%3BO%3DA" "Mozilla/5.0 (Linux; Android 7.0;) AppleWebKit/537.36 (KHTML, like Gecko) Mobile Safari/537.36 (compatible; PetalBot;+https://webmaster.petalsearch.com/site/petalbot)" "www.brucemillernurseryedgewood.com"
40.88.21.235 - - [10/Nov/2022:14:34:06 -0800] "GET / HTTP/1.1" 200 406 "http://brucemillernurseryedgewood.com/" "Mozilla/5.0 (compatible; DuckDuckGo-Favicons-Bot/1.0; +http://duckduckgo.com)" "brucemillernurseryedgewood.com"
40.88.21.235 - - [10/Nov/2022:14:34:06 -0800] "GET /favicon.ico HTTP/1.1" 404 88 "http://brucemillernurseryedgewood.com/favicon.ico" "Mozilla/5.0 (compatible; DuckDuckGo-Favicons-Bot/1.0; +http://duckduckgo.com)" "brucemillernurseryedgewood.com"
199.244.88.223 - - [10/Nov/2022:14:48:14 -0800] "GET / HTTP/1.1" 200 406 "-" "Mozilla/5.0 (X11; Linux x86_64) AppleWebKit/537.36 (KHTML, like Gecko) Chrome/105.0.0.0 Safari/537.36" "brucemillernurseryedgewood.com"
114.119.132.131 - - [10/Nov/2022:14:51:20 -0800] "GET /clipart/buttons/themes?C=N%3BO%3DD HTTP/1.1" 301 1443 "http://brucemillernurseryedgewood.com/clipart/buttons/themes?C=M%3BO%3DA" "Mozilla/5.0 (Linux; Android 7.0;) AppleWebKit/537.36 (KHTML, like Gecko) Mobile Safari/537.36 (compatible; PetalBot;+https://webmaster.petalsearch.com/site/petalbot)" "brucemillernurseryedgewood.com"
114.119.132.131 - - [10/Nov/2022:14:51:20 -0800] "GET /clipart/buttons/themes/?C=N%3BO%3DD HTTP/1.1" 200 382 "http://brucemillernurseryedgewood.com/clipart/buttons/themes?C=M%3BO%3DA" "Mozilla/5.0 (Linux; Android 7.0;) AppleWebKit/537.36 (KHTML, like Gecko) Mobile Safari/537.36 (compatible; PetalBot;+https://webmaster.petalsearch.com/site/petalbot)" "brucemillernurseryedgewood.com"
121.4.79.217 - - [10/Nov/2022:15:00:44 -0800] "GET / HTTP/1.1" 200 406 "-" "Mozilla/5.0 (Linux; Android 6.0; Nexus 5 Build/MRA58N) AppleWebKit/537.36 (KHTML, like Gecko) Chrome/81.0.4044.138 Mobile Safari/537.36" "brucemillernurseryedgewood.com"
114.119.132.122 - - [10/Nov/2022:15:01:15 -0800] "GET /sitebuilder/?C=S%3BO%3DA HTTP/1.1" 200 443 "https://www.brucemillernurseryedgewood.com/sitebuilder/?C=N%3BO%3DD" "Mozilla/5.0 (Linux; Android 7.0;) AppleWebKit/537.36 (KHTML, like Gecko) Mobile Safari/537.36 (compatible; PetalBot;+https://webmaster.petalsearch.com/site/petalbot)" "www.brucemillernurseryedgewood.com"
114.119.132.146 - - [10/Nov/2022:15:09:05 -0800] "GET /clipart?C=M%3BO%3DA HTTP/1.1" 301 1431 "http://brucemillernurseryedgewood.com/clipart?C=N%3BO%3DD" "Mozilla/5.0 (Linux; Android 7.0;) AppleWebKit/537.36 (KHTML, like Gecko) Mobile Safari/537.36 (compatible; PetalBot;+https://webmaster.petalsearch.com/site/petalbot)" "brucemillernurseryedgewood.com"
114.119.132.146 - - [10/Nov/2022:15:09:05 -0800] "GET /clipart/?C=M%3BO%3DA HTTP/1.1" 200 456 "http://brucemillernurseryedgewood.com/clipart?C=N%3BO%3DD" "Mozilla/5.0 (Linux; Android 7.0;) AppleWebKit/537.36 (KHTML, like Gecko) Mobile Safari/537.36 (compatible; PetalBot;+https://webmaster.petalsearch.com/site/petalbot)" "brucemillernurseryedgewood.com"
114.119.149.71 - - [10/Nov/2022:15:24:56 -0800] "GET /robots.txt HTTP/1.1" 404 88 "-" "Mozilla/5.0 (compatible;PetalBot;+https://webmaster.petalsearch.com/site/petalbot)" "www.brucemillernurseryedgewood.com"
20.26.193.249 - - [10/Nov/2022:15:34:45 -0800] "POST / HTTP/1.1" 404 88 "-" "Mozilla/5.0 (X11; Linux x86_64) AppleWebKit/537.36 (KHTML, like Gecko) Chrome/81.0.4044.129 Safari/537.36" "brucemillernurseryedgewood.com"
207.46.13.229 - - [10/Nov/2022:15:38:30 -0800] "GET /robots.txt HTTP/1.1" 404 88 "-" "Mozilla/5.0 AppleWebKit/537.36 (KHTML, like Gecko; compatible; bingbot/2.0; +http://www.bing.com/bingbot.htm) Chrome/103.0.5060.134 Safari/537.36" "www.brucemillernurseryedgewood.com"
207.46.13.229 - - [10/Nov/2022:15:38:30 -0800] "GET /robots.txt HTTP/1.1" 404 88 "-" "Mozilla/5.0 AppleWebKit/537.36 (KHTML, like Gecko; compatible; bingbot/2.0; +http://www.bing.com/bingbot.htm) Chrome/103.0.5060.134 Safari/537.36" "www.brucemillernurseryedgewood.com"
40.77.167.66 - - [10/Nov/2022:15:38:36 -0800] "GET /taskalerts.html HTTP/1.1" 404 88 "-" "Mozilla/5.0 (compatible; bingbot/2.0; +http://www.bing.com/bingbot.htm)" "www.brucemillernurseryedgewood.com"
