114.119.132.16 - - [09/Nov/2022:02:03:07 -0800] "GET /sitebuilder/clipart/bars/low-carb/horizontal/?C=M%3BO%3DA HTTP/1.1" 200 421 "https://www.brucemillernurseryedgewood.com/sitebuilder/clipart/bars/low-carb/horizontal?C=D%3BO%3DA" "Mozilla/5.0 (Linux; Android 7.0;) AppleWebKit/537.36 (KHTML, like Gecko) Mobile Safari/537.36 (compatible; PetalBot;+https://webmaster.petalsearch.com/site/petalbot)" "www.brucemillernurseryedgewood.com"
114.119.132.146 - - [09/Nov/2022:02:13:17 -0800] "GET /?C=N%3BO%3DD HTTP/1.1" 200 406 "http://www.brucemillernurseryedgewood.com?C=N%3BO%3DD" "Mozilla/5.0 (Linux; Android 7.0;) AppleWebKit/537.36 (KHTML, like Gecko) Mobile Safari/537.36 (compatible; PetalBot;+https://webmaster.petalsearch.com/site/petalbot)" "www.brucemillernurseryedgewood.com"
40.69.203.80 - - [09/Nov/2022:02:16:52 -0800] "GET / HTTP/1.1" 200 1005 "-" "CommonCrawl" "www.brucemillernurseryedgewood.com"
40.69.203.80 - - [09/Nov/2022:02:16:52 -0800] "GET / HTTP/1.1" 200 1005 "-" "CommonCrawl" "www.brucemillernurseryedgewood.com"
40.69.203.80 - - [09/Nov/2022:02:17:14 -0800] "GET / HTTP/1.1" 200 1005 "-" "CommonCrawl" "www.brucemillernurseryedgewood.com"
114.119.147.73 - - [09/Nov/2022:02:17:20 -0800] "GET /robots.txt HTTP/1.1" 404 88 "-" "Mozilla/5.0 (compatible;PetalBot;+https://webmaster.petalsearch.com/site/petalbot)" "www.brucemillernurseryedgewood.com"
40.69.203.80 - - [09/Nov/2022:02:17:24 -0800] "GET / HTTP/1.1" 200 1005 "-" "CommonCrawl" "brucemillernurseryedgewood.com"
40.69.203.80 - - [09/Nov/2022:02:17:27 -0800] "GET / HTTP/1.1" 200 1005 "-" "CommonCrawl" "www.brucemillernurseryedgewood.com"
40.69.203.80 - - [09/Nov/2022:02:17:30 -0800] "GET / HTTP/1.1" 200 1005 "-" "CommonCrawl" "brucemillernurseryedgewood.com"
114.119.132.149 - - [09/Nov/2022:02:18:28 -0800] "GET /sitebuilder/clipart/bars/low-carb/horizontal?C=D%3BO%3DA HTTP/1.1" 301 1458 "http://brucemillernurseryedgewood.com/sitebuilder/clipart/bars/low-carb/horizontal" "Mozilla/5.0 (Linux; Android 7.0;) AppleWebKit/537.36 (KHTML, like Gecko) Mobile Safari/537.36 (compatible; PetalBot;+https://webmaster.petalsearch.com/site/petalbot)" "brucemillernurseryedgewood.com"
114.119.132.149 - - [09/Nov/2022:02:18:32 -0800] "GET /sitebuilder/clipart/bars/low-carb/horizontal/?C=D%3BO%3DA HTTP/1.1" 200 421 "http://brucemillernurseryedgewood.com/sitebuilder/clipart/bars/low-carb/horizontal" "Mozilla/5.0 (Linux; Android 7.0;) AppleWebKit/537.36 (KHTML, like Gecko) Mobile Safari/537.36 (compatible; PetalBot;+https://webmaster.petalsearch.com/site/petalbot)" "brucemillernurseryedgewood.com"
52.226.227.211 - - [09/Nov/2022:02:22:36 -0800] "GET /robots.txt HTTP/1.1" 404 88 "-" "python-requests/2.27.1" "brucemillernurseryedgewood.com"
52.226.227.211 - - [09/Nov/2022:02:22:44 -0800] "GET /home HTTP/1.1" 200 4616 "-" "Mozilla/5.0 (Windows NT 10.0; Win64; x64) AppleWebKit/537.36 (KHTML, like Gecko) Chrome/76.0.3809.100 Safari/537.36" "brucemillernurseryedgewood.com"
216.244.66.230 - - [09/Nov/2022:02:23:14 -0800] "GET /images/2009_0516Image0003.JPG HTTP/1.1" 200 442302 "-" "Mozilla/5.0 (compatible; DotBot/1.2; +https://opensiteexplorer.org/dotbot; help@moz.com)" "www.brucemillernurseryedgewood.com"
114.119.132.153 - - [09/Nov/2022:02:23:37 -0800] "GET /sitebuilder/clipart/bars/low-carb/?C=S%3BO%3DA HTTP/1.1" 200 375 "https://www.brucemillernurseryedgewood.com/sitebuilder/clipart/bars/low-carb/?C=D%3BO%3DA" "Mozilla/5.0 (Linux; Android 7.0;) AppleWebKit/537.36 (KHTML, like Gecko) Mobile Safari/537.36 (compatible; PetalBot;+https://webmaster.petalsearch.com/site/petalbot)" "www.brucemillernurseryedgewood.com"
216.244.66.230 - - [09/Nov/2022:02:24:04 -0800] "GET /images/2009_0620Image0007.JPG HTTP/1.1" 200 324663 "-" "Mozilla/5.0 (compatible; DotBot/1.2; +https://opensiteexplorer.org/dotbot; help@moz.com)" "www.brucemillernurseryedgewood.com"
216.244.66.230 - - [09/Nov/2022:02:24:54 -0800] "GET /images/IMG_0564.JPG HTTP/1.1" 200 3338072 "-" "Mozilla/5.0 (compatible; DotBot/1.2; +https://opensiteexplorer.org/dotbot; help@moz.com)" "www.brucemillernurseryedgewood.com"
114.119.152.177 - - [09/Nov/2022:02:25:22 -0800] "GET /robots.txt HTTP/1.1" 404 88 "-" "Mozilla/5.0 (compatible;PetalBot;+https://webmaster.petalsearch.com/site/petalbot)" "brucemillernurseryedgewood.com"
114.119.150.186 - - [09/Nov/2022:02:28:49 -0800] "GET /sitebuilder/images?C=S%3BO%3DA HTTP/1.1" 301 1441 "http://www.brucemillernurseryedgewood.com/sitebuilder/images" "Mozilla/5.0 (Linux; Android 7.0;) AppleWebKit/537.36 (KHTML, like Gecko) Mobile Safari/537.36 (compatible; PetalBot;+https://webmaster.petalsearch.com/site/petalbot)" "www.brucemillernurseryedgewood.com"
114.119.150.186 - - [09/Nov/2022:02:28:50 -0800] "GET /sitebuilder/images/?C=S%3BO%3DA HTTP/1.1" 200 7088 "http://www.brucemillernurseryedgewood.com/sitebuilder/images" "Mozilla/5.0 (Linux; Android 7.0;) AppleWebKit/537.36 (KHTML, like Gecko) Mobile Safari/537.36 (compatible; PetalBot;+https://webmaster.petalsearch.com/site/petalbot)" "www.brucemillernurseryedgewood.com"
216.244.66.230 - - [09/Nov/2022:02:29:04 -0800] "GET /clipart/pageHeaders/ HTTP/1.1" 200 1216 "-" "Mozilla/5.0 (compatible; DotBot/1.2; +https://opensiteexplorer.org/dotbot; help@moz.com)" "brucemillernurseryedgewood.com"
216.244.66.230 - - [09/Nov/2022:02:29:33 -0800] "GET /images/IMG_0766.JPG HTTP/1.1" 200 3970015 "-" "Mozilla/5.0 (compatible; DotBot/1.2; +https://opensiteexplorer.org/dotbot; help@moz.com)" "brucemillernurseryedgewood.com"
216.244.66.230 - - [09/Nov/2022:02:30:24 -0800] "GET /images/IMG_0938.JPG HTTP/1.1" 200 3325821 "-" "Mozilla/5.0 (compatible; DotBot/1.2; +https://opensiteexplorer.org/dotbot; help@moz.com)" "brucemillernurseryedgewood.com"
216.244.66.230 - - [09/Nov/2022:02:31:14 -0800] "GET /images/kittens-no_Dana.jpg HTTP/1.1" 200 1140825 "-" "Mozilla/5.0 (compatible; DotBot/1.2; +https://opensiteexplorer.org/dotbot; help@moz.com)" "brucemillernurseryedgewood.com"
216.244.66.230 - - [09/Nov/2022:02:32:05 -0800] "GET /sitebuilder/images/Edgewood-0-inactive-43881.png HTTP/1.1" 200 1961 "-" "Mozilla/5.0 (compatible; DotBot/1.2; +https://opensiteexplorer.org/dotbot; help@moz.com)" "brucemillernurseryedgewood.com"
216.244.66.230 - - [09/Nov/2022:02:32:34 -0800] "GET /sitebuilder/images/Edgewood-3-active-85531.png HTTP/1.1" 200 1640 "-" "Mozilla/5.0 (compatible; DotBot/1.2; +https://opensiteexplorer.org/dotbot; help@moz.com)" "brucemillernurseryedgewood.com"
216.244.66.230 - - [09/Nov/2022:02:33:03 -0800] "GET /sitebuilder/images/Edgewood-4-mouseOver-39945.png HTTP/1.1" 200 1748 "-" "Mozilla/5.0 (compatible; DotBot/1.2; +https://opensiteexplorer.org/dotbot; help@moz.com)" "brucemillernurseryedgewood.com"
216.244.66.230 - - [09/Nov/2022:02:33:30 -0800] "GET /sitebuilder/images/IMG_0774-410x308.jpg HTTP/1.1" 200 29734 "-" "Mozilla/5.0 (compatible; DotBot/1.2; +https://opensiteexplorer.org/dotbot; help@moz.com)" "brucemillernurseryedgewood.com"
114.119.132.122 - - [09/Nov/2022:02:34:00 -0800] "GET /sitebuilder/clipart/bars/low-carb/horizontal/?C=D%3BO%3DA HTTP/1.1" 200 421 "http://brucemillernurseryedgewood.com/sitebuilder/clipart/bars/low-carb/horizontal" "Mozilla/5.0 (Linux; Android 7.0;) AppleWebKit/537.36 (KHTML, like Gecko) Mobile Safari/537.36 (compatible; PetalBot;+https://webmaster.petalsearch.com/site/petalbot)" "brucemillernurseryedgewood.com"
216.244.66.230 - - [09/Nov/2022:02:36:43 -0800] "GET /sitebuilder/images/2009_0620Image0002-315x235.jpg HTTP/1.1" 200 19401 "-" "Mozilla/5.0 (compatible; DotBot/1.2; +https://opensiteexplorer.org/dotbot; help@moz.com)" "www.brucemillernurseryedgewood.com"
216.244.66.230 - - [09/Nov/2022:02:37:11 -0800] "GET /sitebuilder/images/3.19i-408x252.jpg HTTP/1.1" 200 36422 "-" "Mozilla/5.0 (compatible; DotBot/1.2; +https://opensiteexplorer.org/dotbot; help@moz.com)" "www.brucemillernurseryedgewood.com"
216.244.66.230 - - [09/Nov/2022:02:37:39 -0800] "GET /sitebuilder/images/Edgewood-2-active-85234.png HTTP/1.1" 200 1887 "-" "Mozilla/5.0 (compatible; DotBot/1.2; +https://opensiteexplorer.org/dotbot; help@moz.com)" "www.brucemillernurseryedgewood.com"
216.244.66.230 - - [09/Nov/2022:02:38:04 -0800] "GET /sitebuilder/images/small_137_1_-124x180.jpg HTTP/1.1" 200 4994 "-" "Mozilla/5.0 (compatible; DotBot/1.2; +https://opensiteexplorer.org/dotbot; help@moz.com)" "www.brucemillernurseryedgewood.com"
114.119.132.146 - - [09/Nov/2022:02:39:16 -0800] "GET /clipart/backgrounds?C=S%3BO%3DA HTTP/1.1" 301 1441 "https://www.brucemillernurseryedgewood.com/clipart/backgrounds?C=N%3BO%3DD" "Mozilla/5.0 (Linux; Android 7.0;) AppleWebKit/537.36 (KHTML, like Gecko) Mobile Safari/537.36 (compatible; PetalBot;+https://webmaster.petalsearch.com/site/petalbot)" "www.brucemillernurseryedgewood.com"
114.119.132.146 - - [09/Nov/2022:02:39:17 -0800] "GET /clipart/backgrounds/?C=S%3BO%3DA HTTP/1.1" 200 389 "https://www.brucemillernurseryedgewood.com/clipart/backgrounds?C=N%3BO%3DD" "Mozilla/5.0 (Linux; Android 7.0;) AppleWebKit/537.36 (KHTML, like Gecko) Mobile Safari/537.36 (compatible; PetalBot;+https://webmaster.petalsearch.com/site/petalbot)" "www.brucemillernurseryedgewood.com"
114.119.132.122 - - [09/Nov/2022:02:44:40 -0800] "GET /clipart/pageHeaders/ZbThumbnail.info HTTP/1.1" 200 3300 "http://brucemillernurseryedgewood.com/clipart/pageHeaders/?C=S%3BO%3DA" "Mozilla/5.0 (Linux; Android 7.0;) AppleWebKit/537.36 (KHTML, like Gecko) Mobile Safari/537.36 (compatible; PetalBot;+https://webmaster.petalsearch.com/site/petalbot)" "brucemillernurseryedgewood.com"
157.55.39.193 - - [09/Nov/2022:02:48:57 -0800] "GET /contact_us HTTP/1.1" 200 8120 "-" "Mozilla/5.0 AppleWebKit/537.36 (KHTML, like Gecko; compatible; bingbot/2.0; +http://www.bing.com/bingbot.htm) Chrome/103.0.5060.134 Safari/537.36" "brucemillernurseryedgewood.com"
157.55.39.34 - - [09/Nov/2022:02:49:02 -0800] "GET /great_deals HTTP/1.1" 200 4168 "-" "Mozilla/5.0 (compatible; bingbot/2.0; +http://www.bing.com/bingbot.htm)" "brucemillernurseryedgewood.com"
114.119.132.131 - - [09/Nov/2022:02:49:31 -0800] "GET /images/ZbThumbnail.info HTTP/1.1" 200 1262596 "http://brucemillernurseryedgewood.com/images/?C=D%3BO%3DA" "Mozilla/5.0 (Linux; Android 7.0;) AppleWebKit/537.36 (KHTML, like Gecko) Mobile Safari/537.36 (compatible; PetalBot;+https://webmaster.petalsearch.com/site/petalbot)" "brucemillernurseryedgewood.com"
17.121.112.241 - - [09/Nov/2022:02:49:47 -0800] "GET / HTTP/1.1" 200 406 "-" "Mozilla/5.0 (Macintosh; Intel Mac OS X 10_15_5) AppleWebKit/605.1.15 (KHTML, like Gecko) Version/13.1.1 Safari/605.1.15 (Applebot/0.1; +http://www.apple.com/go/applebot)" "brucemillernurseryedgewood.com"
216.244.66.230 - - [09/Nov/2022:02:52:08 -0800] "GET /robots.txt HTTP/1.1" 404 73 "-" "Mozilla/5.0 (compatible; DotBot/1.2; +https://opensiteexplorer.org/dotbot; help@moz.com)" "www.brucemillernurseryedgewood.com"
216.244.66.230 - - [09/Nov/2022:02:52:08 -0800] "GET /robots.txt HTTP/1.1" 404 73 "-" "Mozilla/5.0 (compatible; DotBot/1.2; +https://opensiteexplorer.org/dotbot; help@moz.com)" "brucemillernurseryedgewood.com"
114.119.132.122 - - [09/Nov/2022:02:54:41 -0800] "GET /sitebuilder/clipart/bars/regular/horizontal HTTP/1.1" 301 1443 "http://brucemillernurseryedgewood.com/sitebuilder/clipart/bars/regular?C=S%3BO%3DA" "Mozilla/5.0 (Linux; Android 7.0;) AppleWebKit/537.36 (KHTML, like Gecko) Mobile Safari/537.36 (compatible; PetalBot;+https://webmaster.petalsearch.com/site/petalbot)" "brucemillernurseryedgewood.com"
114.119.132.122 - - [09/Nov/2022:02:54:42 -0800] "GET /sitebuilder/clipart/bars/regular/horizontal/ HTTP/1.1" 200 416 "http://brucemillernurseryedgewood.com/sitebuilder/clipart/bars/regular?C=S%3BO%3DA" "Mozilla/5.0 (Linux; Android 7.0;) AppleWebKit/537.36 (KHTML, like Gecko) Mobile Safari/537.36 (compatible; PetalBot;+https://webmaster.petalsearch.com/site/petalbot)" "brucemillernurseryedgewood.com"
114.119.132.122 - - [09/Nov/2022:02:59:50 -0800] "GET /sitebuilder/clipart/bars/regular/horizontal/?C=N%3BO%3DD HTTP/1.1" 200 416 "http://brucemillernurseryedgewood.com/sitebuilder/clipart/bars/regular/horizontal?C=S%3BO%3DA" "Mozilla/5.0 (Linux; Android 7.0;) AppleWebKit/537.36 (KHTML, like Gecko) Mobile Safari/537.36 (compatible; PetalBot;+https://webmaster.petalsearch.com/site/petalbot)" "brucemillernurseryedgewood.com"
114.119.132.122 - - [09/Nov/2022:03:12:51 -0800] "GET /sitebuilder/scripts/?C=M%3BO%3DA HTTP/1.1" 200 372 "https://www.brucemillernurseryedgewood.com/sitebuilder/scripts/" "Mozilla/5.0 (Linux; Android 7.0;) AppleWebKit/537.36 (KHTML, like Gecko) Mobile Safari/537.36 (compatible; PetalBot;+https://webmaster.petalsearch.com/site/petalbot)" "www.brucemillernurseryedgewood.com"
216.244.66.230 - - [09/Nov/2022:03:22:35 -0800] "GET /images/73980_1_.jpg HTTP/1.1" 200 4953 "-" "Mozilla/5.0 (compatible; DotBot/1.2; +https://opensiteexplorer.org/dotbot; help@moz.com)" "www.brucemillernurseryedgewood.com"
216.244.66.230 - - [09/Nov/2022:03:24:28 -0800] "GET /images/IMG_1176.JPG HTTP/1.1" 200 3507704 "-" "Mozilla/5.0 (compatible; DotBot/1.2; +https://opensiteexplorer.org/dotbot; help@moz.com)" "brucemillernurseryedgewood.com"
216.244.66.230 - - [09/Nov/2022:03:25:18 -0800] "GET /images/Sandy_Patzke_1.jpg HTTP/1.1" 200 5509 "-" "Mozilla/5.0 (compatible; DotBot/1.2; +https://opensiteexplorer.org/dotbot; help@moz.com)" "brucemillernurseryedgewood.com"
216.244.66.230 - - [09/Nov/2022:03:25:47 -0800] "GET /sitebuilder/images/2009_0531Image0028-600x450.jpg HTTP/1.1" 200 110928 "-" "Mozilla/5.0 (compatible; DotBot/1.2; +https://opensiteexplorer.org/dotbot; help@moz.com)" "brucemillernurseryedgewood.com"
216.244.66.230 - - [09/Nov/2022:03:26:27 -0800] "GET /sitebuilder/images/2009_0620Image0005-285x249.jpg HTTP/1.1" 200 21341 "-" "Mozilla/5.0 (compatible; DotBot/1.2; +https://opensiteexplorer.org/dotbot; help@moz.com)" "brucemillernurseryedgewood.com"
216.244.66.230 - - [09/Nov/2022:03:26:57 -0800] "GET /sitebuilder/images/Edgewood-1-inactive-84765.png HTTP/1.1" 200 1718 "-" "Mozilla/5.0 (compatible; DotBot/1.2; +https://opensiteexplorer.org/dotbot; help@moz.com)" "brucemillernurseryedgewood.com"
68.69.184.202 - - [09/Nov/2022:03:31:14 -0800] "GET /robots.txt HTTP/1.1" 404 88 "-" "test" "brucemillernurseryedgewood.com"
68.69.184.202 - - [09/Nov/2022:03:31:14 -0800] "GET / HTTP/1.1" 200 406 "-" "test" "brucemillernurseryedgewood.com"
123.125.109.116 - - [09/Nov/2022:03:35:33 -0800] "GET / HTTP/1.1" 200 406 "-" "Sogou web spider/4.0(+http://www.sogou.com/docs/help/webmasters.htm#07)" "www.brucemillernurseryedgewood.com"
216.244.66.230 - - [09/Nov/2022:03:36:17 -0800] "GET /clipart/pageHeaders/greenPlants.gif HTTP/1.1" 200 30093 "-" "Mozilla/5.0 (compatible; DotBot/1.2; +https://opensiteexplorer.org/dotbot; help@moz.com)" "www.brucemillernurseryedgewood.com"
216.244.66.230 - - [09/Nov/2022:03:36:38 -0800] "GET /sitebuilder/images/Edgewood-0-mouseOver-08363.png HTTP/1.1" 200 1797 "-" "Mozilla/5.0 (compatible; DotBot/1.2; +https://opensiteexplorer.org/dotbot; help@moz.com)" "www.brucemillernurseryedgewood.com"
216.244.66.230 - - [09/Nov/2022:03:36:58 -0800] "GET /sitebuilder/images/Edgewood-2-mouseOver-85328.png HTTP/1.1" 200 2007 "-" "Mozilla/5.0 (compatible; DotBot/1.2; +https://opensiteexplorer.org/dotbot; help@moz.com)" "www.brucemillernurseryedgewood.com"
216.244.66.230 - - [09/Nov/2022:03:37:17 -0800] "GET /sitebuilder/images/IMG_0181-240x495.jpg HTTP/1.1" 200 25359 "-" "Mozilla/5.0 (compatible; DotBot/1.2; +https://opensiteexplorer.org/dotbot; help@moz.com)" "www.brucemillernurseryedgewood.com"
216.244.66.230 - - [09/Nov/2022:03:37:36 -0800] "GET /sitebuilder/images/IMG_0879-324x240.jpg HTTP/1.1" 200 13526 "-" "Mozilla/5.0 (compatible; DotBot/1.2; +https://opensiteexplorer.org/dotbot; help@moz.com)" "www.brucemillernurseryedgewood.com"
114.119.132.149 - - [09/Nov/2022:03:38:41 -0800] "GET /sitebuilder/clipart/bars HTTP/1.1" 301 1430 "http://brucemillernurseryedgewood.com/sitebuilder/clipart/bars/low-carb?C=N%3BO%3DD" "Mozilla/5.0 (Linux; Android 7.0;) AppleWebKit/537.36 (KHTML, like Gecko) Mobile Safari/537.36 (compatible; PetalBot;+https://webmaster.petalsearch.com/site/petalbot)" "brucemillernurseryedgewood.com"
114.119.132.149 - - [09/Nov/2022:03:38:43 -0800] "GET /sitebuilder/clipart/bars/ HTTP/1.1" 200 384 "http://brucemillernurseryedgewood.com/sitebuilder/clipart/bars/low-carb?C=N%3BO%3DD" "Mozilla/5.0 (Linux; Android 7.0;) AppleWebKit/537.36 (KHTML, like Gecko) Mobile Safari/537.36 (compatible; PetalBot;+https://webmaster.petalsearch.com/site/petalbot)" "brucemillernurseryedgewood.com"
216.244.66.230 - - [09/Nov/2022:03:43:46 -0800] "GET /robots.txt HTTP/1.1" 404 73 "-" "Mozilla/5.0 (compatible; DotBot/1.2; +https://opensiteexplorer.org/dotbot; help@moz.com)" "www.brucemillernurseryedgewood.com"
216.244.66.230 - - [09/Nov/2022:03:43:46 -0800] "GET /robots.txt HTTP/1.1" 404 73 "-" "Mozilla/5.0 (compatible; DotBot/1.2; +https://opensiteexplorer.org/dotbot; help@moz.com)" "brucemillernurseryedgewood.com"
157.55.39.193 - - [09/Nov/2022:03:52:13 -0800] "GET /whats_new HTTP/1.1" 200 4437 "-" "Mozilla/5.0 (compatible; bingbot/2.0; +http://www.bing.com/bingbot.htm)" "brucemillernurseryedgewood.com"
61.135.159.197 - - [09/Nov/2022:03:53:13 -0800] "GET / HTTP/1.1" 200 406 "-" "Sogou web spider/4.0(+http://www.sogou.com/docs/help/webmasters.htm#07)" "brucemillernurseryedgewood.com"
216.244.66.230 - - [09/Nov/2022:03:58:00 -0800] "GET /contact_us HTTP/1.1" 200 29856 "-" "Mozilla/5.0 (compatible; DotBot/1.2; +https://opensiteexplorer.org/dotbot; help@moz.com)" "brucemillernurseryedgewood.com"
114.119.132.131 - - [09/Nov/2022:04:01:06 -0800] "GET /sitebuilder/clipart/bars/regular/vertical?C=D%3BO%3DA HTTP/1.1" 301 1452 "http://brucemillernurseryedgewood.com/sitebuilder/clipart/bars/regular/vertical?C=S%3BO%3DA" "Mozilla/5.0 (Linux; Android 7.0;) AppleWebKit/537.36 (KHTML, like Gecko) Mobile Safari/537.36 (compatible; PetalBot;+https://webmaster.petalsearch.com/site/petalbot)" "brucemillernurseryedgewood.com"
114.119.132.131 - - [09/Nov/2022:04:01:06 -0800] "GET /sitebuilder/clipart/bars/regular/vertical/?C=D%3BO%3DA HTTP/1.1" 200 417 "http://brucemillernurseryedgewood.com/sitebuilder/clipart/bars/regular/vertical?C=S%3BO%3DA" "Mozilla/5.0 (Linux; Android 7.0;) AppleWebKit/537.36 (KHTML, like Gecko) Mobile Safari/537.36 (compatible; PetalBot;+https://webmaster.petalsearch.com/site/petalbot)" "brucemillernurseryedgewood.com"
67.44.192.196 - - [09/Nov/2022:04:08:08 -0800] "GET /nursery.html HTTP/1.1" 404 88 "-" "Mozilla/5.0 (Macintosh; Intel Mac OS X 10_11_6) AppleWebKit/605.1.15 (KHTML, like Gecko)" "brucemillernurseryedgewood.com"
67.44.192.196 - - [09/Nov/2022:04:08:09 -0800] "GET /apple-touch-icon-precomposed.png HTTP/1.1" 404 88 "-" "Safari/11605.3.8.1 CFNetwork/760.9 Darwin/15.6.0 (x86_64)" "brucemillernurseryedgewood.com"
67.44.192.196 - - [09/Nov/2022:04:08:10 -0800] "GET /apple-touch-icon.png HTTP/1.1" 404 88 "-" "Safari/11605.3.8.1 CFNetwork/760.9 Darwin/15.6.0 (x86_64)" "brucemillernurseryedgewood.com"
67.44.192.196 - - [09/Nov/2022:04:08:11 -0800] "GET /favicon.ico HTTP/1.1" 404 88 "-" "Safari/11605.3.8.1 CFNetwork/760.9 Darwin/15.6.0 (x86_64)" "brucemillernurseryedgewood.com"
67.44.192.196 - - [09/Nov/2022:04:08:12 -0800] "GET /apple-touch-icon-precomposed.png HTTP/1.1" 404 88 "-" "Safari/11605.3.8.1 CFNetwork/760.9 Darwin/15.6.0 (x86_64)" "brucemillernurseryedgewood.com"
67.44.192.196 - - [09/Nov/2022:04:08:13 -0800] "GET /apple-touch-icon.png HTTP/1.1" 404 88 "-" "Safari/11605.3.8.1 CFNetwork/760.9 Darwin/15.6.0 (x86_64)" "brucemillernurseryedgewood.com"
67.44.192.196 - - [09/Nov/2022:04:08:13 -0800] "GET /favicon.ico HTTP/1.1" 404 88 "-" "Safari/11605.3.8.1 CFNetwork/760.9 Darwin/15.6.0 (x86_64)" "brucemillernurseryedgewood.com"
67.44.192.196 - - [09/Nov/2022:04:08:15 -0800] "GET /nursery.html HTTP/1.1" 404 88 "-" "\"Mozilla/5.0 (iPhone; CPU iPhone OS 11_0 like Mac OS X) AppleWebKit/604.1.38 (KHTML, like Gecko) Version/11.0 Mobile/15A372 Safari/604.1\"" "brucemillernurseryedgewood.com"
67.44.192.196 - - [09/Nov/2022:04:08:16 -0800] "GET /apple-touch-icon-precomposed.png HTTP/1.1" 404 88 "-" "Safari/11605.3.8.1 CFNetwork/760.9 Darwin/15.6.0 (x86_64)" "brucemillernurseryedgewood.com"
67.44.192.196 - - [09/Nov/2022:04:08:17 -0800] "GET /apple-touch-icon.png HTTP/1.1" 404 88 "-" "Safari/11605.3.8.1 CFNetwork/760.9 Darwin/15.6.0 (x86_64)" "brucemillernurseryedgewood.com"
67.44.192.196 - - [09/Nov/2022:04:08:17 -0800] "GET /favicon.ico HTTP/1.1" 404 88 "-" "Safari/11605.3.8.1 CFNetwork/760.9 Darwin/15.6.0 (x86_64)" "brucemillernurseryedgewood.com"
67.44.192.196 - - [09/Nov/2022:04:08:18 -0800] "GET /apple-touch-icon-precomposed.png HTTP/1.1" 404 88 "-" "Safari/11605.3.8.1 CFNetwork/760.9 Darwin/15.6.0 (x86_64)" "brucemillernurseryedgewood.com"
67.44.192.196 - - [09/Nov/2022:04:08:19 -0800] "GET /apple-touch-icon.png HTTP/1.1" 404 88 "-" "Safari/11605.3.8.1 CFNetwork/760.9 Darwin/15.6.0 (x86_64)" "brucemillernurseryedgewood.com"
67.44.192.196 - - [09/Nov/2022:04:08:20 -0800] "GET /favicon.ico HTTP/1.1" 404 88 "-" "Safari/11605.3.8.1 CFNetwork/760.9 Darwin/15.6.0 (x86_64)" "brucemillernurseryedgewood.com"
114.119.133.85 - - [09/Nov/2022:04:09:36 -0800] "GET /robots.txt HTTP/1.1" 404 88 "-" "Mozilla/5.0 (compatible;PetalBot;+https://webmaster.petalsearch.com/site/petalbot)" "www.brucemillernurseryedgewood.com"
216.244.66.230 - - [09/Nov/2022:04:19:33 -0800] "GET /images/3.19a.JPG HTTP/1.1" 200 4517258 "-" "Mozilla/5.0 (compatible; DotBot/1.2; +https://opensiteexplorer.org/dotbot; help@moz.com)" "www.brucemillernurseryedgewood.com"
216.244.66.230 - - [09/Nov/2022:04:20:23 -0800] "GET /images/IMG_0515.JPG HTTP/1.1" 200 3381461 "-" "Mozilla/5.0 (compatible; DotBot/1.2; +https://opensiteexplorer.org/dotbot; help@moz.com)" "www.brucemillernurseryedgewood.com"
216.244.66.230 - - [09/Nov/2022:04:26:11 -0800] "GET /images/2009_0516Image0001.JPG HTTP/1.1" 200 451419 "-" "Mozilla/5.0 (compatible; DotBot/1.2; +https://opensiteexplorer.org/dotbot; help@moz.com)" "brucemillernurseryedgewood.com"
114.119.132.122 - - [09/Nov/2022:04:26:25 -0800] "GET /clipart/backgrounds/sidebar/?C=M%3BO%3DA HTTP/1.1" 200 384 "http://brucemillernurseryedgewood.com/clipart/backgrounds/sidebar/?C=D%3BO%3DA" "Mozilla/5.0 (Linux; Android 7.0;) AppleWebKit/537.36 (KHTML, like Gecko) Mobile Safari/537.36 (compatible; PetalBot;+https://webmaster.petalsearch.com/site/petalbot)" "brucemillernurseryedgewood.com"
216.244.66.230 - - [09/Nov/2022:04:26:37 -0800] "GET /sitebuilder/images/2009_0531Image0017-285x188.jpg HTTP/1.1" 200 19670 "-" "Mozilla/5.0 (compatible; DotBot/1.2; +https://opensiteexplorer.org/dotbot; help@moz.com)" "brucemillernurseryedgewood.com"
216.244.66.230 - - [09/Nov/2022:04:27:00 -0800] "GET /sitebuilder/images/IMG_0493-450x600.jpg HTTP/1.1" 200 65475 "-" "Mozilla/5.0 (compatible; DotBot/1.2; +https://opensiteexplorer.org/dotbot; help@moz.com)" "brucemillernurseryedgewood.com"
216.244.66.230 - - [09/Nov/2022:04:27:23 -0800] "GET /sitebuilder/images/IMG_0937-359x262.jpg HTTP/1.1" 200 35035 "-" "Mozilla/5.0 (compatible; DotBot/1.2; +https://opensiteexplorer.org/dotbot; help@moz.com)" "brucemillernurseryedgewood.com"
216.244.66.230 - - [09/Nov/2022:04:27:44 -0800] "GET /sitebuilder/images/green_solid-850x390.png HTTP/1.1" 200 904 "-" "Mozilla/5.0 (compatible; DotBot/1.2; +https://opensiteexplorer.org/dotbot; help@moz.com)" "brucemillernurseryedgewood.com"
40.77.167.75 - - [09/Nov/2022:04:42:55 -0800] "GET /images/DSC01918.JPG HTTP/1.1" 200 3074144 "-" "Mozilla/5.0 (compatible; bingbot/2.0; +http://www.bing.com/bingbot.htm)" "brucemillernurseryedgewood.com"
185.191.171.1 - - [09/Nov/2022:04:48:46 -0800] "GET /robots.txt HTTP/1.1" 404 88 "-" "Mozilla/5.0 (compatible; SemrushBot/7~bl; +http://www.semrush.com/bot.html)" "brucemillernurseryedgewood.com"
185.191.171.25 - - [09/Nov/2022:04:48:47 -0800] "GET /contact_us HTTP/1.1" 200 8120 "-" "Mozilla/5.0 (compatible; SemrushBot/7~bl; +http://www.semrush.com/bot.html)" "brucemillernurseryedgewood.com"
114.119.150.186 - - [09/Nov/2022:04:58:25 -0800] "GET /sitebuilder/clipart/bars/regular/vertical HTTP/1.1" 301 1439 "http://brucemillernurseryedgewood.com/sitebuilder/clipart/bars/regular?C=S%3BO%3DA" "Mozilla/5.0 (Linux; Android 7.0;) AppleWebKit/537.36 (KHTML, like Gecko) Mobile Safari/537.36 (compatible; PetalBot;+https://webmaster.petalsearch.com/site/petalbot)" "brucemillernurseryedgewood.com"
114.119.150.186 - - [09/Nov/2022:04:58:26 -0800] "GET /sitebuilder/clipart/bars/regular/vertical/ HTTP/1.1" 200 417 "http://brucemillernurseryedgewood.com/sitebuilder/clipart/bars/regular?C=S%3BO%3DA" "Mozilla/5.0 (Linux; Android 7.0;) AppleWebKit/537.36 (KHTML, like Gecko) Mobile Safari/537.36 (compatible; PetalBot;+https://webmaster.petalsearch.com/site/petalbot)" "brucemillernurseryedgewood.com"
216.244.66.230 - - [09/Nov/2022:05:01:49 -0800] "GET /robots.txt HTTP/1.1" 404 73 "-" "Mozilla/5.0 (compatible; DotBot/1.2; +https://opensiteexplorer.org/dotbot; help@moz.com)" "brucemillernurseryedgewood.com"
216.244.66.230 - - [09/Nov/2022:05:01:51 -0800] "GET /robots.txt HTTP/1.1" 404 73 "-" "Mozilla/5.0 (compatible; DotBot/1.2; +https://opensiteexplorer.org/dotbot; help@moz.com)" "www.brucemillernurseryedgewood.com"
61.135.159.193 - - [09/Nov/2022:05:05:57 -0800] "GET / HTTP/1.1" 200 406 "-" "Sogou web spider/4.0(+http://www.sogou.com/docs/help/webmasters.htm#07)" "brucemillernurseryedgewood.com"
114.119.132.149 - - [09/Nov/2022:05:16:38 -0800] "GET /sitebuilder/clipart/backgrounds/tile/ HTTP/1.1" 200 412 "https://www.brucemillernurseryedgewood.com/sitebuilder/clipart/backgrounds/?C=D%3BO%3DA" "Mozilla/5.0 (Linux; Android 7.0;) AppleWebKit/537.36 (KHTML, like Gecko) Mobile Safari/537.36 (compatible; PetalBot;+https://webmaster.petalsearch.com/site/petalbot)" "www.brucemillernurseryedgewood.com"
114.119.132.149 - - [09/Nov/2022:05:22:06 -0800] "GET /clipart/pageHeaders?C=M%3BO%3DA HTTP/1.1" 301 1440 "http://brucemillernurseryedgewood.com/clipart/pageHeaders" "Mozilla/5.0 (Linux; Android 7.0;) AppleWebKit/537.36 (KHTML, like Gecko) Mobile Safari/537.36 (compatible; PetalBot;+https://webmaster.petalsearch.com/site/petalbot)" "brucemillernurseryedgewood.com"
114.119.132.149 - - [09/Nov/2022:05:22:06 -0800] "GET /clipart/pageHeaders/?C=M%3BO%3DA HTTP/1.1" 200 479 "http://brucemillernurseryedgewood.com/clipart/pageHeaders" "Mozilla/5.0 (Linux; Android 7.0;) AppleWebKit/537.36 (KHTML, like Gecko) Mobile Safari/537.36 (compatible; PetalBot;+https://webmaster.petalsearch.com/site/petalbot)" "brucemillernurseryedgewood.com"
216.244.66.230 - - [09/Nov/2022:05:24:09 -0800] "GET /images/2009_0516Image0002.JPG HTTP/1.1" 200 441733 "-" "Mozilla/5.0 (compatible; DotBot/1.2; +https://opensiteexplorer.org/dotbot; help@moz.com)" "www.brucemillernurseryedgewood.com"
216.244.66.230 - - [09/Nov/2022:05:24:41 -0800] "GET /images/2009_0620Image0005.JPG HTTP/1.1" 200 445523 "-" "Mozilla/5.0 (compatible; DotBot/1.2; +https://opensiteexplorer.org/dotbot; help@moz.com)" "www.brucemillernurseryedgewood.com"
216.244.66.230 - - [09/Nov/2022:05:25:24 -0800] "GET /images/IMG_0122.JPG HTTP/1.1" 200 4898066 "-" "Mozilla/5.0 (compatible; DotBot/1.2; +https://opensiteexplorer.org/dotbot; help@moz.com)" "www.brucemillernurseryedgewood.com"
216.244.66.230 - - [09/Nov/2022:05:26:15 -0800] "GET /images/IMG_0124.JPG HTTP/1.1" 200 4112206 "-" "Mozilla/5.0 (compatible; DotBot/1.2; +https://opensiteexplorer.org/dotbot; help@moz.com)" "www.brucemillernurseryedgewood.com"
216.244.66.230 - - [09/Nov/2022:05:27:05 -0800] "GET /images/IMG_0261.JPG HTTP/1.1" 200 3450923 "-" "Mozilla/5.0 (compatible; DotBot/1.2; +https://opensiteexplorer.org/dotbot; help@moz.com)" "www.brucemillernurseryedgewood.com"
216.244.66.230 - - [09/Nov/2022:05:27:55 -0800] "GET /images/IMG_0753.JPG HTTP/1.1" 200 4289507 "-" "Mozilla/5.0 (compatible; DotBot/1.2; +https://opensiteexplorer.org/dotbot; help@moz.com)" "www.brucemillernurseryedgewood.com"
114.119.132.146 - - [09/Nov/2022:05:29:23 -0800] "GET /clipart/buttons/themes HTTP/1.1" 301 1434 "https://www.brucemillernurseryedgewood.com/clipart/buttons/themes/glow?C=N%3BO%3DD" "Mozilla/5.0 (Linux; Android 7.0;) AppleWebKit/537.36 (KHTML, like Gecko) Mobile Safari/537.36 (compatible; PetalBot;+https://webmaster.petalsearch.com/site/petalbot)" "www.brucemillernurseryedgewood.com"
114.119.132.146 - - [09/Nov/2022:05:29:24 -0800] "GET /clipart/buttons/themes/ HTTP/1.1" 200 382 "https://www.brucemillernurseryedgewood.com/clipart/buttons/themes/glow?C=N%3BO%3DD" "Mozilla/5.0 (Linux; Android 7.0;) AppleWebKit/537.36 (KHTML, like Gecko) Mobile Safari/537.36 (compatible; PetalBot;+https://webmaster.petalsearch.com/site/petalbot)" "www.brucemillernurseryedgewood.com"
216.244.66.230 - - [09/Nov/2022:05:31:17 -0800] "GET /images/IMG_0251.JPG HTTP/1.1" 200 3960313 "-" "Mozilla/5.0 (compatible; DotBot/1.2; +https://opensiteexplorer.org/dotbot; help@moz.com)" "brucemillernurseryedgewood.com"
216.244.66.230 - - [09/Nov/2022:05:32:07 -0800] "GET /images/IMG_0949.JPG HTTP/1.1" 200 2208995 "-" "Mozilla/5.0 (compatible; DotBot/1.2; +https://opensiteexplorer.org/dotbot; help@moz.com)" "brucemillernurseryedgewood.com"
216.244.66.230 - - [09/Nov/2022:05:32:57 -0800] "GET /images/IMG_1192.JPG HTTP/1.1" 200 4089451 "-" "Mozilla/5.0 (compatible; DotBot/1.2; +https://opensiteexplorer.org/dotbot; help@moz.com)" "brucemillernurseryedgewood.com"
20.191.45.212 - - [09/Nov/2022:05:33:05 -0800] "GET / HTTP/1.1" 200 406 "http://brucemillernurseryedgewood.com/" "Mozilla/5.0 (compatible; DuckDuckGo-Favicons-Bot/1.0; +http://duckduckgo.com)" "brucemillernurseryedgewood.com"
20.191.45.212 - - [09/Nov/2022:05:33:06 -0800] "GET /favicon.ico HTTP/1.1" 404 88 "http://brucemillernurseryedgewood.com/favicon.ico" "Mozilla/5.0 (compatible; DuckDuckGo-Favicons-Bot/1.0; +http://duckduckgo.com)" "brucemillernurseryedgewood.com"
114.119.135.229 - - [09/Nov/2022:05:33:30 -0800] "GET /robots.txt HTTP/1.1" 404 88 "-" "Mozilla/5.0 (compatible;PetalBot;+https://webmaster.petalsearch.com/site/petalbot)" "brucemillernurseryedgewood.com"
216.244.66.230 - - [09/Nov/2022:05:33:47 -0800] "GET /sitebuilder/images/13126_1_-180x168.jpg HTTP/1.1" 200 5726 "-" "Mozilla/5.0 (compatible; DotBot/1.2; +https://opensiteexplorer.org/dotbot; help@moz.com)" "brucemillernurseryedgewood.com"
137.226.113.44 - - [09/Nov/2022:05:33:59 -0800] "GET / HTTP/1.1" 200 406 "-" "Mozilla/5.0 zgrab/0.x (compatible; Researchscan/http; +http://researchscan.comsys.rwth-aachen.de)" "www.brucemillernurseryedgewood.com"
216.244.66.230 - - [09/Nov/2022:05:34:17 -0800] "GET /sitebuilder/images/2009_0531Image0020-291x212.jpg HTTP/1.1" 200 27522 "-" "Mozilla/5.0 (compatible; DotBot/1.2; +https://opensiteexplorer.org/dotbot; help@moz.com)" "brucemillernurseryedgewood.com"
216.244.66.230 - - [09/Nov/2022:05:34:46 -0800] "GET /sitebuilder/images/2009_0706Image0003-375x279.jpg HTTP/1.1" 200 27043 "-" "Mozilla/5.0 (compatible; DotBot/1.2; +https://opensiteexplorer.org/dotbot; help@moz.com)" "brucemillernurseryedgewood.com"
216.244.66.230 - - [09/Nov/2022:05:35:13 -0800] "GET /sitebuilder/images/2009_0711Image0012-245x330.jpg HTTP/1.1" 200 32568 "-" "Mozilla/5.0 (compatible; DotBot/1.2; +https://opensiteexplorer.org/dotbot; help@moz.com)" "brucemillernurseryedgewood.com"
216.244.66.230 - - [09/Nov/2022:05:35:41 -0800] "GET /sitebuilder/images/Ivy_s_grandkits-360x236.jpg HTTP/1.1" 200 10481 "-" "Mozilla/5.0 (compatible; DotBot/1.2; +https://opensiteexplorer.org/dotbot; help@moz.com)" "brucemillernurseryedgewood.com"
216.244.66.230 - - [09/Nov/2022:05:40:32 -0800] "GET /sitebuilder/images/IMG_0132-360x345.jpg HTTP/1.1" 200 33802 "-" "Mozilla/5.0 (compatible; DotBot/1.2; +https://opensiteexplorer.org/dotbot; help@moz.com)" "www.brucemillernurseryedgewood.com"
216.244.66.230 - - [09/Nov/2022:05:40:57 -0800] "GET /sitebuilder/images/IMG_0133-360x225.jpg HTTP/1.1" 200 19882 "-" "Mozilla/5.0 (compatible; DotBot/1.2; +https://opensiteexplorer.org/dotbot; help@moz.com)" "www.brucemillernurseryedgewood.com"
216.244.66.230 - - [09/Nov/2022:05:41:20 -0800] "GET /sitebuilder/images/IMG_0724-346x256.jpg HTTP/1.1" 200 29965 "-" "Mozilla/5.0 (compatible; DotBot/1.2; +https://opensiteexplorer.org/dotbot; help@moz.com)" "www.brucemillernurseryedgewood.com"
157.55.39.193 - - [09/Nov/2022:05:46:40 -0800] "GET /sitebuilder/images/Edgewood-1-active-31078.png HTTP/1.1" 200 1503 "-" "Mozilla/5.0 AppleWebKit/537.36 (KHTML, like Gecko; compatible; bingbot/2.0; +http://www.bing.com/bingbot.htm) Chrome/103.0.5060.134 Safari/537.36" "brucemillernurseryedgewood.com"
216.244.66.230 - - [09/Nov/2022:06:06:26 -0800] "GET /robots.txt HTTP/1.1" 404 73 "-" "Mozilla/5.0 (compatible; DotBot/1.2; +https://opensiteexplorer.org/dotbot; help@moz.com)" "www.brucemillernurseryedgewood.com"
216.244.66.230 - - [09/Nov/2022:06:06:26 -0800] "GET /robots.txt HTTP/1.1" 404 73 "-" "Mozilla/5.0 (compatible; DotBot/1.2; +https://opensiteexplorer.org/dotbot; help@moz.com)" "brucemillernurseryedgewood.com"
77.75.79.119 - - [09/Nov/2022:06:10:20 -0800] "GET /robots.txt HTTP/1.1" 404 88 "-" "Mozilla/5.0 (compatible; SeznamBot/4.0-RC1; +http://napoveda.seznam.cz/seznambot-intro/)" "brucemillernurseryedgewood.com"
77.75.79.119 - - [09/Nov/2022:06:10:20 -0800] "GET /about_us HTTP/1.1" 200 3906 "-" "Mozilla/5.0 (compatible; SeznamBot/4.0-RC1; +http://napoveda.seznam.cz/seznambot-intro/)" "brucemillernurseryedgewood.com"
216.244.66.230 - - [09/Nov/2022:06:30:42 -0800] "GET /sitebuilder/clipart/bars/ HTTP/1.1" 200 905 "-" "Mozilla/5.0 (compatible; DotBot/1.2; +https://opensiteexplorer.org/dotbot; help@moz.com)" "www.brucemillernurseryedgewood.com"
216.244.66.230 - - [09/Nov/2022:06:34:48 -0800] "GET /images/2009_0711Image0008.JPG HTTP/1.1" 200 449747 "-" "Mozilla/5.0 (compatible; DotBot/1.2; +https://opensiteexplorer.org/dotbot; help@moz.com)" "www.brucemillernurseryedgewood.com"
216.244.66.230 - - [09/Nov/2022:06:35:39 -0800] "GET /images/IMG_0258.JPG HTTP/1.1" 200 4159528 "-" "Mozilla/5.0 (compatible; DotBot/1.2; +https://opensiteexplorer.org/dotbot; help@moz.com)" "www.brucemillernurseryedgewood.com"
216.244.66.230 - - [09/Nov/2022:06:36:31 -0800] "GET /images/IMG_0718.JPG HTTP/1.1" 200 3129207 "-" "Mozilla/5.0 (compatible; DotBot/1.2; +https://opensiteexplorer.org/dotbot; help@moz.com)" "www.brucemillernurseryedgewood.com"
216.244.66.230 - - [09/Nov/2022:06:39:40 -0800] "GET /images/IMG_0704.JPG HTTP/1.1" 200 4817328 "-" "Mozilla/5.0 (compatible; DotBot/1.2; +https://opensiteexplorer.org/dotbot; help@moz.com)" "brucemillernurseryedgewood.com"
216.244.66.230 - - [09/Nov/2022:06:40:30 -0800] "GET /images/IMG_0713.JPG HTTP/1.1" 200 5219188 "-" "Mozilla/5.0 (compatible; DotBot/1.2; +https://opensiteexplorer.org/dotbot; help@moz.com)" "brucemillernurseryedgewood.com"
216.244.66.230 - - [09/Nov/2022:06:41:20 -0800] "GET /images/IMG_0933.JPG HTTP/1.1" 200 3527090 "-" "Mozilla/5.0 (compatible; DotBot/1.2; +https://opensiteexplorer.org/dotbot; help@moz.com)" "brucemillernurseryedgewood.com"
216.244.66.230 - - [09/Nov/2022:06:42:10 -0800] "GET /navigation_bars/Edgewood.nav HTTP/1.1" 200 6654 "-" "Mozilla/5.0 (compatible; DotBot/1.2; +https://opensiteexplorer.org/dotbot; help@moz.com)" "brucemillernurseryedgewood.com"
216.244.66.230 - - [09/Nov/2022:06:42:39 -0800] "GET /sitebuilder/images/2009_0620Image0004-527x397.jpg HTTP/1.1" 200 58621 "-" "Mozilla/5.0 (compatible; DotBot/1.2; +https://opensiteexplorer.org/dotbot; help@moz.com)" "brucemillernurseryedgewood.com"
216.244.66.230 - - [09/Nov/2022:06:43:08 -0800] "GET /sitebuilder/images/IMG_0128-225x435.jpg HTTP/1.1" 200 37852 "-" "Mozilla/5.0 (compatible; DotBot/1.2; +https://opensiteexplorer.org/dotbot; help@moz.com)" "brucemillernurseryedgewood.com"
216.244.66.230 - - [09/Nov/2022:06:43:36 -0800] "GET /sitebuilder/images/IMG_0945-306x414.jpg HTTP/1.1" 200 36732 "-" "Mozilla/5.0 (compatible; DotBot/1.2; +https://opensiteexplorer.org/dotbot; help@moz.com)" "brucemillernurseryedgewood.com"
216.244.66.230 - - [09/Nov/2022:06:44:03 -0800] "GET /sitebuilder/images/Ivy_kittens2-390x255.jpg HTTP/1.1" 200 21773 "-" "Mozilla/5.0 (compatible; DotBot/1.2; +https://opensiteexplorer.org/dotbot; help@moz.com)" "brucemillernurseryedgewood.com"
216.244.66.230 - - [09/Nov/2022:06:44:30 -0800] "GET /sitebuilder/server_meta.txt HTTP/1.1" 200 12486 "-" "Mozilla/5.0 (compatible; DotBot/1.2; +https://opensiteexplorer.org/dotbot; help@moz.com)" "brucemillernurseryedgewood.com"
216.244.66.230 - - [09/Nov/2022:06:46:06 -0800] "GET /sitebuilder/images/Edgewood-2-mouseOver-08863.png HTTP/1.1" 200 2054 "-" "Mozilla/5.0 (compatible; DotBot/1.2; +https://opensiteexplorer.org/dotbot; help@moz.com)" "www.brucemillernurseryedgewood.com"
216.244.66.230 - - [09/Nov/2022:06:46:26 -0800] "GET /sitebuilder/images/IMG_0258-240x372.jpg HTTP/1.1" 200 33478 "-" "Mozilla/5.0 (compatible; DotBot/1.2; +https://opensiteexplorer.org/dotbot; help@moz.com)" "www.brucemillernurseryedgewood.com"
216.244.66.230 - - [09/Nov/2022:06:46:45 -0800] "GET /sitebuilder/images/IMG_0767-341x465.jpg HTTP/1.1" 200 41195 "-" "Mozilla/5.0 (compatible; DotBot/1.2; +https://opensiteexplorer.org/dotbot; help@moz.com)" "www.brucemillernurseryedgewood.com"
216.244.66.230 - - [09/Nov/2022:06:47:05 -0800] "GET /sitebuilder/images/tn_1_4-252x316.jpg HTTP/1.1" 200 14667 "-" "Mozilla/5.0 (compatible; DotBot/1.2; +https://opensiteexplorer.org/dotbot; help@moz.com)" "www.brucemillernurseryedgewood.com"
216.244.66.230 - - [09/Nov/2022:07:01:39 -0800] "GET /robots.txt HTTP/1.1" 404 73 "-" "Mozilla/5.0 (compatible; DotBot/1.2; +https://opensiteexplorer.org/dotbot; help@moz.com)" "www.brucemillernurseryedgewood.com"
216.244.66.230 - - [09/Nov/2022:07:01:39 -0800] "GET /robots.txt HTTP/1.1" 404 73 "-" "Mozilla/5.0 (compatible; DotBot/1.2; +https://opensiteexplorer.org/dotbot; help@moz.com)" "brucemillernurseryedgewood.com"
216.244.66.230 - - [09/Nov/2022:07:26:17 -0800] "GET /images/IMG_0724.JPG HTTP/1.1" 200 4283286 "-" "Mozilla/5.0 (compatible; DotBot/1.2; +https://opensiteexplorer.org/dotbot; help@moz.com)" "www.brucemillernurseryedgewood.com"
216.244.66.230 - - [09/Nov/2022:07:30:12 -0800] "GET /sitebuilder/images/IMG_0261-450x600.jpg HTTP/1.1" 200 61983 "-" "Mozilla/5.0 (compatible; DotBot/1.2; +https://opensiteexplorer.org/dotbot; help@moz.com)" "brucemillernurseryedgewood.com"
216.244.66.230 - - [09/Nov/2022:07:30:44 -0800] "GET /sitebuilder/images/IMG_0546-600x450.jpg HTTP/1.1" 200 98603 "-" "Mozilla/5.0 (compatible; DotBot/1.2; +https://opensiteexplorer.org/dotbot; help@moz.com)" "brucemillernurseryedgewood.com"
216.244.66.230 - - [09/Nov/2022:07:31:23 -0800] "GET /sitebuilder/images/IMG_0879-324x240.jpg HTTP/1.1" 200 13526 "-" "Mozilla/5.0 (compatible; DotBot/1.2; +https://opensiteexplorer.org/dotbot; help@moz.com)" "brucemillernurseryedgewood.com"
216.244.66.230 - - [09/Nov/2022:07:31:53 -0800] "GET /sitebuilder/images/th_BlackLabrador-190x195.jpg HTTP/1.1" 200 5797 "-" "Mozilla/5.0 (compatible; DotBot/1.2; +https://opensiteexplorer.org/dotbot; help@moz.com)" "brucemillernurseryedgewood.com"
207.46.13.17 - - [09/Nov/2022:07:35:25 -0800] "GET /clipart/buttons/themes/ HTTP/1.1" 200 382 "-" "Mozilla/5.0 (compatible; bingbot/2.0; +http://www.bing.com/bingbot.htm)" "www.brucemillernurseryedgewood.com"
216.244.66.230 - - [09/Nov/2022:07:39:50 -0800] "GET /sitebuilder/images/2009_0516Image0006-325x225.jpg HTTP/1.1" 200 16575 "-" "Mozilla/5.0 (compatible; DotBot/1.2; +https://opensiteexplorer.org/dotbot; help@moz.com)" "www.brucemillernurseryedgewood.com"
216.244.66.230 - - [09/Nov/2022:07:40:00 -0800] "GET /sitebuilder/images/IMG_0522-510x376.jpg HTTP/1.1" 200 63290 "-" "Mozilla/5.0 (compatible; DotBot/1.2; +https://opensiteexplorer.org/dotbot; help@moz.com)" "www.brucemillernurseryedgewood.com"
216.244.66.230 - - [09/Nov/2022:07:40:08 -0800] "GET /sitebuilder/images/IMG_0551-316x228.jpg HTTP/1.1" 200 18382 "-" "Mozilla/5.0 (compatible; DotBot/1.2; +https://opensiteexplorer.org/dotbot; help@moz.com)" "www.brucemillernurseryedgewood.com"
216.244.66.230 - - [09/Nov/2022:07:40:15 -0800] "GET /sitebuilder/images/scanned_stuff-368x225.jpg HTTP/1.1" 200 17570 "-" "Mozilla/5.0 (compatible; DotBot/1.2; +https://opensiteexplorer.org/dotbot; help@moz.com)" "www.brucemillernurseryedgewood.com"
173.236.137.153 - - [09/Nov/2022:07:42:07 -0800] "GET /wp-login.php HTTP/1.1" 404 88 "-" "Mozilla/5.0 (Windows NT 10.0; Win64; x64; rv:96.0) Gecko/20100101 Firefox/96" "brucemillernurseryedgewood.com"
162.55.85.225 - - [09/Nov/2022:07:50:46 -0800] "GET /robots.txt HTTP/1.1" 404 88 "-" "Mozilla/5.0 (compatible; BLEXBot/1.0; +http://webmeup-crawler.com/)" "brucemillernurseryedgewood.com"
162.55.85.225 - - [09/Nov/2022:07:50:46 -0800] "GET /sitemap HTTP/1.1" 404 88 "-" "Mozilla/5.0 (compatible; BLEXBot/1.0; +http://webmeup-crawler.com/)" "brucemillernurseryedgewood.com"
162.55.85.225 - - [09/Nov/2022:07:50:49 -0800] "GET /sitemap.txt HTTP/1.1" 404 88 "-" "Mozilla/5.0 (compatible; BLEXBot/1.0; +http://webmeup-crawler.com/)" "brucemillernurseryedgewood.com"
162.55.85.225 - - [09/Nov/2022:07:50:51 -0800] "GET /about_us HTTP/1.1" 200 3906 "-" "Mozilla/5.0 (compatible; BLEXBot/1.0; +http://webmeup-crawler.com/)" "brucemillernurseryedgewood.com"
162.55.85.225 - - [09/Nov/2022:07:50:53 -0800] "GET /clipart/bars/regular/horizontal/?C=D;O=D HTTP/1.1" 200 387 "-" "Mozilla/5.0 (compatible; BLEXBot/1.0; +http://webmeup-crawler.com/)" "brucemillernurseryedgewood.com"
162.55.85.225 - - [09/Nov/2022:07:50:55 -0800] "GET /clipart/bars/regular/horizontal/?C=M;O=D HTTP/1.1" 200 387 "-" "Mozilla/5.0 (compatible; BLEXBot/1.0; +http://webmeup-crawler.com/)" "brucemillernurseryedgewood.com"
162.55.85.225 - - [09/Nov/2022:07:50:59 -0800] "GET /clipart/bars/regular/horizontal/?C=N;O=A HTTP/1.1" 200 390 "-" "Mozilla/5.0 (compatible; BLEXBot/1.0; +http://webmeup-crawler.com/)" "brucemillernurseryedgewood.com"
162.55.85.225 - - [09/Nov/2022:07:51:02 -0800] "GET /clipart/bars/regular/horizontal/?C=S;O=D HTTP/1.1" 200 387 "-" "Mozilla/5.0 (compatible; BLEXBot/1.0; +http://webmeup-crawler.com/)" "brucemillernurseryedgewood.com"
162.55.85.225 - - [09/Nov/2022:07:51:05 -0800] "GET /clipart/buttons/themes/glow/?C=D;O=D HTTP/1.1" 200 413 "-" "Mozilla/5.0 (compatible; BLEXBot/1.0; +http://webmeup-crawler.com/)" "brucemillernurseryedgewood.com"
162.55.85.225 - - [09/Nov/2022:07:51:08 -0800] "GET /clipart/buttons/themes/glow/?C=M;O=D HTTP/1.1" 200 413 "-" "Mozilla/5.0 (compatible; BLEXBot/1.0; +http://webmeup-crawler.com/)" "brucemillernurseryedgewood.com"
162.55.85.225 - - [09/Nov/2022:07:51:10 -0800] "GET /clipart/buttons/themes/glow/?C=N;O=A HTTP/1.1" 200 420 "-" "Mozilla/5.0 (compatible; BLEXBot/1.0; +http://webmeup-crawler.com/)" "brucemillernurseryedgewood.com"
162.55.85.225 - - [09/Nov/2022:07:51:13 -0800] "GET /clipart/buttons/themes/glow/?C=S;O=D HTTP/1.1" 200 414 "-" "Mozilla/5.0 (compatible; BLEXBot/1.0; +http://webmeup-crawler.com/)" "brucemillernurseryedgewood.com"
162.55.85.225 - - [09/Nov/2022:07:51:16 -0800] "GET /clipart/buttons/themes/stone/?C=D;O=D HTTP/1.1" 200 409 "-" "Mozilla/5.0 (compatible; BLEXBot/1.0; +http://webmeup-crawler.com/)" "brucemillernurseryedgewood.com"
162.55.85.225 - - [09/Nov/2022:07:51:20 -0800] "GET /clipart/buttons/themes/stone/?C=M;O=D HTTP/1.1" 200 409 "-" "Mozilla/5.0 (compatible; BLEXBot/1.0; +http://webmeup-crawler.com/)" "brucemillernurseryedgewood.com"
162.55.85.225 - - [09/Nov/2022:07:51:23 -0800] "GET /clipart/buttons/themes/stone/?C=N;O=A HTTP/1.1" 200 413 "-" "Mozilla/5.0 (compatible; BLEXBot/1.0; +http://webmeup-crawler.com/)" "brucemillernurseryedgewood.com"
162.55.85.225 - - [09/Nov/2022:07:51:26 -0800] "GET /clipart/buttons/themes/stone/?C=S;O=D HTTP/1.1" 200 409 "-" "Mozilla/5.0 (compatible; BLEXBot/1.0; +http://webmeup-crawler.com/)" "brucemillernurseryedgewood.com"
162.55.85.225 - - [09/Nov/2022:07:51:29 -0800] "GET /contact_us HTTP/1.1" 200 8120 "-" "Mozilla/5.0 (compatible; BLEXBot/1.0; +http://webmeup-crawler.com/)" "brucemillernurseryedgewood.com"
162.55.85.225 - - [09/Nov/2022:07:51:33 -0800] "GET /featured_article HTTP/1.1" 200 4255 "-" "Mozilla/5.0 (compatible; BLEXBot/1.0; +http://webmeup-crawler.com/)" "brucemillernurseryedgewood.com"
162.55.85.225 - - [09/Nov/2022:07:51:37 -0800] "GET /great_deals HTTP/1.1" 200 4168 "-" "Mozilla/5.0 (compatible; BLEXBot/1.0; +http://webmeup-crawler.com/)" "brucemillernurseryedgewood.com"
162.55.85.225 - - [09/Nov/2022:07:51:40 -0800] "GET /great_deals_on_select_items HTTP/1.1" 404 88 "-" "Mozilla/5.0 (compatible; BLEXBot/1.0; +http://webmeup-crawler.com/)" "brucemillernurseryedgewood.com"
162.55.85.225 - - [09/Nov/2022:07:51:45 -0800] "GET /sitebuilder/clipart/backgrounds/tile/?C=D;O=D HTTP/1.1" 200 410 "-" "Mozilla/5.0 (compatible; BLEXBot/1.0; +http://webmeup-crawler.com/)" "brucemillernurseryedgewood.com"
162.55.85.225 - - [09/Nov/2022:07:51:49 -0800] "GET /sitebuilder/clipart/backgrounds/tile/?C=M;O=D HTTP/1.1" 200 410 "-" "Mozilla/5.0 (compatible; BLEXBot/1.0; +http://webmeup-crawler.com/)" "brucemillernurseryedgewood.com"
162.55.85.225 - - [09/Nov/2022:07:51:51 -0800] "GET /sitebuilder/clipart/backgrounds/tile/?C=N;O=A HTTP/1.1" 200 412 "-" "Mozilla/5.0 (compatible; BLEXBot/1.0; +http://webmeup-crawler.com/)" "brucemillernurseryedgewood.com"
162.55.85.225 - - [09/Nov/2022:07:51:53 -0800] "GET /sitebuilder/clipart/backgrounds/tile/?C=S;O=D HTTP/1.1" 200 410 "-" "Mozilla/5.0 (compatible; BLEXBot/1.0; +http://webmeup-crawler.com/)" "brucemillernurseryedgewood.com"
162.55.85.225 - - [09/Nov/2022:07:51:58 -0800] "GET /sitebuilder/clipart/bars/low-carb/?C=D;O=D HTTP/1.1" 200 373 "-" "Mozilla/5.0 (compatible; BLEXBot/1.0; +http://webmeup-crawler.com/)" "brucemillernurseryedgewood.com"
162.55.85.225 - - [09/Nov/2022:07:52:00 -0800] "GET /sitebuilder/clipart/bars/low-carb/?C=M;O=D HTTP/1.1" 200 373 "-" "Mozilla/5.0 (compatible; BLEXBot/1.0; +http://webmeup-crawler.com/)" "brucemillernurseryedgewood.com"
162.55.85.225 - - [09/Nov/2022:07:52:03 -0800] "GET /sitebuilder/clipart/bars/low-carb/?C=N;O=A HTTP/1.1" 200 375 "-" "Mozilla/5.0 (compatible; BLEXBot/1.0; +http://webmeup-crawler.com/)" "brucemillernurseryedgewood.com"
162.55.85.225 - - [09/Nov/2022:07:52:06 -0800] "GET /sitebuilder/clipart/bars/low-carb/?C=S;O=D HTTP/1.1" 200 373 "-" "Mozilla/5.0 (compatible; BLEXBot/1.0; +http://webmeup-crawler.com/)" "brucemillernurseryedgewood.com"
162.55.85.225 - - [09/Nov/2022:07:52:08 -0800] "GET /sitebuilder/clipart/bars/low-carb/horizontal/?C=D;O=A HTTP/1.1" 200 421 "-" "Mozilla/5.0 (compatible; BLEXBot/1.0; +http://webmeup-crawler.com/)" "brucemillernurseryedgewood.com"
162.55.85.225 - - [09/Nov/2022:07:52:14 -0800] "GET /sitebuilder/clipart/bars/low-carb/horizontal/?C=M;O=A HTTP/1.1" 200 421 "-" "Mozilla/5.0 (compatible; BLEXBot/1.0; +http://webmeup-crawler.com/)" "brucemillernurseryedgewood.com"
162.55.85.225 - - [09/Nov/2022:07:52:16 -0800] "GET /sitebuilder/clipart/bars/low-carb/horizontal/?C=N;O=D HTTP/1.1" 200 419 "-" "Mozilla/5.0 (compatible; BLEXBot/1.0; +http://webmeup-crawler.com/)" "brucemillernurseryedgewood.com"
162.55.85.225 - - [09/Nov/2022:07:52:20 -0800] "GET /sitebuilder/clipart/bars/low-carb/horizontal/?C=S;O=A HTTP/1.1" 200 421 "-" "Mozilla/5.0 (compatible; BLEXBot/1.0; +http://webmeup-crawler.com/)" "brucemillernurseryedgewood.com"
162.55.85.225 - - [09/Nov/2022:07:52:23 -0800] "GET /sitebuilder/clipart/bars/regular/?C=D;O=D HTTP/1.1" 200 389 "-" "Mozilla/5.0 (compatible; BLEXBot/1.0; +http://webmeup-crawler.com/)" "brucemillernurseryedgewood.com"
162.55.85.225 - - [09/Nov/2022:07:52:32 -0800] "GET /sitebuilder/clipart/bars/regular/?C=M;O=D HTTP/1.1" 200 389 "-" "Mozilla/5.0 (compatible; BLEXBot/1.0; +http://webmeup-crawler.com/)" "brucemillernurseryedgewood.com"
162.55.85.225 - - [09/Nov/2022:07:52:37 -0800] "GET /sitebuilder/clipart/bars/regular/?C=N;O=A HTTP/1.1" 200 391 "-" "Mozilla/5.0 (compatible; BLEXBot/1.0; +http://webmeup-crawler.com/)" "brucemillernurseryedgewood.com"
162.55.85.225 - - [09/Nov/2022:07:52:40 -0800] "GET /sitebuilder/clipart/bars/regular/?C=S;O=D HTTP/1.1" 200 389 "-" "Mozilla/5.0 (compatible; BLEXBot/1.0; +http://webmeup-crawler.com/)" "brucemillernurseryedgewood.com"
162.55.85.225 - - [09/Nov/2022:07:52:43 -0800] "GET /sitebuilder/clipart/bars/regular/horizontal/?C=D;O=A HTTP/1.1" 200 416 "-" "Mozilla/5.0 (compatible; BLEXBot/1.0; +http://webmeup-crawler.com/)" "brucemillernurseryedgewood.com"
162.55.85.225 - - [09/Nov/2022:07:52:46 -0800] "GET /sitebuilder/clipart/bars/regular/horizontal/?C=M;O=A HTTP/1.1" 200 416 "-" "Mozilla/5.0 (compatible; BLEXBot/1.0; +http://webmeup-crawler.com/)" "brucemillernurseryedgewood.com"
162.55.85.225 - - [09/Nov/2022:07:52:47 -0800] "GET /sitebuilder/clipart/bars/regular/horizontal/?C=N;O=D HTTP/1.1" 200 414 "-" "Mozilla/5.0 (compatible; BLEXBot/1.0; +http://webmeup-crawler.com/)" "brucemillernurseryedgewood.com"
162.55.85.225 - - [09/Nov/2022:07:52:52 -0800] "GET /sitebuilder/clipart/bars/regular/horizontal/?C=S;O=A HTTP/1.1" 200 416 "-" "Mozilla/5.0 (compatible; BLEXBot/1.0; +http://webmeup-crawler.com/)" "brucemillernurseryedgewood.com"
162.55.85.225 - - [09/Nov/2022:07:52:54 -0800] "GET /sitebuilder/clipart/bars/regular/vertical/?C=D;O=A HTTP/1.1" 200 417 "-" "Mozilla/5.0 (compatible; BLEXBot/1.0; +http://webmeup-crawler.com/)" "brucemillernurseryedgewood.com"
162.55.85.225 - - [09/Nov/2022:07:52:57 -0800] "GET /sitebuilder/clipart/bars/regular/vertical/?C=M;O=A HTTP/1.1" 200 417 "-" "Mozilla/5.0 (compatible; BLEXBot/1.0; +http://webmeup-crawler.com/)" "brucemillernurseryedgewood.com"
162.55.85.225 - - [09/Nov/2022:07:52:59 -0800] "GET /sitebuilder/clipart/bars/regular/vertical/?C=N;O=D HTTP/1.1" 200 415 "-" "Mozilla/5.0 (compatible; BLEXBot/1.0; +http://webmeup-crawler.com/)" "brucemillernurseryedgewood.com"
