114.119.132.146 - - [12/Nov/2022:01:45:51 -0800] "GET /sitebuilder/clipart/backgrounds/tile?C=S%3BO%3DA HTTP/1.1" 301 1448 "http://brucemillernurseryedgewood.com/sitebuilder/clipart/backgrounds/tile?C=D%3BO%3DA" "Mozilla/5.0 (Linux; Android 7.0;) AppleWebKit/537.36 (KHTML, like Gecko) Mobile Safari/537.36 (compatible; PetalBot;+https://webmaster.petalsearch.com/site/petalbot)" "brucemillernurseryedgewood.com"
114.119.132.146 - - [12/Nov/2022:01:45:59 -0800] "GET /sitebuilder/clipart/backgrounds/tile/?C=S%3BO%3DA HTTP/1.1" 200 412 "http://brucemillernurseryedgewood.com/sitebuilder/clipart/backgrounds/tile?C=D%3BO%3DA" "Mozilla/5.0 (Linux; Android 7.0;) AppleWebKit/537.36 (KHTML, like Gecko) Mobile Safari/537.36 (compatible; PetalBot;+https://webmaster.petalsearch.com/site/petalbot)" "brucemillernurseryedgewood.com"
66.249.66.30 - - [12/Nov/2022:01:47:09 -0800] "GET /robots.txt HTTP/1.1" 404 88 "-" "Mozilla/5.0 (compatible; Googlebot/2.1; +http://www.google.com/bot.html)" "www.brucemillernurseryedgewood.com"
66.249.66.30 - - [12/Nov/2022:01:47:42 -0800] "GET /ads.txt HTTP/1.1" 404 88 "-" "Mozilla/5.0 (compatible; Googlebot/2.1; +http://www.google.com/bot.html)" "www.brucemillernurseryedgewood.com"
114.119.132.131 - - [12/Nov/2022:01:52:59 -0800] "GET /clipart/images/sidebars?C=S%3BO%3DA HTTP/1.1" 301 1443 "http://brucemillernurseryedgewood.com/clipart/images/sidebars" "Mozilla/5.0 (Linux; Android 7.0;) AppleWebKit/537.36 (KHTML, like Gecko) Mobile Safari/537.36 (compatible; PetalBot;+https://webmaster.petalsearch.com/site/petalbot)" "brucemillernurseryedgewood.com"
114.119.132.131 - - [12/Nov/2022:01:53:00 -0800] "GET /clipart/images/sidebars/?C=S%3BO%3DA HTTP/1.1" 200 405 "http://brucemillernurseryedgewood.com/clipart/images/sidebars" "Mozilla/5.0 (Linux; Android 7.0;) AppleWebKit/537.36 (KHTML, like Gecko) Mobile Safari/537.36 (compatible; PetalBot;+https://webmaster.petalsearch.com/site/petalbot)" "brucemillernurseryedgewood.com"
216.244.66.230 - - [12/Nov/2022:01:57:26 -0800] "GET /robots.txt HTTP/1.1" 404 73 "-" "Mozilla/5.0 (compatible; DotBot/1.2; +https://opensiteexplorer.org/dotbot; help@moz.com)" "brucemillernurseryedgewood.com"
114.119.132.122 - - [12/Nov/2022:02:00:07 -0800] "GET /contact_us HTTP/1.1" 200 8120 "http://brucemillernurseryedgewood.com/great_deals" "Mozilla/5.0 (Linux; Android 7.0;) AppleWebKit/537.36 (KHTML, like Gecko) Mobile Safari/537.36 (compatible; PetalBot;+https://webmaster.petalsearch.com/site/petalbot)" "brucemillernurseryedgewood.com"
114.119.132.16 - - [12/Nov/2022:02:07:22 -0800] "GET /clipart/images/frames/?C=M%3BO%3DA HTTP/1.1" 200 395 "http://brucemillernurseryedgewood.com/clipart/images/frames/" "Mozilla/5.0 (Linux; Android 7.0;) AppleWebKit/537.36 (KHTML, like Gecko) Mobile Safari/537.36 (compatible; PetalBot;+https://webmaster.petalsearch.com/site/petalbot)" "brucemillernurseryedgewood.com"
114.119.132.149 - - [12/Nov/2022:02:14:36 -0800] "GET /sitebuilder/clipart/bars/regular/?C=D%3BO%3DA HTTP/1.1" 200 391 "http://brucemillernurseryedgewood.com/sitebuilder/clipart/bars/regular?C=S%3BO%3DA" "Mozilla/5.0 (Linux; Android 7.0;) AppleWebKit/537.36 (KHTML, like Gecko) Mobile Safari/537.36 (compatible; PetalBot;+https://webmaster.petalsearch.com/site/petalbot)" "brucemillernurseryedgewood.com"
114.119.132.153 - - [12/Nov/2022:02:21:39 -0800] "GET /clipart/bars HTTP/1.1" 301 1421 "http://brucemillernurseryedgewood.com/clipart/bars/regular" "Mozilla/5.0 (Linux; Android 7.0;) AppleWebKit/537.36 (KHTML, like Gecko) Mobile Safari/537.36 (compatible; PetalBot;+https://webmaster.petalsearch.com/site/petalbot)" "brucemillernurseryedgewood.com"
114.119.132.153 - - [12/Nov/2022:02:21:40 -0800] "GET /clipart/bars/ HTTP/1.1" 200 358 "http://brucemillernurseryedgewood.com/clipart/bars/regular" "Mozilla/5.0 (Linux; Android 7.0;) AppleWebKit/537.36 (KHTML, like Gecko) Mobile Safari/537.36 (compatible; PetalBot;+https://webmaster.petalsearch.com/site/petalbot)" "brucemillernurseryedgewood.com"
216.244.66.230 - - [12/Nov/2022:02:27:02 -0800] "GET /clipart/buttons/?C=S;O=A HTTP/1.1" 200 724 "-" "Mozilla/5.0 (compatible; DotBot/1.2; +https://opensiteexplorer.org/dotbot; help@moz.com)" "brucemillernurseryedgewood.com"
114.119.132.146 - - [12/Nov/2022:02:28:52 -0800] "GET /sitebuilder/images?C=S%3BO%3DA HTTP/1.1" 301 1440 "http://brucemillernurseryedgewood.com/sitebuilder/images?C=N%3BO%3DD" "Mozilla/5.0 (Linux; Android 7.0;) AppleWebKit/537.36 (KHTML, like Gecko) Mobile Safari/537.36 (compatible; PetalBot;+https://webmaster.petalsearch.com/site/petalbot)" "brucemillernurseryedgewood.com"
114.119.132.146 - - [12/Nov/2022:02:28:52 -0800] "GET /sitebuilder/images/?C=S%3BO%3DA HTTP/1.1" 200 7088 "http://brucemillernurseryedgewood.com/sitebuilder/images?C=N%3BO%3DD" "Mozilla/5.0 (Linux; Android 7.0;) AppleWebKit/537.36 (KHTML, like Gecko) Mobile Safari/537.36 (compatible; PetalBot;+https://webmaster.petalsearch.com/site/petalbot)" "brucemillernurseryedgewood.com"
114.119.150.186 - - [12/Nov/2022:02:36:05 -0800] "GET /navigation_bars?C=M%3BO%3DA HTTP/1.1" 301 1442 "https://www.brucemillernurseryedgewood.com/navigation_bars?C=N%3BO%3DD" "Mozilla/5.0 (Linux; Android 7.0;) AppleWebKit/537.36 (KHTML, like Gecko) Mobile Safari/537.36 (compatible; PetalBot;+https://webmaster.petalsearch.com/site/petalbot)" "www.brucemillernurseryedgewood.com"
114.119.150.186 - - [12/Nov/2022:02:36:06 -0800] "GET /navigation_bars/?C=M%3BO%3DA HTTP/1.1" 200 372 "https://www.brucemillernurseryedgewood.com/navigation_bars?C=N%3BO%3DD" "Mozilla/5.0 (Linux; Android 7.0;) AppleWebKit/537.36 (KHTML, like Gecko) Mobile Safari/537.36 (compatible; PetalBot;+https://webmaster.petalsearch.com/site/petalbot)" "www.brucemillernurseryedgewood.com"
114.119.132.153 - - [12/Nov/2022:02:43:04 -0800] "GET /clipart/bars?C=D%3BO%3DA HTTP/1.1" 301 1441 "https://www.brucemillernurseryedgewood.com/clipart/bars?C=S%3BO%3DA" "Mozilla/5.0 (Linux; Android 7.0;) AppleWebKit/537.36 (KHTML, like Gecko) Mobile Safari/537.36 (compatible; PetalBot;+https://webmaster.petalsearch.com/site/petalbot)" "www.brucemillernurseryedgewood.com"
114.119.132.153 - - [12/Nov/2022:02:43:04 -0800] "GET /clipart/bars/?C=D%3BO%3DA HTTP/1.1" 200 358 "https://www.brucemillernurseryedgewood.com/clipart/bars?C=S%3BO%3DA" "Mozilla/5.0 (Linux; Android 7.0;) AppleWebKit/537.36 (KHTML, like Gecko) Mobile Safari/537.36 (compatible; PetalBot;+https://webmaster.petalsearch.com/site/petalbot)" "www.brucemillernurseryedgewood.com"
114.119.132.122 - - [12/Nov/2022:02:50:12 -0800] "GET /sitebuilder/clipart?C=M%3BO%3DA HTTP/1.1" 301 1440 "http://brucemillernurseryedgewood.com/sitebuilder/clipart?C=D%3BO%3DA" "Mozilla/5.0 (Linux; Android 7.0;) AppleWebKit/537.36 (KHTML, like Gecko) Mobile Safari/537.36 (compatible; PetalBot;+https://webmaster.petalsearch.com/site/petalbot)" "brucemillernurseryedgewood.com"
114.119.132.122 - - [12/Nov/2022:02:50:13 -0800] "GET /sitebuilder/clipart/?C=M%3BO%3DA HTTP/1.1" 200 376 "http://brucemillernurseryedgewood.com/sitebuilder/clipart?C=D%3BO%3DA" "Mozilla/5.0 (Linux; Android 7.0;) AppleWebKit/537.36 (KHTML, like Gecko) Mobile Safari/537.36 (compatible; PetalBot;+https://webmaster.petalsearch.com/site/petalbot)" "brucemillernurseryedgewood.com"
45.133.203.79 - - [12/Nov/2022:02:53:29 -0800] "GET / HTTP/1.1" 200 1005 "https://rabota-girls.ru/" "Mozilla/4.0 (compatible; MSIE 6.0; Windows NT 5.0; Avant Browser [avantbrowser.com]; Hotbar 4.4.5.0)" "brucemillernurseryedgewood.com"
45.133.203.79 - - [12/Nov/2022:02:53:30 -0800] "GET / HTTP/1.1" 200 1005 "https://rabota-girls.ru/" "Mozilla/4.0 (compatible; MSIE 6.0; Windows NT 5.0; Avant Browser [avantbrowser.com]; Hotbar 4.4.5.0)" "brucemillernurseryedgewood.com"
45.133.203.79 - - [12/Nov/2022:02:53:30 -0800] "GET / HTTP/1.1" 200 1005 "https://rabota-girls.ru/" "Mozilla/4.0 (compatible; MSIE 6.0; Windows NT 5.0; Avant Browser [avantbrowser.com]; Hotbar 4.4.5.0)" "brucemillernurseryedgewood.com"
124.70.45.252 - - [12/Nov/2022:02:54:54 -0800] "HEAD / HTTP/1.1" 200 - "http://brucemillernurseryedgewood.com" "Mozilla/5.0 (compatible; Baiduspider/2.0; +http://www.baidu.com/search/spider.html" "brucemillernurseryedgewood.com"
124.70.45.252 - - [12/Nov/2022:02:54:54 -0800] "HEAD /index.php/admin/Banner/ HTTP/1.1" 404 - "http://brucemillernurseryedgewood.com/index.php/admin/Banner/" "Mozilla/5.0 (compatible; Baiduspider/2.0; +http://www.baidu.com/search/spider.html" "brucemillernurseryedgewood.com"
124.70.45.252 - - [12/Nov/2022:02:54:54 -0800] "HEAD /static/common/js/file_upload.js HTTP/1.1" 404 - "http://brucemillernurseryedgewood.com/static/common/js/file_upload.js" "Mozilla/5.0 (compatible; Baiduspider/2.0; +http://www.baidu.com/search/spider.html" "brucemillernurseryedgewood.com"
124.70.45.252 - - [12/Nov/2022:02:54:55 -0800] "HEAD /index.php/admin/Login/index.html HTTP/1.1" 404 - "http://brucemillernurseryedgewood.com/index.php/admin/Login/index.html" "Mozilla/5.0 (compatible; Baiduspider/2.0; +http://www.baidu.com/search/spider.html" "brucemillernurseryedgewood.com"
124.70.45.252 - - [12/Nov/2022:02:54:55 -0800] "HEAD /setup/css/install.css HTTP/1.1" 404 - "http://brucemillernurseryedgewood.com/setup/css/install.css" "Mozilla/5.0 (compatible; Baiduspider/2.0; +http://www.baidu.com/search/spider.html" "brucemillernurseryedgewood.com"
124.70.45.252 - - [12/Nov/2022:02:54:55 -0800] "HEAD /public/setup/css/install.css HTTP/1.1" 404 - "http://brucemillernurseryedgewood.com/public/setup/css/install.css" "Mozilla/5.0 (compatible; Baiduspider/2.0; +http://www.baidu.com/search/spider.html" "brucemillernurseryedgewood.com"
124.70.45.252 - - [12/Nov/2022:02:54:56 -0800] "HEAD /doc/api_data.js HTTP/1.1" 404 - "http://brucemillernurseryedgewood.com/doc/api_data.js" "Mozilla/5.0 (compatible; Baiduspider/2.0; +http://www.baidu.com/search/spider.html" "brucemillernurseryedgewood.com"
124.70.45.252 - - [12/Nov/2022:02:54:56 -0800] "GET /doc/api_data.js HTTP/1.1" 404 73 "http://brucemillernurseryedgewood.com/doc/api_data.js" "Mozilla/5.0 (compatible; Baiduspider/2.0; +http://www.baidu.com/search/spider.html" "brucemillernurseryedgewood.com"
124.70.45.252 - - [12/Nov/2022:02:54:56 -0800] "HEAD /static/plugins/siyu-ui.js HTTP/1.1" 404 - "http://brucemillernurseryedgewood.com/static/plugins/siyu-ui.js" "Mozilla/5.0 (compatible; Baiduspider/2.0; +http://www.baidu.com/search/spider.html" "brucemillernurseryedgewood.com"
124.70.45.252 - - [12/Nov/2022:02:54:56 -0800] "HEAD /upload.swf HTTP/1.1" 404 - "http://brucemillernurseryedgewood.com/upload.swf" "Mozilla/5.0 (compatible; Baiduspider/2.0; +http://www.baidu.com/search/spider.html" "brucemillernurseryedgewood.com"
124.70.45.252 - - [12/Nov/2022:02:54:57 -0800] "HEAD /manage/login/index.html HTTP/1.1" 404 - "http://brucemillernurseryedgewood.com/manage/login/index.html" "Mozilla/5.0 (compatible; Baiduspider/2.0; +http://www.baidu.com/search/spider.html" "brucemillernurseryedgewood.com"
124.70.45.252 - - [12/Nov/2022:02:54:57 -0800] "HEAD /wanhu/login.php HTTP/1.1" 404 - "http://brucemillernurseryedgewood.com/wanhu/login.php" "Mozilla/5.0 (compatible; Baiduspider/2.0; +http://www.baidu.com/search/spider.html" "brucemillernurseryedgewood.com"
124.70.45.252 - - [12/Nov/2022:02:54:57 -0800] "HEAD /wanhu/login.php HTTP/1.1" 404 - "http://brucemillernurseryedgewood.com/wanhu/login.php" "Mozilla/5.0 (compatible; Baiduspider/2.0; +http://www.baidu.com/search/spider.html" "brucemillernurseryedgewood.com"
124.70.45.252 - - [12/Nov/2022:02:54:58 -0800] "HEAD /admin/Edit/index HTTP/1.1" 404 - "http://brucemillernurseryedgewood.com/admin/Edit/index" "Mozilla/5.0 (compatible; Baiduspider/2.0; +http://www.baidu.com/search/spider.html" "brucemillernurseryedgewood.com"
124.70.45.252 - - [12/Nov/2022:02:54:58 -0800] "HEAD /admin.php/login/login.html HTTP/1.1" 404 - "http://brucemillernurseryedgewood.com/admin.php/login/login.html" "Mozilla/5.0 (compatible; Baiduspider/2.0; +http://www.baidu.com/search/spider.html" "brucemillernurseryedgewood.com"
124.70.45.252 - - [12/Nov/2022:02:54:58 -0800] "HEAD /admin.php HTTP/1.1" 404 - "http://brucemillernurseryedgewood.com/admin.php" "Mozilla/5.0 (compatible; Baiduspider/2.0; +http://www.baidu.com/search/spider.html" "brucemillernurseryedgewood.com"
124.70.45.252 - - [12/Nov/2022:02:54:58 -0800] "HEAD /index.php/admin/login/index HTTP/1.1" 404 - "http://brucemillernurseryedgewood.com/index.php/admin/login/index" "Mozilla/5.0 (compatible; Baiduspider/2.0; +http://www.baidu.com/search/spider.html" "brucemillernurseryedgewood.com"
124.70.45.252 - - [12/Nov/2022:02:54:58 -0800] "HEAD /install/success.html HTTP/1.1" 404 - "http://brucemillernurseryedgewood.com/install/success.html" "Mozilla/5.0 (compatible; Baiduspider/2.0; +http://www.baidu.com/search/spider.html" "brucemillernurseryedgewood.com"
114.119.132.131 - - [12/Nov/2022:02:57:23 -0800] "GET /clipart/buttons/themes/glow/?C=N%3BO%3DD HTTP/1.1" 200 420 "https://www.brucemillernurseryedgewood.com/clipart/buttons/themes/glow/?C=D%3BO%3DA" "Mozilla/5.0 (Linux; Android 7.0;) AppleWebKit/537.36 (KHTML, like Gecko) Mobile Safari/537.36 (compatible; PetalBot;+https://webmaster.petalsearch.com/site/petalbot)" "www.brucemillernurseryedgewood.com"
114.119.132.122 - - [12/Nov/2022:03:04:29 -0800] "GET /clipart/bars HTTP/1.1" 301 1427 "https://www.brucemillernurseryedgewood.com/clipart?C=D%3BO%3DA" "Mozilla/5.0 (Linux; Android 7.0;) AppleWebKit/537.36 (KHTML, like Gecko) Mobile Safari/537.36 (compatible; PetalBot;+https://webmaster.petalsearch.com/site/petalbot)" "www.brucemillernurseryedgewood.com"
114.119.132.122 - - [12/Nov/2022:03:04:32 -0800] "GET /clipart/bars/ HTTP/1.1" 200 358 "https://www.brucemillernurseryedgewood.com/clipart?C=D%3BO%3DA" "Mozilla/5.0 (Linux; Android 7.0;) AppleWebKit/537.36 (KHTML, like Gecko) Mobile Safari/537.36 (compatible; PetalBot;+https://webmaster.petalsearch.com/site/petalbot)" "www.brucemillernurseryedgewood.com"
114.119.150.186 - - [12/Nov/2022:03:11:42 -0800] "GET /about_us HTTP/1.1" 200 3906 "http://www.brucemillernurseryedgewood.com/whats_new" "Mozilla/5.0 (Linux; Android 7.0;) AppleWebKit/537.36 (KHTML, like Gecko) Mobile Safari/537.36 (compatible; PetalBot;+https://webmaster.petalsearch.com/site/petalbot)" "www.brucemillernurseryedgewood.com"
51.222.253.2 - - [12/Nov/2022:03:15:01 -0800] "GET /robots.txt HTTP/1.1" 404 88 "-" "Mozilla/5.0 (compatible; AhrefsBot/7.0; +http://ahrefs.com/robot/)" "www.brucemillernurseryedgewood.com"
51.222.253.14 - - [12/Nov/2022:03:15:02 -0800] "GET / HTTP/1.1" 200 406 "-" "Mozilla/5.0 (compatible; AhrefsBot/7.0; +http://ahrefs.com/robot/)" "www.brucemillernurseryedgewood.com"
124.117.196.12 - - [12/Nov/2022:03:17:05 -0800] "GET / HTTP/1.1" 200 406 "-" "Mozilla/5.0 (iPhone; CPU iPhone OS 9_1 like Mac OS X) AppleWebKit/601.1.46 (KHTML, like Gecko) Version/9.0 Mobile/13B143 Safari/601.1" "brucemillernurseryedgewood.com"
114.119.132.16 - - [12/Nov/2022:03:18:51 -0800] "GET /sitebuilder/clipart/bars?C=M%3BO%3DA HTTP/1.1" 301 1444 "http://brucemillernurseryedgewood.com/sitebuilder/clipart/bars?C=D%3BO%3DA" "Mozilla/5.0 (Linux; Android 7.0;) AppleWebKit/537.36 (KHTML, like Gecko) Mobile Safari/537.36 (compatible; PetalBot;+https://webmaster.petalsearch.com/site/petalbot)" "brucemillernurseryedgewood.com"
114.119.132.16 - - [12/Nov/2022:03:18:59 -0800] "GET /sitebuilder/clipart/bars/?C=M%3BO%3DA HTTP/1.1" 200 384 "http://brucemillernurseryedgewood.com/sitebuilder/clipart/bars?C=D%3BO%3DA" "Mozilla/5.0 (Linux; Android 7.0;) AppleWebKit/537.36 (KHTML, like Gecko) Mobile Safari/537.36 (compatible; PetalBot;+https://webmaster.petalsearch.com/site/petalbot)" "brucemillernurseryedgewood.com"
114.119.132.122 - - [12/Nov/2022:03:25:51 -0800] "GET /images?C=N%3BO%3DD HTTP/1.1" 301 1430 "http://brucemillernurseryedgewood.com/images?C=S%3BO%3DA" "Mozilla/5.0 (Linux; Android 7.0;) AppleWebKit/537.36 (KHTML, like Gecko) Mobile Safari/537.36 (compatible; PetalBot;+https://webmaster.petalsearch.com/site/petalbot)" "brucemillernurseryedgewood.com"
114.119.132.122 - - [12/Nov/2022:03:25:52 -0800] "GET /images/?C=N%3BO%3DD HTTP/1.1" 200 3702 "http://brucemillernurseryedgewood.com/images?C=S%3BO%3DA" "Mozilla/5.0 (Linux; Android 7.0;) AppleWebKit/537.36 (KHTML, like Gecko) Mobile Safari/537.36 (compatible; PetalBot;+https://webmaster.petalsearch.com/site/petalbot)" "brucemillernurseryedgewood.com"
114.119.132.153 - - [12/Nov/2022:03:33:01 -0800] "GET /sitebuilder/clipart/bars/low-carb/horizontal?C=S%3BO%3DA HTTP/1.1" 301 1458 "http://brucemillernurseryedgewood.com/sitebuilder/clipart/bars/low-carb/horizontal" "Mozilla/5.0 (Linux; Android 7.0;) AppleWebKit/537.36 (KHTML, like Gecko) Mobile Safari/537.36 (compatible; PetalBot;+https://webmaster.petalsearch.com/site/petalbot)" "brucemillernurseryedgewood.com"
114.119.132.153 - - [12/Nov/2022:03:33:06 -0800] "GET /sitebuilder/clipart/bars/low-carb/horizontal/?C=S%3BO%3DA HTTP/1.1" 200 421 "http://brucemillernurseryedgewood.com/sitebuilder/clipart/bars/low-carb/horizontal" "Mozilla/5.0 (Linux; Android 7.0;) AppleWebKit/537.36 (KHTML, like Gecko) Mobile Safari/537.36 (compatible; PetalBot;+https://webmaster.petalsearch.com/site/petalbot)" "brucemillernurseryedgewood.com"
118.184.177.84 - - [12/Nov/2022:03:36:58 -0800] "GET / HTTP/1.1" 200 406 "-" "Sogou web spider/4.0(+http://www.sogou.com/docs/help/webmasters.htm#07)" "www.brucemillernurseryedgewood.com"
123.125.109.39 - - [12/Nov/2022:03:37:28 -0800] "GET / HTTP/1.1" 200 406 "-" "Sogou web spider/4.0(+http://www.sogou.com/docs/help/webmasters.htm#07)" "brucemillernurseryedgewood.com"
114.119.150.186 - - [12/Nov/2022:03:40:09 -0800] "GET /clipart/buttons/themes/stone/?C=D%3BO%3DA HTTP/1.1" 200 413 "https://www.brucemillernurseryedgewood.com/clipart/buttons/themes/stone/" "Mozilla/5.0 (Linux; Android 7.0;) AppleWebKit/537.36 (KHTML, like Gecko) Mobile Safari/537.36 (compatible; PetalBot;+https://webmaster.petalsearch.com/site/petalbot)" "www.brucemillernurseryedgewood.com"
54.36.148.122 - - [12/Nov/2022:03:43:13 -0800] "GET /robots.txt HTTP/1.1" 404 88 "-" "Mozilla/5.0 (compatible; AhrefsBot/7.0; +http://ahrefs.com/robot/)" "www.brucemillernurseryedgewood.com"
51.222.253.3 - - [12/Nov/2022:03:43:14 -0800] "GET / HTTP/1.1" 200 406 "-" "Mozilla/5.0 (compatible; AhrefsBot/7.0; +http://ahrefs.com/robot/)" "www.brucemillernurseryedgewood.com"
216.244.66.230 - - [12/Nov/2022:03:46:33 -0800] "GET /robots.txt HTTP/1.1" 404 73 "-" "Mozilla/5.0 (compatible; DotBot/1.2; +https://opensiteexplorer.org/dotbot; help@moz.com)" "www.brucemillernurseryedgewood.com"
114.119.150.186 - - [12/Nov/2022:03:47:17 -0800] "GET /sitebuilder/clipart/bars?C=D%3BO%3DA HTTP/1.1" 301 1449 "https://www.brucemillernurseryedgewood.com/sitebuilder/clipart/bars?C=M%3BO%3DA" "Mozilla/5.0 (Linux; Android 7.0;) AppleWebKit/537.36 (KHTML, like Gecko) Mobile Safari/537.36 (compatible; PetalBot;+https://webmaster.petalsearch.com/site/petalbot)" "www.brucemillernurseryedgewood.com"
114.119.150.186 - - [12/Nov/2022:03:47:20 -0800] "GET /sitebuilder/clipart/bars/?C=D%3BO%3DA HTTP/1.1" 200 384 "https://www.brucemillernurseryedgewood.com/sitebuilder/clipart/bars?C=M%3BO%3DA" "Mozilla/5.0 (Linux; Android 7.0;) AppleWebKit/537.36 (KHTML, like Gecko) Mobile Safari/537.36 (compatible; PetalBot;+https://webmaster.petalsearch.com/site/petalbot)" "www.brucemillernurseryedgewood.com"
173.252.83.20 - - [12/Nov/2022:03:50:52 -0800] "HEAD / HTTP/1.1" 206 - "-" "facebookexternalhit/1.1 (+http://www.facebook.com/externalhit_uatext.php)" "www.brucemillernurseryedgewood.com"
173.252.83.119 - - [12/Nov/2022:03:50:52 -0800] "GET /robots.txt HTTP/1.1" 404 88 "-" "facebookexternalhit/1.1 (+http://www.facebook.com/externalhit_uatext.php)" "www.brucemillernurseryedgewood.com"
40.122.230.190 - - [12/Nov/2022:03:53:36 -0800] "GET /yahoo_site_admin/assets/images/IMG_20200917_142047264.260132148_std.jpg HTTP/1.1" 200 60988 "http://brucemillernurseryedgewood.com/yahoo_site_admin/assets/images" "Mozilla/5.0 (iPhone; CPU iPhone OS 13_5_1 like Mac OS X) AppleWebKit/605.1.15 (KHTML, like Gecko) Version/13.1.1 Mobile/15E148 Safari/604.1" "brucemillernurseryedgewood.com"
207.46.13.229 - - [12/Nov/2022:03:54:07 -0800] "GET /robots.txt HTTP/1.1" 404 88 "-" "Mozilla/5.0 AppleWebKit/537.36 (KHTML, like Gecko; compatible; bingbot/2.0; +http://www.bing.com/bingbot.htm) Chrome/103.0.5060.134 Safari/537.36" "brucemillernurseryedgewood.com"
207.46.13.229 - - [12/Nov/2022:03:54:08 -0800] "GET /robots.txt HTTP/1.1" 404 88 "-" "Mozilla/5.0 AppleWebKit/537.36 (KHTML, like Gecko; compatible; bingbot/2.0; +http://www.bing.com/bingbot.htm) Chrome/103.0.5060.134 Safari/537.36" "brucemillernurseryedgewood.com"
114.119.132.16 - - [12/Nov/2022:03:54:10 -0800] "GET /clipart/backgrounds/ HTTP/1.1" 200 389 "http://brucemillernurseryedgewood.com/clipart/backgrounds/fullpage/" "Mozilla/5.0 (Linux; Android 7.0;) AppleWebKit/537.36 (KHTML, like Gecko) Mobile Safari/537.36 (compatible; PetalBot;+https://webmaster.petalsearch.com/site/petalbot)" "brucemillernurseryedgewood.com"
157.55.39.34 - - [12/Nov/2022:03:54:51 -0800] "GET /clipart/backgrounds/sidebar/?C=N;O=D HTTP/1.1" 200 382 "-" "Mozilla/5.0 (compatible; bingbot/2.0; +http://www.bing.com/bingbot.htm)" "brucemillernurseryedgewood.com"
157.55.39.34 - - [12/Nov/2022:03:54:51 -0800] "GET /sitebuilder/clipart/backgrounds/?C=M;O=D HTTP/1.1" 200 368 "-" "Mozilla/5.0 AppleWebKit/537.36 (KHTML, like Gecko; compatible; bingbot/2.0; +http://www.bing.com/bingbot.htm) Chrome/103.0.5060.134 Safari/537.36" "brucemillernurseryedgewood.com"
157.55.39.34 - - [12/Nov/2022:03:54:51 -0800] "GET /sitebuilder/clipart/bars/regular/?C=D;O=A HTTP/1.1" 200 391 "-" "Mozilla/5.0 AppleWebKit/537.36 (KHTML, like Gecko; compatible; bingbot/2.0; +http://www.bing.com/bingbot.htm) Chrome/103.0.5060.134 Safari/537.36" "brucemillernurseryedgewood.com"
40.77.167.49 - - [12/Nov/2022:03:54:54 -0800] "GET /clipart/buttons/themes/glow/ HTTP/1.1" 200 420 "-" "Mozilla/5.0 (compatible; bingbot/2.0; +http://www.bing.com/bingbot.htm)" "brucemillernurseryedgewood.com"
207.46.13.169 - - [12/Nov/2022:03:54:56 -0800] "GET /clipart/backgrounds/sidebar/?C=S;O=A HTTP/1.1" 200 383 "-" "Mozilla/5.0 (compatible; bingbot/2.0; +http://www.bing.com/bingbot.htm)" "brucemillernurseryedgewood.com"
207.46.13.169 - - [12/Nov/2022:03:54:56 -0800] "GET /clipart/images/ HTTP/1.1" 200 476 "-" "Mozilla/5.0 AppleWebKit/537.36 (KHTML, like Gecko; compatible; bingbot/2.0; +http://www.bing.com/bingbot.htm) Chrome/103.0.5060.134 Safari/537.36" "brucemillernurseryedgewood.com"
157.55.39.193 - - [12/Nov/2022:03:54:59 -0800] "GET /sitebuilder/clipart/bars/regular/?C=N;O=D HTTP/1.1" 200 389 "-" "Mozilla/5.0 AppleWebKit/537.36 (KHTML, like Gecko; compatible; bingbot/2.0; +http://www.bing.com/bingbot.htm) Chrome/103.0.5060.134 Safari/537.36" "brucemillernurseryedgewood.com"
40.77.167.5 - - [12/Nov/2022:03:55:01 -0800] "GET /?C=S;O=D HTTP/1.1" 200 402 "-" "Mozilla/5.0 AppleWebKit/537.36 (KHTML, like Gecko; compatible; bingbot/2.0; +http://www.bing.com/bingbot.htm) Chrome/103.0.5060.134 Safari/537.36" "brucemillernurseryedgewood.com"
40.77.167.5 - - [12/Nov/2022:03:55:01 -0800] "GET /clipart/backgrounds/sidebar/?C=D;O=A HTTP/1.1" 200 384 "-" "Mozilla/5.0 (compatible; bingbot/2.0; +http://www.bing.com/bingbot.htm)" "brucemillernurseryedgewood.com"
40.77.167.5 - - [12/Nov/2022:03:55:01 -0800] "GET /?C=D;O=D HTTP/1.1" 200 402 "-" "Mozilla/5.0 AppleWebKit/537.36 (KHTML, like Gecko; compatible; bingbot/2.0; +http://www.bing.com/bingbot.htm) Chrome/103.0.5060.134 Safari/537.36" "brucemillernurseryedgewood.com"
40.77.167.49 - - [12/Nov/2022:03:55:05 -0800] "GET /sitebuilder/clipart/bars/ HTTP/1.1" 200 384 "-" "Mozilla/5.0 AppleWebKit/537.36 (KHTML, like Gecko; compatible; bingbot/2.0; +http://www.bing.com/bingbot.htm) Chrome/103.0.5060.134 Safari/537.36" "brucemillernurseryedgewood.com"
40.77.167.49 - - [12/Nov/2022:03:55:05 -0800] "GET /sitebuilder/clipart/bars/regular/?C=S;O=A HTTP/1.1" 200 391 "-" "Mozilla/5.0 (compatible; bingbot/2.0; +http://www.bing.com/bingbot.htm)" "brucemillernurseryedgewood.com"
216.244.66.230 - - [12/Nov/2022:03:55:52 -0800] "GET /sitebuilder/images/2009_0620Image0008-316x224.jpg HTTP/1.1" 200 21883 "-" "Mozilla/5.0 (compatible; DotBot/1.2; +https://opensiteexplorer.org/dotbot; help@moz.com)" "www.brucemillernurseryedgewood.com"
216.244.66.230 - - [12/Nov/2022:03:55:56 -0800] "GET /sitebuilder/images/3040_IceFollies_CC_4561_1_-339x225.jpg HTTP/1.1" 200 16325 "-" "Mozilla/5.0 (compatible; DotBot/1.2; +https://opensiteexplorer.org/dotbot; help@moz.com)" "www.brucemillernurseryedgewood.com"
216.244.66.230 - - [12/Nov/2022:03:55:59 -0800] "GET /sitebuilder/images/Edgewood-0-mouseOver-13812.png HTTP/1.1" 200 1615 "-" "Mozilla/5.0 (compatible; DotBot/1.2; +https://opensiteexplorer.org/dotbot; help@moz.com)" "www.brucemillernurseryedgewood.com"
216.244.66.230 - - [12/Nov/2022:03:56:02 -0800] "GET /sitebuilder/images/Edgewood-1-inactive-13906.png HTTP/1.1" 200 1948 "-" "Mozilla/5.0 (compatible; DotBot/1.2; +https://opensiteexplorer.org/dotbot; help@moz.com)" "www.brucemillernurseryedgewood.com"
216.244.66.230 - - [12/Nov/2022:03:56:04 -0800] "GET /sitebuilder/images/Edgewood-6-inactive-25733.png HTTP/1.1" 200 1735 "-" "Mozilla/5.0 (compatible; DotBot/1.2; +https://opensiteexplorer.org/dotbot; help@moz.com)" "www.brucemillernurseryedgewood.com"
216.244.66.230 - - [12/Nov/2022:03:56:06 -0800] "GET /sitebuilder/images/IMG_0770-385x284.jpg HTTP/1.1" 200 25351 "-" "Mozilla/5.0 (compatible; DotBot/1.2; +https://opensiteexplorer.org/dotbot; help@moz.com)" "www.brucemillernurseryedgewood.com"
114.119.132.122 - - [12/Nov/2022:04:00:59 -0800] "GET /sitebuilder/clipart/bars/low-carb?C=N%3BO%3DD HTTP/1.1" 301 1455 "https://www.brucemillernurseryedgewood.com/sitebuilder/clipart/bars/low-carb" "Mozilla/5.0 (Linux; Android 7.0;) AppleWebKit/537.36 (KHTML, like Gecko) Mobile Safari/537.36 (compatible; PetalBot;+https://webmaster.petalsearch.com/site/petalbot)" "www.brucemillernurseryedgewood.com"
114.119.132.122 - - [12/Nov/2022:04:01:10 -0800] "GET /sitebuilder/clipart/bars/low-carb/?C=N%3BO%3DD HTTP/1.1" 200 375 "https://www.brucemillernurseryedgewood.com/sitebuilder/clipart/bars/low-carb" "Mozilla/5.0 (Linux; Android 7.0;) AppleWebKit/537.36 (KHTML, like Gecko) Mobile Safari/537.36 (compatible; PetalBot;+https://webmaster.petalsearch.com/site/petalbot)" "www.brucemillernurseryedgewood.com"
51.222.253.16 - - [12/Nov/2022:04:06:49 -0800] "GET /featured_article HTTP/1.1" 200 4255 "-" "Mozilla/5.0 (compatible; AhrefsBot/7.0; +http://ahrefs.com/robot/)" "www.brucemillernurseryedgewood.com"
114.119.132.16 - - [12/Nov/2022:04:07:46 -0800] "GET /sitebuilder/clipart/bars/regular/vertical/?C=S%3BO%3DA HTTP/1.1" 200 417 "http://brucemillernurseryedgewood.com/sitebuilder/clipart/bars/regular/vertical?C=D%3BO%3DA" "Mozilla/5.0 (Linux; Android 7.0;) AppleWebKit/537.36 (KHTML, like Gecko) Mobile Safari/537.36 (compatible; PetalBot;+https://webmaster.petalsearch.com/site/petalbot)" "brucemillernurseryedgewood.com"
114.119.132.16 - - [12/Nov/2022:04:14:37 -0800] "GET /clipart/buttons/themes/glow/ HTTP/1.1" 200 420 "http://brucemillernurseryedgewood.com/clipart/buttons/themes?C=N%3BO%3DD" "Mozilla/5.0 (Linux; Android 7.0;) AppleWebKit/537.36 (KHTML, like Gecko) Mobile Safari/537.36 (compatible; PetalBot;+https://webmaster.petalsearch.com/site/petalbot)" "brucemillernurseryedgewood.com"
114.119.132.153 - - [12/Nov/2022:04:21:03 -0800] "GET /clipart/bars HTTP/1.1" 301 1421 "http://brucemillernurseryedgewood.com/clipart/bars/regular" "Mozilla/5.0 (Linux; Android 7.0;) AppleWebKit/537.36 (KHTML, like Gecko) Mobile Safari/537.36 (compatible; PetalBot;+https://webmaster.petalsearch.com/site/petalbot)" "brucemillernurseryedgewood.com"
114.119.132.153 - - [12/Nov/2022:04:21:09 -0800] "GET /clipart/bars/ HTTP/1.1" 200 358 "http://brucemillernurseryedgewood.com/clipart/bars/regular" "Mozilla/5.0 (Linux; Android 7.0;) AppleWebKit/537.36 (KHTML, like Gecko) Mobile Safari/537.36 (compatible; PetalBot;+https://webmaster.petalsearch.com/site/petalbot)" "brucemillernurseryedgewood.com"
114.119.132.153 - - [12/Nov/2022:04:26:59 -0800] "GET /clipart/bars/regular?C=S%3BO%3DA HTTP/1.1" 301 1446 "https://www.brucemillernurseryedgewood.com/clipart/bars/regular?C=M%3BO%3DA" "Mozilla/5.0 (Linux; Android 7.0;) AppleWebKit/537.36 (KHTML, like Gecko) Mobile Safari/537.36 (compatible; PetalBot;+https://webmaster.petalsearch.com/site/petalbot)" "www.brucemillernurseryedgewood.com"
114.119.132.153 - - [12/Nov/2022:04:27:01 -0800] "GET /clipart/bars/regular/?C=S%3BO%3DA HTTP/1.1" 200 366 "https://www.brucemillernurseryedgewood.com/clipart/bars/regular?C=M%3BO%3DA" "Mozilla/5.0 (Linux; Android 7.0;) AppleWebKit/537.36 (KHTML, like Gecko) Mobile Safari/537.36 (compatible; PetalBot;+https://webmaster.petalsearch.com/site/petalbot)" "www.brucemillernurseryedgewood.com"
51.222.253.9 - - [12/Nov/2022:04:30:02 -0800] "GET /home HTTP/1.1" 200 4616 "-" "Mozilla/5.0 (compatible; AhrefsBot/7.0; +http://ahrefs.com/robot/)" "www.brucemillernurseryedgewood.com"
114.119.132.131 - - [12/Nov/2022:04:32:47 -0800] "GET /clipart/backgrounds/fullpage/?C=M%3BO%3DA HTTP/1.1" 200 387 "https://www.brucemillernurseryedgewood.com/clipart/backgrounds/fullpage/?C=S%3BO%3DA" "Mozilla/5.0 (Linux; Android 7.0;) AppleWebKit/537.36 (KHTML, like Gecko) Mobile Safari/537.36 (compatible; PetalBot;+https://webmaster.petalsearch.com/site/petalbot)" "www.brucemillernurseryedgewood.com"
114.119.132.16 - - [12/Nov/2022:04:38:29 -0800] "GET /clipart/buttons/themes/stone/?C=S%3BO%3DA HTTP/1.1" 200 413 "https://www.brucemillernurseryedgewood.com/clipart/buttons/themes/stone/" "Mozilla/5.0 (Linux; Android 7.0;) AppleWebKit/537.36 (KHTML, like Gecko) Mobile Safari/537.36 (compatible; PetalBot;+https://webmaster.petalsearch.com/site/petalbot)" "www.brucemillernurseryedgewood.com"
114.119.132.131 - - [12/Nov/2022:04:44:11 -0800] "GET /sitebuilder/clipart/bars/regular HTTP/1.1" 301 1435 "http://brucemillernurseryedgewood.com/sitebuilder/clipart/bars/regular/horizontal?C=M%3BO%3DA" "Mozilla/5.0 (Linux; Android 7.0;) AppleWebKit/537.36 (KHTML, like Gecko) Mobile Safari/537.36 (compatible; PetalBot;+https://webmaster.petalsearch.com/site/petalbot)" "brucemillernurseryedgewood.com"
114.119.132.131 - - [12/Nov/2022:04:44:13 -0800] "GET /sitebuilder/clipart/bars/regular/ HTTP/1.1" 200 391 "http://brucemillernurseryedgewood.com/sitebuilder/clipart/bars/regular/horizontal?C=M%3BO%3DA" "Mozilla/5.0 (Linux; Android 7.0;) AppleWebKit/537.36 (KHTML, like Gecko) Mobile Safari/537.36 (compatible; PetalBot;+https://webmaster.petalsearch.com/site/petalbot)" "brucemillernurseryedgewood.com"
54.36.148.85 - - [12/Nov/2022:04:45:37 -0800] "GET /robots.txt HTTP/1.1" 404 88 "-" "Mozilla/5.0 (compatible; AhrefsBot/7.0; +http://ahrefs.com/robot/)" "brucemillernurseryedgewood.com"
51.222.253.10 - - [12/Nov/2022:04:45:38 -0800] "GET / HTTP/1.1" 200 406 "-" "Mozilla/5.0 (compatible; AhrefsBot/7.0; +http://ahrefs.com/robot/)" "brucemillernurseryedgewood.com"
114.119.132.122 - - [12/Nov/2022:04:49:59 -0800] "GET /clipart/backgrounds/?C=M%3BO%3DA HTTP/1.1" 200 389 "http://brucemillernurseryedgewood.com/clipart/backgrounds?C=M%3BO%3DA" "Mozilla/5.0 (Linux; Android 7.0;) AppleWebKit/537.36 (KHTML, like Gecko) Mobile Safari/537.36 (compatible; PetalBot;+https://webmaster.petalsearch.com/site/petalbot)" "brucemillernurseryedgewood.com"
114.119.150.186 - - [12/Nov/2022:04:56:18 -0800] "GET /sitebuilder/clipart/bars/regular/?C=N%3BO%3DD HTTP/1.1" 200 391 "http://brucemillernurseryedgewood.com/sitebuilder/clipart/bars/regular?C=S%3BO%3DA" "Mozilla/5.0 (Linux; Android 7.0;) AppleWebKit/537.36 (KHTML, like Gecko) Mobile Safari/537.36 (compatible; PetalBot;+https://webmaster.petalsearch.com/site/petalbot)" "brucemillernurseryedgewood.com"
114.119.132.153 - - [12/Nov/2022:05:02:32 -0800] "GET /clipart/buttons/themes/glow/?C=M%3BO%3DA HTTP/1.1" 200 420 "http://brucemillernurseryedgewood.com/clipart/buttons/themes/glow/?C=N%3BO%3DD" "Mozilla/5.0 (Linux; Android 7.0;) AppleWebKit/537.36 (KHTML, like Gecko) Mobile Safari/537.36 (compatible; PetalBot;+https://webmaster.petalsearch.com/site/petalbot)" "brucemillernurseryedgewood.com"
34.194.45.108 - - [12/Nov/2022:05:06:43 -0800] "GET / HTTP/1.1" 200 406 "-" "Apache-HttpClient/4.5.9 (Java/1.8.0_342)" "brucemillernurseryedgewood.com"
114.119.132.153 - - [12/Nov/2022:05:08:32 -0800] "GET /sitebuilder/scripts/?C=N%3BO%3DD HTTP/1.1" 200 372 "https://www.brucemillernurseryedgewood.com/sitebuilder/scripts?C=S%3BO%3DA" "Mozilla/5.0 (Linux; Android 7.0;) AppleWebKit/537.36 (KHTML, like Gecko) Mobile Safari/537.36 (compatible; PetalBot;+https://webmaster.petalsearch.com/site/petalbot)" "www.brucemillernurseryedgewood.com"
114.119.150.186 - - [12/Nov/2022:05:14:04 -0800] "GET /sitebuilder/clipart HTTP/1.1" 301 1425 "http://brucemillernurseryedgewood.com/sitebuilder/clipart/bars?C=D%3BO%3DA" "Mozilla/5.0 (Linux; Android 7.0;) AppleWebKit/537.36 (KHTML, like Gecko) Mobile Safari/537.36 (compatible; PetalBot;+https://webmaster.petalsearch.com/site/petalbot)" "brucemillernurseryedgewood.com"
114.119.150.186 - - [12/Nov/2022:05:14:05 -0800] "GET /sitebuilder/clipart/ HTTP/1.1" 200 376 "http://brucemillernurseryedgewood.com/sitebuilder/clipart/bars?C=D%3BO%3DA" "Mozilla/5.0 (Linux; Android 7.0;) AppleWebKit/537.36 (KHTML, like Gecko) Mobile Safari/537.36 (compatible; PetalBot;+https://webmaster.petalsearch.com/site/petalbot)" "brucemillernurseryedgewood.com"
114.119.132.131 - - [12/Nov/2022:05:19:45 -0800] "GET /sitebuilder/scripts/?C=N%3BO%3DD HTTP/1.1" 200 372 "http://brucemillernurseryedgewood.com/sitebuilder/scripts?C=D%3BO%3DA" "Mozilla/5.0 (Linux; Android 7.0;) AppleWebKit/537.36 (KHTML, like Gecko) Mobile Safari/537.36 (compatible; PetalBot;+https://webmaster.petalsearch.com/site/petalbot)" "brucemillernurseryedgewood.com"
114.119.131.88 - - [12/Nov/2022:05:24:07 -0800] "GET /robots.txt HTTP/1.1" 404 88 "-" "Mozilla/5.0 (compatible;PetalBot;+https://webmaster.petalsearch.com/site/petalbot)" "brucemillernurseryedgewood.com"
114.119.132.153 - - [12/Nov/2022:05:25:24 -0800] "GET /clipart/backgrounds/?C=S%3BO%3DA HTTP/1.1" 200 389 "http://brucemillernurseryedgewood.com/clipart/backgrounds?C=M%3BO%3DA" "Mozilla/5.0 (Linux; Android 7.0;) AppleWebKit/537.36 (KHTML, like Gecko) Mobile Safari/537.36 (compatible; PetalBot;+https://webmaster.petalsearch.com/site/petalbot)" "brucemillernurseryedgewood.com"
114.119.132.146 - - [12/Nov/2022:05:31:26 -0800] "GET /sitebuilder/clipart/backgrounds/tile/?C=M%3BO%3DA HTTP/1.1" 200 412 "https://www.brucemillernurseryedgewood.com/sitebuilder/clipart/backgrounds/tile?C=N%3BO%3DD" "Mozilla/5.0 (Linux; Android 7.0;) AppleWebKit/537.36 (KHTML, like Gecko) Mobile Safari/537.36 (compatible; PetalBot;+https://webmaster.petalsearch.com/site/petalbot)" "www.brucemillernurseryedgewood.com"
216.244.66.230 - - [12/Nov/2022:05:34:43 -0800] "GET /robots.txt HTTP/1.1" 404 73 "-" "Mozilla/5.0 (compatible; DotBot/1.2; +https://opensiteexplorer.org/dotbot; help@moz.com)" "www.brucemillernurseryedgewood.com"
216.244.66.230 - - [12/Nov/2022:05:34:43 -0800] "GET /robots.txt HTTP/1.1" 404 73 "-" "Mozilla/5.0 (compatible; DotBot/1.2; +https://opensiteexplorer.org/dotbot; help@moz.com)" "brucemillernurseryedgewood.com"
114.119.132.153 - - [12/Nov/2022:05:37:45 -0800] "GET /?C=S%3BO%3DA HTTP/1.1" 200 406 "http://www.brucemillernurseryedgewood.com?C=N%3BO%3DD" "Mozilla/5.0 (Linux; Android 7.0;) AppleWebKit/537.36 (KHTML, like Gecko) Mobile Safari/537.36 (compatible; PetalBot;+https://webmaster.petalsearch.com/site/petalbot)" "www.brucemillernurseryedgewood.com"
114.119.150.186 - - [12/Nov/2022:05:44:08 -0800] "GET /?C=D%3BO%3DA HTTP/1.1" 200 406 "http://www.brucemillernurseryedgewood.com?C=N%3BO%3DD" "Mozilla/5.0 (Linux; Android 7.0;) AppleWebKit/537.36 (KHTML, like Gecko) Mobile Safari/537.36 (compatible; PetalBot;+https://webmaster.petalsearch.com/site/petalbot)" "www.brucemillernurseryedgewood.com"
114.119.150.186 - - [12/Nov/2022:05:50:23 -0800] "GET /clipart/buttons/?C=D%3BO%3DA HTTP/1.1" 200 360 "https://www.brucemillernurseryedgewood.com/clipart/buttons/?C=N%3BO%3DD" "Mozilla/5.0 (Linux; Android 7.0;) AppleWebKit/537.36 (KHTML, like Gecko) Mobile Safari/537.36 (compatible; PetalBot;+https://webmaster.petalsearch.com/site/petalbot)" "www.brucemillernurseryedgewood.com"
51.222.253.9 - - [12/Nov/2022:05:50:36 -0800] "GET /robots.txt HTTP/1.1" 404 88 "-" "Mozilla/5.0 (compatible; AhrefsBot/7.0; +http://ahrefs.com/robot/)" "brucemillernurseryedgewood.com"
51.222.253.11 - - [12/Nov/2022:05:50:37 -0800] "GET / HTTP/1.1" 200 406 "-" "Mozilla/5.0 (compatible; AhrefsBot/7.0; +http://ahrefs.com/robot/)" "brucemillernurseryedgewood.com"
114.119.132.122 - - [12/Nov/2022:05:56:47 -0800] "GET /sitebuilder/clipart/bars?C=S%3BO%3DA HTTP/1.1" 301 1449 "https://www.brucemillernurseryedgewood.com/sitebuilder/clipart/bars?C=M%3BO%3DA" "Mozilla/5.0 (Linux; Android 7.0;) AppleWebKit/537.36 (KHTML, like Gecko) Mobile Safari/537.36 (compatible; PetalBot;+https://webmaster.petalsearch.com/site/petalbot)" "www.brucemillernurseryedgewood.com"
114.119.132.122 - - [12/Nov/2022:05:56:50 -0800] "GET /sitebuilder/clipart/bars/?C=S%3BO%3DA HTTP/1.1" 200 384 "https://www.brucemillernurseryedgewood.com/sitebuilder/clipart/bars?C=M%3BO%3DA" "Mozilla/5.0 (Linux; Android 7.0;) AppleWebKit/537.36 (KHTML, like Gecko) Mobile Safari/537.36 (compatible; PetalBot;+https://webmaster.petalsearch.com/site/petalbot)" "www.brucemillernurseryedgewood.com"
114.119.132.16 - - [12/Nov/2022:06:02:52 -0800] "GET /clipart/lines/horizontal?C=D%3BO%3DA HTTP/1.1" 301 1442 "http://brucemillernurseryedgewood.com/clipart/lines/horizontal?C=M%3BO%3DA" "Mozilla/5.0 (Linux; Android 7.0;) AppleWebKit/537.36 (KHTML, like Gecko) Mobile Safari/537.36 (compatible; PetalBot;+https://webmaster.petalsearch.com/site/petalbot)" "brucemillernurseryedgewood.com"
114.119.132.16 - - [12/Nov/2022:06:02:53 -0800] "GET /clipart/lines/horizontal/?C=D%3BO%3DA HTTP/1.1" 200 447 "http://brucemillernurseryedgewood.com/clipart/lines/horizontal?C=M%3BO%3DA" "Mozilla/5.0 (Linux; Android 7.0;) AppleWebKit/537.36 (KHTML, like Gecko) Mobile Safari/537.36 (compatible; PetalBot;+https://webmaster.petalsearch.com/site/petalbot)" "brucemillernurseryedgewood.com"
157.55.39.193 - - [12/Nov/2022:06:08:03 -0800] "GET /home HTTP/1.1" 200 4616 "-" "Mozilla/5.0 AppleWebKit/537.36 (KHTML, like Gecko; compatible; bingbot/2.0; +http://www.bing.com/bingbot.htm) Chrome/103.0.5060.134 Safari/537.36" "brucemillernurseryedgewood.com"
114.119.132.146 - - [12/Nov/2022:06:08:47 -0800] "GET /?C=M%3BO%3DA HTTP/1.1" 200 406 "http://brucemillernurseryedgewood.com?C=S%3BO%3DA" "Mozilla/5.0 (Linux; Android 7.0;) AppleWebKit/537.36 (KHTML, like Gecko) Mobile Safari/537.36 (compatible; PetalBot;+https://webmaster.petalsearch.com/site/petalbot)" "brucemillernurseryedgewood.com"
157.55.39.193 - - [12/Nov/2022:06:13:52 -0800] "GET /home HTTP/1.1" 200 4616 "-" "Mozilla/5.0 (compatible; bingbot/2.0; +http://www.bing.com/bingbot.htm)" "brucemillernurseryedgewood.com"
114.119.132.16 - - [12/Nov/2022:06:14:53 -0800] "GET /clipart/bars/regular/horizontal?C=N%3BO%3DD HTTP/1.1" 301 1448 "http://brucemillernurseryedgewood.com/clipart/bars/regular/horizontal?C=D%3BO%3DA" "Mozilla/5.0 (Linux; Android 7.0;) AppleWebKit/537.36 (KHTML, like Gecko) Mobile Safari/537.36 (compatible; PetalBot;+https://webmaster.petalsearch.com/site/petalbot)" "brucemillernurseryedgewood.com"
114.119.132.16 - - [12/Nov/2022:06:14:54 -0800] "GET /clipart/bars/regular/horizontal/?C=N%3BO%3DD HTTP/1.1" 200 390 "http://brucemillernurseryedgewood.com/clipart/bars/regular/horizontal?C=D%3BO%3DA" "Mozilla/5.0 (Linux; Android 7.0;) AppleWebKit/537.36 (KHTML, like Gecko) Mobile Safari/537.36 (compatible; PetalBot;+https://webmaster.petalsearch.com/site/petalbot)" "brucemillernurseryedgewood.com"
114.119.132.122 - - [12/Nov/2022:06:21:06 -0800] "GET /sitebuilder/clipart/bars/regular HTTP/1.1" 301 1440 "https://www.brucemillernurseryedgewood.com/sitebuilder/clipart/bars/regular/vertical?C=N%3BO%3DD" "Mozilla/5.0 (Linux; Android 7.0;) AppleWebKit/537.36 (KHTML, like Gecko) Mobile Safari/537.36 (compatible; PetalBot;+https://webmaster.petalsearch.com/site/petalbot)" "www.brucemillernurseryedgewood.com"
114.119.132.122 - - [12/Nov/2022:06:21:07 -0800] "GET /sitebuilder/clipart/bars/regular/ HTTP/1.1" 200 391 "https://www.brucemillernurseryedgewood.com/sitebuilder/clipart/bars/regular/vertical?C=N%3BO%3DD" "Mozilla/5.0 (Linux; Android 7.0;) AppleWebKit/537.36 (KHTML, like Gecko) Mobile Safari/537.36 (compatible; PetalBot;+https://webmaster.petalsearch.com/site/petalbot)" "www.brucemillernurseryedgewood.com"
114.119.132.122 - - [12/Nov/2022:06:27:08 -0800] "GET /clipart/buttons?C=D%3BO%3DA HTTP/1.1" 301 1443 "https://www.brucemillernurseryedgewood.com/clipart/buttons" "Mozilla/5.0 (Linux; Android 7.0;) AppleWebKit/537.36 (KHTML, like Gecko) Mobile Safari/537.36 (compatible; PetalBot;+https://webmaster.petalsearch.com/site/petalbot)" "www.brucemillernurseryedgewood.com"
114.119.132.122 - - [12/Nov/2022:06:27:26 -0800] "GET /clipart/buttons/?C=D%3BO%3DA HTTP/1.1" 200 360 "https://www.brucemillernurseryedgewood.com/clipart/buttons" "Mozilla/5.0 (Linux; Android 7.0;) AppleWebKit/537.36 (KHTML, like Gecko) Mobile Safari/537.36 (compatible; PetalBot;+https://webmaster.petalsearch.com/site/petalbot)" "www.brucemillernurseryedgewood.com"
114.119.132.146 - - [12/Nov/2022:06:32:47 -0800] "GET /clipart/images/sidebars?C=M%3BO%3DA HTTP/1.1" 301 1443 "http://brucemillernurseryedgewood.com/clipart/images/sidebars" "Mozilla/5.0 (Linux; Android 7.0;) AppleWebKit/537.36 (KHTML, like Gecko) Mobile Safari/537.36 (compatible; PetalBot;+https://webmaster.petalsearch.com/site/petalbot)" "brucemillernurseryedgewood.com"
114.119.132.146 - - [12/Nov/2022:06:32:52 -0800] "GET /clipart/images/sidebars/?C=M%3BO%3DA HTTP/1.1" 200 405 "http://brucemillernurseryedgewood.com/clipart/images/sidebars" "Mozilla/5.0 (Linux; Android 7.0;) AppleWebKit/537.36 (KHTML, like Gecko) Mobile Safari/537.36 (compatible; PetalBot;+https://webmaster.petalsearch.com/site/petalbot)" "brucemillernurseryedgewood.com"
114.119.150.186 - - [12/Nov/2022:06:38:15 -0800] "GET /sitebuilder/?C=M%3BO%3DA HTTP/1.1" 200 443 "http://brucemillernurseryedgewood.com/sitebuilder/" "Mozilla/5.0 (Linux; Android 7.0;) AppleWebKit/537.36 (KHTML, like Gecko) Mobile Safari/537.36 (compatible; PetalBot;+https://webmaster.petalsearch.com/site/petalbot)" "brucemillernurseryedgewood.com"
114.119.132.16 - - [12/Nov/2022:06:43:43 -0800] "GET /clipart?C=M%3BO%3DA HTTP/1.1" 301 1438 "https://www.brucemillernurseryedgewood.com/clipart?C=N%3BO%3DD" "Mozilla/5.0 (Linux; Android 7.0;) AppleWebKit/537.36 (KHTML, like Gecko) Mobile Safari/537.36 (compatible; PetalBot;+https://webmaster.petalsearch.com/site/petalbot)" "www.brucemillernurseryedgewood.com"
114.119.132.16 - - [12/Nov/2022:06:43:45 -0800] "GET /clipart/?C=M%3BO%3DA HTTP/1.1" 200 456 "https://www.brucemillernurseryedgewood.com/clipart?C=N%3BO%3DD" "Mozilla/5.0 (Linux; Android 7.0;) AppleWebKit/537.36 (KHTML, like Gecko) Mobile Safari/537.36 (compatible; PetalBot;+https://webmaster.petalsearch.com/site/petalbot)" "www.brucemillernurseryedgewood.com"
51.222.253.9 - - [12/Nov/2022:06:44:52 -0800] "GET /sitebuilder/?C=D;O=A HTTP/1.1" 200 443 "-" "Mozilla/5.0 (compatible; AhrefsBot/7.0; +http://ahrefs.com/robot/)" "www.brucemillernurseryedgewood.com"
114.119.132.16 - - [12/Nov/2022:06:49:02 -0800] "GET /sitebuilder/clipart/bars/regular?C=D%3BO%3DA HTTP/1.1" 301 1449 "http://brucemillernurseryedgewood.com/sitebuilder/clipart/bars/regular?C=N%3BO%3DD" "Mozilla/5.0 (Linux; Android 7.0;) AppleWebKit/537.36 (KHTML, like Gecko) Mobile Safari/537.36 (compatible; PetalBot;+https://webmaster.petalsearch.com/site/petalbot)" "brucemillernurseryedgewood.com"
114.119.132.16 - - [12/Nov/2022:06:49:04 -0800] "GET /sitebuilder/clipart/bars/regular/?C=D%3BO%3DA HTTP/1.1" 200 391 "http://brucemillernurseryedgewood.com/sitebuilder/clipart/bars/regular?C=N%3BO%3DD" "Mozilla/5.0 (Linux; Android 7.0;) AppleWebKit/537.36 (KHTML, like Gecko) Mobile Safari/537.36 (compatible; PetalBot;+https://webmaster.petalsearch.com/site/petalbot)" "brucemillernurseryedgewood.com"
5.45.207.68 - - [12/Nov/2022:06:52:33 -0800] "GET /robots.txt HTTP/1.1" 404 73 "-" "Mozilla/5.0 (compatible; YandexBot/3.0; +http://yandex.com/bots)" "www.brucemillernurseryedgewood.com"
5.255.231.246 - - [12/Nov/2022:06:52:34 -0800] "GET /robots.txt HTTP/1.1" 404 73 "-" "Mozilla/5.0 (compatible; YandexBot/3.0; +http://yandex.com/bots)" "brucemillernurseryedgewood.com"
87.250.224.146 - - [12/Nov/2022:06:52:37 -0800] "GET / HTTP/1.1" 200 406 "-" "Mozilla/5.0 (compatible; YandexBot/3.0; +http://yandex.com/bots)" "www.brucemillernurseryedgewood.com"
87.250.224.21 - - [12/Nov/2022:06:52:39 -0800] "GET / HTTP/1.1" 200 406 "-" "Mozilla/5.0 (compatible; YandexBot/3.0; +http://yandex.com/bots)" "brucemillernurseryedgewood.com"
213.180.203.88 - - [12/Nov/2022:06:52:57 -0800] "GET /robots.txt HTTP/1.1" 404 73 "-" "Mozilla/5.0 (compatible; YandexBot/3.0; +http://yandex.com/bots)" "brucemillernurseryedgewood.com"
87.250.224.127 - - [12/Nov/2022:06:53:01 -0800] "GET / HTTP/1.1" 200 406 "-" "Mozilla/5.0 (compatible; YandexBot/3.0; +http://yandex.com/bots)" "brucemillernurseryedgewood.com"
114.119.132.122 - - [12/Nov/2022:06:54:22 -0800] "GET /clipart/images/?C=D%3BO%3DA HTTP/1.1" 200 476 "https://www.brucemillernurseryedgewood.com/clipart/images/?C=M%3BO%3DA" "Mozilla/5.0 (Linux; Android 7.0;) AppleWebKit/537.36 (KHTML, like Gecko) Mobile Safari/537.36 (compatible; PetalBot;+https://webmaster.petalsearch.com/site/petalbot)" "www.brucemillernurseryedgewood.com"
114.119.132.131 - - [12/Nov/2022:06:59:45 -0800] "GET /clipart/lines?C=D%3BO%3DA HTTP/1.1" 301 1434 "http://brucemillernurseryedgewood.com/clipart/lines?C=M%3BO%3DA" "Mozilla/5.0 (Linux; Android 7.0;) AppleWebKit/537.36 (KHTML, like Gecko) Mobile Safari/537.36 (compatible; PetalBot;+https://webmaster.petalsearch.com/site/petalbot)" "brucemillernurseryedgewood.com"
114.119.132.131 - - [12/Nov/2022:06:59:45 -0800] "GET /clipart/lines/?C=D%3BO%3DA HTTP/1.1" 200 361 "http://brucemillernurseryedgewood.com/clipart/lines?C=M%3BO%3DA" "Mozilla/5.0 (Linux; Android 7.0;) AppleWebKit/537.36 (KHTML, like Gecko) Mobile Safari/537.36 (compatible; PetalBot;+https://webmaster.petalsearch.com/site/petalbot)" "brucemillernurseryedgewood.com"
114.119.132.153 - - [12/Nov/2022:07:04:52 -0800] "GET /sitebuilder/clipart/backgrounds/tile/?C=D%3BO%3DA HTTP/1.1" 200 412 "https://www.brucemillernurseryedgewood.com/sitebuilder/clipart/backgrounds/tile?C=N%3BO%3DD" "Mozilla/5.0 (Linux; Android 7.0;) AppleWebKit/537.36 (KHTML, like Gecko) Mobile Safari/537.36 (compatible; PetalBot;+https://webmaster.petalsearch.com/site/petalbot)" "www.brucemillernurseryedgewood.com"
114.119.150.186 - - [12/Nov/2022:07:10:09 -0800] "GET /images HTTP/1.1" 301 1418 "https://www.brucemillernurseryedgewood.com?C=M%3BO%3DA" "Mozilla/5.0 (Linux; Android 7.0;) AppleWebKit/537.36 (KHTML, like Gecko) Mobile Safari/537.36 (compatible; PetalBot;+https://webmaster.petalsearch.com/site/petalbot)" "www.brucemillernurseryedgewood.com"
114.119.150.186 - - [12/Nov/2022:07:10:10 -0800] "GET /images/ HTTP/1.1" 200 3702 "https://www.brucemillernurseryedgewood.com?C=M%3BO%3DA" "Mozilla/5.0 (Linux; Android 7.0;) AppleWebKit/537.36 (KHTML, like Gecko) Mobile Safari/537.36 (compatible; PetalBot;+https://webmaster.petalsearch.com/site/petalbot)" "www.brucemillernurseryedgewood.com"
114.119.132.149 - - [12/Nov/2022:07:15:22 -0800] "GET /clipart/images/ HTTP/1.1" 200 476 "https://www.brucemillernurseryedgewood.com/clipart?C=N%3BO%3DD" "Mozilla/5.0 (Linux; Android 7.0;) AppleWebKit/537.36 (KHTML, like Gecko) Mobile Safari/537.36 (compatible; PetalBot;+https://webmaster.petalsearch.com/site/petalbot)" "www.brucemillernurseryedgewood.com"
66.249.70.117 - - [12/Nov/2022:07:17:21 -0800] "GET /robots.txt HTTP/1.1" 404 88 "-" "Mozilla/5.0 (compatible; Googlebot/2.1; +http://www.google.com/bot.html)" "brucemillernurseryedgewood.com"
66.249.70.117 - - [12/Nov/2022:07:17:57 -0800] "GET /ads.txt HTTP/1.1" 404 88 "-" "Mozilla/5.0 (compatible; Googlebot/2.1; +http://www.google.com/bot.html)" "brucemillernurseryedgewood.com"
114.119.132.122 - - [12/Nov/2022:07:20:31 -0800] "GET /clipart/buttons/themes/glow?C=M%3BO%3DA HTTP/1.1" 301 1446 "http://brucemillernurseryedgewood.com/clipart/buttons/themes/glow?C=N%3BO%3DD" "Mozilla/5.0 (Linux; Android 7.0;) AppleWebKit/537.36 (KHTML, like Gecko) Mobile Safari/537.36 (compatible; PetalBot;+https://webmaster.petalsearch.com/site/petalbot)" "brucemillernurseryedgewood.com"
114.119.132.122 - - [12/Nov/2022:07:20:32 -0800] "GET /clipart/buttons/themes/glow/?C=M%3BO%3DA HTTP/1.1" 200 420 "http://brucemillernurseryedgewood.com/clipart/buttons/themes/glow?C=N%3BO%3DD" "Mozilla/5.0 (Linux; Android 7.0;) AppleWebKit/537.36 (KHTML, like Gecko) Mobile Safari/537.36 (compatible; PetalBot;+https://webmaster.petalsearch.com/site/petalbot)" "brucemillernurseryedgewood.com"
216.244.66.230 - - [12/Nov/2022:07:22:46 -0800] "GET /robots.txt HTTP/1.1" 404 73 "-" "Mozilla/5.0 (compatible; DotBot/1.2; +https://opensiteexplorer.org/dotbot; help@moz.com)" "brucemillernurseryedgewood.com"
216.244.66.230 - - [12/Nov/2022:07:22:46 -0800] "GET /robots.txt HTTP/1.1" 404 73 "-" "Mozilla/5.0 (compatible; DotBot/1.2; +https://opensiteexplorer.org/dotbot; help@moz.com)" "www.brucemillernurseryedgewood.com"
114.119.132.146 - - [12/Nov/2022:07:26:03 -0800] "GET /navigation_bars?C=M%3BO%3DA HTTP/1.1" 301 1438 "http://brucemillernurseryedgewood.com/navigation_bars" "Mozilla/5.0 (Linux; Android 7.0;) AppleWebKit/537.36 (KHTML, like Gecko) Mobile Safari/537.36 (compatible; PetalBot;+https://webmaster.petalsearch.com/site/petalbot)" "brucemillernurseryedgewood.com"
