216.244.66.230 - - [05/Nov/2022:17:17:27 -0700] "GET /sitebuilder/clipart/bars/ HTTP/1.1" 200 905 "-" "Mozilla/5.0 (compatible; DotBot/1.2; +https://opensiteexplorer.org/dotbot; help@moz.com)" "www.brucemillernurseryedgewood.com"
216.244.66.230 - - [05/Nov/2022:17:20:26 -0700] "GET /images/2009_0711Image0008.JPG HTTP/1.1" 200 449747 "-" "Mozilla/5.0 (compatible; DotBot/1.2; +https://opensiteexplorer.org/dotbot; help@moz.com)" "www.brucemillernurseryedgewood.com"
51.222.253.15 - - [05/Nov/2022:17:21:02 -0700] "GET /clipart/images/sidebars/?C=N;O=D HTTP/1.1" 200 403 "-" "Mozilla/5.0 (compatible; AhrefsBot/7.0; +http://ahrefs.com/robot/)" "brucemillernurseryedgewood.com"
216.244.66.230 - - [05/Nov/2022:17:21:04 -0700] "GET /images/IMG_0258.JPG HTTP/1.1" 200 4159528 "-" "Mozilla/5.0 (compatible; DotBot/1.2; +https://opensiteexplorer.org/dotbot; help@moz.com)" "www.brucemillernurseryedgewood.com"
216.244.66.230 - - [05/Nov/2022:17:21:55 -0700] "GET /images/IMG_0718.JPG HTTP/1.1" 200 3129207 "-" "Mozilla/5.0 (compatible; DotBot/1.2; +https://opensiteexplorer.org/dotbot; help@moz.com)" "www.brucemillernurseryedgewood.com"
216.244.66.230 - - [05/Nov/2022:17:24:38 -0700] "GET /images/IMG_0704.JPG HTTP/1.1" 200 4817328 "-" "Mozilla/5.0 (compatible; DotBot/1.2; +https://opensiteexplorer.org/dotbot; help@moz.com)" "brucemillernurseryedgewood.com"
216.244.66.230 - - [05/Nov/2022:17:25:35 -0700] "GET /images/IMG_0713.JPG HTTP/1.1" 200 5219188 "-" "Mozilla/5.0 (compatible; DotBot/1.2; +https://opensiteexplorer.org/dotbot; help@moz.com)" "brucemillernurseryedgewood.com"
216.244.66.230 - - [05/Nov/2022:17:26:35 -0700] "GET /images/IMG_0933.JPG HTTP/1.1" 200 3527090 "-" "Mozilla/5.0 (compatible; DotBot/1.2; +https://opensiteexplorer.org/dotbot; help@moz.com)" "brucemillernurseryedgewood.com"
216.244.66.230 - - [05/Nov/2022:17:27:25 -0700] "GET /navigation_bars/Edgewood.nav HTTP/1.1" 200 6654 "-" "Mozilla/5.0 (compatible; DotBot/1.2; +https://opensiteexplorer.org/dotbot; help@moz.com)" "brucemillernurseryedgewood.com"
216.244.66.230 - - [05/Nov/2022:17:27:55 -0700] "GET /sitebuilder/images/2009_0620Image0004-527x397.jpg HTTP/1.1" 200 58621 "-" "Mozilla/5.0 (compatible; DotBot/1.2; +https://opensiteexplorer.org/dotbot; help@moz.com)" "brucemillernurseryedgewood.com"
52.37.16.19 - - [05/Nov/2022:17:28:05 -0700] "GET / HTTP/1.1" 200 406 "-" "Mozilla/5.0 (X11; Linux x86_64) AppleWebKit/537.36 (KHTML, like Gecko) Chrome/83.0.4103.97 Safari/537.36" "brucemillernurseryedgewood.com"
18.237.169.111 - - [05/Nov/2022:17:28:15 -0700] "GET /favicon.ico HTTP/1.1" 404 88 "-" "Mozilla/5.0 (X11; Linux x86_64) AppleWebKit/537.36 (KHTML, like Gecko) Chrome/83.0.4103.97 Safari/537.36" "brucemillernurseryedgewood.com"
18.237.169.111 - - [05/Nov/2022:17:28:21 -0700] "GET / HTTP/1.1" 200 406 "-" "Mozilla/5.0 (X11; Linux x86_64) AppleWebKit/537.36 (KHTML, like Gecko) Chrome/83.0.4103.97 Safari/537.36" "brucemillernurseryedgewood.com"
216.244.66.230 - - [05/Nov/2022:17:28:24 -0700] "GET /sitebuilder/images/IMG_0128-225x435.jpg HTTP/1.1" 200 37852 "-" "Mozilla/5.0 (compatible; DotBot/1.2; +https://opensiteexplorer.org/dotbot; help@moz.com)" "brucemillernurseryedgewood.com"
216.244.66.230 - - [05/Nov/2022:17:28:51 -0700] "GET /sitebuilder/images/IMG_0945-306x414.jpg HTTP/1.1" 200 36732 "-" "Mozilla/5.0 (compatible; DotBot/1.2; +https://opensiteexplorer.org/dotbot; help@moz.com)" "brucemillernurseryedgewood.com"
216.244.66.230 - - [05/Nov/2022:17:29:17 -0700] "GET /sitebuilder/images/Ivy_kittens2-390x255.jpg HTTP/1.1" 200 21773 "-" "Mozilla/5.0 (compatible; DotBot/1.2; +https://opensiteexplorer.org/dotbot; help@moz.com)" "brucemillernurseryedgewood.com"
216.244.66.230 - - [05/Nov/2022:17:29:43 -0700] "GET /sitebuilder/server_meta.txt HTTP/1.1" 200 12486 "-" "Mozilla/5.0 (compatible; DotBot/1.2; +https://opensiteexplorer.org/dotbot; help@moz.com)" "brucemillernurseryedgewood.com"
216.244.66.230 - - [05/Nov/2022:17:31:20 -0700] "GET /sitebuilder/images/Edgewood-2-mouseOver-08863.png HTTP/1.1" 200 2054 "-" "Mozilla/5.0 (compatible; DotBot/1.2; +https://opensiteexplorer.org/dotbot; help@moz.com)" "www.brucemillernurseryedgewood.com"
216.244.66.230 - - [05/Nov/2022:17:31:41 -0700] "GET /sitebuilder/images/IMG_0258-240x372.jpg HTTP/1.1" 200 33478 "-" "Mozilla/5.0 (compatible; DotBot/1.2; +https://opensiteexplorer.org/dotbot; help@moz.com)" "www.brucemillernurseryedgewood.com"
216.244.66.230 - - [05/Nov/2022:17:32:00 -0700] "GET /sitebuilder/images/IMG_0767-341x465.jpg HTTP/1.1" 200 41195 "-" "Mozilla/5.0 (compatible; DotBot/1.2; +https://opensiteexplorer.org/dotbot; help@moz.com)" "www.brucemillernurseryedgewood.com"
216.244.66.230 - - [05/Nov/2022:17:32:19 -0700] "GET /sitebuilder/images/tn_1_4-252x316.jpg HTTP/1.1" 200 14667 "-" "Mozilla/5.0 (compatible; DotBot/1.2; +https://opensiteexplorer.org/dotbot; help@moz.com)" "www.brucemillernurseryedgewood.com"
216.244.66.230 - - [05/Nov/2022:17:58:28 -0700] "GET /robots.txt HTTP/1.1" 404 73 "-" "Mozilla/5.0 (compatible; DotBot/1.2; +https://opensiteexplorer.org/dotbot; help@moz.com)" "brucemillernurseryedgewood.com"
216.244.66.230 - - [05/Nov/2022:17:58:29 -0700] "GET /robots.txt HTTP/1.1" 404 73 "-" "Mozilla/5.0 (compatible; DotBot/1.2; +https://opensiteexplorer.org/dotbot; help@moz.com)" "www.brucemillernurseryedgewood.com"
40.77.167.7 - - [05/Nov/2022:18:07:27 -0700] "GET /home HTTP/1.1" 200 4616 "-" "Mozilla/5.0 AppleWebKit/537.36 (KHTML, like Gecko; compatible; bingbot/2.0; +http://www.bing.com/bingbot.htm) Chrome/103.0.5060.134 Safari/537.36" "brucemillernurseryedgewood.com"
216.244.66.230 - - [05/Nov/2022:18:17:43 -0700] "GET /images/IMG_0724.JPG HTTP/1.1" 200 4283286 "-" "Mozilla/5.0 (compatible; DotBot/1.2; +https://opensiteexplorer.org/dotbot; help@moz.com)" "www.brucemillernurseryedgewood.com"
216.244.66.230 - - [05/Nov/2022:18:21:16 -0700] "GET /sitebuilder/images/IMG_0261-450x600.jpg HTTP/1.1" 200 61983 "-" "Mozilla/5.0 (compatible; DotBot/1.2; +https://opensiteexplorer.org/dotbot; help@moz.com)" "brucemillernurseryedgewood.com"
216.244.66.230 - - [05/Nov/2022:18:21:47 -0700] "GET /sitebuilder/images/IMG_0546-600x450.jpg HTTP/1.1" 200 98603 "-" "Mozilla/5.0 (compatible; DotBot/1.2; +https://opensiteexplorer.org/dotbot; help@moz.com)" "brucemillernurseryedgewood.com"
216.244.66.230 - - [05/Nov/2022:18:22:15 -0700] "GET /sitebuilder/images/IMG_0879-324x240.jpg HTTP/1.1" 200 13526 "-" "Mozilla/5.0 (compatible; DotBot/1.2; +https://opensiteexplorer.org/dotbot; help@moz.com)" "brucemillernurseryedgewood.com"
216.244.66.230 - - [05/Nov/2022:18:22:43 -0700] "GET /sitebuilder/images/th_BlackLabrador-190x195.jpg HTTP/1.1" 200 5797 "-" "Mozilla/5.0 (compatible; DotBot/1.2; +https://opensiteexplorer.org/dotbot; help@moz.com)" "brucemillernurseryedgewood.com"
216.244.66.230 - - [05/Nov/2022:18:28:39 -0700] "GET /sitebuilder/images/2009_0516Image0006-325x225.jpg HTTP/1.1" 200 16575 "-" "Mozilla/5.0 (compatible; DotBot/1.2; +https://opensiteexplorer.org/dotbot; help@moz.com)" "www.brucemillernurseryedgewood.com"
216.244.66.230 - - [05/Nov/2022:18:28:44 -0700] "GET /sitebuilder/images/IMG_0522-510x376.jpg HTTP/1.1" 200 63290 "-" "Mozilla/5.0 (compatible; DotBot/1.2; +https://opensiteexplorer.org/dotbot; help@moz.com)" "www.brucemillernurseryedgewood.com"
216.244.66.230 - - [05/Nov/2022:18:28:48 -0700] "GET /sitebuilder/images/IMG_0551-316x228.jpg HTTP/1.1" 200 18382 "-" "Mozilla/5.0 (compatible; DotBot/1.2; +https://opensiteexplorer.org/dotbot; help@moz.com)" "www.brucemillernurseryedgewood.com"
216.244.66.230 - - [05/Nov/2022:18:28:51 -0700] "GET /sitebuilder/images/scanned_stuff-368x225.jpg HTTP/1.1" 200 17570 "-" "Mozilla/5.0 (compatible; DotBot/1.2; +https://opensiteexplorer.org/dotbot; help@moz.com)" "www.brucemillernurseryedgewood.com"
42.236.10.122 - - [05/Nov/2022:18:46:30 -0700] "GET / HTTP/1.1" 200 406 "http://brucemillernurseryedgewood.com/" "Mozilla/5.0 (Windows NT 6.1; WOW64) AppleWebKit/537.36 (KHTML, like Gecko) Chrome/50.0.2661.102 Safari/537.36; 360Spider" "brucemillernurseryedgewood.com"
157.55.39.3 - - [05/Nov/2022:18:53:30 -0700] "GET / HTTP/1.1" 200 406 "-" "Mozilla/5.0 AppleWebKit/537.36 (KHTML, like Gecko; compatible; bingbot/2.0; +http://www.bing.com/bingbot.htm) Chrome/103.0.5060.134 Safari/537.36" "brucemillernurseryedgewood.com"
114.119.132.149 - - [05/Nov/2022:19:07:57 -0700] "GET /sitebuilder/clipart/bars/?C=D%3BO%3DA HTTP/1.1" 200 384 "https://www.brucemillernurseryedgewood.com/sitebuilder/clipart/bars" "Mozilla/5.0 (Linux; Android 7.0;) AppleWebKit/537.36 (KHTML, like Gecko) Mobile Safari/537.36 (compatible; PetalBot;+https://webmaster.petalsearch.com/site/petalbot)" "www.brucemillernurseryedgewood.com"
216.244.66.230 - - [05/Nov/2022:19:08:23 -0700] "GET /robots.txt HTTP/1.1" 404 73 "-" "Mozilla/5.0 (compatible; DotBot/1.2; +https://opensiteexplorer.org/dotbot; help@moz.com)" "www.brucemillernurseryedgewood.com"
216.244.66.230 - - [05/Nov/2022:19:08:23 -0700] "GET /robots.txt HTTP/1.1" 404 73 "-" "Mozilla/5.0 (compatible; DotBot/1.2; +https://opensiteexplorer.org/dotbot; help@moz.com)" "brucemillernurseryedgewood.com"
40.77.167.7 - - [05/Nov/2022:19:28:08 -0700] "GET / HTTP/1.1" 200 406 "-" "Mozilla/5.0 AppleWebKit/537.36 (KHTML, like Gecko; compatible; bingbot/2.0; +http://www.bing.com/bingbot.htm) Chrome/103.0.5060.134 Safari/537.36" "brucemillernurseryedgewood.com"
216.244.66.230 - - [05/Nov/2022:19:30:18 -0700] "GET /clipart/bars/ HTTP/1.1" 200 719 "-" "Mozilla/5.0 (compatible; DotBot/1.2; +https://opensiteexplorer.org/dotbot; help@moz.com)" "brucemillernurseryedgewood.com"
216.244.66.230 - - [05/Nov/2022:19:31:41 -0700] "GET /images/IMG_1188.JPG HTTP/1.1" 200 4196571 "-" "Mozilla/5.0 (compatible; DotBot/1.2; +https://opensiteexplorer.org/dotbot; help@moz.com)" "www.brucemillernurseryedgewood.com"
216.244.66.230 - - [05/Nov/2022:19:32:31 -0700] "GET /navigation_bars/Edgewood.nav HTTP/1.1" 200 6654 "-" "Mozilla/5.0 (compatible; DotBot/1.2; +https://opensiteexplorer.org/dotbot; help@moz.com)" "www.brucemillernurseryedgewood.com"
216.244.66.230 - - [05/Nov/2022:19:33:29 -0700] "GET /images/IMG_0525.JPG HTTP/1.1" 200 3412280 "-" "Mozilla/5.0 (compatible; DotBot/1.2; +https://opensiteexplorer.org/dotbot; help@moz.com)" "brucemillernurseryedgewood.com"
216.244.66.230 - - [05/Nov/2022:19:34:19 -0700] "GET /sitebuilder/images/2009_0524Image0002-285x405.jpg HTTP/1.1" 200 34992 "-" "Mozilla/5.0 (compatible; DotBot/1.2; +https://opensiteexplorer.org/dotbot; help@moz.com)" "brucemillernurseryedgewood.com"
216.244.66.230 - - [05/Nov/2022:19:34:49 -0700] "GET /sitebuilder/images/2009_0531Image0019-264x188.jpg HTTP/1.1" 200 16103 "-" "Mozilla/5.0 (compatible; DotBot/1.2; +https://opensiteexplorer.org/dotbot; help@moz.com)" "brucemillernurseryedgewood.com"
216.244.66.230 - - [05/Nov/2022:19:35:17 -0700] "GET /sitebuilder/images/2009_0620Image0002-332x245.jpg HTTP/1.1" 200 21676 "-" "Mozilla/5.0 (compatible; DotBot/1.2; +https://opensiteexplorer.org/dotbot; help@moz.com)" "brucemillernurseryedgewood.com"
216.244.66.230 - - [05/Nov/2022:19:35:44 -0700] "GET /sitebuilder/images/3.19g-224x315.jpg HTTP/1.1" 200 25610 "-" "Mozilla/5.0 (compatible; DotBot/1.2; +https://opensiteexplorer.org/dotbot; help@moz.com)" "brucemillernurseryedgewood.com"
216.244.66.230 - - [05/Nov/2022:19:36:12 -0700] "GET /sitebuilder/images/Edgewood-4-active-39804.png HTTP/1.1" 200 1561 "-" "Mozilla/5.0 (compatible; DotBot/1.2; +https://opensiteexplorer.org/dotbot; help@moz.com)" "brucemillernurseryedgewood.com"
216.244.66.230 - - [05/Nov/2022:19:36:37 -0700] "GET /sitebuilder/images/IMG_0261-255x390.jpg HTTP/1.1" 200 27106 "-" "Mozilla/5.0 (compatible; DotBot/1.2; +https://opensiteexplorer.org/dotbot; help@moz.com)" "brucemillernurseryedgewood.com"
216.244.66.230 - - [05/Nov/2022:19:37:02 -0700] "GET /sitebuilder/images/IMG_0922-463x342.jpg HTTP/1.1" 200 35261 "-" "Mozilla/5.0 (compatible; DotBot/1.2; +https://opensiteexplorer.org/dotbot; help@moz.com)" "brucemillernurseryedgewood.com"
216.244.66.230 - - [05/Nov/2022:19:37:26 -0700] "GET /sitebuilder/images/Ken2-480x356.jpg HTTP/1.1" 200 64917 "-" "Mozilla/5.0 (compatible; DotBot/1.2; +https://opensiteexplorer.org/dotbot; help@moz.com)" "brucemillernurseryedgewood.com"
3.239.81.138 - - [05/Nov/2022:19:43:16 -0700] "GET / HTTP/1.1" 200 406 "-" "Mozilla/5.0 (Linux; Android 5.1; OPPO A59s Build/LMY47I; wv) AppleWebKit/537.36 (KHTML, like Gecko) Version/4.0 Chrome/66.0.3359.126 MQQBrowser/6.2 TBS/044813 Mobile Safari/537.36 MMWEBID/6148 MicroMessenger/7.0.6.1460(0x27000634) Process/tools NetType/WIFI Language/zh_CN" "brucemillernurseryedgewood.com"
216.244.66.230 - - [05/Nov/2022:19:45:40 -0700] "GET /sitebuilder/images/2009_0516Image0002-315x240.jpg HTTP/1.1" 200 18492 "-" "Mozilla/5.0 (compatible; DotBot/1.2; +https://opensiteexplorer.org/dotbot; help@moz.com)" "www.brucemillernurseryedgewood.com"
216.244.66.230 - - [05/Nov/2022:19:46:00 -0700] "GET /sitebuilder/images/66557_1_-165x156.jpg HTTP/1.1" 200 5573 "-" "Mozilla/5.0 (compatible; DotBot/1.2; +https://opensiteexplorer.org/dotbot; help@moz.com)" "www.brucemillernurseryedgewood.com"
216.244.66.230 - - [05/Nov/2022:19:46:19 -0700] "GET /sitebuilder/images/DSC01921-274x300.jpg HTTP/1.1" 200 21743 "-" "Mozilla/5.0 (compatible; DotBot/1.2; +https://opensiteexplorer.org/dotbot; help@moz.com)" "www.brucemillernurseryedgewood.com"
216.244.66.230 - - [05/Nov/2022:19:46:36 -0700] "GET /sitebuilder/images/Edgewood-3-active-85531.png HTTP/1.1" 200 1640 "-" "Mozilla/5.0 (compatible; DotBot/1.2; +https://opensiteexplorer.org/dotbot; help@moz.com)" "www.brucemillernurseryedgewood.com"
216.244.66.230 - - [05/Nov/2022:19:46:52 -0700] "GET /sitebuilder/images/IMG_0521-323x435.jpg HTTP/1.1" 200 36814 "-" "Mozilla/5.0 (compatible; DotBot/1.2; +https://opensiteexplorer.org/dotbot; help@moz.com)" "www.brucemillernurseryedgewood.com"
216.244.66.230 - - [05/Nov/2022:19:47:08 -0700] "GET /sitebuilder/images/IMG_0771-267x360.jpg HTTP/1.1" 200 14628 "-" "Mozilla/5.0 (compatible; DotBot/1.2; +https://opensiteexplorer.org/dotbot; help@moz.com)" "www.brucemillernurseryedgewood.com"
216.244.66.230 - - [05/Nov/2022:20:08:53 -0700] "GET /robots.txt HTTP/1.1" 404 73 "-" "Mozilla/5.0 (compatible; DotBot/1.2; +https://opensiteexplorer.org/dotbot; help@moz.com)" "brucemillernurseryedgewood.com"
216.244.66.230 - - [05/Nov/2022:20:08:53 -0700] "GET /robots.txt HTTP/1.1" 404 73 "-" "Mozilla/5.0 (compatible; DotBot/1.2; +https://opensiteexplorer.org/dotbot; help@moz.com)" "www.brucemillernurseryedgewood.com"
216.244.66.230 - - [05/Nov/2022:20:30:03 -0700] "GET /images/48067_1_.jpg HTTP/1.1" 200 42699 "-" "Mozilla/5.0 (compatible; DotBot/1.2; +https://opensiteexplorer.org/dotbot; help@moz.com)" "brucemillernurseryedgewood.com"
216.244.66.230 - - [05/Nov/2022:20:30:28 -0700] "GET /images/IMG_0769.JPG HTTP/1.1" 200 3224280 "-" "Mozilla/5.0 (compatible; DotBot/1.2; +https://opensiteexplorer.org/dotbot; help@moz.com)" "brucemillernurseryedgewood.com"
114.119.132.16 - - [05/Nov/2022:20:30:51 -0700] "GET /clipart/bars/regular HTTP/1.1" 301 1428 "http://brucemillernurseryedgewood.com/clipart/bars/regular/horizontal" "Mozilla/5.0 (Linux; Android 7.0;) AppleWebKit/537.36 (KHTML, like Gecko) Mobile Safari/537.36 (compatible; PetalBot;+https://webmaster.petalsearch.com/site/petalbot)" "brucemillernurseryedgewood.com"
114.119.132.16 - - [05/Nov/2022:20:30:53 -0700] "GET /clipart/bars/regular/ HTTP/1.1" 200 366 "http://brucemillernurseryedgewood.com/clipart/bars/regular/horizontal" "Mozilla/5.0 (Linux; Android 7.0;) AppleWebKit/537.36 (KHTML, like Gecko) Mobile Safari/537.36 (compatible; PetalBot;+https://webmaster.petalsearch.com/site/petalbot)" "brucemillernurseryedgewood.com"
216.244.66.230 - - [05/Nov/2022:20:31:19 -0700] "GET /images/wildflower_search_bar_background-960x40.jpg HTTP/1.1" 200 6399 "-" "Mozilla/5.0 (compatible; DotBot/1.2; +https://opensiteexplorer.org/dotbot; help@moz.com)" "brucemillernurseryedgewood.com"
216.244.66.230 - - [05/Nov/2022:20:31:48 -0700] "GET /sitebuilder/images/2009_0516Image0001-290x209.jpg HTTP/1.1" 200 19001 "-" "Mozilla/5.0 (compatible; DotBot/1.2; +https://opensiteexplorer.org/dotbot; help@moz.com)" "brucemillernurseryedgewood.com"
216.244.66.230 - - [05/Nov/2022:20:32:17 -0700] "GET /sitebuilder/images/2009_0531Image0023-264x192.jpg HTTP/1.1" 200 15582 "-" "Mozilla/5.0 (compatible; DotBot/1.2; +https://opensiteexplorer.org/dotbot; help@moz.com)" "brucemillernurseryedgewood.com"
209.141.33.65 - - [05/Nov/2022:20:32:25 -0700] "GET / HTTP/1.1" 200 406 "-" "Mozilla/5.0 (Macintosh; Intel Mac OS X 10_15_7) AppleWebKit/537.36 (KHTML, like Gecko) Chrome/96.0.4664.110 Safari/537.36" "www.brucemillernurseryedgewood.com"
209.141.33.65 - - [05/Nov/2022:20:32:25 -0700] "GET /favicon.ico HTTP/1.1" 404 88 "-" "Mozilla/5.0 (Macintosh; Intel Mac OS X 10_15_7) AppleWebKit/537.36 (KHTML, like Gecko) Chrome/96.0.4664.110 Safari/537.36" "www.brucemillernurseryedgewood.com"
216.244.66.230 - - [05/Nov/2022:20:32:44 -0700] "GET /sitebuilder/images/3.19h-450x315.jpg HTTP/1.1" 200 48963 "-" "Mozilla/5.0 (compatible; DotBot/1.2; +https://opensiteexplorer.org/dotbot; help@moz.com)" "brucemillernurseryedgewood.com"
216.244.66.230 - - [05/Nov/2022:20:33:10 -0700] "GET /sitebuilder/images/IMG_0918-466x344.jpg HTTP/1.1" 200 43745 "-" "Mozilla/5.0 (compatible; DotBot/1.2; +https://opensiteexplorer.org/dotbot; help@moz.com)" "brucemillernurseryedgewood.com"
114.119.132.131 - - [05/Nov/2022:20:35:50 -0700] "GET /clipart/buttons/themes/stone/?C=M%3BO%3DA HTTP/1.1" 200 413 "http://brucemillernurseryedgewood.com/clipart/buttons/themes/stone/?C=D%3BO%3DA" "Mozilla/5.0 (Linux; Android 7.0;) AppleWebKit/537.36 (KHTML, like Gecko) Mobile Safari/537.36 (compatible; PetalBot;+https://webmaster.petalsearch.com/site/petalbot)" "brucemillernurseryedgewood.com"
114.119.132.122 - - [05/Nov/2022:20:41:28 -0700] "GET /sitebuilder/clipart/bars?C=N%3BO%3DD HTTP/1.1" 301 1449 "https://www.brucemillernurseryedgewood.com/sitebuilder/clipart/bars?C=M%3BO%3DA" "Mozilla/5.0 (Linux; Android 7.0;) AppleWebKit/537.36 (KHTML, like Gecko) Mobile Safari/537.36 (compatible; PetalBot;+https://webmaster.petalsearch.com/site/petalbot)" "www.brucemillernurseryedgewood.com"
114.119.132.122 - - [05/Nov/2022:20:41:29 -0700] "GET /sitebuilder/clipart/bars/?C=N%3BO%3DD HTTP/1.1" 200 384 "https://www.brucemillernurseryedgewood.com/sitebuilder/clipart/bars?C=M%3BO%3DA" "Mozilla/5.0 (Linux; Android 7.0;) AppleWebKit/537.36 (KHTML, like Gecko) Mobile Safari/537.36 (compatible; PetalBot;+https://webmaster.petalsearch.com/site/petalbot)" "www.brucemillernurseryedgewood.com"
216.244.66.230 - - [05/Nov/2022:20:41:53 -0700] "GET /sitebuilder/images/14765_1_-180x172.jpg HTTP/1.1" 200 4325 "-" "Mozilla/5.0 (compatible; DotBot/1.2; +https://opensiteexplorer.org/dotbot; help@moz.com)" "www.brucemillernurseryedgewood.com"
216.244.66.230 - - [05/Nov/2022:20:42:09 -0700] "GET /sitebuilder/images/2009_0711Image0020-296x226.jpg HTTP/1.1" 200 22753 "-" "Mozilla/5.0 (compatible; DotBot/1.2; +https://opensiteexplorer.org/dotbot; help@moz.com)" "www.brucemillernurseryedgewood.com"
216.244.66.230 - - [05/Nov/2022:20:42:25 -0700] "GET /sitebuilder/images/Edgewood-0-inactive-84328.png HTTP/1.1" 200 1805 "-" "Mozilla/5.0 (compatible; DotBot/1.2; +https://opensiteexplorer.org/dotbot; help@moz.com)" "www.brucemillernurseryedgewood.com"
216.244.66.230 - - [05/Nov/2022:20:42:39 -0700] "GET /sitebuilder/images/IMG_0526-225x330.jpg HTTP/1.1" 200 25363 "-" "Mozilla/5.0 (compatible; DotBot/1.2; +https://opensiteexplorer.org/dotbot; help@moz.com)" "www.brucemillernurseryedgewood.com"
216.244.66.230 - - [05/Nov/2022:20:42:53 -0700] "GET /sitebuilder/images/kittens-no_Dana-250x395.jpg HTTP/1.1" 200 19259 "-" "Mozilla/5.0 (compatible; DotBot/1.2; +https://opensiteexplorer.org/dotbot; help@moz.com)" "www.brucemillernurseryedgewood.com"
216.244.66.230 - - [05/Nov/2022:20:43:05 -0700] "GET /sitebuilder/images/yellowBrownBeach-758x89.jpg HTTP/1.1" 200 6254 "-" "Mozilla/5.0 (compatible; DotBot/1.2; +https://opensiteexplorer.org/dotbot; help@moz.com)" "www.brucemillernurseryedgewood.com"
66.249.70.97 - - [05/Nov/2022:20:44:17 -0700] "GET /ads.txt HTTP/1.1" 404 88 "-" "Mozilla/5.0 (compatible; Googlebot/2.1; +http://www.google.com/bot.html)" "brucemillernurseryedgewood.com"
66.249.70.204 - - [05/Nov/2022:20:57:27 -0700] "GET /robots.txt HTTP/1.1" 404 88 "-" "Mozilla/5.0 (compatible; Googlebot/2.1; +http://www.google.com/bot.html)" "www.brucemillernurseryedgewood.com"
54.226.156.93 - - [05/Nov/2022:20:57:34 -0700] "GET / HTTP/1.1" 200 406 "-" "Mozilla/5.0 (X11; CrOS x86_64 12371.22.0) AppleWebKit/537.36 (KHTML, like Gecko) Chrome/77.0.3865.35 Safari/537.36" "brucemillernurseryedgewood.com"
216.244.66.230 - - [05/Nov/2022:21:05:33 -0700] "GET /robots.txt HTTP/1.1" 404 73 "-" "Mozilla/5.0 (compatible; DotBot/1.2; +https://opensiteexplorer.org/dotbot; help@moz.com)" "www.brucemillernurseryedgewood.com"
216.244.66.230 - - [05/Nov/2022:21:05:33 -0700] "GET /robots.txt HTTP/1.1" 404 73 "-" "Mozilla/5.0 (compatible; DotBot/1.2; +https://opensiteexplorer.org/dotbot; help@moz.com)" "brucemillernurseryedgewood.com"
114.119.132.122 - - [05/Nov/2022:21:06:49 -0700] "GET /sitebuilder/scripts/?C=N%3BO%3DD HTTP/1.1" 200 372 "http://www.brucemillernurseryedgewood.com/sitebuilder/scripts/" "Mozilla/5.0 (Linux; Android 7.0;) AppleWebKit/537.36 (KHTML, like Gecko) Mobile Safari/537.36 (compatible; PetalBot;+https://webmaster.petalsearch.com/site/petalbot)" "www.brucemillernurseryedgewood.com"
114.119.150.186 - - [05/Nov/2022:21:11:57 -0700] "GET /clipart/backgrounds/?C=M%3BO%3DA HTTP/1.1" 200 389 "https://www.brucemillernurseryedgewood.com/clipart/backgrounds" "Mozilla/5.0 (Linux; Android 7.0;) AppleWebKit/537.36 (KHTML, like Gecko) Mobile Safari/537.36 (compatible; PetalBot;+https://webmaster.petalsearch.com/site/petalbot)" "www.brucemillernurseryedgewood.com"
216.244.66.230 - - [05/Nov/2022:21:15:20 -0700] "GET /images/IMG_1269.JPG HTTP/1.1" 200 414525 "-" "Mozilla/5.0 (compatible; DotBot/1.2; +https://opensiteexplorer.org/dotbot; help@moz.com)" "www.brucemillernurseryedgewood.com"
216.244.66.230 - - [05/Nov/2022:21:15:26 -0700] "GET /images/IMG_0122.JPG HTTP/1.1" 200 4898066 "-" "Mozilla/5.0 (compatible; DotBot/1.2; +https://opensiteexplorer.org/dotbot; help@moz.com)" "brucemillernurseryedgewood.com"
216.244.66.230 - - [05/Nov/2022:21:15:56 -0700] "GET /images/IMG_0532.JPG HTTP/1.1" 200 4147871 "-" "Mozilla/5.0 (compatible; DotBot/1.2; +https://opensiteexplorer.org/dotbot; help@moz.com)" "brucemillernurseryedgewood.com"
216.244.66.230 - - [05/Nov/2022:21:16:37 -0700] "GET /images/IMG_0551.JPG HTTP/1.1" 200 3038179 "-" "Mozilla/5.0 (compatible; DotBot/1.2; +https://opensiteexplorer.org/dotbot; help@moz.com)" "brucemillernurseryedgewood.com"
114.119.132.153 - - [05/Nov/2022:21:16:49 -0700] "GET /clipart/lines/horizontal?C=S%3BO%3DA HTTP/1.1" 301 1448 "https://www.brucemillernurseryedgewood.com/clipart/lines/horizontal?C=M%3BO%3DA" "Mozilla/5.0 (Linux; Android 7.0;) AppleWebKit/537.36 (KHTML, like Gecko) Mobile Safari/537.36 (compatible; PetalBot;+https://webmaster.petalsearch.com/site/petalbot)" "www.brucemillernurseryedgewood.com"
114.119.132.153 - - [05/Nov/2022:21:16:50 -0700] "GET /clipart/lines/horizontal/?C=S%3BO%3DA HTTP/1.1" 200 447 "https://www.brucemillernurseryedgewood.com/clipart/lines/horizontal?C=M%3BO%3DA" "Mozilla/5.0 (Linux; Android 7.0;) AppleWebKit/537.36 (KHTML, like Gecko) Mobile Safari/537.36 (compatible; PetalBot;+https://webmaster.petalsearch.com/site/petalbot)" "www.brucemillernurseryedgewood.com"
216.244.66.230 - - [05/Nov/2022:21:17:28 -0700] "GET /images/IMG_1270.JPG HTTP/1.1" 200 2729984 "-" "Mozilla/5.0 (compatible; DotBot/1.2; +https://opensiteexplorer.org/dotbot; help@moz.com)" "brucemillernurseryedgewood.com"
207.46.13.230 - - [05/Nov/2022:21:24:51 -0700] "GET /robots.txt HTTP/1.1" 404 88 "-" "Mozilla/5.0 (compatible; bingbot/2.0; +http://www.bing.com/bingbot.htm)" "www.brucemillernurseryedgewood.com"
207.46.13.230 - - [05/Nov/2022:21:24:51 -0700] "GET /robots.txt HTTP/1.1" 404 88 "-" "Mozilla/5.0 (compatible; bingbot/2.0; +http://www.bing.com/bingbot.htm)" "www.brucemillernurseryedgewood.com"
157.55.39.3 - - [05/Nov/2022:21:24:56 -0700] "GET /clipart/lines/ HTTP/1.1" 200 361 "-" "Mozilla/5.0 (compatible; bingbot/2.0; +http://www.bing.com/bingbot.htm)" "www.brucemillernurseryedgewood.com"
40.86.101.254 - - [05/Nov/2022:21:25:03 -0700] "GET /yahoo_site_admin/assets/images/003.4591023_std.JPG HTTP/1.1" 200 82809 "http://brucemillernurseryedgewood.com/yahoo_site_admin/assets/images" "Mozilla/5.0 (iPhone; CPU iPhone OS 13_5_1 like Mac OS X) AppleWebKit/605.1.15 (KHTML, like Gecko) Version/13.1.1 Mobile/15E148 Safari/604.1" "brucemillernurseryedgewood.com"
114.119.132.16 - - [05/Nov/2022:21:25:49 -0700] "GET /clipart/images/?C=N%3BO%3DD HTTP/1.1" 200 476 "https://www.brucemillernurseryedgewood.com/clipart/images/?C=S%3BO%3DA" "Mozilla/5.0 (Linux; Android 7.0;) AppleWebKit/537.36 (KHTML, like Gecko) Mobile Safari/537.36 (compatible; PetalBot;+https://webmaster.petalsearch.com/site/petalbot)" "www.brucemillernurseryedgewood.com"
114.119.132.153 - - [05/Nov/2022:21:31:32 -0700] "GET /clipart/lines/?C=N%3BO%3DD HTTP/1.1" 200 361 "https://www.brucemillernurseryedgewood.com/clipart/lines/?C=S%3BO%3DA" "Mozilla/5.0 (Linux; Android 7.0;) AppleWebKit/537.36 (KHTML, like Gecko) Mobile Safari/537.36 (compatible; PetalBot;+https://webmaster.petalsearch.com/site/petalbot)" "www.brucemillernurseryedgewood.com"
114.119.132.149 - - [05/Nov/2022:21:36:31 -0700] "GET /sitebuilder/?C=D%3BO%3DA HTTP/1.1" 200 443 "https://www.brucemillernurseryedgewood.com/sitebuilder/?C=S%3BO%3DA" "Mozilla/5.0 (Linux; Android 7.0;) AppleWebKit/537.36 (KHTML, like Gecko) Mobile Safari/537.36 (compatible; PetalBot;+https://webmaster.petalsearch.com/site/petalbot)" "www.brucemillernurseryedgewood.com"
114.119.132.149 - - [05/Nov/2022:21:41:33 -0700] "GET /home HTTP/1.1" 200 4616 "http://brucemillernurseryedgewood.com/great_deals" "Mozilla/5.0 (Linux; Android 7.0;) AppleWebKit/537.36 (KHTML, like Gecko) Mobile Safari/537.36 (compatible; PetalBot;+https://webmaster.petalsearch.com/site/petalbot)" "brucemillernurseryedgewood.com"
114.119.132.122 - - [05/Nov/2022:21:47:32 -0700] "GET /sitebuilder/scripts/ HTTP/1.1" 200 372 "https://www.brucemillernurseryedgewood.com/sitebuilder/?C=S%3BO%3DA" "Mozilla/5.0 (Linux; Android 7.0;) AppleWebKit/537.36 (KHTML, like Gecko) Mobile Safari/537.36 (compatible; PetalBot;+https://webmaster.petalsearch.com/site/petalbot)" "www.brucemillernurseryedgewood.com"
114.119.132.16 - - [05/Nov/2022:21:52:30 -0700] "GET /clipart/bars/regular/?C=N%3BO%3DD HTTP/1.1" 200 366 "https://www.brucemillernurseryedgewood.com/clipart/bars/regular?C=D%3BO%3DA" "Mozilla/5.0 (Linux; Android 7.0;) AppleWebKit/537.36 (KHTML, like Gecko) Mobile Safari/537.36 (compatible; PetalBot;+https://webmaster.petalsearch.com/site/petalbot)" "www.brucemillernurseryedgewood.com"
51.222.253.17 - - [05/Nov/2022:21:55:28 -0700] "GET /robots.txt HTTP/1.1" 404 88 "-" "Mozilla/5.0 (compatible; AhrefsBot/7.0; +http://ahrefs.com/robot/)" "brucemillernurseryedgewood.com"
51.222.253.12 - - [05/Nov/2022:21:55:29 -0700] "GET /sitebuilder/images/?C=S;O=D HTTP/1.1" 200 7298 "-" "Mozilla/5.0 (compatible; AhrefsBot/7.0; +http://ahrefs.com/robot/)" "brucemillernurseryedgewood.com"
114.119.132.149 - - [05/Nov/2022:21:57:30 -0700] "GET /sitebuilder/clipart/bars/low-carb HTTP/1.1" 301 1441 "https://www.brucemillernurseryedgewood.com/sitebuilder/clipart/bars/low-carb/horizontal?C=M%3BO%3DA" "Mozilla/5.0 (Linux; Android 7.0;) AppleWebKit/537.36 (KHTML, like Gecko) Mobile Safari/537.36 (compatible; PetalBot;+https://webmaster.petalsearch.com/site/petalbot)" "www.brucemillernurseryedgewood.com"
114.119.132.149 - - [05/Nov/2022:21:57:31 -0700] "GET /sitebuilder/clipart/bars/low-carb/ HTTP/1.1" 200 375 "https://www.brucemillernurseryedgewood.com/sitebuilder/clipart/bars/low-carb/horizontal?C=M%3BO%3DA" "Mozilla/5.0 (Linux; Android 7.0;) AppleWebKit/537.36 (KHTML, like Gecko) Mobile Safari/537.36 (compatible; PetalBot;+https://webmaster.petalsearch.com/site/petalbot)" "www.brucemillernurseryedgewood.com"
216.244.66.230 - - [05/Nov/2022:22:01:09 -0700] "GET /robots.txt HTTP/1.1" 404 73 "-" "Mozilla/5.0 (compatible; DotBot/1.2; +https://opensiteexplorer.org/dotbot; help@moz.com)" "www.brucemillernurseryedgewood.com"
216.244.66.230 - - [05/Nov/2022:22:01:09 -0700] "GET /robots.txt HTTP/1.1" 404 73 "-" "Mozilla/5.0 (compatible; DotBot/1.2; +https://opensiteexplorer.org/dotbot; help@moz.com)" "brucemillernurseryedgewood.com"
114.119.132.146 - - [05/Nov/2022:22:02:36 -0700] "GET /clipart/bars/regular/horizontal/?C=D%3BO%3DA HTTP/1.1" 200 390 "http://brucemillernurseryedgewood.com/clipart/bars/regular/horizontal?C=N%3BO%3DD" "Mozilla/5.0 (Linux; Android 7.0;) AppleWebKit/537.36 (KHTML, like Gecko) Mobile Safari/537.36 (compatible; PetalBot;+https://webmaster.petalsearch.com/site/petalbot)" "brucemillernurseryedgewood.com"
216.244.66.230 - - [05/Nov/2022:22:12:36 -0700] "GET /images/2009_0620Image0004.JPG HTTP/1.1" 200 453495 "-" "Mozilla/5.0 (compatible; DotBot/1.2; +https://opensiteexplorer.org/dotbot; help@moz.com)" "www.brucemillernurseryedgewood.com"
216.244.66.230 - - [05/Nov/2022:22:13:16 -0700] "GET /images/IMG_0129.JPG HTTP/1.1" 200 3563851 "-" "Mozilla/5.0 (compatible; DotBot/1.2; +https://opensiteexplorer.org/dotbot; help@moz.com)" "www.brucemillernurseryedgewood.com"
216.244.66.230 - - [05/Nov/2022:22:14:06 -0700] "GET /images/IMG_0251.JPG HTTP/1.1" 200 3960313 "-" "Mozilla/5.0 (compatible; DotBot/1.2; +https://opensiteexplorer.org/dotbot; help@moz.com)" "www.brucemillernurseryedgewood.com"
216.244.66.230 - - [05/Nov/2022:22:14:56 -0700] "GET /images/IMG_0939.JPG HTTP/1.1" 200 3927278 "-" "Mozilla/5.0 (compatible; DotBot/1.2; +https://opensiteexplorer.org/dotbot; help@moz.com)" "www.brucemillernurseryedgewood.com"
216.244.66.230 - - [05/Nov/2022:22:15:46 -0700] "GET /images/Ivy_s_grandkits.jpg HTTP/1.1" 200 3324 "-" "Mozilla/5.0 (compatible; DotBot/1.2; +https://opensiteexplorer.org/dotbot; help@moz.com)" "www.brucemillernurseryedgewood.com"
216.244.66.230 - - [05/Nov/2022:22:16:15 -0700] "GET /images/geesecloseup.jpg HTTP/1.1" 200 829542 "-" "Mozilla/5.0 (compatible; DotBot/1.2; +https://opensiteexplorer.org/dotbot; help@moz.com)" "brucemillernurseryedgewood.com"
114.119.150.186 - - [05/Nov/2022:22:19:32 -0700] "GET /sitebuilder/clipart/bars/low-carb/horizontal/?C=S%3BO%3DA HTTP/1.1" 200 421 "https://www.brucemillernurseryedgewood.com/sitebuilder/clipart/bars/low-carb/horizontal?C=M%3BO%3DA" "Mozilla/5.0 (Linux; Android 7.0;) AppleWebKit/537.36 (KHTML, like Gecko) Mobile Safari/537.36 (compatible; PetalBot;+https://webmaster.petalsearch.com/site/petalbot)" "www.brucemillernurseryedgewood.com"
114.119.132.149 - - [05/Nov/2022:22:24:32 -0700] "GET /images HTTP/1.1" 301 1417 "http://brucemillernurseryedgewood.com/?C=S%3BO%3DA" "Mozilla/5.0 (Linux; Android 7.0;) AppleWebKit/537.36 (KHTML, like Gecko) Mobile Safari/537.36 (compatible; PetalBot;+https://webmaster.petalsearch.com/site/petalbot)" "brucemillernurseryedgewood.com"
114.119.132.149 - - [05/Nov/2022:22:24:33 -0700] "GET /images/ HTTP/1.1" 200 3702 "http://brucemillernurseryedgewood.com/?C=S%3BO%3DA" "Mozilla/5.0 (Linux; Android 7.0;) AppleWebKit/537.36 (KHTML, like Gecko) Mobile Safari/537.36 (compatible; PetalBot;+https://webmaster.petalsearch.com/site/petalbot)" "brucemillernurseryedgewood.com"
114.119.132.153 - - [05/Nov/2022:22:29:38 -0700] "GET /sitebuilder/images HTTP/1.1" 301 1431 "http://www.brucemillernurseryedgewood.com/sitebuilder?C=N%3BO%3DD" "Mozilla/5.0 (Linux; Android 7.0;) AppleWebKit/537.36 (KHTML, like Gecko) Mobile Safari/537.36 (compatible; PetalBot;+https://webmaster.petalsearch.com/site/petalbot)" "www.brucemillernurseryedgewood.com"
114.119.132.153 - - [05/Nov/2022:22:29:42 -0700] "GET /sitebuilder/images/ HTTP/1.1" 200 7088 "http://www.brucemillernurseryedgewood.com/sitebuilder?C=N%3BO%3DD" "Mozilla/5.0 (Linux; Android 7.0;) AppleWebKit/537.36 (KHTML, like Gecko) Mobile Safari/537.36 (compatible; PetalBot;+https://webmaster.petalsearch.com/site/petalbot)" "www.brucemillernurseryedgewood.com"
114.119.132.16 - - [05/Nov/2022:22:46:44 -0700] "GET /sitebuilder?C=D%3BO%3DA HTTP/1.1" 301 1435 "http://brucemillernurseryedgewood.com/sitebuilder?C=N%3BO%3DD" "Mozilla/5.0 (Linux; Android 7.0;) AppleWebKit/537.36 (KHTML, like Gecko) Mobile Safari/537.36 (compatible; PetalBot;+https://webmaster.petalsearch.com/site/petalbot)" "brucemillernurseryedgewood.com"
114.119.132.16 - - [05/Nov/2022:22:46:44 -0700] "GET /sitebuilder/?C=D%3BO%3DA HTTP/1.1" 200 443 "http://brucemillernurseryedgewood.com/sitebuilder?C=N%3BO%3DD" "Mozilla/5.0 (Linux; Android 7.0;) AppleWebKit/537.36 (KHTML, like Gecko) Mobile Safari/537.36 (compatible; PetalBot;+https://webmaster.petalsearch.com/site/petalbot)" "brucemillernurseryedgewood.com"
216.244.66.230 - - [05/Nov/2022:22:54:08 -0700] "GET /robots.txt HTTP/1.1" 404 73 "-" "Mozilla/5.0 (compatible; DotBot/1.2; +https://opensiteexplorer.org/dotbot; help@moz.com)" "brucemillernurseryedgewood.com"
216.244.66.230 - - [05/Nov/2022:22:54:08 -0700] "GET /robots.txt HTTP/1.1" 404 73 "-" "Mozilla/5.0 (compatible; DotBot/1.2; +https://opensiteexplorer.org/dotbot; help@moz.com)" "www.brucemillernurseryedgewood.com"
114.119.132.153 - - [05/Nov/2022:22:55:46 -0700] "GET /sitebuilder/clipart/bars/?C=M%3BO%3DA HTTP/1.1" 200 384 "https://www.brucemillernurseryedgewood.com/sitebuilder/clipart/bars" "Mozilla/5.0 (Linux; Android 7.0;) AppleWebKit/537.36 (KHTML, like Gecko) Mobile Safari/537.36 (compatible; PetalBot;+https://webmaster.petalsearch.com/site/petalbot)" "www.brucemillernurseryedgewood.com"
192.241.152.191 - - [05/Nov/2022:22:58:17 -0700] "GET / HTTP/1.1" 200 406 "-" "Mozilla/5.0 (Windows NT 10.0; WOW64) AppleWebKit/537.36 (KHTML, like Gecko)  Chrome/63.0.3239 Safari/11.0.2" "brucemillernurseryedgewood.com"
192.241.152.191 - - [05/Nov/2022:22:58:18 -0700] "GET / HTTP/1.1" 200 406 "-" "Mozilla/5.0 (Windows NT 10.0; Win64; x64) AppleWebKit/537.36 (KHTML, like Gecko) Chrome/64.0.3282.140 Safari/537.36 Edge/17.17134" "brucemillernurseryedgewood.com"
216.244.66.230 - - [05/Nov/2022:23:04:55 -0700] "GET /images/IMG_0771.JPG HTTP/1.1" 200 2468916 "-" "Mozilla/5.0 (compatible; DotBot/1.2; +https://opensiteexplorer.org/dotbot; help@moz.com)" "www.brucemillernurseryedgewood.com"
216.244.66.230 - - [05/Nov/2022:23:06:59 -0700] "GET /images/3.19f.JPG HTTP/1.1" 200 4072672 "-" "Mozilla/5.0 (compatible; DotBot/1.2; +https://opensiteexplorer.org/dotbot; help@moz.com)" "brucemillernurseryedgewood.com"
216.244.66.230 - - [05/Nov/2022:23:07:49 -0700] "GET /images/IMG_0550.JPG HTTP/1.1" 200 2368950 "-" "Mozilla/5.0 (compatible; DotBot/1.2; +https://opensiteexplorer.org/dotbot; help@moz.com)" "brucemillernurseryedgewood.com"
216.244.66.230 - - [05/Nov/2022:23:08:41 -0700] "GET /images/IMG_0937.JPG HTTP/1.1" 200 3569713 "-" "Mozilla/5.0 (compatible; DotBot/1.2; +https://opensiteexplorer.org/dotbot; help@moz.com)" "brucemillernurseryedgewood.com"
114.119.132.16 - - [05/Nov/2022:23:13:36 -0700] "GET /sitebuilder/images/?C=N%3BO%3DD HTTP/1.1" 200 7088 "http://brucemillernurseryedgewood.com/sitebuilder/images" "Mozilla/5.0 (Linux; Android 7.0;) AppleWebKit/537.36 (KHTML, like Gecko) Mobile Safari/537.36 (compatible; PetalBot;+https://webmaster.petalsearch.com/site/petalbot)" "brucemillernurseryedgewood.com"
162.55.85.225 - - [05/Nov/2022:23:16:35 -0700] "GET /robots.txt HTTP/1.1" 404 88 "-" "Mozilla/5.0 (compatible; BLEXBot/1.0; +http://webmeup-crawler.com/)" "brucemillernurseryedgewood.com"
162.55.85.225 - - [05/Nov/2022:23:16:36 -0700] "GET / HTTP/1.1" 200 406 "-" "Mozilla/5.0 (compatible; BLEXBot/1.0; +http://webmeup-crawler.com/)" "brucemillernurseryedgewood.com"
114.119.150.186 - - [05/Nov/2022:23:18:32 -0700] "GET /images?C=S%3BO%3DA HTTP/1.1" 301 1436 "https://www.brucemillernurseryedgewood.com/images" "Mozilla/5.0 (Linux; Android 7.0;) AppleWebKit/537.36 (KHTML, like Gecko) Mobile Safari/537.36 (compatible; PetalBot;+https://webmaster.petalsearch.com/site/petalbot)" "www.brucemillernurseryedgewood.com"
114.119.150.186 - - [05/Nov/2022:23:18:33 -0700] "GET /images/?C=S%3BO%3DA HTTP/1.1" 200 3702 "https://www.brucemillernurseryedgewood.com/images" "Mozilla/5.0 (Linux; Android 7.0;) AppleWebKit/537.36 (KHTML, like Gecko) Mobile Safari/537.36 (compatible; PetalBot;+https://webmaster.petalsearch.com/site/petalbot)" "www.brucemillernurseryedgewood.com"
114.119.132.16 - - [05/Nov/2022:23:23:28 -0700] "GET /clipart/bars/regular/horizontal/?C=D%3BO%3DA HTTP/1.1" 200 390 "https://www.brucemillernurseryedgewood.com/clipart/bars/regular/horizontal?C=M%3BO%3DA" "Mozilla/5.0 (Linux; Android 7.0;) AppleWebKit/537.36 (KHTML, like Gecko) Mobile Safari/537.36 (compatible; PetalBot;+https://webmaster.petalsearch.com/site/petalbot)" "www.brucemillernurseryedgewood.com"
114.119.132.122 - - [05/Nov/2022:23:28:30 -0700] "GET /images/ HTTP/1.1" 200 3702 "http://www.brucemillernurseryedgewood.com?C=D%3BO%3DA" "Mozilla/5.0 (Linux; Android 7.0;) AppleWebKit/537.36 (KHTML, like Gecko) Mobile Safari/537.36 (compatible; PetalBot;+https://webmaster.petalsearch.com/site/petalbot)" "www.brucemillernurseryedgewood.com"
51.222.253.9 - - [05/Nov/2022:23:30:06 -0700] "GET /sitebuilder/images/?C=M;O=D HTTP/1.1" 200 7372 "-" "Mozilla/5.0 (compatible; AhrefsBot/7.0; +http://ahrefs.com/robot/)" "brucemillernurseryedgewood.com"
216.244.66.230 - - [05/Nov/2022:23:33:09 -0700] "GET /navigation_bars/?C=S;O=A HTTP/1.1" 200 722 "-" "Mozilla/5.0 (compatible; DotBot/1.2; +https://opensiteexplorer.org/dotbot; help@moz.com)" "www.brucemillernurseryedgewood.com"
66.249.70.113 - - [05/Nov/2022:23:36:04 -0700] "GET /robots.txt HTTP/1.1" 404 88 "-" "Mozilla/5.0 (compatible; Googlebot/2.1; +http://www.google.com/bot.html)" "brucemillernurseryedgewood.com"
185.191.171.20 - - [05/Nov/2022:23:36:04 -0700] "GET /robots.txt HTTP/1.1" 404 88 "-" "Mozilla/5.0 (compatible; SemrushBot/7~bl; +http://www.semrush.com/bot.html)" "brucemillernurseryedgewood.com"
185.191.171.17 - - [05/Nov/2022:23:36:04 -0700] "GET /featured_article HTTP/1.1" 200 4255 "-" "Mozilla/5.0 (compatible; SemrushBot/7~bl; +http://www.semrush.com/bot.html)" "brucemillernurseryedgewood.com"
114.119.132.131 - - [05/Nov/2022:23:41:22 -0700] "GET /clipart/buttons/themes/?C=N%3BO%3DD HTTP/1.1" 200 382 "http://brucemillernurseryedgewood.com/clipart/buttons/themes/?C=D%3BO%3DA" "Mozilla/5.0 (Linux; Android 7.0;) AppleWebKit/537.36 (KHTML, like Gecko) Mobile Safari/537.36 (compatible; PetalBot;+https://webmaster.petalsearch.com/site/petalbot)" "brucemillernurseryedgewood.com"
216.244.66.230 - - [05/Nov/2022:23:50:14 -0700] "GET /robots.txt HTTP/1.1" 404 73 "-" "Mozilla/5.0 (compatible; DotBot/1.2; +https://opensiteexplorer.org/dotbot; help@moz.com)" "brucemillernurseryedgewood.com"
216.244.66.230 - - [05/Nov/2022:23:50:14 -0700] "GET /robots.txt HTTP/1.1" 404 73 "-" "Mozilla/5.0 (compatible; DotBot/1.2; +https://opensiteexplorer.org/dotbot; help@moz.com)" "www.brucemillernurseryedgewood.com"
51.222.253.3 - - [05/Nov/2022:23:57:18 -0700] "GET /sitebuilder/clipart/bars/regular/?C=S;O=A HTTP/1.1" 200 391 "-" "Mozilla/5.0 (compatible; AhrefsBot/7.0; +http://ahrefs.com/robot/)" "brucemillernurseryedgewood.com"
216.244.66.230 - - [06/Nov/2022:00:01:14 -0700] "GET /images/14989_1_.jpg HTTP/1.1" 200 2343 "-" "Mozilla/5.0 (compatible; DotBot/1.2; +https://opensiteexplorer.org/dotbot; help@moz.com)" "www.brucemillernurseryedgewood.com"
216.244.66.230 - - [06/Nov/2022:00:01:40 -0700] "GET /images/tn_1_2.jpg HTTP/1.1" 200 5537 "-" "Mozilla/5.0 (compatible; DotBot/1.2; +https://opensiteexplorer.org/dotbot; help@moz.com)" "www.brucemillernurseryedgewood.com"
216.244.66.230 - - [06/Nov/2022:00:02:06 -0700] "GET /images/IMG_0132.JPG HTTP/1.1" 200 3337037 "-" "Mozilla/5.0 (compatible; DotBot/1.2; +https://opensiteexplorer.org/dotbot; help@moz.com)" "brucemillernurseryedgewood.com"
216.244.66.230 - - [06/Nov/2022:00:02:56 -0700] "GET /images/MPj04018880000_1_.jpg HTTP/1.1" 200 144885 "-" "Mozilla/5.0 (compatible; DotBot/1.2; +https://opensiteexplorer.org/dotbot; help@moz.com)" "brucemillernurseryedgewood.com"
216.244.66.230 - - [06/Nov/2022:00:03:26 -0700] "GET /images/american-flag_1_.jpg HTTP/1.1" 200 92216 "-" "Mozilla/5.0 (compatible; DotBot/1.2; +https://opensiteexplorer.org/dotbot; help@moz.com)" "brucemillernurseryedgewood.com"
216.244.66.230 - - [06/Nov/2022:00:03:56 -0700] "GET /images/small_137_1_.jpg HTTP/1.1" 200 9699 "-" "Mozilla/5.0 (compatible; DotBot/1.2; +https://opensiteexplorer.org/dotbot; help@moz.com)" "brucemillernurseryedgewood.com"
216.244.66.230 - - [06/Nov/2022:00:04:23 -0700] "GET /images/wildflower_left_menu_background.gif HTTP/1.1" 200 8101 "-" "Mozilla/5.0 (compatible; DotBot/1.2; +https://opensiteexplorer.org/dotbot; help@moz.com)" "brucemillernurseryedgewood.com"
114.119.132.122 - - [06/Nov/2022:00:43:06 -0700] "GET /clipart/images?C=S%3BO%3DA HTTP/1.1" 301 1442 "https://www.brucemillernurseryedgewood.com/clipart/images?C=D%3BO%3DA" "Mozilla/5.0 (Linux; Android 7.0;) AppleWebKit/537.36 (KHTML, like Gecko) Mobile Safari/537.36 (compatible; PetalBot;+https://webmaster.petalsearch.com/site/petalbot)" "www.brucemillernurseryedgewood.com"
114.119.132.122 - - [06/Nov/2022:00:43:11 -0700] "GET /clipart/images/?C=S%3BO%3DA HTTP/1.1" 200 476 "https://www.brucemillernurseryedgewood.com/clipart/images?C=D%3BO%3DA" "Mozilla/5.0 (Linux; Android 7.0;) AppleWebKit/537.36 (KHTML, like Gecko) Mobile Safari/537.36 (compatible; PetalBot;+https://webmaster.petalsearch.com/site/petalbot)" "www.brucemillernurseryedgewood.com"
162.55.85.225 - - [06/Nov/2022:00:44:40 -0700] "GET /robots.txt HTTP/1.1" 404 88 "-" "Mozilla/5.0 (compatible; BLEXBot/1.0; +http://webmeup-crawler.com/)" "brucemillernurseryedgewood.com"
162.55.85.225 - - [06/Nov/2022:00:44:42 -0700] "GET /sitemap HTTP/1.1" 404 88 "-" "Mozilla/5.0 (compatible; BLEXBot/1.0; +http://webmeup-crawler.com/)" "brucemillernurseryedgewood.com"
162.55.85.225 - - [06/Nov/2022:00:44:44 -0700] "GET /sitemap.txt HTTP/1.1" 404 88 "-" "Mozilla/5.0 (compatible; BLEXBot/1.0; +http://webmeup-crawler.com/)" "brucemillernurseryedgewood.com"
162.55.85.225 - - [06/Nov/2022:00:44:49 -0700] "GET /?C=D;O=A HTTP/1.1" 200 406 "-" "Mozilla/5.0 (compatible; BLEXBot/1.0; +http://webmeup-crawler.com/)" "brucemillernurseryedgewood.com"
162.55.85.225 - - [06/Nov/2022:00:44:51 -0700] "GET /?C=M;O=A HTTP/1.1" 200 406 "-" "Mozilla/5.0 (compatible; BLEXBot/1.0; +http://webmeup-crawler.com/)" "brucemillernurseryedgewood.com"
162.55.85.225 - - [06/Nov/2022:00:44:59 -0700] "GET /?C=N;O=D HTTP/1.1" 200 402 "-" "Mozilla/5.0 (compatible; BLEXBot/1.0; +http://webmeup-crawler.com/)" "brucemillernurseryedgewood.com"
162.55.85.225 - - [06/Nov/2022:00:45:01 -0700] "GET /?C=S;O=A HTTP/1.1" 200 406 "-" "Mozilla/5.0 (compatible; BLEXBot/1.0; +http://webmeup-crawler.com/)" "brucemillernurseryedgewood.com"
162.55.85.225 - - [06/Nov/2022:00:45:03 -0700] "GET /clipart/ HTTP/1.1" 200 456 "-" "Mozilla/5.0 (compatible; BLEXBot/1.0; +http://webmeup-crawler.com/)" "brucemillernurseryedgewood.com"
162.55.85.225 - - [06/Nov/2022:00:45:07 -0700] "GET /images/ HTTP/1.1" 200 3702 "-" "Mozilla/5.0 (compatible; BLEXBot/1.0; +http://webmeup-crawler.com/)" "brucemillernurseryedgewood.com"
162.55.85.225 - - [06/Nov/2022:00:45:09 -0700] "GET /navigation_bars/ HTTP/1.1" 200 372 "-" "Mozilla/5.0 (compatible; BLEXBot/1.0; +http://webmeup-crawler.com/)" "brucemillernurseryedgewood.com"
162.55.85.225 - - [06/Nov/2022:00:45:12 -0700] "GET /sitebuilder/ HTTP/1.1" 200 443 "-" "Mozilla/5.0 (compatible; BLEXBot/1.0; +http://webmeup-crawler.com/)" "brucemillernurseryedgewood.com"
114.119.150.186 - - [06/Nov/2022:00:49:17 -0700] "GET /sitebuilder/clipart?C=N%3BO%3DD HTTP/1.1" 301 1440 "http://brucemillernurseryedgewood.com/sitebuilder/clipart?C=D%3BO%3DA" "Mozilla/5.0 (Linux; Android 7.0;) AppleWebKit/537.36 (KHTML, like Gecko) Mobile Safari/537.36 (compatible; PetalBot;+https://webmaster.petalsearch.com/site/petalbot)" "brucemillernurseryedgewood.com"
114.119.150.186 - - [06/Nov/2022:00:49:24 -0700] "GET /sitebuilder/clipart/?C=N%3BO%3DD HTTP/1.1" 200 376 "http://brucemillernurseryedgewood.com/sitebuilder/clipart?C=D%3BO%3DA" "Mozilla/5.0 (Linux; Android 7.0;) AppleWebKit/537.36 (KHTML, like Gecko) Mobile Safari/537.36 (compatible; PetalBot;+https://webmaster.petalsearch.com/site/petalbot)" "brucemillernurseryedgewood.com"
216.244.66.230 - - [06/Nov/2022:00:50:22 -0700] "GET /robots.txt HTTP/1.1" 404 73 "-" "Mozilla/5.0 (compatible; DotBot/1.2; +https://opensiteexplorer.org/dotbot; help@moz.com)" "www.brucemillernurseryedgewood.com"
216.244.66.230 - - [06/Nov/2022:00:50:22 -0700] "GET /robots.txt HTTP/1.1" 404 73 "-" "Mozilla/5.0 (compatible; DotBot/1.2; +https://opensiteexplorer.org/dotbot; help@moz.com)" "brucemillernurseryedgewood.com"
157.55.39.15 - - [06/Nov/2022:00:56:21 -0700] "GET /sitebuilder/clipart/backgrounds/?C=S;O=A HTTP/1.1" 200 371 "-" "Mozilla/5.0 AppleWebKit/537.36 (KHTML, like Gecko; compatible; bingbot/2.0; +http://www.bing.com/bingbot.htm) Chrome/103.0.5060.134 Safari/537.36" "www.brucemillernurseryedgewood.com"
123.125.109.39 - - [06/Nov/2022:00:56:37 -0700] "GET / HTTP/1.1" 200 406 "-" "Sogou web spider/4.0(+http://www.sogou.com/docs/help/webmasters.htm#07)" "brucemillernurseryedgewood.com"
216.244.66.230 - - [06/Nov/2022:01:00:01 -0700] "GET /images/13126_1_.jpg HTTP/1.1" 200 2629 "-" "Mozilla/5.0 (compatible; DotBot/1.2; +https://opensiteexplorer.org/dotbot; help@moz.com)" "www.brucemillernurseryedgewood.com"
216.244.66.230 - - [06/Nov/2022:01:00:12 -0700] "GET /images/14531_1_.jpg HTTP/1.1" 200 2479 "-" "Mozilla/5.0 (compatible; DotBot/1.2; +https://opensiteexplorer.org/dotbot; help@moz.com)" "www.brucemillernurseryedgewood.com"
216.244.66.230 - - [06/Nov/2022:01:00:23 -0700] "GET /images/IMG_0569.JPG HTTP/1.1" 200 3126897 "-" "Mozilla/5.0 (compatible; DotBot/1.2; +https://opensiteexplorer.org/dotbot; help@moz.com)" "www.brucemillernurseryedgewood.com"
216.244.66.230 - - [06/Nov/2022:01:01:05 -0700] "GET /images/IMG_1276.JPG HTTP/1.1" 200 2041481 "-" "Mozilla/5.0 (compatible; DotBot/1.2; +https://opensiteexplorer.org/dotbot; help@moz.com)" "www.brucemillernurseryedgewood.com"
216.244.66.230 - - [06/Nov/2022:01:02:41 -0700] "GET /images/IMG_0508.JPG HTTP/1.1" 200 4759320 "-" "Mozilla/5.0 (compatible; DotBot/1.2; +https://opensiteexplorer.org/dotbot; help@moz.com)" "brucemillernurseryedgewood.com"
114.119.132.122 - - [06/Nov/2022:01:15:11 -0700] "GET /sitebuilder/clipart/bars/low-carb/?C=N%3BO%3DD HTTP/1.1" 200 375 "https://www.brucemillernurseryedgewood.com/sitebuilder/clipart/bars/low-carb?C=N%3BO%3DD" "Mozilla/5.0 (Linux; Android 7.0;) AppleWebKit/537.36 (KHTML, like Gecko) Mobile Safari/537.36 (compatible; PetalBot;+https://webmaster.petalsearch.com/site/petalbot)" "www.brucemillernurseryedgewood.com"
114.119.132.149 - - [06/Nov/2022:01:21:27 -0700] "GET /clipart/?C=N%3BO%3DD HTTP/1.1" 200 456 "http://brucemillernurseryedgewood.com/clipart?C=N%3BO%3DD" "Mozilla/5.0 (Linux; Android 7.0;) AppleWebKit/537.36 (KHTML, like Gecko) Mobile Safari/537.36 (compatible; PetalBot;+https://webmaster.petalsearch.com/site/petalbot)" "brucemillernurseryedgewood.com"
114.119.132.149 - - [06/Nov/2022:01:31:15 -0700] "GET /clipart/buttons/themes/stone/?C=D%3BO%3DA HTTP/1.1" 200 413 "https://www.brucemillernurseryedgewood.com/clipart/buttons/themes/stone/?C=S%3BO%3DA" "Mozilla/5.0 (Linux; Android 7.0;) AppleWebKit/537.36 (KHTML, like Gecko) Mobile Safari/537.36 (compatible; PetalBot;+https://webmaster.petalsearch.com/site/petalbot)" "www.brucemillernurseryedgewood.com"
216.244.66.230 - - [06/Nov/2022:01:45:29 -0700] "GET /robots.txt HTTP/1.1" 404 73 "-" "Mozilla/5.0 (compatible; DotBot/1.2; +https://opensiteexplorer.org/dotbot; help@moz.com)" "brucemillernurseryedgewood.com"
216.244.66.230 - - [06/Nov/2022:01:45:29 -0700] "GET /robots.txt HTTP/1.1" 404 73 "-" "Mozilla/5.0 (compatible; DotBot/1.2; +https://opensiteexplorer.org/dotbot; help@moz.com)" "www.brucemillernurseryedgewood.com"
216.244.66.230 - - [06/Nov/2022:01:55:01 -0700] "GET /images/2009_0524Image0013.JPG HTTP/1.1" 200 452276 "-" "Mozilla/5.0 (compatible; DotBot/1.2; +https://opensiteexplorer.org/dotbot; help@moz.com)" "www.brucemillernurseryedgewood.com"
216.244.66.230 - - [06/Nov/2022:01:55:40 -0700] "GET /images/IMG_0880.JPG HTTP/1.1" 200 3042354 "-" "Mozilla/5.0 (compatible; DotBot/1.2; +https://opensiteexplorer.org/dotbot; help@moz.com)" "www.brucemillernurseryedgewood.com"
114.119.132.149 - - [06/Nov/2022:01:56:05 -0700] "GET /sitebuilder/clipart/bars?C=S%3BO%3DA HTTP/1.1" 301 1449 "https://www.brucemillernurseryedgewood.com/sitebuilder/clipart/bars?C=M%3BO%3DA" "Mozilla/5.0 (Linux; Android 7.0;) AppleWebKit/537.36 (KHTML, like Gecko) Mobile Safari/537.36 (compatible; PetalBot;+https://webmaster.petalsearch.com/site/petalbot)" "www.brucemillernurseryedgewood.com"
114.119.132.149 - - [06/Nov/2022:01:56:06 -0700] "GET /sitebuilder/clipart/bars/?C=S%3BO%3DA HTTP/1.1" 200 384 "https://www.brucemillernurseryedgewood.com/sitebuilder/clipart/bars?C=M%3BO%3DA" "Mozilla/5.0 (Linux; Android 7.0;) AppleWebKit/537.36 (KHTML, like Gecko) Mobile Safari/537.36 (compatible; PetalBot;+https://webmaster.petalsearch.com/site/petalbot)" "www.brucemillernurseryedgewood.com"
216.244.66.230 - - [06/Nov/2022:01:56:30 -0700] "GET /images/IMG_0935.JPG HTTP/1.1" 200 4372523 "-" "Mozilla/5.0 (compatible; DotBot/1.2; +https://opensiteexplorer.org/dotbot; help@moz.com)" "www.brucemillernurseryedgewood.com"
216.244.66.230 - - [06/Nov/2022:01:57:21 -0700] "GET /images/IMG_0937.JPG HTTP/1.1" 200 3569713 "-" "Mozilla/5.0 (compatible; DotBot/1.2; +https://opensiteexplorer.org/dotbot; help@moz.com)" "www.brucemillernurseryedgewood.com"
