114.119.132.153 - - [07/Nov/2022:12:36:35 -0800] "GET /clipart/buttons/themes/?C=D%3BO%3DA HTTP/1.1" 200 382 "http://brucemillernurseryedgewood.com/clipart/buttons/themes?C=M%3BO%3DA" "Mozilla/5.0 (Linux; Android 7.0;) AppleWebKit/537.36 (KHTML, like Gecko) Mobile Safari/537.36 (compatible; PetalBot;+https://webmaster.petalsearch.com/site/petalbot)" "brucemillernurseryedgewood.com"
114.119.132.16 - - [07/Nov/2022:12:41:33 -0800] "GET /clipart/lines/horizontal/ZbThumbnail.info HTTP/1.1" 200 3188 "https://www.brucemillernurseryedgewood.com/clipart/lines/horizontal/?C=D%3BO%3DA" "Mozilla/5.0 (Linux; Android 7.0;) AppleWebKit/537.36 (KHTML, like Gecko) Mobile Safari/537.36 (compatible; PetalBot;+https://webmaster.petalsearch.com/site/petalbot)" "www.brucemillernurseryedgewood.com"
114.119.132.149 - - [07/Nov/2022:12:46:35 -0800] "GET /sitebuilder/clipart/bars/regular?C=M%3BO%3DA HTTP/1.1" 301 1454 "https://www.brucemillernurseryedgewood.com/sitebuilder/clipart/bars/regular?C=S%3BO%3DA" "Mozilla/5.0 (Linux; Android 7.0;) AppleWebKit/537.36 (KHTML, like Gecko) Mobile Safari/537.36 (compatible; PetalBot;+https://webmaster.petalsearch.com/site/petalbot)" "www.brucemillernurseryedgewood.com"
114.119.132.149 - - [07/Nov/2022:12:46:36 -0800] "GET /sitebuilder/clipart/bars/regular/?C=M%3BO%3DA HTTP/1.1" 200 391 "https://www.brucemillernurseryedgewood.com/sitebuilder/clipart/bars/regular?C=S%3BO%3DA" "Mozilla/5.0 (Linux; Android 7.0;) AppleWebKit/537.36 (KHTML, like Gecko) Mobile Safari/537.36 (compatible; PetalBot;+https://webmaster.petalsearch.com/site/petalbot)" "www.brucemillernurseryedgewood.com"
114.119.132.153 - - [07/Nov/2022:12:51:36 -0800] "GET /clipart/buttons?C=N%3BO%3DD HTTP/1.1" 301 1438 "http://brucemillernurseryedgewood.com/clipart/buttons?C=D%3BO%3DA" "Mozilla/5.0 (Linux; Android 7.0;) AppleWebKit/537.36 (KHTML, like Gecko) Mobile Safari/537.36 (compatible; PetalBot;+https://webmaster.petalsearch.com/site/petalbot)" "brucemillernurseryedgewood.com"
114.119.132.153 - - [07/Nov/2022:12:51:36 -0800] "GET /clipart/buttons/?C=N%3BO%3DD HTTP/1.1" 200 360 "http://brucemillernurseryedgewood.com/clipart/buttons?C=D%3BO%3DA" "Mozilla/5.0 (Linux; Android 7.0;) AppleWebKit/537.36 (KHTML, like Gecko) Mobile Safari/537.36 (compatible; PetalBot;+https://webmaster.petalsearch.com/site/petalbot)" "brucemillernurseryedgewood.com"
216.244.66.230 - - [07/Nov/2022:12:53:21 -0800] "GET /robots.txt HTTP/1.1" 404 73 "-" "Mozilla/5.0 (compatible; DotBot/1.2; +https://opensiteexplorer.org/dotbot; help@moz.com)" "www.brucemillernurseryedgewood.com"
216.244.66.230 - - [07/Nov/2022:12:53:21 -0800] "GET /robots.txt HTTP/1.1" 404 73 "-" "Mozilla/5.0 (compatible; DotBot/1.2; +https://opensiteexplorer.org/dotbot; help@moz.com)" "brucemillernurseryedgewood.com"
114.119.132.149 - - [07/Nov/2022:12:56:35 -0800] "GET /clipart/pageHeaders HTTP/1.1" 301 1431 "https://www.brucemillernurseryedgewood.com/clipart?C=D%3BO%3DA" "Mozilla/5.0 (Linux; Android 7.0;) AppleWebKit/537.36 (KHTML, like Gecko) Mobile Safari/537.36 (compatible; PetalBot;+https://webmaster.petalsearch.com/site/petalbot)" "www.brucemillernurseryedgewood.com"
114.119.132.149 - - [07/Nov/2022:12:56:36 -0800] "GET /clipart/pageHeaders/ HTTP/1.1" 200 479 "https://www.brucemillernurseryedgewood.com/clipart?C=D%3BO%3DA" "Mozilla/5.0 (Linux; Android 7.0;) AppleWebKit/537.36 (KHTML, like Gecko) Mobile Safari/537.36 (compatible; PetalBot;+https://webmaster.petalsearch.com/site/petalbot)" "www.brucemillernurseryedgewood.com"
114.119.132.153 - - [07/Nov/2022:13:01:35 -0800] "GET /sitebuilder/clipart/bars/low-carb/horizontal/?C=N%3BO%3DD HTTP/1.1" 200 421 "https://www.brucemillernurseryedgewood.com/sitebuilder/clipart/bars/low-carb/horizontal?C=M%3BO%3DA" "Mozilla/5.0 (Linux; Android 7.0;) AppleWebKit/537.36 (KHTML, like Gecko) Mobile Safari/537.36 (compatible; PetalBot;+https://webmaster.petalsearch.com/site/petalbot)" "www.brucemillernurseryedgewood.com"
216.244.66.230 - - [07/Nov/2022:13:03:07 -0800] "GET /images/IMG_1279.JPG HTTP/1.1" 200 932819 "-" "Mozilla/5.0 (compatible; DotBot/1.2; +https://opensiteexplorer.org/dotbot; help@moz.com)" "www.brucemillernurseryedgewood.com"
216.244.66.230 - - [07/Nov/2022:13:03:59 -0800] "GET /images/IMG_0129.JPG HTTP/1.1" 200 3563851 "-" "Mozilla/5.0 (compatible; DotBot/1.2; +https://opensiteexplorer.org/dotbot; help@moz.com)" "brucemillernurseryedgewood.com"
216.244.66.230 - - [07/Nov/2022:13:04:49 -0800] "GET /images/IMG_0948.JPG HTTP/1.1" 200 3676401 "-" "Mozilla/5.0 (compatible; DotBot/1.2; +https://opensiteexplorer.org/dotbot; help@moz.com)" "brucemillernurseryedgewood.com"
216.244.66.230 - - [07/Nov/2022:13:05:40 -0800] "GET /images/IMG_1188.JPG HTTP/1.1" 200 4196571 "-" "Mozilla/5.0 (compatible; DotBot/1.2; +https://opensiteexplorer.org/dotbot; help@moz.com)" "brucemillernurseryedgewood.com"
114.119.132.122 - - [07/Nov/2022:13:06:36 -0800] "GET /clipart/buttons/themes/stone?C=N%3BO%3DD HTTP/1.1" 301 1452 "https://www.brucemillernurseryedgewood.com/clipart/buttons/themes/stone?C=D%3BO%3DA" "Mozilla/5.0 (Linux; Android 7.0;) AppleWebKit/537.36 (KHTML, like Gecko) Mobile Safari/537.36 (compatible; PetalBot;+https://webmaster.petalsearch.com/site/petalbot)" "www.brucemillernurseryedgewood.com"
114.119.132.122 - - [07/Nov/2022:13:06:37 -0800] "GET /clipart/buttons/themes/stone/?C=N%3BO%3DD HTTP/1.1" 200 413 "https://www.brucemillernurseryedgewood.com/clipart/buttons/themes/stone?C=D%3BO%3DA" "Mozilla/5.0 (Linux; Android 7.0;) AppleWebKit/537.36 (KHTML, like Gecko) Mobile Safari/537.36 (compatible; PetalBot;+https://webmaster.petalsearch.com/site/petalbot)" "www.brucemillernurseryedgewood.com"
114.119.132.149 - - [07/Nov/2022:13:11:35 -0800] "GET /clipart/backgrounds/fullpage?C=D%3BO%3DA HTTP/1.1" 301 1441 "http://brucemillernurseryedgewood.com/clipart/backgrounds/fullpage?C=N%3BO%3DD" "Mozilla/5.0 (Linux; Android 7.0;) AppleWebKit/537.36 (KHTML, like Gecko) Mobile Safari/537.36 (compatible; PetalBot;+https://webmaster.petalsearch.com/site/petalbot)" "brucemillernurseryedgewood.com"
114.119.132.149 - - [07/Nov/2022:13:11:35 -0800] "GET /clipart/backgrounds/fullpage/?C=D%3BO%3DA HTTP/1.1" 200 387 "http://brucemillernurseryedgewood.com/clipart/backgrounds/fullpage?C=N%3BO%3DD" "Mozilla/5.0 (Linux; Android 7.0;) AppleWebKit/537.36 (KHTML, like Gecko) Mobile Safari/537.36 (compatible; PetalBot;+https://webmaster.petalsearch.com/site/petalbot)" "brucemillernurseryedgewood.com"
114.119.132.122 - - [07/Nov/2022:13:16:35 -0800] "GET /clipart/backgrounds/sidebar?C=N%3BO%3DD HTTP/1.1" 301 1446 "https://www.brucemillernurseryedgewood.com/clipart/backgrounds/sidebar" "Mozilla/5.0 (Linux; Android 7.0;) AppleWebKit/537.36 (KHTML, like Gecko) Mobile Safari/537.36 (compatible; PetalBot;+https://webmaster.petalsearch.com/site/petalbot)" "www.brucemillernurseryedgewood.com"
114.119.132.122 - - [07/Nov/2022:13:16:35 -0800] "GET /clipart/backgrounds/sidebar/?C=N%3BO%3DD HTTP/1.1" 200 384 "https://www.brucemillernurseryedgewood.com/clipart/backgrounds/sidebar" "Mozilla/5.0 (Linux; Android 7.0;) AppleWebKit/537.36 (KHTML, like Gecko) Mobile Safari/537.36 (compatible; PetalBot;+https://webmaster.petalsearch.com/site/petalbot)" "www.brucemillernurseryedgewood.com"
114.119.132.153 - - [07/Nov/2022:13:21:37 -0800] "GET /sitebuilder/clipart/backgrounds/tile?C=S%3BO%3DA HTTP/1.1" 301 1453 "https://www.brucemillernurseryedgewood.com/sitebuilder/clipart/backgrounds/tile?C=N%3BO%3DD" "Mozilla/5.0 (Linux; Android 7.0;) AppleWebKit/537.36 (KHTML, like Gecko) Mobile Safari/537.36 (compatible; PetalBot;+https://webmaster.petalsearch.com/site/petalbot)" "www.brucemillernurseryedgewood.com"
114.119.132.153 - - [07/Nov/2022:13:21:38 -0800] "GET /sitebuilder/clipart/backgrounds/tile/?C=S%3BO%3DA HTTP/1.1" 200 412 "https://www.brucemillernurseryedgewood.com/sitebuilder/clipart/backgrounds/tile?C=N%3BO%3DD" "Mozilla/5.0 (Linux; Android 7.0;) AppleWebKit/537.36 (KHTML, like Gecko) Mobile Safari/537.36 (compatible; PetalBot;+https://webmaster.petalsearch.com/site/petalbot)" "www.brucemillernurseryedgewood.com"
114.119.132.153 - - [07/Nov/2022:13:26:35 -0800] "GET /clipart/pageHeaders HTTP/1.1" 301 1425 "http://brucemillernurseryedgewood.com/clipart?C=N%3BO%3DD" "Mozilla/5.0 (Linux; Android 7.0;) AppleWebKit/537.36 (KHTML, like Gecko) Mobile Safari/537.36 (compatible; PetalBot;+https://webmaster.petalsearch.com/site/petalbot)" "brucemillernurseryedgewood.com"
114.119.132.153 - - [07/Nov/2022:13:26:36 -0800] "GET /clipart/pageHeaders/ HTTP/1.1" 200 479 "http://brucemillernurseryedgewood.com/clipart?C=N%3BO%3DD" "Mozilla/5.0 (Linux; Android 7.0;) AppleWebKit/537.36 (KHTML, like Gecko) Mobile Safari/537.36 (compatible; PetalBot;+https://webmaster.petalsearch.com/site/petalbot)" "brucemillernurseryedgewood.com"
114.119.150.186 - - [07/Nov/2022:13:31:35 -0800] "GET /clipart/images/ HTTP/1.1" 200 476 "http://brucemillernurseryedgewood.com/clipart/images/frames?C=S%3BO%3DA" "Mozilla/5.0 (Linux; Android 7.0;) AppleWebKit/537.36 (KHTML, like Gecko) Mobile Safari/537.36 (compatible; PetalBot;+https://webmaster.petalsearch.com/site/petalbot)" "brucemillernurseryedgewood.com"
114.119.132.122 - - [07/Nov/2022:13:36:37 -0800] "GET /clipart/bars/regular/horizontal?C=S%3BO%3DA HTTP/1.1" 301 1453 "https://www.brucemillernurseryedgewood.com/clipart/bars/regular/horizontal?C=D%3BO%3DA" "Mozilla/5.0 (Linux; Android 7.0;) AppleWebKit/537.36 (KHTML, like Gecko) Mobile Safari/537.36 (compatible; PetalBot;+https://webmaster.petalsearch.com/site/petalbot)" "www.brucemillernurseryedgewood.com"
114.119.132.122 - - [07/Nov/2022:13:36:37 -0800] "GET /clipart/bars/regular/horizontal/?C=S%3BO%3DA HTTP/1.1" 200 390 "https://www.brucemillernurseryedgewood.com/clipart/bars/regular/horizontal?C=D%3BO%3DA" "Mozilla/5.0 (Linux; Android 7.0;) AppleWebKit/537.36 (KHTML, like Gecko) Mobile Safari/537.36 (compatible; PetalBot;+https://webmaster.petalsearch.com/site/petalbot)" "www.brucemillernurseryedgewood.com"
216.244.66.230 - - [07/Nov/2022:13:40:08 -0800] "GET /robots.txt HTTP/1.1" 404 73 "-" "Mozilla/5.0 (compatible; DotBot/1.2; +https://opensiteexplorer.org/dotbot; help@moz.com)" "brucemillernurseryedgewood.com"
216.244.66.230 - - [07/Nov/2022:13:40:08 -0800] "GET /robots.txt HTTP/1.1" 404 73 "-" "Mozilla/5.0 (compatible; DotBot/1.2; +https://opensiteexplorer.org/dotbot; help@moz.com)" "www.brucemillernurseryedgewood.com"
114.119.132.122 - - [07/Nov/2022:13:41:38 -0800] "GET /clipart/images?C=S%3BO%3DA HTTP/1.1" 301 1437 "http://brucemillernurseryedgewood.com/clipart/images" "Mozilla/5.0 (Linux; Android 7.0;) AppleWebKit/537.36 (KHTML, like Gecko) Mobile Safari/537.36 (compatible; PetalBot;+https://webmaster.petalsearch.com/site/petalbot)" "brucemillernurseryedgewood.com"
114.119.132.122 - - [07/Nov/2022:13:41:38 -0800] "GET /clipart/images/?C=S%3BO%3DA HTTP/1.1" 200 476 "http://brucemillernurseryedgewood.com/clipart/images" "Mozilla/5.0 (Linux; Android 7.0;) AppleWebKit/537.36 (KHTML, like Gecko) Mobile Safari/537.36 (compatible; PetalBot;+https://webmaster.petalsearch.com/site/petalbot)" "brucemillernurseryedgewood.com"
216.244.66.230 - - [07/Nov/2022:13:51:38 -0800] "GET /images/IMG_0744.JPG HTTP/1.1" 200 3488902 "-" "Mozilla/5.0 (compatible; DotBot/1.2; +https://opensiteexplorer.org/dotbot; help@moz.com)" "www.brucemillernurseryedgewood.com"
216.244.66.230 - - [07/Nov/2022:13:52:28 -0800] "GET /images/IMG_0124.JPG HTTP/1.1" 200 4112206 "-" "Mozilla/5.0 (compatible; DotBot/1.2; +https://opensiteexplorer.org/dotbot; help@moz.com)" "brucemillernurseryedgewood.com"
167.71.182.31 - - [07/Nov/2022:14:05:22 -0800] "GET /marijuana.php HTTP/1.1" 404 73 "-" "Mozilla/5.0 (Linux; Android 7.1.2; Redmi 4X) AppleWebKit/537.36 (KHTML, like Gecko) Chrome/85.0.4183.120 Mobile Safari/537.36" "brucemillernurseryedgewood.com"
167.71.182.31 - - [07/Nov/2022:14:05:22 -0800] "GET /MARIJUANA.php HTTP/1.1" 404 73 "-" "Mozilla/5.0 (Windows NT 10.0; Win64; x64) AppleWebKit/537.36 (KHTML, like Gecko) Chrome/83.0.4103.116 Safari/537.36" "brucemillernurseryedgewood.com"
167.71.182.31 - - [07/Nov/2022:14:05:22 -0800] "GET /mar.php HTTP/1.1" 404 73 "-" "Mozilla/5.0 (Macintosh; Intel Mac OS X 11.1; rv:84.0) Gecko/20100101 Firefox/84.0" "brucemillernurseryedgewood.com"
167.71.182.31 - - [07/Nov/2022:14:05:22 -0800] "GET /wp-rss.php HTTP/1.1" 404 73 "-" "Mozilla/5.0 (Windows NT 6.1; Win64; x64; rv:47.0) Gecko/20100101 Firefox/62.0" "brucemillernurseryedgewood.com"
167.71.182.31 - - [07/Nov/2022:14:05:22 -0800] "GET /wp-mar.php HTTP/1.1" 404 73 "-" "Mozilla/5.0 (Windows NT 10.0; Win64; x64) AppleWebKit/537.36 (KHTML, like Gecko) Chrome/89.0.4389.105 YaBrowser/21.3.3.230 Yowser/2.5 Safari/537.36" "brucemillernurseryedgewood.com"
167.71.182.31 - - [07/Nov/2022:14:05:22 -0800] "GET /MARIJUANA-priv.php HTTP/1.1" 404 73 "-" "Mozilla/5.0 (iPhone; CPU iPhone OS 13_3_1 like Mac OS X) AppleWebKit/605.1.15 (KHTML, like Gecko) Version/13.0.5 Mobile/15E148 Safari/604.1" "brucemillernurseryedgewood.com"
167.71.182.31 - - [07/Nov/2022:14:05:22 -0800] "GET /13.php HTTP/1.1" 404 73 "-" "Mozilla/5.0 (X11; Linux x86_64) AppleWebKit/537.36 (KHTML, like Gecko) HeadlessChrome/88.0.4298.0 Safari/537.36" "brucemillernurseryedgewood.com"
167.71.182.31 - - [07/Nov/2022:14:05:22 -0800] "GET /mj.php HTTP/1.1" 404 73 "-" "Mozilla/5.0 (Linux; Android 10; Mi 9T) AppleWebKit/537.36 (KHTML, like Gecko) Chrome/83.0.4103.106 Mobile Safari/537.36" "brucemillernurseryedgewood.com"
167.71.182.31 - - [07/Nov/2022:14:05:22 -0800] "GET /ninjawebshell.php HTTP/1.1" 404 73 "-" "Mozilla/5.0 (Linux; Android 7.0; Moto G (4)) AppleWebKit/537.36 (KHTML, like Gecko) Chrome/84.0.4143.7 Mobile Safari/537.36 Chrome-Lighthouse" "brucemillernurseryedgewood.com"
167.71.182.31 - - [07/Nov/2022:14:05:22 -0800] "GET /wp-content/plugins/olkjhhf/radio.php HTTP/1.1" 404 73 "-" "Mozilla/5.0 (Linux; Android 9.0; Pixel 2 XL Build/PPP4.180612.004; Windows 10 Mobile) AppleWebKit/537.36 (KHTML, like Gecko) Chrome/71.0.3552.0 Mobile Safari/537.36" "brucemillernurseryedgewood.com"
167.71.182.31 - - [07/Nov/2022:14:05:22 -0800] "GET /radio.php HTTP/1.1" 404 73 "-" "Mozilla/5.0 (Linux; Android 8.0.0; PRA-TL10) AppleWebKit/537.36 (KHTML, like Gecko) Chrome/79.0.3945.116 Mobile Safari/537.36" "brucemillernurseryedgewood.com"
167.71.182.31 - - [07/Nov/2022:14:05:22 -0800] "GET /wp-content/uploads/radio.php HTTP/1.1" 404 73 "-" "Mozilla/5.0 (Linux; Android 9; Redmi Note 7) AppleWebKit/537.36 (KHTML, like Gecko) Chrome/83.0.4103.106 Mobile Safari/537.36" "brucemillernurseryedgewood.com"
167.71.182.31 - - [07/Nov/2022:14:05:22 -0800] "GET /user.php HTTP/1.1" 404 73 "-" "Mozilla/5.0 (Windows NT 10.0; Win64; x64) AppleWebKit/537.36 (KHTML, like Gecko) Chrome/83.0.4103.97 Safari/537.36" "brucemillernurseryedgewood.com"
167.71.182.31 - - [07/Nov/2022:14:05:22 -0800] "GET /load.php HTTP/1.1" 404 73 "-" "Mozilla/5.0 (Windows NT 10.0; Win64; x64) AppleWebKit/537.36 (KHTML, like Gecko) Chrome/89.0.4389.105 YaBrowser/21.3.3.230 Yowser/2.5 Safari/537.36" "brucemillernurseryedgewood.com"
167.71.182.31 - - [07/Nov/2022:14:05:22 -0800] "GET /lock360.php HTTP/1.1" 404 73 "-" "Mozilla/5.0 (Windows NT 10.0; Win64; x64) AppleWebKit/537.36 (KHTML, like Gecko) Chrome/89.0.4389.105 YaBrowser/21.3.3.230 Yowser/2.5 Safari/537.36" "brucemillernurseryedgewood.com"
216.244.66.230 - - [07/Nov/2022:14:09:43 -0800] "GET /navigation_bars/?C=D;O=A HTTP/1.1" 200 722 "-" "Mozilla/5.0 (compatible; DotBot/1.2; +https://opensiteexplorer.org/dotbot; help@moz.com)" "www.brucemillernurseryedgewood.com"
114.119.153.104 - - [07/Nov/2022:14:20:35 -0800] "GET /robots.txt HTTP/1.1" 404 88 "-" "Mozilla/5.0 (compatible;PetalBot;+https://webmaster.petalsearch.com/site/petalbot)" "www.brucemillernurseryedgewood.com"
51.222.253.4 - - [07/Nov/2022:14:29:05 -0800] "GET /clipart/ HTTP/1.1" 200 456 "-" "Mozilla/5.0 (compatible; AhrefsBot/7.0; +http://ahrefs.com/robot/)" "brucemillernurseryedgewood.com"
177.66.168.135 - - [07/Nov/2022:14:47:40 -0800] "GET /sonarxleetxd.php HTTP/1.1" 404 73 "-" "Mozilla/5.0 (Windows NT 10.0; Win64; x64; rv:89.0) Gecko/20100101 Firefox/89.0" "brucemillernurseryedgewood.com"
177.66.168.135 - - [07/Nov/2022:14:47:40 -0800] "GET /xleet.php HTTP/1.1" 404 73 "-" "Mozilla/5.0 (Windows NT 10.0; Win64; x64) AppleWebKit/537.36 (KHTML, like Gecko) Chrome/84.0.4147.89 Safari/537.36" "brucemillernurseryedgewood.com"
177.66.168.135 - - [07/Nov/2022:14:47:40 -0800] "GET /wp-content/plugins/upds/xleet.php HTTP/1.1" 404 73 "-" "Mozilla/5.0 (Windows NT 10.0; Win64; x64) AppleWebKit/537.36 (KHTML, like Gecko) Chrome/92.0.4515.107 Safari/537.36" "brucemillernurseryedgewood.com"
177.66.168.135 - - [07/Nov/2022:14:47:40 -0800] "GET /xleetmailer.php HTTP/1.1" 404 73 "-" "Mozilla/5.0 (iPhone; CPU iPhone OS 14_4_2 like Mac OS X) AppleWebKit/605.1.15 (KHTML, like Gecko) Version/14.0.3 Mobile/15E148 Safari/604.1" "brucemillernurseryedgewood.com"
177.66.168.135 - - [07/Nov/2022:14:47:40 -0800] "GET /catalog/view/xleet.php HTTP/1.1" 404 73 "-" "Mozilla/5.0 (Windows NT 10.0; Win64; x64) AppleWebKit/537.36 (KHTML, like Gecko) Chrome/90.0.4430.212 Safari/537.36" "brucemillernurseryedgewood.com"
177.66.168.135 - - [07/Nov/2022:14:47:40 -0800] "GET /wp-content/plugins/sid/xleet.php HTTP/1.1" 404 73 "-" "Mozilla/5.0 (Linux; Android 10; HRY-LX1) AppleWebKit/537.36 (KHTML, like Gecko) Chrome/83.0.4103.106 Mobile Safari/537.36" "brucemillernurseryedgewood.com"
177.66.168.135 - - [07/Nov/2022:14:47:40 -0800] "GET /jindex.php HTTP/1.1" 404 73 "-" "Mozilla/5.0 (iPhone; CPU iPhone OS 14_4_1 like Mac OS X) AppleWebKit/605.1.15 (KHTML, like Gecko) Version/14.0.3 Mobile/15E148 Safari/604.1" "brucemillernurseryedgewood.com"
177.66.168.135 - - [07/Nov/2022:14:47:40 -0800] "GET /sh3llx.php HTTP/1.1" 404 73 "-" "Mozilla/5.0 (Android 10; Mobile; rv:81.0) Gecko/81.0 Firefox/81.0" "brucemillernurseryedgewood.com"
177.66.168.135 - - [07/Nov/2022:14:47:40 -0800] "GET /xleet-shell.php HTTP/1.1" 404 73 "-" "Mozilla/5.0 (Windows NT 10.0; Win64; x64) AppleWebKit/537.36 (KHTML, like Gecko) Chrome/90.0.4430.93 Safari/537.36" "brucemillernurseryedgewood.com"
177.66.168.135 - - [07/Nov/2022:14:47:40 -0800] "GET /takeout.php HTTP/1.1" 404 73 "-" "Mozilla/5.0 (X11; Linux x86_64) AppleWebKit/537.36 (KHTML, like Gecko) HeadlessChrome/88.0.4298.0 Safari/537.36" "brucemillernurseryedgewood.com"
177.66.168.135 - - [07/Nov/2022:14:47:40 -0800] "GET /shell.php HTTP/1.1" 404 73 "-" "Mozilla/5.0 (Linux; Android 9; SAMSUNG SM-G950F) AppleWebKit/537.36 (KHTML, like Gecko) SamsungBrowser/12.1 Chrome/79.0.3945.136 Mobile Safari/537.36" "brucemillernurseryedgewood.com"
177.66.168.135 - - [07/Nov/2022:14:47:40 -0800] "GET /xleetshell.php HTTP/1.1" 404 73 "-" "-" "brucemillernurseryedgewood.com"
177.66.168.135 - - [07/Nov/2022:14:47:40 -0800] "GET /xltavrat.php HTTP/1.1" 404 73 "-" "Mozilla/5.0 (Linux; Android 10; HRY-LX1) AppleWebKit/537.36 (KHTML, like Gecko) Chrome/83.0.4103.106 Mobile Safari/537.36" "brucemillernurseryedgewood.com"
177.66.168.135 - - [07/Nov/2022:14:47:40 -0800] "GET /admin.php HTTP/1.1" 404 73 "-" "Mozilla/5.0 (iPhone; CPU iPhone OS 14_7 like Mac OS X) AppleWebKit/605.1.15 (KHTML, like Gecko) CriOS/92.0.4515.90 Mobile/15E148 Safari/604.1" "brucemillernurseryedgewood.com"
177.66.168.135 - - [07/Nov/2022:14:47:40 -0800] "GET /vendor/phpunit/phpunit/src/Util/PHP/xleet.php HTTP/1.1" 404 73 "-" "Mozilla/5.0 (iPad; CPU OS 14_2 like Mac OS X) AppleWebKit/605.1.15 (KHTML, like Gecko) CriOS/87.0.4280.77 Mobile/15E148 Safari/604.1" "brucemillernurseryedgewood.com"
177.66.168.135 - - [07/Nov/2022:14:47:40 -0800] "GET /wp-content/plugins/ubh/xleet.php HTTP/1.1" 404 73 "-" "Mozilla/5.0 (Windows NT 10.0; Win64; x64) AppleWebKit/537.36 (KHTML, like Gecko) Chrome/83.0.4103.116 Safari/537.36" "brucemillernurseryedgewood.com"
177.66.168.135 - - [07/Nov/2022:14:47:40 -0800] "GET /wp-content/plugins/freedom/sonarxleetxd.php HTTP/1.1" 404 73 "-" "Mozilla/5.0 (Linux; Android 7.1.1; Nokia 2) AppleWebKit/537.36 (KHTML, like Gecko) Chrome/71.0.3578.83 Mobile Safari/537.36" "brucemillernurseryedgewood.com"
177.66.168.135 - - [07/Nov/2022:14:47:40 -0800] "GET /wp-content/plugins/rafda/xleet.php HTTP/1.1" 404 73 "-" "Mozilla/5.0 (Windows NT 10.0; Win64; x64) AppleWebKit/537.36 (KHTML, like Gecko) Chrome/89.0.4389.90 Safari/537.36" "brucemillernurseryedgewood.com"
177.66.168.135 - - [07/Nov/2022:14:47:40 -0800] "GET /xlet.php HTTP/1.1" 404 73 "-" "Mozilla/5.0 (Windows NT 10.0; Win64; x64) AppleWebKit/537.36 (KHTML, like Gecko) Chrome/91.0.4472.124 Safari/537.36" "brucemillernurseryedgewood.com"
177.66.168.135 - - [07/Nov/2022:14:47:41 -0800] "GET /locale.php HTTP/1.1" 404 73 "-" "Mozilla/5.0 (Linux; Android 9; FLA-LX1) AppleWebKit/537.36 (KHTML, like Gecko) Chrome/83.0.4103.106 Mobile Safari/537.36 OPR/59.1.2926.54067" "brucemillernurseryedgewood.com"
177.66.168.135 - - [07/Nov/2022:14:47:41 -0800] "GET /lufi.php HTTP/1.1" 404 73 "-" "Mozilla/5.0 (iPhone; CPU iPhone OS 13_6_1 like Mac OS X) AppleWebKit/605.1.15 (KHTML, like Gecko) Version/13.1.2 Mobile/15E148 Safari/604.1" "brucemillernurseryedgewood.com"
177.66.168.135 - - [07/Nov/2022:14:47:41 -0800] "GET /xlshell.php HTTP/1.1" 404 73 "-" "Mozilla/5.0 (iPhone; CPU iPhone OS 13_5_1 like Mac OS X) AppleWebKit/605.1.15 (KHTML, like Gecko) Version/13.1.1 Mobile/15E148 Safari/604.1" "brucemillernurseryedgewood.com"
177.66.168.135 - - [07/Nov/2022:14:47:41 -0800] "GET /lufix.php HTTP/1.1" 404 73 "-" "Mozilla/5.0 (Linux; Android 9; Redmi Note 7) AppleWebKit/537.36 (KHTML, like Gecko) Chrome/84.0.4147.111 Mobile Safari/537.36" "brucemillernurseryedgewood.com"
177.66.168.135 - - [07/Nov/2022:14:47:41 -0800] "GET /orvx-shell.php HTTP/1.1" 404 73 "-" "Mozilla/5.0 (Linux; Android 10; SM-A505FN) AppleWebKit/537.36 (KHTML, like Gecko) Chrome/86.0.4240.110 Mobile Safari/537.36" "brucemillernurseryedgewood.com"
177.66.168.135 - - [07/Nov/2022:14:47:41 -0800] "GET /smx.php HTTP/1.1" 404 73 "-" "Mozilla/5.0 (Windows NT 5.1) AppleWebKit/537.36 (KHTML, like Gecko) Chrome/69.0.3497.81 Safari/537.36 Maxthon/5.3.8.2000" "brucemillernurseryedgewood.com"
177.66.168.135 - - [07/Nov/2022:14:47:41 -0800] "GET /zerox.php HTTP/1.1" 404 73 "-" "Mozilla/5.0 (iPhone; CPU iPhone OS 14_4 like Mac OS X) AppleWebKit/605.1.15 (KHTML, like Gecko) CriOS/87.0.4280.77 Mobile/15E148 Safari/604.1" "brucemillernurseryedgewood.com"
177.66.168.135 - - [07/Nov/2022:14:47:41 -0800] "GET /orvx.php HTTP/1.1" 404 73 "-" "Mozilla/5.0 (iPhone; CPU iPhone OS 13_4_1 like Mac OS X) AppleWebKit/605.1.15 (KHTML, like Gecko) Version/13.1 Mobile/15E148 Safari/604.1" "brucemillernurseryedgewood.com"
177.66.168.135 - - [07/Nov/2022:14:47:41 -0800] "GET /xl.php HTTP/1.1" 404 73 "-" "Mozilla/5.0 (Windows NT 10.0; Win64; x64) AppleWebKit/537.36 (KHTML, like Gecko) Chrome/86.0.4240.75 Safari/537.36" "brucemillernurseryedgewood.com"
177.66.168.135 - - [07/Nov/2022:14:47:41 -0800] "GET /payout.php HTTP/1.1" 404 73 "-" "Mozilla/5.0 (iPad; CPU OS 13_7 like Mac OS X) AppleWebKit/605.1.15 (KHTML, like Gecko) Version/13.1.2 Mobile/15E148 Safari/604.1" "brucemillernurseryedgewood.com"
216.244.66.230 - - [07/Nov/2022:15:10:22 -0800] "GET /robots.txt HTTP/1.1" 404 73 "-" "Mozilla/5.0 (compatible; DotBot/1.2; +https://opensiteexplorer.org/dotbot; help@moz.com)" "www.brucemillernurseryedgewood.com"
114.119.138.127 - - [07/Nov/2022:15:37:57 -0800] "GET /robots.txt HTTP/1.1" 404 88 "-" "Mozilla/5.0 (compatible;PetalBot;+https://webmaster.petalsearch.com/site/petalbot)" "www.brucemillernurseryedgewood.com"
216.244.66.230 - - [07/Nov/2022:15:46:07 -0800] "GET /?C=D;O=A HTTP/1.1" 200 1005 "-" "Mozilla/5.0 (compatible; DotBot/1.2; +https://opensiteexplorer.org/dotbot; help@moz.com)" "www.brucemillernurseryedgewood.com"
216.244.66.230 - - [07/Nov/2022:15:46:14 -0800] "GET /?C=S;O=A HTTP/1.1" 200 1005 "-" "Mozilla/5.0 (compatible; DotBot/1.2; +https://opensiteexplorer.org/dotbot; help@moz.com)" "www.brucemillernurseryedgewood.com"
93.157.106.193 - - [07/Nov/2022:15:53:00 -0800] "GET / HTTP/1.1" 200 406 "-" "Mozilla/5.0 (Windows NT 6.1; WOW64) AppleWebKit/537.36 (KHTML, like Gecko) Chrome/83.0.4103.97 Safari/537.36" "brucemillernurseryedgewood.com"
216.244.66.230 - - [07/Nov/2022:15:55:45 -0800] "GET /robots.txt HTTP/1.1" 404 73 "-" "Mozilla/5.0 (compatible; DotBot/1.2; +https://opensiteexplorer.org/dotbot; help@moz.com)" "www.brucemillernurseryedgewood.com"
54.68.216.194 - - [07/Nov/2022:16:07:58 -0800] "GET / HTTP/1.1" 200 406 "-" "Mozilla/5.0 (X11; Linux x86_64) AppleWebKit/537.36 (KHTML, like Gecko) Chrome/83.0.4103.97 Safari/537.36" "brucemillernurseryedgewood.com"
34.221.159.155 - - [07/Nov/2022:16:08:06 -0800] "GET /favicon.ico HTTP/1.1" 404 88 "-" "Mozilla/5.0 (X11; Linux x86_64) AppleWebKit/537.36 (KHTML, like Gecko) Chrome/83.0.4103.97 Safari/537.36" "brucemillernurseryedgewood.com"
34.221.159.155 - - [07/Nov/2022:16:08:09 -0800] "GET / HTTP/1.1" 200 406 "-" "Mozilla/5.0 (X11; Linux x86_64) AppleWebKit/537.36 (KHTML, like Gecko) Chrome/83.0.4103.97 Safari/537.36" "brucemillernurseryedgewood.com"
216.244.66.230 - - [07/Nov/2022:16:09:58 -0800] "GET /images/2009_0531Image0015.JPG HTTP/1.1" 200 456607 "-" "Mozilla/5.0 (compatible; DotBot/1.2; +https://opensiteexplorer.org/dotbot; help@moz.com)" "www.brucemillernurseryedgewood.com"
216.244.66.230 - - [07/Nov/2022:16:10:48 -0800] "GET /images/2009_0711Image0009.JPG HTTP/1.1" 200 456454 "-" "Mozilla/5.0 (compatible; DotBot/1.2; +https://opensiteexplorer.org/dotbot; help@moz.com)" "www.brucemillernurseryedgewood.com"
54.244.59.140 - - [07/Nov/2022:16:11:21 -0800] "GET / HTTP/1.1" 200 406 "-" "Mozilla/5.0 (X11; Linux x86_64) AppleWebKit/537.36 (KHTML, like Gecko) Chrome/83.0.4103.97 Safari/537.36" "brucemillernurseryedgewood.com"
35.90.188.114 - - [07/Nov/2022:16:11:54 -0800] "GET /favicon.ico HTTP/1.1" 404 88 "-" "Mozilla/5.0 (X11; Linux x86_64) AppleWebKit/537.36 (KHTML, like Gecko) Chrome/83.0.4103.97 Safari/537.36" "brucemillernurseryedgewood.com"
35.90.188.114 - - [07/Nov/2022:16:11:54 -0800] "GET / HTTP/1.1" 200 406 "-" "Mozilla/5.0 (X11; Linux x86_64) AppleWebKit/537.36 (KHTML, like Gecko) Chrome/83.0.4103.97 Safari/537.36" "brucemillernurseryedgewood.com"
52.36.136.235 - - [07/Nov/2022:16:18:25 -0800] "GET / HTTP/1.1" 200 406 "-" "Mozilla/5.0 (X11; Linux x86_64) AppleWebKit/537.36 (KHTML, like Gecko) Chrome/83.0.4103.97 Safari/537.36" "brucemillernurseryedgewood.com"
35.88.130.72 - - [07/Nov/2022:16:19:12 -0800] "GET / HTTP/1.1" 200 406 "-" "Mozilla/5.0 (X11; Linux x86_64) AppleWebKit/537.36 (KHTML, like Gecko) Chrome/83.0.4103.97 Safari/537.36" "brucemillernurseryedgewood.com"
34.217.33.245 - - [07/Nov/2022:16:19:36 -0800] "GET /favicon.ico HTTP/1.1" 404 88 "-" "Mozilla/5.0 (X11; Linux x86_64) AppleWebKit/537.36 (KHTML, like Gecko) Chrome/83.0.4103.97 Safari/537.36" "brucemillernurseryedgewood.com"
54.200.150.199 - - [07/Nov/2022:16:20:41 -0800] "GET / HTTP/1.1" 200 406 "-" "Mozilla/5.0 (X11; Linux x86_64) AppleWebKit/537.36 (KHTML, like Gecko) Chrome/83.0.4103.97 Safari/537.36" "brucemillernurseryedgewood.com"
34.219.248.128 - - [07/Nov/2022:16:22:10 -0800] "GET /favicon.ico HTTP/1.1" 404 88 "-" "Mozilla/5.0 (X11; Linux x86_64) AppleWebKit/537.36 (KHTML, like Gecko) Chrome/83.0.4103.97 Safari/537.36" "brucemillernurseryedgewood.com"
34.219.248.128 - - [07/Nov/2022:16:22:12 -0800] "GET / HTTP/1.1" 200 406 "-" "Mozilla/5.0 (X11; Linux x86_64) AppleWebKit/537.36 (KHTML, like Gecko) Chrome/83.0.4103.97 Safari/537.36" "brucemillernurseryedgewood.com"
35.167.161.47 - - [07/Nov/2022:16:22:13 -0800] "GET /favicon.ico HTTP/1.1" 404 88 "-" "Mozilla/5.0 (X11; Linux x86_64) AppleWebKit/537.36 (KHTML, like Gecko) Chrome/83.0.4103.97 Safari/537.36" "brucemillernurseryedgewood.com"
35.167.161.47 - - [07/Nov/2022:16:22:14 -0800] "GET / HTTP/1.1" 200 406 "-" "Mozilla/5.0 (X11; Linux x86_64) AppleWebKit/537.36 (KHTML, like Gecko) Chrome/83.0.4103.97 Safari/537.36" "brucemillernurseryedgewood.com"
34.219.248.128 - - [07/Nov/2022:16:22:30 -0800] "GET /favicon.ico HTTP/1.1" 404 88 "-" "Mozilla/5.0 (X11; Linux x86_64) AppleWebKit/537.36 (KHTML, like Gecko) Chrome/83.0.4103.97 Safari/537.36" "brucemillernurseryedgewood.com"
34.219.248.128 - - [07/Nov/2022:16:22:32 -0800] "GET / HTTP/1.1" 200 406 "-" "Mozilla/5.0 (X11; Linux x86_64) AppleWebKit/537.36 (KHTML, like Gecko) Chrome/83.0.4103.97 Safari/537.36" "brucemillernurseryedgewood.com"
34.219.248.128 - - [07/Nov/2022:16:23:29 -0800] "GET /favicon.ico HTTP/1.1" 404 88 "-" "Mozilla/5.0 (X11; Linux x86_64) AppleWebKit/537.36 (KHTML, like Gecko) Chrome/83.0.4103.97 Safari/537.36" "brucemillernurseryedgewood.com"
114.119.133.251 - - [07/Nov/2022:16:35:48 -0800] "GET /robots.txt HTTP/1.1" 404 88 "-" "Mozilla/5.0 (compatible;PetalBot;+https://webmaster.petalsearch.com/site/petalbot)" "brucemillernurseryedgewood.com"
216.244.66.230 - - [07/Nov/2022:16:42:44 -0800] "GET /robots.txt HTTP/1.1" 404 73 "-" "Mozilla/5.0 (compatible; DotBot/1.2; +https://opensiteexplorer.org/dotbot; help@moz.com)" "www.brucemillernurseryedgewood.com"
216.244.66.230 - - [07/Nov/2022:16:58:06 -0800] "GET /images/69948_1_.jpg HTTP/1.1" 200 4565 "-" "Mozilla/5.0 (compatible; DotBot/1.2; +https://opensiteexplorer.org/dotbot; help@moz.com)" "www.brucemillernurseryedgewood.com"
216.244.66.230 - - [07/Nov/2022:16:58:30 -0800] "GET /images/IMG_0546.JPG HTTP/1.1" 200 4557865 "-" "Mozilla/5.0 (compatible; DotBot/1.2; +https://opensiteexplorer.org/dotbot; help@moz.com)" "www.brucemillernurseryedgewood.com"
51.222.253.9 - - [07/Nov/2022:16:59:11 -0800] "GET /sitebuilder/clipart/?C=D;O=A HTTP/1.1" 200 376 "-" "Mozilla/5.0 (compatible; AhrefsBot/7.0; +http://ahrefs.com/robot/)" "brucemillernurseryedgewood.com"
17.121.113.218 - - [07/Nov/2022:17:53:54 -0800] "GET / HTTP/1.1" 200 406 "-" "Mozilla/5.0 (Macintosh; Intel Mac OS X 10_15_5) AppleWebKit/605.1.15 (KHTML, like Gecko) Version/13.1.1 Safari/605.1.15 (Applebot/0.1; +http://www.apple.com/go/applebot)" "brucemillernurseryedgewood.com"
207.46.13.230 - - [07/Nov/2022:17:54:36 -0800] "GET /robots.txt HTTP/1.1" 404 88 "-" "Mozilla/5.0 (compatible; bingbot/2.0; +http://www.bing.com/bingbot.htm)" "brucemillernurseryedgewood.com"
207.46.13.230 - - [07/Nov/2022:17:54:36 -0800] "GET /robots.txt HTTP/1.1" 404 88 "-" "Mozilla/5.0 (compatible; bingbot/2.0; +http://www.bing.com/bingbot.htm)" "brucemillernurseryedgewood.com"
157.55.39.3 - - [07/Nov/2022:17:54:42 -0800] "GET / HTTP/1.1" 200 406 "-" "Mozilla/5.0 (compatible; bingbot/2.0; +http://www.bing.com/bingbot.htm)" "brucemillernurseryedgewood.com"
207.46.13.197 - - [07/Nov/2022:18:04:26 -0800] "GET /whats_new HTTP/1.1" 200 4437 "-" "Mozilla/5.0 (compatible; bingbot/2.0; +http://www.bing.com/bingbot.htm)" "brucemillernurseryedgewood.com"
50.236.177.202 - - [07/Nov/2022:18:15:34 -0800] "GET /yahoo_site_admin/assets/images/018.40132309_std.JPG HTTP/1.1" 200 128723 "-" "Mozilla/5.0 (X11; Ubuntu; Linux x86_64; rv:72.0) Gecko/20100101 Firefox/72.0" "brucemillernurseryedgewood.com"
157.55.39.34 - - [07/Nov/2022:18:24:22 -0800] "GET /great_deals HTTP/1.1" 200 4168 "-" "Mozilla/5.0 AppleWebKit/537.36 (KHTML, like Gecko; compatible; bingbot/2.0; +http://www.bing.com/bingbot.htm) Chrome/103.0.5060.134 Safari/537.36" "brucemillernurseryedgewood.com"
207.46.13.197 - - [07/Nov/2022:18:24:27 -0800] "GET /contact_us HTTP/1.1" 200 8121 "-" "Mozilla/5.0 (compatible; bingbot/2.0; +http://www.bing.com/bingbot.htm)" "brucemillernurseryedgewood.com"
157.55.39.34 - - [07/Nov/2022:18:25:32 -0800] "GET /sitebuilder/images/Edgewood-0-inactive-13546.png HTTP/1.1" 200 1961 "-" "Mozilla/5.0 (compatible; bingbot/2.0; +http://www.bing.com/bingbot.htm)" "brucemillernurseryedgewood.com"
207.46.13.197 - - [07/Nov/2022:18:29:08 -0800] "GET / HTTP/1.1" 200 406 "-" "Mozilla/5.0 AppleWebKit/537.36 (KHTML, like Gecko; compatible; bingbot/2.0; +http://www.bing.com/bingbot.htm) Chrome/103.0.5060.134 Safari/537.36" "brucemillernurseryedgewood.com"
49.7.20.119 - - [07/Nov/2022:18:35:16 -0800] "GET / HTTP/1.1" 200 406 "-" "Sogou web spider/4.0(+http://www.sogou.com/docs/help/webmasters.htm#07)" "www.brucemillernurseryedgewood.com"
157.55.39.34 - - [07/Nov/2022:18:48:24 -0800] "GET /sitebuilder/images/Edgewood-1-mouseOver-31140.png HTTP/1.1" 200 1694 "-" "Mozilla/5.0 (compatible; bingbot/2.0; +http://www.bing.com/bingbot.htm)" "brucemillernurseryedgewood.com"
118.184.177.83 - - [07/Nov/2022:18:52:05 -0800] "GET / HTTP/1.1" 200 406 "-" "Sogou web spider/4.0(+http://www.sogou.com/docs/help/webmasters.htm#07)" "brucemillernurseryedgewood.com"
157.55.39.3 - - [07/Nov/2022:19:18:09 -0800] "GET /sitebuilder/images/Edgewood-1-inactive-31031.png HTTP/1.1" 200 1718 "-" "Mozilla/5.0 AppleWebKit/537.36 (KHTML, like Gecko; compatible; bingbot/2.0; +http://www.bing.com/bingbot.htm) Chrome/103.0.5060.134 Safari/537.36" "brucemillernurseryedgewood.com"
114.119.132.149 - - [07/Nov/2022:19:31:19 -0800] "GET /clipart/lines/horizontal/?C=D%3BO%3DA HTTP/1.1" 200 447 "http://brucemillernurseryedgewood.com/clipart/lines/horizontal?C=N%3BO%3DD" "Mozilla/5.0 (Linux; Android 7.0;) AppleWebKit/537.36 (KHTML, like Gecko) Mobile Safari/537.36 (compatible; PetalBot;+https://webmaster.petalsearch.com/site/petalbot)" "brucemillernurseryedgewood.com"
114.119.132.122 - - [07/Nov/2022:19:44:56 -0800] "GET /clipart/bars/?C=N%3BO%3DD HTTP/1.1" 200 358 "https://www.brucemillernurseryedgewood.com/clipart/bars/?C=D%3BO%3DA" "Mozilla/5.0 (Linux; Android 7.0;) AppleWebKit/537.36 (KHTML, like Gecko) Mobile Safari/537.36 (compatible; PetalBot;+https://webmaster.petalsearch.com/site/petalbot)" "www.brucemillernurseryedgewood.com"
51.222.253.15 - - [07/Nov/2022:19:53:43 -0800] "GET /clipart/buttons/themes/glow/?C=M;O=D HTTP/1.1" 200 413 "-" "Mozilla/5.0 (compatible; AhrefsBot/7.0; +http://ahrefs.com/robot/)" "brucemillernurseryedgewood.com"
114.119.132.122 - - [07/Nov/2022:19:55:45 -0800] "GET /sitebuilder/clipart/bars/regular/horizontal?C=D%3BO%3DA HTTP/1.1" 301 1457 "http://brucemillernurseryedgewood.com/sitebuilder/clipart/bars/regular/horizontal?C=M%3BO%3DA" "Mozilla/5.0 (Linux; Android 7.0;) AppleWebKit/537.36 (KHTML, like Gecko) Mobile Safari/537.36 (compatible; PetalBot;+https://webmaster.petalsearch.com/site/petalbot)" "brucemillernurseryedgewood.com"
114.119.132.122 - - [07/Nov/2022:19:55:45 -0800] "GET /sitebuilder/clipart/bars/regular/horizontal/?C=D%3BO%3DA HTTP/1.1" 200 416 "http://brucemillernurseryedgewood.com/sitebuilder/clipart/bars/regular/horizontal?C=M%3BO%3DA" "Mozilla/5.0 (Linux; Android 7.0;) AppleWebKit/537.36 (KHTML, like Gecko) Mobile Safari/537.36 (compatible; PetalBot;+https://webmaster.petalsearch.com/site/petalbot)" "brucemillernurseryedgewood.com"
157.55.39.34 - - [07/Nov/2022:20:04:32 -0800] "GET /clipart/backgrounds/ HTTP/1.1" 200 389 "-" "Mozilla/5.0 (compatible; bingbot/2.0; +http://www.bing.com/bingbot.htm)" "brucemillernurseryedgewood.com"
114.119.150.186 - - [07/Nov/2022:20:08:28 -0800] "GET /clipart/images/sidebars/?C=S%3BO%3DA HTTP/1.1" 200 405 "http://brucemillernurseryedgewood.com/clipart/images/sidebars" "Mozilla/5.0 (Linux; Android 7.0;) AppleWebKit/537.36 (KHTML, like Gecko) Mobile Safari/537.36 (compatible; PetalBot;+https://webmaster.petalsearch.com/site/petalbot)" "brucemillernurseryedgewood.com"
114.119.132.146 - - [07/Nov/2022:20:20:18 -0800] "GET /clipart/buttons/themes/glow HTTP/1.1" 301 1438 "https://www.brucemillernurseryedgewood.com/clipart/buttons/themes" "Mozilla/5.0 (Linux; Android 7.0;) AppleWebKit/537.36 (KHTML, like Gecko) Mobile Safari/537.36 (compatible; PetalBot;+https://webmaster.petalsearch.com/site/petalbot)" "www.brucemillernurseryedgewood.com"
114.119.132.146 - - [07/Nov/2022:20:20:21 -0800] "GET /clipart/buttons/themes/glow/ HTTP/1.1" 200 420 "https://www.brucemillernurseryedgewood.com/clipart/buttons/themes" "Mozilla/5.0 (Linux; Android 7.0;) AppleWebKit/537.36 (KHTML, like Gecko) Mobile Safari/537.36 (compatible; PetalBot;+https://webmaster.petalsearch.com/site/petalbot)" "www.brucemillernurseryedgewood.com"
195.191.219.130 - - [07/Nov/2022:20:26:18 -0800] "GET /robots.txt HTTP/1.1" 404 73 "-" "Mozilla/5.0 (compatible; MJ12bot/v1.4.8; http://mj12bot.com/)" "brucemillernurseryedgewood.com"
195.191.219.130 - - [07/Nov/2022:20:26:21 -0800] "GET / HTTP/1.1" 200 406 "-" "Mozilla/5.0 (compatible; MJ12bot/v1.4.8; http://mj12bot.com/)" "brucemillernurseryedgewood.com"
195.191.219.130 - - [07/Nov/2022:20:26:22 -0800] "GET /robots.txt HTTP/1.1" 404 73 "-" "Mozilla/5.0 (compatible; MJ12bot/v1.4.8; http://mj12bot.com/)" "brucemillernurseryedgewood.com"
195.191.219.130 - - [07/Nov/2022:20:26:24 -0800] "GET / HTTP/1.1" 200 406 "-" "Mozilla/5.0 (compatible; MJ12bot/v1.4.8; http://mj12bot.com/)" "brucemillernurseryedgewood.com"
195.191.219.130 - - [07/Nov/2022:20:26:25 -0800] "GET /robots.txt HTTP/1.1" 404 73 "-" "Mozilla/5.0 (compatible; MJ12bot/v1.4.8; http://mj12bot.com/)" "www.brucemillernurseryedgewood.com"
195.191.219.130 - - [07/Nov/2022:20:26:26 -0800] "GET / HTTP/1.1" 200 406 "-" "Mozilla/5.0 (compatible; MJ12bot/v1.4.8; http://mj12bot.com/)" "www.brucemillernurseryedgewood.com"
114.119.132.122 - - [07/Nov/2022:20:26:38 -0800] "GET /images/?C=D%3BO%3DA HTTP/1.1" 200 3702 "http://brucemillernurseryedgewood.com/images/?C=N%3BO%3DD" "Mozilla/5.0 (Linux; Android 7.0;) AppleWebKit/537.36 (KHTML, like Gecko) Mobile Safari/537.36 (compatible; PetalBot;+https://webmaster.petalsearch.com/site/petalbot)" "brucemillernurseryedgewood.com"
114.119.132.122 - - [07/Nov/2022:20:32:30 -0800] "GET /clipart/buttons/themes/stone/?C=D%3BO%3DA HTTP/1.1" 200 413 "http://brucemillernurseryedgewood.com/clipart/buttons/themes/stone?C=N%3BO%3DD" "Mozilla/5.0 (Linux; Android 7.0;) AppleWebKit/537.36 (KHTML, like Gecko) Mobile Safari/537.36 (compatible; PetalBot;+https://webmaster.petalsearch.com/site/petalbot)" "brucemillernurseryedgewood.com"
114.119.150.186 - - [07/Nov/2022:20:32:32 -0800] "GET /clipart/buttons/themes/stone/?C=D%3BO%3DA HTTP/1.1" 200 413 "http://brucemillernurseryedgewood.com/clipart/buttons/themes/stone?C=N%3BO%3DD" "Mozilla/5.0 (Linux; Android 7.0;) AppleWebKit/537.36 (KHTML, like Gecko) Mobile Safari/537.36 (compatible; PetalBot;+https://webmaster.petalsearch.com/site/petalbot)" "brucemillernurseryedgewood.com"
207.46.13.230 - - [07/Nov/2022:20:33:00 -0800] "GET /robots.txt HTTP/1.1" 404 88 "-" "Mozilla/5.0 (compatible; bingbot/2.0; +http://www.bing.com/bingbot.htm)" "www.brucemillernurseryedgewood.com"
207.46.13.230 - - [07/Nov/2022:20:33:01 -0800] "GET /robots.txt HTTP/1.1" 404 88 "-" "Mozilla/5.0 (compatible; bingbot/2.0; +http://www.bing.com/bingbot.htm)" "www.brucemillernurseryedgewood.com"
157.55.39.3 - - [07/Nov/2022:20:33:07 -0800] "GET /yahoo_site_admin/assets/images/118684767_1170927879952629_7452769320027261925_n.258135452_std.jpg HTTP/1.1" 200 62750 "-" "Mozilla/5.0 AppleWebKit/537.36 (KHTML, like Gecko; compatible; bingbot/2.0; +http://www.bing.com/bingbot.htm) Chrome/103.0.5060.134 Safari/537.36" "www.brucemillernurseryedgewood.com"
40.77.167.76 - - [07/Nov/2022:20:34:12 -0800] "GET /images/3.19h.JPG HTTP/1.1" 200 4491323 "-" "Mozilla/5.0 AppleWebKit/537.36 (KHTML, like Gecko; compatible; bingbot/2.0; +http://www.bing.com/bingbot.htm) Chrome/103.0.5060.134 Safari/537.36" "brucemillernurseryedgewood.com"
114.119.132.16 - - [07/Nov/2022:20:46:38 -0800] "GET /clipart/images/frames?C=D%3BO%3DA HTTP/1.1" 301 1446 "https://www.brucemillernurseryedgewood.com/clipart/images/frames?C=N%3BO%3DD" "Mozilla/5.0 (Linux; Android 7.0;) AppleWebKit/537.36 (KHTML, like Gecko) Mobile Safari/537.36 (compatible; PetalBot;+https://webmaster.petalsearch.com/site/petalbot)" "www.brucemillernurseryedgewood.com"
114.119.132.16 - - [07/Nov/2022:20:46:38 -0800] "GET /clipart/images/frames/?C=D%3BO%3DA HTTP/1.1" 200 395 "https://www.brucemillernurseryedgewood.com/clipart/images/frames?C=N%3BO%3DD" "Mozilla/5.0 (Linux; Android 7.0;) AppleWebKit/537.36 (KHTML, like Gecko) Mobile Safari/537.36 (compatible; PetalBot;+https://webmaster.petalsearch.com/site/petalbot)" "www.brucemillernurseryedgewood.com"
114.119.132.122 - - [07/Nov/2022:20:52:18 -0800] "GET /clipart/images/frames/?C=N%3BO%3DD HTTP/1.1" 200 395 "http://brucemillernurseryedgewood.com/clipart/images/frames?C=S%3BO%3DA" "Mozilla/5.0 (Linux; Android 7.0;) AppleWebKit/537.36 (KHTML, like Gecko) Mobile Safari/537.36 (compatible; PetalBot;+https://webmaster.petalsearch.com/site/petalbot)" "brucemillernurseryedgewood.com"
20.91.199.248 - - [07/Nov/2022:20:53:41 -0800] "GET /wp-content/plugins/handline/handline.php HTTP/1.1" 404 88 "-" "Linux Mozilla" "brucemillernurseryedgewood.com"
20.91.199.248 - - [07/Nov/2022:20:53:42 -0800] "GET /wp-node.php HTTP/1.1" 404 88 "-" "Linux Mozilla" "brucemillernurseryedgewood.com"
20.91.199.248 - - [07/Nov/2022:20:53:42 -0800] "GET /wp-content/plugins/core-builder/index.php HTTP/1.1" 404 88 "-" "Linux Mozilla" "brucemillernurseryedgewood.com"
20.91.199.248 - - [07/Nov/2022:20:53:43 -0800] "GET /wp/wp-content/plugins/core-builder/index.php HTTP/1.1" 404 88 "-" "Linux Mozilla" "brucemillernurseryedgewood.com"
20.91.199.248 - - [07/Nov/2022:20:53:44 -0800] "GET /wordpress/wp-content/plugins/core-builder/index.php HTTP/1.1" 404 88 "-" "Linux Mozilla" "brucemillernurseryedgewood.com"
20.91.199.248 - - [07/Nov/2022:20:53:44 -0800] "GET /blog/wp-content/plugins/core-builder/index.php HTTP/1.1" 404 88 "-" "Linux Mozilla" "brucemillernurseryedgewood.com"
114.119.132.122 - - [07/Nov/2022:20:57:57 -0800] "GET /clipart/bars?C=M%3BO%3DA HTTP/1.1" 301 1441 "https://www.brucemillernurseryedgewood.com/clipart/bars?C=S%3BO%3DA" "Mozilla/5.0 (Linux; Android 7.0;) AppleWebKit/537.36 (KHTML, like Gecko) Mobile Safari/537.36 (compatible; PetalBot;+https://webmaster.petalsearch.com/site/petalbot)" "www.brucemillernurseryedgewood.com"
114.119.132.122 - - [07/Nov/2022:20:58:00 -0800] "GET /clipart/bars/?C=M%3BO%3DA HTTP/1.1" 200 358 "https://www.brucemillernurseryedgewood.com/clipart/bars?C=S%3BO%3DA" "Mozilla/5.0 (Linux; Android 7.0;) AppleWebKit/537.36 (KHTML, like Gecko) Mobile Safari/537.36 (compatible; PetalBot;+https://webmaster.petalsearch.com/site/petalbot)" "www.brucemillernurseryedgewood.com"
114.119.132.153 - - [07/Nov/2022:21:03:34 -0800] "GET /images?C=M%3BO%3DA HTTP/1.1" 301 1436 "https://www.brucemillernurseryedgewood.com/images?C=S%3BO%3DA" "Mozilla/5.0 (Linux; Android 7.0;) AppleWebKit/537.36 (KHTML, like Gecko) Mobile Safari/537.36 (compatible; PetalBot;+https://webmaster.petalsearch.com/site/petalbot)" "www.brucemillernurseryedgewood.com"
114.119.132.153 - - [07/Nov/2022:21:03:35 -0800] "GET /images/?C=M%3BO%3DA HTTP/1.1" 200 3702 "https://www.brucemillernurseryedgewood.com/images?C=S%3BO%3DA" "Mozilla/5.0 (Linux; Android 7.0;) AppleWebKit/537.36 (KHTML, like Gecko) Mobile Safari/537.36 (compatible; PetalBot;+https://webmaster.petalsearch.com/site/petalbot)" "www.brucemillernurseryedgewood.com"
207.46.13.197 - - [07/Nov/2022:21:07:44 -0800] "GET /images/IMG_0258.JPG HTTP/1.1" 200 4159528 "-" "Mozilla/5.0 (compatible; bingbot/2.0; +http://www.bing.com/bingbot.htm)" "brucemillernurseryedgewood.com"
114.119.132.122 - - [07/Nov/2022:21:09:13 -0800] "GET /sitebuilder/clipart/bars/low-carb/horizontal HTTP/1.1" 301 1449 "https://www.brucemillernurseryedgewood.com/sitebuilder/clipart/bars/low-carb?C=D%3BO%3DA" "Mozilla/5.0 (Linux; Android 7.0;) AppleWebKit/537.36 (KHTML, like Gecko) Mobile Safari/537.36 (compatible; PetalBot;+https://webmaster.petalsearch.com/site/petalbot)" "www.brucemillernurseryedgewood.com"
114.119.132.122 - - [07/Nov/2022:21:09:15 -0800] "GET /sitebuilder/clipart/bars/low-carb/horizontal/ HTTP/1.1" 200 421 "https://www.brucemillernurseryedgewood.com/sitebuilder/clipart/bars/low-carb?C=D%3BO%3DA" "Mozilla/5.0 (Linux; Android 7.0;) AppleWebKit/537.36 (KHTML, like Gecko) Mobile Safari/537.36 (compatible; PetalBot;+https://webmaster.petalsearch.com/site/petalbot)" "www.brucemillernurseryedgewood.com"
157.55.39.126 - - [07/Nov/2022:21:14:26 -0800] "GET /yahoo_site_admin/assets/images/118765601_1902304113245994_1757334005447454970_n.259131218_std.jpg HTTP/1.1" 200 84670 "-" "Mozilla/5.0 (compatible; bingbot/2.0; +http://www.bing.com/bingbot.htm)" "www.brucemillernurseryedgewood.com"
114.119.132.146 - - [07/Nov/2022:21:14:54 -0800] "GET /clipart/backgrounds/fullpage?C=N%3BO%3DD HTTP/1.1" 301 1446 "https://www.brucemillernurseryedgewood.com/clipart/backgrounds/fullpage?C=D%3BO%3DA" "Mozilla/5.0 (Linux; Android 7.0;) AppleWebKit/537.36 (KHTML, like Gecko) Mobile Safari/537.36 (compatible; PetalBot;+https://webmaster.petalsearch.com/site/petalbot)" "www.brucemillernurseryedgewood.com"
114.119.132.146 - - [07/Nov/2022:21:14:56 -0800] "GET /clipart/backgrounds/fullpage/?C=N%3BO%3DD HTTP/1.1" 200 387 "https://www.brucemillernurseryedgewood.com/clipart/backgrounds/fullpage?C=D%3BO%3DA" "Mozilla/5.0 (Linux; Android 7.0;) AppleWebKit/537.36 (KHTML, like Gecko) Mobile Safari/537.36 (compatible; PetalBot;+https://webmaster.petalsearch.com/site/petalbot)" "www.brucemillernurseryedgewood.com"
114.119.150.186 - - [07/Nov/2022:21:20:32 -0800] "GET /clipart/buttons/themes/glow?C=D%3BO%3DA HTTP/1.1" 301 1446 "http://brucemillernurseryedgewood.com/clipart/buttons/themes/glow?C=N%3BO%3DD" "Mozilla/5.0 (Linux; Android 7.0;) AppleWebKit/537.36 (KHTML, like Gecko) Mobile Safari/537.36 (compatible; PetalBot;+https://webmaster.petalsearch.com/site/petalbot)" "brucemillernurseryedgewood.com"
114.119.150.186 - - [07/Nov/2022:21:20:32 -0800] "GET /clipart/buttons/themes/glow/?C=D%3BO%3DA HTTP/1.1" 200 420 "http://brucemillernurseryedgewood.com/clipart/buttons/themes/glow?C=N%3BO%3DD" "Mozilla/5.0 (Linux; Android 7.0;) AppleWebKit/537.36 (KHTML, like Gecko) Mobile Safari/537.36 (compatible; PetalBot;+https://webmaster.petalsearch.com/site/petalbot)" "brucemillernurseryedgewood.com"
114.119.132.153 - - [07/Nov/2022:21:26:11 -0800] "GET /clipart/images/frames/?C=N%3BO%3DD HTTP/1.1" 200 395 "https://www.brucemillernurseryedgewood.com/clipart/images/frames" "Mozilla/5.0 (Linux; Android 7.0;) AppleWebKit/537.36 (KHTML, like Gecko) Mobile Safari/537.36 (compatible; PetalBot;+https://webmaster.petalsearch.com/site/petalbot)" "www.brucemillernurseryedgewood.com"
157.55.39.126 - - [07/Nov/2022:21:28:28 -0800] "GET /sitebuilder/images/2009_0620Image0005-210x210.jpg HTTP/1.1" 200 14290 "-" "Mozilla/5.0 (compatible; bingbot/2.0; +http://www.bing.com/bingbot.htm)" "brucemillernurseryedgewood.com"
114.119.132.131 - - [07/Nov/2022:21:31:54 -0800] "GET /clipart/backgrounds/sidebar?C=S%3BO%3DA HTTP/1.1" 301 1441 "http://brucemillernurseryedgewood.com/clipart/backgrounds/sidebar?C=D%3BO%3DA" "Mozilla/5.0 (Linux; Android 7.0;) AppleWebKit/537.36 (KHTML, like Gecko) Mobile Safari/537.36 (compatible; PetalBot;+https://webmaster.petalsearch.com/site/petalbot)" "brucemillernurseryedgewood.com"
114.119.132.131 - - [07/Nov/2022:21:31:54 -0800] "GET /clipart/backgrounds/sidebar/?C=S%3BO%3DA HTTP/1.1" 200 384 "http://brucemillernurseryedgewood.com/clipart/backgrounds/sidebar?C=D%3BO%3DA" "Mozilla/5.0 (Linux; Android 7.0;) AppleWebKit/537.36 (KHTML, like Gecko) Mobile Safari/537.36 (compatible; PetalBot;+https://webmaster.petalsearch.com/site/petalbot)" "brucemillernurseryedgewood.com"
114.119.132.131 - - [07/Nov/2022:21:37:32 -0800] "GET /sitebuilder/clipart/backgrounds/tile HTTP/1.1" 301 1434 "http://brucemillernurseryedgewood.com/sitebuilder/clipart/backgrounds" "Mozilla/5.0 (Linux; Android 7.0;) AppleWebKit/537.36 (KHTML, like Gecko) Mobile Safari/537.36 (compatible; PetalBot;+https://webmaster.petalsearch.com/site/petalbot)" "brucemillernurseryedgewood.com"
114.119.132.131 - - [07/Nov/2022:21:37:34 -0800] "GET /sitebuilder/clipart/backgrounds/tile/ HTTP/1.1" 200 412 "http://brucemillernurseryedgewood.com/sitebuilder/clipart/backgrounds" "Mozilla/5.0 (Linux; Android 7.0;) AppleWebKit/537.36 (KHTML, like Gecko) Mobile Safari/537.36 (compatible; PetalBot;+https://webmaster.petalsearch.com/site/petalbot)" "brucemillernurseryedgewood.com"
114.119.132.153 - - [07/Nov/2022:21:43:04 -0800] "GET /clipart/backgrounds/fullpage?C=S%3BO%3DA HTTP/1.1" 301 1441 "http://brucemillernurseryedgewood.com/clipart/backgrounds/fullpage?C=N%3BO%3DD" "Mozilla/5.0 (Linux; Android 7.0;) AppleWebKit/537.36 (KHTML, like Gecko) Mobile Safari/537.36 (compatible; PetalBot;+https://webmaster.petalsearch.com/site/petalbot)" "brucemillernurseryedgewood.com"
114.119.132.153 - - [07/Nov/2022:21:43:05 -0800] "GET /clipart/backgrounds/fullpage/?C=S%3BO%3DA HTTP/1.1" 200 387 "http://brucemillernurseryedgewood.com/clipart/backgrounds/fullpage?C=N%3BO%3DD" "Mozilla/5.0 (Linux; Android 7.0;) AppleWebKit/537.36 (KHTML, like Gecko) Mobile Safari/537.36 (compatible; PetalBot;+https://webmaster.petalsearch.com/site/petalbot)" "brucemillernurseryedgewood.com"
17.121.115.3 - - [07/Nov/2022:21:48:04 -0800] "GET /robots.txt HTTP/1.1" 404 88 "-" "Mozilla/5.0 (Macintosh; Intel Mac OS X 10_15_5) AppleWebKit/605.1.15 (KHTML, like Gecko) Version/13.1.1 Safari/605.1.15 (Applebot/0.1; +http://www.apple.com/go/applebot)" "brucemillernurseryedgewood.com"
17.121.115.3 - - [07/Nov/2022:21:48:04 -0800] "GET /favicon.ico HTTP/1.1" 404 88 "-" "Mozilla/5.0 (Macintosh; Intel Mac OS X 10_15_5) AppleWebKit/605.1.15 (KHTML, like Gecko) Version/13.1.1 Safari/605.1.15 (Applebot/0.1; +http://www.apple.com/go/applebot)" "brucemillernurseryedgewood.com"
114.119.132.122 - - [07/Nov/2022:21:48:40 -0800] "GET /sitebuilder/clipart/bars/regular/ HTTP/1.1" 200 391 "https://www.brucemillernurseryedgewood.com/sitebuilder/clipart/bars/regular/vertical" "Mozilla/5.0 (Linux; Android 7.0;) AppleWebKit/537.36 (KHTML, like Gecko) Mobile Safari/537.36 (compatible; PetalBot;+https://webmaster.petalsearch.com/site/petalbot)" "www.brucemillernurseryedgewood.com"
20.250.41.226 - - [07/Nov/2022:21:52:51 -0800] "GET /wp-content/plugins/wpputty/wpputty.php HTTP/1.1" 404 88 "-" "Linux Mozilla" "brucemillernurseryedgewood.com"
