54.36.148.219 - - [10/Nov/2022:15:47:56 -0800] "GET /robots.txt HTTP/1.1" 404 88 "-" "Mozilla/5.0 (compatible; AhrefsBot/7.0; +http://ahrefs.com/robot/)" "brucemillernurseryedgewood.com"
51.222.253.15 - - [10/Nov/2022:15:47:57 -0800] "GET /clipart/images/frames/?C=N;O=D HTTP/1.1" 200 393 "-" "Mozilla/5.0 (compatible; AhrefsBot/7.0; +http://ahrefs.com/robot/)" "brucemillernurseryedgewood.com"
114.119.132.149 - - [10/Nov/2022:16:07:33 -0800] "GET /sitebuilder/images?C=M%3BO%3DA HTTP/1.1" 301 1440 "http://brucemillernurseryedgewood.com/sitebuilder/images?C=N%3BO%3DD" "Mozilla/5.0 (Linux; Android 7.0;) AppleWebKit/537.36 (KHTML, like Gecko) Mobile Safari/537.36 (compatible; PetalBot;+https://webmaster.petalsearch.com/site/petalbot)" "brucemillernurseryedgewood.com"
114.119.132.149 - - [10/Nov/2022:16:07:34 -0800] "GET /sitebuilder/images/?C=M%3BO%3DA HTTP/1.1" 200 7088 "http://brucemillernurseryedgewood.com/sitebuilder/images?C=N%3BO%3DD" "Mozilla/5.0 (Linux; Android 7.0;) AppleWebKit/537.36 (KHTML, like Gecko) Mobile Safari/537.36 (compatible; PetalBot;+https://webmaster.petalsearch.com/site/petalbot)" "brucemillernurseryedgewood.com"
114.119.130.218 - - [10/Nov/2022:16:19:53 -0800] "GET /robots.txt HTTP/1.1" 404 88 "-" "Mozilla/5.0 (compatible;PetalBot;+https://webmaster.petalsearch.com/site/petalbot)" "brucemillernurseryedgewood.com"
35.92.255.12 - - [10/Nov/2022:16:27:17 -0800] "GET / HTTP/1.1" 200 406 "-" "Mozilla/5.0 (X11; Linux x86_64) AppleWebKit/537.36 (KHTML, like Gecko) Chrome/83.0.4103.97 Safari/537.36" "brucemillernurseryedgewood.com"
34.220.45.73 - - [10/Nov/2022:16:27:35 -0800] "GET / HTTP/1.1" 200 406 "-" "Mozilla/5.0 (X11; Linux x86_64) AppleWebKit/537.36 (KHTML, like Gecko) Chrome/83.0.4103.97 Safari/537.36" "brucemillernurseryedgewood.com"
35.87.214.30 - - [10/Nov/2022:16:27:43 -0800] "GET / HTTP/1.1" 200 406 "-" "Mozilla/5.0 (X11; Linux x86_64) AppleWebKit/537.36 (KHTML, like Gecko) Chrome/83.0.4103.97 Safari/537.36" "brucemillernurseryedgewood.com"
54.149.188.92 - - [10/Nov/2022:16:27:58 -0800] "GET /favicon.ico HTTP/1.1" 404 88 "-" "Mozilla/5.0 (X11; Linux x86_64) AppleWebKit/537.36 (KHTML, like Gecko) Chrome/83.0.4103.97 Safari/537.36" "brucemillernurseryedgewood.com"
35.89.96.77 - - [10/Nov/2022:16:27:59 -0800] "GET /favicon.ico HTTP/1.1" 404 88 "-" "Mozilla/5.0 (X11; Linux x86_64) AppleWebKit/537.36 (KHTML, like Gecko) Chrome/83.0.4103.97 Safari/537.36" "brucemillernurseryedgewood.com"
54.149.188.92 - - [10/Nov/2022:16:28:00 -0800] "GET / HTTP/1.1" 200 406 "-" "Mozilla/5.0 (X11; Linux x86_64) AppleWebKit/537.36 (KHTML, like Gecko) Chrome/83.0.4103.97 Safari/537.36" "brucemillernurseryedgewood.com"
35.89.96.77 - - [10/Nov/2022:16:28:04 -0800] "GET / HTTP/1.1" 200 406 "-" "Mozilla/5.0 (X11; Linux x86_64) AppleWebKit/537.36 (KHTML, like Gecko) Chrome/83.0.4103.97 Safari/537.36" "brucemillernurseryedgewood.com"
52.32.131.28 - - [10/Nov/2022:16:28:07 -0800] "GET /favicon.ico HTTP/1.1" 404 88 "-" "Mozilla/5.0 (X11; Linux x86_64) AppleWebKit/537.36 (KHTML, like Gecko) Chrome/83.0.4103.97 Safari/537.36" "brucemillernurseryedgewood.com"
52.32.131.28 - - [10/Nov/2022:16:28:09 -0800] "GET / HTTP/1.1" 200 406 "-" "Mozilla/5.0 (X11; Linux x86_64) AppleWebKit/537.36 (KHTML, like Gecko) Chrome/83.0.4103.97 Safari/537.36" "brucemillernurseryedgewood.com"
66.249.70.210 - - [10/Nov/2022:16:39:17 -0800] "GET /robots.txt HTTP/1.1" 404 88 "-" "Mozilla/5.0 (compatible; Googlebot/2.1; +http://www.google.com/bot.html)" "www.brucemillernurseryedgewood.com"
66.249.70.210 - - [10/Nov/2022:16:49:50 -0800] "GET /ads.txt HTTP/1.1" 404 88 "-" "Mozilla/5.0 (compatible; Googlebot/2.1; +http://www.google.com/bot.html)" "www.brucemillernurseryedgewood.com"
51.222.253.4 - - [10/Nov/2022:16:53:52 -0800] "GET /?C=M;O=A HTTP/1.1" 200 406 "-" "Mozilla/5.0 (compatible; AhrefsBot/7.0; +http://ahrefs.com/robot/)" "brucemillernurseryedgewood.com"
114.119.132.16 - - [10/Nov/2022:17:01:26 -0800] "GET /clipart/backgrounds/fullpage?C=D%3BO%3DA HTTP/1.1" 301 1446 "https://www.brucemillernurseryedgewood.com/clipart/backgrounds/fullpage" "Mozilla/5.0 (Linux; Android 7.0;) AppleWebKit/537.36 (KHTML, like Gecko) Mobile Safari/537.36 (compatible; PetalBot;+https://webmaster.petalsearch.com/site/petalbot)" "www.brucemillernurseryedgewood.com"
114.119.132.16 - - [10/Nov/2022:17:01:29 -0800] "GET /clipart/backgrounds/fullpage/?C=D%3BO%3DA HTTP/1.1" 200 387 "https://www.brucemillernurseryedgewood.com/clipart/backgrounds/fullpage" "Mozilla/5.0 (Linux; Android 7.0;) AppleWebKit/537.36 (KHTML, like Gecko) Mobile Safari/537.36 (compatible; PetalBot;+https://webmaster.petalsearch.com/site/petalbot)" "www.brucemillernurseryedgewood.com"
114.119.132.146 - - [10/Nov/2022:17:06:25 -0800] "GET /sitebuilder/clipart/bars?C=M%3BO%3DA HTTP/1.1" 301 1449 "https://www.brucemillernurseryedgewood.com/sitebuilder/clipart/bars?C=D%3BO%3DA" "Mozilla/5.0 (Linux; Android 7.0;) AppleWebKit/537.36 (KHTML, like Gecko) Mobile Safari/537.36 (compatible; PetalBot;+https://webmaster.petalsearch.com/site/petalbot)" "www.brucemillernurseryedgewood.com"
114.119.132.146 - - [10/Nov/2022:17:06:26 -0800] "GET /sitebuilder/clipart/bars/?C=M%3BO%3DA HTTP/1.1" 200 384 "https://www.brucemillernurseryedgewood.com/sitebuilder/clipart/bars?C=D%3BO%3DA" "Mozilla/5.0 (Linux; Android 7.0;) AppleWebKit/537.36 (KHTML, like Gecko) Mobile Safari/537.36 (compatible; PetalBot;+https://webmaster.petalsearch.com/site/petalbot)" "www.brucemillernurseryedgewood.com"
212.102.55.113 - - [10/Nov/2022:17:10:01 -0800] "GET /vendor/phpunit/phpunit/src/Util/PHP/eval-stdin.php HTTP/1.1" 404 73 "-" "Mozilla/5.0 (Windows NT 10.0; Win64; x64)" "brucemillernurseryedgewood.com"
212.102.55.113 - - [10/Nov/2022:17:10:01 -0800] "GET /yii/vendor/phpunit/phpunit/src/Util/PHP/eval-stdin.php HTTP/1.1" 404 73 "-" "Mozilla/5.0 (Windows NT 10.0; Win64; x64)" "brucemillernurseryedgewood.com"
212.102.55.113 - - [10/Nov/2022:17:10:02 -0800] "GET /laravel/vendor/phpunit/phpunit/src/Util/PHP/eval-stdin.php HTTP/1.1" 404 73 "-" "Mozilla/5.0 (Windows NT 10.0; Win64; x64)" "brucemillernurseryedgewood.com"
212.102.55.113 - - [10/Nov/2022:17:10:02 -0800] "GET /laravel52/vendor/phpunit/phpunit/src/Util/PHP/eval-stdin.php HTTP/1.1" 404 73 "-" "Mozilla/5.0 (Windows NT 10.0; Win64; x64)" "brucemillernurseryedgewood.com"
212.102.55.113 - - [10/Nov/2022:17:10:03 -0800] "GET /lib/vendor/phpunit/phpunit/src/Util/PHP/eval-stdin.php HTTP/1.1" 404 73 "-" "Mozilla/5.0 (Windows NT 10.0; Win64; x64)" "brucemillernurseryedgewood.com"
212.102.55.113 - - [10/Nov/2022:17:10:04 -0800] "GET /zend/vendor/phpunit/phpunit/src/Util/PHP/eval-stdin.php HTTP/1.1" 404 73 "-" "Mozilla/5.0 (Windows NT 10.0; Win64; x64)" "brucemillernurseryedgewood.com"
144.76.162.206 - - [10/Nov/2022:17:48:27 -0800] "GET /whats_new HTTP/1.1" 200 4437 "-" "Mozilla/5.0 (Windows NT 10.0; Win64; x64; rv:78.0) Gecko/20100101 Firefox/78.0" "brucemillernurseryedgewood.com"
114.119.150.186 - - [10/Nov/2022:17:58:01 -0800] "GET /sitebuilder/clipart/bars/regular/?C=D%3BO%3DA HTTP/1.1" 200 391 "https://www.brucemillernurseryedgewood.com/sitebuilder/clipart/bars/regular/?C=N%3BO%3DD" "Mozilla/5.0 (Linux; Android 7.0;) AppleWebKit/537.36 (KHTML, like Gecko) Mobile Safari/537.36 (compatible; PetalBot;+https://webmaster.petalsearch.com/site/petalbot)" "www.brucemillernurseryedgewood.com"
216.244.66.230 - - [10/Nov/2022:18:00:52 -0800] "GET /robots.txt HTTP/1.1" 404 73 "-" "Mozilla/5.0 (compatible; DotBot/1.2; +https://opensiteexplorer.org/dotbot; help@moz.com)" "brucemillernurseryedgewood.com"
216.244.66.230 - - [10/Nov/2022:18:33:22 -0800] "GET /navigation_bars/?C=M;O=A HTTP/1.1" 200 722 "-" "Mozilla/5.0 (compatible; DotBot/1.2; +https://opensiteexplorer.org/dotbot; help@moz.com)" "brucemillernurseryedgewood.com"
216.244.66.230 - - [10/Nov/2022:18:39:34 -0800] "GET /images/?C=D;O=D HTTP/1.1" 200 36684 "-" "Mozilla/5.0 (compatible; DotBot/1.2; +https://opensiteexplorer.org/dotbot; help@moz.com)" "brucemillernurseryedgewood.com"
40.77.167.97 - - [10/Nov/2022:18:40:24 -0800] "GET /robots.txt HTTP/1.1" 404 88 "-" "Mozilla/5.0 AppleWebKit/537.36 (KHTML, like Gecko; compatible; bingbot/2.0; +http://www.bing.com/bingbot.htm) Chrome/103.0.5060.134 Safari/537.36" "brucemillernurseryedgewood.com"
40.77.167.49 - - [10/Nov/2022:18:40:34 -0800] "GET /images/ZbThumbnail.info HTTP/1.1" 200 1262596 "-" "Mozilla/5.0 (compatible; bingbot/2.0; +http://www.bing.com/bingbot.htm)" "brucemillernurseryedgewood.com"
17.121.115.109 - - [10/Nov/2022:18:48:38 -0800] "GET / HTTP/1.1" 200 406 "-" "Mozilla/5.0 (Macintosh; Intel Mac OS X 10_15_5) AppleWebKit/605.1.15 (KHTML, like Gecko) Version/13.1.1 Safari/605.1.15 (Applebot/0.1; +http://www.apple.com/go/applebot)" "brucemillernurseryedgewood.com"
216.244.66.230 - - [10/Nov/2022:18:49:24 -0800] "GET /robots.txt HTTP/1.1" 404 73 "-" "Mozilla/5.0 (compatible; DotBot/1.2; +https://opensiteexplorer.org/dotbot; help@moz.com)" "brucemillernurseryedgewood.com"
216.244.66.230 - - [10/Nov/2022:18:49:25 -0800] "GET /robots.txt HTTP/1.1" 404 73 "-" "Mozilla/5.0 (compatible; DotBot/1.2; +https://opensiteexplorer.org/dotbot; help@moz.com)" "www.brucemillernurseryedgewood.com"
114.119.132.16 - - [10/Nov/2022:18:54:12 -0800] "GET /sitebuilder/clipart?C=D%3BO%3DA HTTP/1.1" 301 1440 "http://brucemillernurseryedgewood.com/sitebuilder/clipart?C=M%3BO%3DA" "Mozilla/5.0 (Linux; Android 7.0;) AppleWebKit/537.36 (KHTML, like Gecko) Mobile Safari/537.36 (compatible; PetalBot;+https://webmaster.petalsearch.com/site/petalbot)" "brucemillernurseryedgewood.com"
114.119.132.16 - - [10/Nov/2022:18:54:12 -0800] "GET /sitebuilder/clipart/?C=D%3BO%3DA HTTP/1.1" 200 376 "http://brucemillernurseryedgewood.com/sitebuilder/clipart?C=M%3BO%3DA" "Mozilla/5.0 (Linux; Android 7.0;) AppleWebKit/537.36 (KHTML, like Gecko) Mobile Safari/537.36 (compatible; PetalBot;+https://webmaster.petalsearch.com/site/petalbot)" "brucemillernurseryedgewood.com"
216.244.66.230 - - [10/Nov/2022:18:57:07 -0800] "GET /sitebuilder/images/IMG_0509-360x291.jpg HTTP/1.1" 200 42141 "-" "Mozilla/5.0 (compatible; DotBot/1.2; +https://opensiteexplorer.org/dotbot; help@moz.com)" "brucemillernurseryedgewood.com"
216.244.66.230 - - [10/Nov/2022:19:07:26 -0800] "GET /navigation_bars/?C=M;O=A HTTP/1.1" 200 722 "-" "Mozilla/5.0 (compatible; DotBot/1.2; +https://opensiteexplorer.org/dotbot; help@moz.com)" "www.brucemillernurseryedgewood.com"
114.119.132.122 - - [10/Nov/2022:19:23:35 -0800] "GET /clipart/backgrounds?C=M%3BO%3DA HTTP/1.1" 301 1436 "http://brucemillernurseryedgewood.com/clipart/backgrounds?C=D%3BO%3DA" "Mozilla/5.0 (Linux; Android 7.0;) AppleWebKit/537.36 (KHTML, like Gecko) Mobile Safari/537.36 (compatible; PetalBot;+https://webmaster.petalsearch.com/site/petalbot)" "brucemillernurseryedgewood.com"
114.119.132.122 - - [10/Nov/2022:19:23:35 -0800] "GET /clipart/backgrounds/?C=M%3BO%3DA HTTP/1.1" 200 389 "http://brucemillernurseryedgewood.com/clipart/backgrounds?C=D%3BO%3DA" "Mozilla/5.0 (Linux; Android 7.0;) AppleWebKit/537.36 (KHTML, like Gecko) Mobile Safari/537.36 (compatible; PetalBot;+https://webmaster.petalsearch.com/site/petalbot)" "brucemillernurseryedgewood.com"
216.244.66.230 - - [10/Nov/2022:19:39:46 -0800] "GET /robots.txt HTTP/1.1" 404 73 "-" "Mozilla/5.0 (compatible; DotBot/1.2; +https://opensiteexplorer.org/dotbot; help@moz.com)" "www.brucemillernurseryedgewood.com"
216.244.66.230 - - [10/Nov/2022:19:39:46 -0800] "GET /robots.txt HTTP/1.1" 404 73 "-" "Mozilla/5.0 (compatible; DotBot/1.2; +https://opensiteexplorer.org/dotbot; help@moz.com)" "brucemillernurseryedgewood.com"
185.36.81.21 - - [10/Nov/2022:19:42:21 -0800] "GET /wp-admin/upload_index.php?auth=test HTTP/1.1" 404 73 "-" "Mozilla/5.0 (Windows NT 6.3; Win64; x64) AppleWebKit/537.36 (KHTML, like Gecko) Chrome/75.0.3770.100 Safari/537.36" "brucemillernurseryedgewood.com"
216.244.66.230 - - [10/Nov/2022:19:49:22 -0800] "GET /sitebuilder/images/14880_1_-153x149.jpg HTTP/1.1" 200 7371 "-" "Mozilla/5.0 (compatible; DotBot/1.2; +https://opensiteexplorer.org/dotbot; help@moz.com)" "brucemillernurseryedgewood.com"
216.244.66.230 - - [10/Nov/2022:19:49:51 -0800] "GET /sitebuilder/images/2009_0531Image0015-270x187.jpg HTTP/1.1" 200 23082 "-" "Mozilla/5.0 (compatible; DotBot/1.2; +https://opensiteexplorer.org/dotbot; help@moz.com)" "brucemillernurseryedgewood.com"
216.244.66.230 - - [10/Nov/2022:19:50:19 -0800] "GET /sitebuilder/images/Edgewood-2-active-31250.png HTTP/1.1" 200 1640 "-" "Mozilla/5.0 (compatible; DotBot/1.2; +https://opensiteexplorer.org/dotbot; help@moz.com)" "brucemillernurseryedgewood.com"
216.244.66.230 - - [10/Nov/2022:19:50:46 -0800] "GET /sitebuilder/images/IMG_0199-450x380.jpg HTTP/1.1" 200 46572 "-" "Mozilla/5.0 (compatible; DotBot/1.2; +https://opensiteexplorer.org/dotbot; help@moz.com)" "brucemillernurseryedgewood.com"
61.135.159.197 - - [10/Nov/2022:19:50:51 -0800] "GET / HTTP/1.1" 200 406 "-" "Sogou web spider/4.0(+http://www.sogou.com/docs/help/webmasters.htm#07)" "www.brucemillernurseryedgewood.com"
216.244.66.230 - - [10/Nov/2022:19:52:07 -0800] "GET /sitebuilder/images/2009_0531Image0025-195x285.jpg HTTP/1.1" 200 19748 "-" "Mozilla/5.0 (compatible; DotBot/1.2; +https://opensiteexplorer.org/dotbot; help@moz.com)" "www.brucemillernurseryedgewood.com"
216.244.66.230 - - [10/Nov/2022:19:52:30 -0800] "GET /sitebuilder/images/Edgewood-3-mouseOver-31453.png HTTP/1.1" 200 1708 "-" "Mozilla/5.0 (compatible; DotBot/1.2; +https://opensiteexplorer.org/dotbot; help@moz.com)" "www.brucemillernurseryedgewood.com"
216.244.66.230 - - [10/Nov/2022:19:52:52 -0800] "GET /sitebuilder/images/IMG_0725-270x360.jpg HTTP/1.1" 200 25407 "-" "Mozilla/5.0 (compatible; DotBot/1.2; +https://opensiteexplorer.org/dotbot; help@moz.com)" "www.brucemillernurseryedgewood.com"
216.244.66.230 - - [10/Nov/2022:19:53:14 -0800] "GET /sitebuilder/images/th_BlackLabrador-190x195.jpg HTTP/1.1" 200 5797 "-" "Mozilla/5.0 (compatible; DotBot/1.2; +https://opensiteexplorer.org/dotbot; help@moz.com)" "www.brucemillernurseryedgewood.com"
114.119.132.153 - - [10/Nov/2022:20:21:02 -0800] "GET /sitebuilder/clipart/bars/regular?C=S%3BO%3DA HTTP/1.1" 301 1449 "http://brucemillernurseryedgewood.com/sitebuilder/clipart/bars/regular?C=N%3BO%3DD" "Mozilla/5.0 (Linux; Android 7.0;) AppleWebKit/537.36 (KHTML, like Gecko) Mobile Safari/537.36 (compatible; PetalBot;+https://webmaster.petalsearch.com/site/petalbot)" "brucemillernurseryedgewood.com"
114.119.132.153 - - [10/Nov/2022:20:21:03 -0800] "GET /sitebuilder/clipart/bars/regular/?C=S%3BO%3DA HTTP/1.1" 200 391 "http://brucemillernurseryedgewood.com/sitebuilder/clipart/bars/regular?C=N%3BO%3DD" "Mozilla/5.0 (Linux; Android 7.0;) AppleWebKit/537.36 (KHTML, like Gecko) Mobile Safari/537.36 (compatible; PetalBot;+https://webmaster.petalsearch.com/site/petalbot)" "brucemillernurseryedgewood.com"
216.244.66.230 - - [10/Nov/2022:20:30:46 -0800] "GET /robots.txt HTTP/1.1" 404 73 "-" "Mozilla/5.0 (compatible; DotBot/1.2; +https://opensiteexplorer.org/dotbot; help@moz.com)" "www.brucemillernurseryedgewood.com"
157.55.39.34 - - [10/Nov/2022:20:40:59 -0800] "GET /navigation_bars/ HTTP/1.1" 200 372 "-" "Mozilla/5.0 AppleWebKit/537.36 (KHTML, like Gecko; compatible; bingbot/2.0; +http://www.bing.com/bingbot.htm) Chrome/103.0.5060.134 Safari/537.36" "brucemillernurseryedgewood.com"
216.244.66.230 - - [10/Nov/2022:20:43:40 -0800] "GET /images/?C=N;O=D HTTP/1.1" 200 36684 "-" "Mozilla/5.0 (compatible; DotBot/1.2; +https://opensiteexplorer.org/dotbot; help@moz.com)" "www.brucemillernurseryedgewood.com"
114.119.132.149 - - [10/Nov/2022:20:45:59 -0800] "GET /sitebuilder/scripts/?C=D%3BO%3DA HTTP/1.1" 200 372 "http://brucemillernurseryedgewood.com/sitebuilder/scripts/?C=M%3BO%3DA" "Mozilla/5.0 (Linux; Android 7.0;) AppleWebKit/537.36 (KHTML, like Gecko) Mobile Safari/537.36 (compatible; PetalBot;+https://webmaster.petalsearch.com/site/petalbot)" "brucemillernurseryedgewood.com"
42.83.147.34 - - [10/Nov/2022:20:47:02 -0800] "GET / HTTP/1.1" 200 406 "-" "Mozilla/5.0 (Windows NT 6.1; Win64; x64) AppleWebKit/537.36 (KHTML, like Gecko)Chrome/74.0.3729.169 Safari/537.36" "brucemillernurseryedgewood.com"
114.119.132.122 - - [10/Nov/2022:21:04:18 -0800] "GET /sitebuilder/clipart/bars/regular/horizontal?C=D%3BO%3DA HTTP/1.1" 301 1462 "https://www.brucemillernurseryedgewood.com/sitebuilder/clipart/bars/regular/horizontal?C=S%3BO%3DA" "Mozilla/5.0 (Linux; Android 7.0;) AppleWebKit/537.36 (KHTML, like Gecko) Mobile Safari/537.36 (compatible; PetalBot;+https://webmaster.petalsearch.com/site/petalbot)" "www.brucemillernurseryedgewood.com"
114.119.132.122 - - [10/Nov/2022:21:04:19 -0800] "GET /sitebuilder/clipart/bars/regular/horizontal/?C=D%3BO%3DA HTTP/1.1" 200 416 "https://www.brucemillernurseryedgewood.com/sitebuilder/clipart/bars/regular/horizontal?C=S%3BO%3DA" "Mozilla/5.0 (Linux; Android 7.0;) AppleWebKit/537.36 (KHTML, like Gecko) Mobile Safari/537.36 (compatible; PetalBot;+https://webmaster.petalsearch.com/site/petalbot)" "www.brucemillernurseryedgewood.com"
114.119.132.131 - - [10/Nov/2022:21:09:34 -0800] "GET /clipart/images/?C=M%3BO%3DA HTTP/1.1" 200 476 "https://www.brucemillernurseryedgewood.com/clipart/images?C=D%3BO%3DA" "Mozilla/5.0 (Linux; Android 7.0;) AppleWebKit/537.36 (KHTML, like Gecko) Mobile Safari/537.36 (compatible; PetalBot;+https://webmaster.petalsearch.com/site/petalbot)" "www.brucemillernurseryedgewood.com"
114.119.132.16 - - [10/Nov/2022:21:14:54 -0800] "GET /clipart?C=N%3BO%3DD HTTP/1.1" 301 1438 "https://www.brucemillernurseryedgewood.com/clipart?C=M%3BO%3DA" "Mozilla/5.0 (Linux; Android 7.0;) AppleWebKit/537.36 (KHTML, like Gecko) Mobile Safari/537.36 (compatible; PetalBot;+https://webmaster.petalsearch.com/site/petalbot)" "www.brucemillernurseryedgewood.com"
114.119.132.16 - - [10/Nov/2022:21:14:55 -0800] "GET /clipart/?C=N%3BO%3DD HTTP/1.1" 200 456 "https://www.brucemillernurseryedgewood.com/clipart?C=M%3BO%3DA" "Mozilla/5.0 (Linux; Android 7.0;) AppleWebKit/537.36 (KHTML, like Gecko) Mobile Safari/537.36 (compatible; PetalBot;+https://webmaster.petalsearch.com/site/petalbot)" "www.brucemillernurseryedgewood.com"
114.119.132.122 - - [10/Nov/2022:21:23:11 -0800] "GET /clipart/backgrounds/fullpage/?C=S%3BO%3DA HTTP/1.1" 200 387 "https://www.brucemillernurseryedgewood.com/clipart/backgrounds/fullpage?C=M%3BO%3DA" "Mozilla/5.0 (Linux; Android 7.0;) AppleWebKit/537.36 (KHTML, like Gecko) Mobile Safari/537.36 (compatible; PetalBot;+https://webmaster.petalsearch.com/site/petalbot)" "www.brucemillernurseryedgewood.com"
51.222.253.10 - - [10/Nov/2022:21:42:01 -0800] "GET /clipart/buttons/ HTTP/1.1" 200 360 "-" "Mozilla/5.0 (compatible; AhrefsBot/7.0; +http://ahrefs.com/robot/)" "brucemillernurseryedgewood.com"
49.7.20.122 - - [10/Nov/2022:21:45:17 -0800] "GET / HTTP/1.1" 200 406 "-" "Sogou web spider/4.0(+http://www.sogou.com/docs/help/webmasters.htm#07)" "brucemillernurseryedgewood.com"
118.27.125.39 - - [10/Nov/2022:21:51:39 -0800] "GET /wp-commentin.php HTTP/1.1" 404 73 "-" "Mozilla/5.0 (iPhone; CPU iPhone OS 13_3_1 like Mac OS X) AppleWebKit/605.1.15 (KHTML, like Gecko) Version/13.0.5 Mobile/15E148 Safari/604.1" "brucemillernurseryedgewood.com"
216.244.66.230 - - [10/Nov/2022:22:12:36 -0800] "GET /robots.txt HTTP/1.1" 404 73 "-" "Mozilla/5.0 (compatible; DotBot/1.2; +https://opensiteexplorer.org/dotbot; help@moz.com)" "brucemillernurseryedgewood.com"
34.76.242.182 - - [10/Nov/2022:22:20:26 -0800] "GET / HTTP/1.1" 200 1005 "-" "Mozilla/5.0 (Windows NT 10.0; Win64; x64) AppleWebKit/537.36 (KHTML, like Gecko) Chrome/84.0.4147.105 Safari/537.36" "www.brucemillernurseryedgewood.com"
157.55.39.193 - - [10/Nov/2022:22:20:50 -0800] "GET /home HTTP/1.1" 200 4616 "-" "Mozilla/5.0 AppleWebKit/537.36 (KHTML, like Gecko; compatible; bingbot/2.0; +http://www.bing.com/bingbot.htm) Chrome/103.0.5060.134 Safari/537.36" "brucemillernurseryedgewood.com"
157.55.39.34 - - [10/Nov/2022:22:20:58 -0800] "GET /great_deals HTTP/1.1" 200 4168 "-" "Mozilla/5.0 AppleWebKit/537.36 (KHTML, like Gecko; compatible; bingbot/2.0; +http://www.bing.com/bingbot.htm) Chrome/103.0.5060.134 Safari/537.36" "brucemillernurseryedgewood.com"
216.244.66.230 - - [10/Nov/2022:22:21:28 -0800] "GET /clipart/?C=S;O=D HTTP/1.1" 200 1448 "-" "Mozilla/5.0 (compatible; DotBot/1.2; +https://opensiteexplorer.org/dotbot; help@moz.com)" "brucemillernurseryedgewood.com"
91.242.162.40 - - [10/Nov/2022:23:07:58 -0800] "GET /robots.txt HTTP/1.1" 404 88 "-" "Mozilla/5.0 (compatible; Qwantify/2.4w; +https://www.qwant.com/)" "brucemillernurseryedgewood.com"
91.242.162.40 - - [10/Nov/2022:23:07:58 -0800] "GET /?C=N;O=A HTTP/1.1" 200 406 "-" "Mozilla/5.0 (compatible; Qwantify/2.4w; +https://www.qwant.com/)" "brucemillernurseryedgewood.com"
157.55.39.34 - - [10/Nov/2022:23:10:43 -0800] "GET /clipart/backgrounds/ HTTP/1.1" 200 389 "-" "Mozilla/5.0 AppleWebKit/537.36 (KHTML, like Gecko; compatible; bingbot/2.0; +http://www.bing.com/bingbot.htm) Chrome/103.0.5060.134 Safari/537.36" "brucemillernurseryedgewood.com"
114.119.132.122 - - [10/Nov/2022:23:12:57 -0800] "GET /clipart/images/?C=M%3BO%3DA HTTP/1.1" 200 476 "http://brucemillernurseryedgewood.com/clipart/images?C=N%3BO%3DD" "Mozilla/5.0 (Linux; Android 7.0;) AppleWebKit/537.36 (KHTML, like Gecko) Mobile Safari/537.36 (compatible; PetalBot;+https://webmaster.petalsearch.com/site/petalbot)" "brucemillernurseryedgewood.com"
114.119.150.186 - - [10/Nov/2022:23:18:38 -0800] "GET /clipart/images/frames?C=D%3BO%3DA HTTP/1.1" 301 1441 "http://brucemillernurseryedgewood.com/clipart/images/frames?C=S%3BO%3DA" "Mozilla/5.0 (Linux; Android 7.0;) AppleWebKit/537.36 (KHTML, like Gecko) Mobile Safari/537.36 (compatible; PetalBot;+https://webmaster.petalsearch.com/site/petalbot)" "brucemillernurseryedgewood.com"
114.119.150.186 - - [10/Nov/2022:23:18:38 -0800] "GET /clipart/images/frames/?C=D%3BO%3DA HTTP/1.1" 200 395 "http://brucemillernurseryedgewood.com/clipart/images/frames?C=S%3BO%3DA" "Mozilla/5.0 (Linux; Android 7.0;) AppleWebKit/537.36 (KHTML, like Gecko) Mobile Safari/537.36 (compatible; PetalBot;+https://webmaster.petalsearch.com/site/petalbot)" "brucemillernurseryedgewood.com"
114.119.132.122 - - [10/Nov/2022:23:24:16 -0800] "GET /clipart/buttons/themes/stone/?C=M%3BO%3DA HTTP/1.1" 200 413 "http://brucemillernurseryedgewood.com/clipart/buttons/themes/stone?C=D%3BO%3DA" "Mozilla/5.0 (Linux; Android 7.0;) AppleWebKit/537.36 (KHTML, like Gecko) Mobile Safari/537.36 (compatible; PetalBot;+https://webmaster.petalsearch.com/site/petalbot)" "brucemillernurseryedgewood.com"
114.119.132.16 - - [10/Nov/2022:23:29:50 -0800] "GET /clipart/backgrounds/sidebar?C=M%3BO%3DA HTTP/1.1" 301 1446 "https://www.brucemillernurseryedgewood.com/clipart/backgrounds/sidebar" "Mozilla/5.0 (Linux; Android 7.0;) AppleWebKit/537.36 (KHTML, like Gecko) Mobile Safari/537.36 (compatible; PetalBot;+https://webmaster.petalsearch.com/site/petalbot)" "www.brucemillernurseryedgewood.com"
114.119.132.16 - - [10/Nov/2022:23:29:51 -0800] "GET /clipart/backgrounds/sidebar/?C=M%3BO%3DA HTTP/1.1" 200 384 "https://www.brucemillernurseryedgewood.com/clipart/backgrounds/sidebar" "Mozilla/5.0 (Linux; Android 7.0;) AppleWebKit/537.36 (KHTML, like Gecko) Mobile Safari/537.36 (compatible; PetalBot;+https://webmaster.petalsearch.com/site/petalbot)" "www.brucemillernurseryedgewood.com"
114.119.150.186 - - [10/Nov/2022:23:35:26 -0800] "GET /sitebuilder?C=S%3BO%3DA HTTP/1.1" 301 1437 "https://www.brucemillernurseryedgewood.com/sitebuilder" "Mozilla/5.0 (Linux; Android 7.0;) AppleWebKit/537.36 (KHTML, like Gecko) Mobile Safari/537.36 (compatible; PetalBot;+https://webmaster.petalsearch.com/site/petalbot)" "www.brucemillernurseryedgewood.com"
114.119.150.186 - - [10/Nov/2022:23:35:26 -0800] "GET /sitebuilder/?C=S%3BO%3DA HTTP/1.1" 200 443 "https://www.brucemillernurseryedgewood.com/sitebuilder" "Mozilla/5.0 (Linux; Android 7.0;) AppleWebKit/537.36 (KHTML, like Gecko) Mobile Safari/537.36 (compatible; PetalBot;+https://webmaster.petalsearch.com/site/petalbot)" "www.brucemillernurseryedgewood.com"
114.119.132.149 - - [10/Nov/2022:23:41:03 -0800] "GET /clipart/backgrounds HTTP/1.1" 301 1421 "http://brucemillernurseryedgewood.com/clipart/backgrounds/sidebar?C=D%3BO%3DA" "Mozilla/5.0 (Linux; Android 7.0;) AppleWebKit/537.36 (KHTML, like Gecko) Mobile Safari/537.36 (compatible; PetalBot;+https://webmaster.petalsearch.com/site/petalbot)" "brucemillernurseryedgewood.com"
114.119.132.149 - - [10/Nov/2022:23:41:03 -0800] "GET /clipart/backgrounds/ HTTP/1.1" 200 389 "http://brucemillernurseryedgewood.com/clipart/backgrounds/sidebar?C=D%3BO%3DA" "Mozilla/5.0 (Linux; Android 7.0;) AppleWebKit/537.36 (KHTML, like Gecko) Mobile Safari/537.36 (compatible; PetalBot;+https://webmaster.petalsearch.com/site/petalbot)" "brucemillernurseryedgewood.com"
61.135.159.210 - - [10/Nov/2022:23:42:46 -0800] "GET / HTTP/1.1" 200 406 "-" "Sogou web spider/4.0(+http://www.sogou.com/docs/help/webmasters.htm#07)" "brucemillernurseryedgewood.com"
123.125.109.101 - - [10/Nov/2022:23:45:48 -0800] "GET / HTTP/1.1" 200 406 "-" "Sogou web spider/4.0(+http://www.sogou.com/docs/help/webmasters.htm#07)" "www.brucemillernurseryedgewood.com"
114.119.132.153 - - [10/Nov/2022:23:46:39 -0800] "GET /clipart/bars/regular/horizontal/?C=S%3BO%3DA HTTP/1.1" 200 390 "http://brucemillernurseryedgewood.com/clipart/bars/regular/horizontal/?C=N%3BO%3DD" "Mozilla/5.0 (Linux; Android 7.0;) AppleWebKit/537.36 (KHTML, like Gecko) Mobile Safari/537.36 (compatible; PetalBot;+https://webmaster.petalsearch.com/site/petalbot)" "brucemillernurseryedgewood.com"
114.119.132.122 - - [10/Nov/2022:23:52:15 -0800] "GET /clipart/bars/regular/horizontal/?C=D%3BO%3DA HTTP/1.1" 200 390 "https://www.brucemillernurseryedgewood.com/clipart/bars/regular/horizontal" "Mozilla/5.0 (Linux; Android 7.0;) AppleWebKit/537.36 (KHTML, like Gecko) Mobile Safari/537.36 (compatible; PetalBot;+https://webmaster.petalsearch.com/site/petalbot)" "www.brucemillernurseryedgewood.com"
114.119.132.16 - - [10/Nov/2022:23:57:46 -0800] "GET /clipart/backgrounds/fullpage/ HTTP/1.1" 200 387 "http://brucemillernurseryedgewood.com/clipart/backgrounds/?C=D%3BO%3DA" "Mozilla/5.0 (Linux; Android 7.0;) AppleWebKit/537.36 (KHTML, like Gecko) Mobile Safari/537.36 (compatible; PetalBot;+https://webmaster.petalsearch.com/site/petalbot)" "brucemillernurseryedgewood.com"
114.119.132.131 - - [11/Nov/2022:00:03:17 -0800] "GET /robots.txt HTTP/1.1" 404 88 "-" "Mozilla/5.0 (Linux; Android 7.0;) AppleWebKit/537.36 (KHTML, like Gecko) Mobile Safari/537.36 (compatible; PetalBot;+https://webmaster.petalsearch.com/site/petalbot)" "brucemillernurseryedgewood.com"
114.119.150.186 - - [11/Nov/2022:00:08:47 -0800] "GET /sitebuilder/clipart/bars/?C=S%3BO%3DA HTTP/1.1" 200 384 "https://www.brucemillernurseryedgewood.com/sitebuilder/clipart/bars" "Mozilla/5.0 (Linux; Android 7.0;) AppleWebKit/537.36 (KHTML, like Gecko) Mobile Safari/537.36 (compatible; PetalBot;+https://webmaster.petalsearch.com/site/petalbot)" "www.brucemillernurseryedgewood.com"
114.119.132.153 - - [11/Nov/2022:00:14:20 -0800] "GET /sitebuilder/scripts?C=D%3BO%3DA HTTP/1.1" 301 1440 "http://brucemillernurseryedgewood.com/sitebuilder/scripts?C=M%3BO%3DA" "Mozilla/5.0 (Linux; Android 7.0;) AppleWebKit/537.36 (KHTML, like Gecko) Mobile Safari/537.36 (compatible; PetalBot;+https://webmaster.petalsearch.com/site/petalbot)" "brucemillernurseryedgewood.com"
114.119.132.153 - - [11/Nov/2022:00:14:22 -0800] "GET /sitebuilder/scripts/?C=D%3BO%3DA HTTP/1.1" 200 372 "http://brucemillernurseryedgewood.com/sitebuilder/scripts?C=M%3BO%3DA" "Mozilla/5.0 (Linux; Android 7.0;) AppleWebKit/537.36 (KHTML, like Gecko) Mobile Safari/537.36 (compatible; PetalBot;+https://webmaster.petalsearch.com/site/petalbot)" "brucemillernurseryedgewood.com"
114.119.132.149 - - [11/Nov/2022:00:19:50 -0800] "GET /clipart/lines/ HTTP/1.1" 200 361 "https://www.brucemillernurseryedgewood.com/clipart/lines/horizontal/?C=N%3BO%3DD" "Mozilla/5.0 (Linux; Android 7.0;) AppleWebKit/537.36 (KHTML, like Gecko) Mobile Safari/537.36 (compatible; PetalBot;+https://webmaster.petalsearch.com/site/petalbot)" "www.brucemillernurseryedgewood.com"
114.119.132.16 - - [11/Nov/2022:00:25:20 -0800] "GET /navigation_bars/?C=D%3BO%3DA HTTP/1.1" 200 372 "http://brucemillernurseryedgewood.com/navigation_bars/?C=M%3BO%3DA" "Mozilla/5.0 (Linux; Android 7.0;) AppleWebKit/537.36 (KHTML, like Gecko) Mobile Safari/537.36 (compatible; PetalBot;+https://webmaster.petalsearch.com/site/petalbot)" "brucemillernurseryedgewood.com"
114.119.132.16 - - [11/Nov/2022:00:30:49 -0800] "GET /great_deals HTTP/1.1" 200 4168 "http://brucemillernurseryedgewood.com/contact_us" "Mozilla/5.0 (Linux; Android 7.0;) AppleWebKit/537.36 (KHTML, like Gecko) Mobile Safari/537.36 (compatible; PetalBot;+https://webmaster.petalsearch.com/site/petalbot)" "brucemillernurseryedgewood.com"
51.222.253.13 - - [11/Nov/2022:00:32:17 -0800] "GET /clipart/lines/ HTTP/1.1" 200 361 "-" "Mozilla/5.0 (compatible; AhrefsBot/7.0; +http://ahrefs.com/robot/)" "brucemillernurseryedgewood.com"
114.119.132.146 - - [11/Nov/2022:00:36:15 -0800] "GET /clipart/buttons/themes/glow/?C=N%3BO%3DD HTTP/1.1" 200 420 "http://brucemillernurseryedgewood.com/clipart/buttons/themes/glow?C=S%3BO%3DA" "Mozilla/5.0 (Linux; Android 7.0;) AppleWebKit/537.36 (KHTML, like Gecko) Mobile Safari/537.36 (compatible; PetalBot;+https://webmaster.petalsearch.com/site/petalbot)" "brucemillernurseryedgewood.com"
114.119.132.131 - - [11/Nov/2022:00:41:43 -0800] "GET /clipart/lines/horizontal?C=S%3BO%3DA HTTP/1.1" 301 1448 "https://www.brucemillernurseryedgewood.com/clipart/lines/horizontal?C=M%3BO%3DA" "Mozilla/5.0 (Linux; Android 7.0;) AppleWebKit/537.36 (KHTML, like Gecko) Mobile Safari/537.36 (compatible; PetalBot;+https://webmaster.petalsearch.com/site/petalbot)" "www.brucemillernurseryedgewood.com"
114.119.132.131 - - [11/Nov/2022:00:41:43 -0800] "GET /clipart/lines/horizontal/?C=S%3BO%3DA HTTP/1.1" 200 447 "https://www.brucemillernurseryedgewood.com/clipart/lines/horizontal?C=M%3BO%3DA" "Mozilla/5.0 (Linux; Android 7.0;) AppleWebKit/537.36 (KHTML, like Gecko) Mobile Safari/537.36 (compatible; PetalBot;+https://webmaster.petalsearch.com/site/petalbot)" "www.brucemillernurseryedgewood.com"
114.119.132.16 - - [11/Nov/2022:00:47:05 -0800] "GET /images?C=S%3BO%3DA HTTP/1.1" 301 1436 "https://www.brucemillernurseryedgewood.com/images" "Mozilla/5.0 (Linux; Android 7.0;) AppleWebKit/537.36 (KHTML, like Gecko) Mobile Safari/537.36 (compatible; PetalBot;+https://webmaster.petalsearch.com/site/petalbot)" "www.brucemillernurseryedgewood.com"
114.119.132.16 - - [11/Nov/2022:00:47:06 -0800] "GET /images/?C=S%3BO%3DA HTTP/1.1" 200 3702 "https://www.brucemillernurseryedgewood.com/images" "Mozilla/5.0 (Linux; Android 7.0;) AppleWebKit/537.36 (KHTML, like Gecko) Mobile Safari/537.36 (compatible; PetalBot;+https://webmaster.petalsearch.com/site/petalbot)" "www.brucemillernurseryedgewood.com"
114.119.132.153 - - [11/Nov/2022:00:52:27 -0800] "GET /sitebuilder/clipart/bars/low-carb HTTP/1.1" 301 1441 "https://www.brucemillernurseryedgewood.com/sitebuilder/clipart/bars/low-carb/horizontal?C=M%3BO%3DA" "Mozilla/5.0 (Linux; Android 7.0;) AppleWebKit/537.36 (KHTML, like Gecko) Mobile Safari/537.36 (compatible; PetalBot;+https://webmaster.petalsearch.com/site/petalbot)" "www.brucemillernurseryedgewood.com"
114.119.132.153 - - [11/Nov/2022:00:52:28 -0800] "GET /sitebuilder/clipart/bars/low-carb/ HTTP/1.1" 200 375 "https://www.brucemillernurseryedgewood.com/sitebuilder/clipart/bars/low-carb/horizontal?C=M%3BO%3DA" "Mozilla/5.0 (Linux; Android 7.0;) AppleWebKit/537.36 (KHTML, like Gecko) Mobile Safari/537.36 (compatible; PetalBot;+https://webmaster.petalsearch.com/site/petalbot)" "www.brucemillernurseryedgewood.com"
114.119.132.146 - - [11/Nov/2022:00:57:45 -0800] "GET /clipart HTTP/1.1" 301 1417 "http://brucemillernurseryedgewood.com/clipart/images?C=D%3BO%3DA" "Mozilla/5.0 (Linux; Android 7.0;) AppleWebKit/537.36 (KHTML, like Gecko) Mobile Safari/537.36 (compatible; PetalBot;+https://webmaster.petalsearch.com/site/petalbot)" "brucemillernurseryedgewood.com"
114.119.132.146 - - [11/Nov/2022:00:57:49 -0800] "GET /clipart/ HTTP/1.1" 200 456 "http://brucemillernurseryedgewood.com/clipart/images?C=D%3BO%3DA" "Mozilla/5.0 (Linux; Android 7.0;) AppleWebKit/537.36 (KHTML, like Gecko) Mobile Safari/537.36 (compatible; PetalBot;+https://webmaster.petalsearch.com/site/petalbot)" "brucemillernurseryedgewood.com"
114.119.132.131 - - [11/Nov/2022:01:03:01 -0800] "GET /clipart/pageHeaders?C=S%3BO%3DA HTTP/1.1" 301 1445 "https://www.brucemillernurseryedgewood.com/clipart/pageHeaders?C=N%3BO%3DD" "Mozilla/5.0 (Linux; Android 7.0;) AppleWebKit/537.36 (KHTML, like Gecko) Mobile Safari/537.36 (compatible; PetalBot;+https://webmaster.petalsearch.com/site/petalbot)" "www.brucemillernurseryedgewood.com"
114.119.132.131 - - [11/Nov/2022:01:03:02 -0800] "GET /clipart/pageHeaders/?C=S%3BO%3DA HTTP/1.1" 200 479 "https://www.brucemillernurseryedgewood.com/clipart/pageHeaders?C=N%3BO%3DD" "Mozilla/5.0 (Linux; Android 7.0;) AppleWebKit/537.36 (KHTML, like Gecko) Mobile Safari/537.36 (compatible; PetalBot;+https://webmaster.petalsearch.com/site/petalbot)" "www.brucemillernurseryedgewood.com"
114.119.132.149 - - [11/Nov/2022:01:08:19 -0800] "GET /clipart/backgrounds/sidebar/?C=S%3BO%3DA HTTP/1.1" 200 384 "https://www.brucemillernurseryedgewood.com/clipart/backgrounds/sidebar" "Mozilla/5.0 (Linux; Android 7.0;) AppleWebKit/537.36 (KHTML, like Gecko) Mobile Safari/537.36 (compatible; PetalBot;+https://webmaster.petalsearch.com/site/petalbot)" "www.brucemillernurseryedgewood.com"
40.77.167.97 - - [11/Nov/2022:01:08:39 -0800] "GET /robots.txt HTTP/1.1" 404 88 "-" "Mozilla/5.0 AppleWebKit/537.36 (KHTML, like Gecko; compatible; bingbot/2.0; +http://www.bing.com/bingbot.htm) Chrome/103.0.5060.134 Safari/537.36" "www.brucemillernurseryedgewood.com"
40.77.167.49 - - [11/Nov/2022:01:08:42 -0800] "GET /sitebuilder/clipart/bars/regular/horizontal/?C=S;O=A HTTP/1.1" 200 416 "-" "Mozilla/5.0 AppleWebKit/537.36 (KHTML, like Gecko; compatible; bingbot/2.0; +http://www.bing.com/bingbot.htm) Chrome/103.0.5060.134 Safari/537.36" "www.brucemillernurseryedgewood.com"
114.119.132.16 - - [11/Nov/2022:01:13:35 -0800] "GET /navigation_bars/ HTTP/1.1" 200 372 "http://www.brucemillernurseryedgewood.com/?C=N%3BO%3DD" "Mozilla/5.0 (Linux; Android 7.0;) AppleWebKit/537.36 (KHTML, like Gecko) Mobile Safari/537.36 (compatible; PetalBot;+https://webmaster.petalsearch.com/site/petalbot)" "www.brucemillernurseryedgewood.com"
114.119.150.186 - - [11/Nov/2022:01:18:50 -0800] "GET /clipart/images/frames/ HTTP/1.1" 200 395 "http://brucemillernurseryedgewood.com/clipart/images?C=N%3BO%3DD" "Mozilla/5.0 (Linux; Android 7.0;) AppleWebKit/537.36 (KHTML, like Gecko) Mobile Safari/537.36 (compatible; PetalBot;+https://webmaster.petalsearch.com/site/petalbot)" "brucemillernurseryedgewood.com"
114.119.132.153 - - [11/Nov/2022:01:24:04 -0800] "GET /clipart/buttons/themes/stone/ HTTP/1.1" 200 413 "https://www.brucemillernurseryedgewood.com/clipart/buttons/themes?C=N%3BO%3DD" "Mozilla/5.0 (Linux; Android 7.0;) AppleWebKit/537.36 (KHTML, like Gecko) Mobile Safari/537.36 (compatible; PetalBot;+https://webmaster.petalsearch.com/site/petalbot)" "www.brucemillernurseryedgewood.com"
114.119.132.149 - - [11/Nov/2022:01:29:18 -0800] "GET /clipart/bars/regular/?C=N%3BO%3DD HTTP/1.1" 200 366 "https://www.brucemillernurseryedgewood.com/clipart/bars/regular" "Mozilla/5.0 (Linux; Android 7.0;) AppleWebKit/537.36 (KHTML, like Gecko) Mobile Safari/537.36 (compatible; PetalBot;+https://webmaster.petalsearch.com/site/petalbot)" "www.brucemillernurseryedgewood.com"
185.191.171.14 - - [11/Nov/2022:01:32:49 -0800] "GET /robots.txt HTTP/1.1" 404 88 "-" "Mozilla/5.0 (compatible; SemrushBot/7~bl; +http://www.semrush.com/bot.html)" "brucemillernurseryedgewood.com"
185.191.171.39 - - [11/Nov/2022:01:32:50 -0800] "GET /contact_us HTTP/1.1" 200 8121 "-" "Mozilla/5.0 (compatible; SemrushBot/7~bl; +http://www.semrush.com/bot.html)" "brucemillernurseryedgewood.com"
114.119.132.131 - - [11/Nov/2022:01:34:31 -0800] "GET /navigation_bars?C=N%3BO%3DD HTTP/1.1" 301 1442 "https://www.brucemillernurseryedgewood.com/navigation_bars" "Mozilla/5.0 (Linux; Android 7.0;) AppleWebKit/537.36 (KHTML, like Gecko) Mobile Safari/537.36 (compatible; PetalBot;+https://webmaster.petalsearch.com/site/petalbot)" "www.brucemillernurseryedgewood.com"
114.119.132.131 - - [11/Nov/2022:01:34:32 -0800] "GET /navigation_bars/?C=N%3BO%3DD HTTP/1.1" 200 372 "https://www.brucemillernurseryedgewood.com/navigation_bars" "Mozilla/5.0 (Linux; Android 7.0;) AppleWebKit/537.36 (KHTML, like Gecko) Mobile Safari/537.36 (compatible; PetalBot;+https://webmaster.petalsearch.com/site/petalbot)" "www.brucemillernurseryedgewood.com"
77.75.79.119 - - [11/Nov/2022:02:38:20 -0800] "GET /robots.txt HTTP/1.1" 404 88 "-" "Mozilla/5.0 (compatible; SeznamBot/4.0-RC1; +http://napoveda.seznam.cz/seznambot-intro/)" "brucemillernurseryedgewood.com"
77.75.79.31 - - [11/Nov/2022:02:38:20 -0800] "GET /images/ HTTP/1.1" 200 3702 "-" "Mozilla/5.0 (compatible; SeznamBot/4.0-RC1; +http://napoveda.seznam.cz/seznambot-intro/)" "brucemillernurseryedgewood.com"
34.194.45.108 - - [11/Nov/2022:02:57:20 -0800] "GET / HTTP/1.1" 200 406 "-" "Apache-HttpClient/4.5.9 (Java/1.8.0_342)" "brucemillernurseryedgewood.com"
61.135.159.166 - - [11/Nov/2022:03:33:03 -0800] "GET / HTTP/1.1" 200 406 "-" "Sogou web spider/4.0(+http://www.sogou.com/docs/help/webmasters.htm#07)" "www.brucemillernurseryedgewood.com"
216.244.66.230 - - [11/Nov/2022:04:02:17 -0800] "GET /robots.txt HTTP/1.1" 404 73 "-" "Mozilla/5.0 (compatible; DotBot/1.2; +https://opensiteexplorer.org/dotbot; help@moz.com)" "www.brucemillernurseryedgewood.com"
216.244.66.230 - - [11/Nov/2022:04:11:12 -0800] "GET /sitebuilder/images/3.19e-357x540.jpg HTTP/1.1" 200 68609 "-" "Mozilla/5.0 (compatible; DotBot/1.2; +https://opensiteexplorer.org/dotbot; help@moz.com)" "www.brucemillernurseryedgewood.com"
216.244.66.230 - - [11/Nov/2022:04:11:34 -0800] "GET /sitebuilder/images/Edgewood-5-inactive-09488.png HTTP/1.1" 200 2105 "-" "Mozilla/5.0 (compatible; DotBot/1.2; +https://opensiteexplorer.org/dotbot; help@moz.com)" "www.brucemillernurseryedgewood.com"
216.244.66.230 - - [11/Nov/2022:04:11:50 -0800] "GET /sitebuilder/images/Edgewood-6-active-25905.png HTTP/1.1" 200 1529 "-" "Mozilla/5.0 (compatible; DotBot/1.2; +https://opensiteexplorer.org/dotbot; help@moz.com)" "www.brucemillernurseryedgewood.com"
216.244.66.230 - - [11/Nov/2022:04:12:04 -0800] "GET /sitebuilder/images/IMG_0129-225x450.jpg HTTP/1.1" 200 27994 "-" "Mozilla/5.0 (compatible; DotBot/1.2; +https://opensiteexplorer.org/dotbot; help@moz.com)" "www.brucemillernurseryedgewood.com"
157.55.39.34 - - [11/Nov/2022:04:12:13 -0800] "GET /navigation_bars/ HTTP/1.1" 200 372 "-" "Mozilla/5.0 (compatible; bingbot/2.0; +http://www.bing.com/bingbot.htm)" "brucemillernurseryedgewood.com"
157.55.39.193 - - [11/Nov/2022:04:12:17 -0800] "GET /whats_new HTTP/1.1" 200 4437 "-" "Mozilla/5.0 (compatible; bingbot/2.0; +http://www.bing.com/bingbot.htm)" "brucemillernurseryedgewood.com"
216.244.66.230 - - [11/Nov/2022:04:12:18 -0800] "GET /sitebuilder/images/IMG_0129-270x510.jpg HTTP/1.1" 200 36407 "-" "Mozilla/5.0 (compatible; DotBot/1.2; +https://opensiteexplorer.org/dotbot; help@moz.com)" "www.brucemillernurseryedgewood.com"
216.244.66.230 - - [11/Nov/2022:04:12:32 -0800] "GET /sitebuilder/images/IMG_0583-420x332.jpg HTTP/1.1" 200 33882 "-" "Mozilla/5.0 (compatible; DotBot/1.2; +https://opensiteexplorer.org/dotbot; help@moz.com)" "www.brucemillernurseryedgewood.com"
49.7.20.122 - - [11/Nov/2022:04:29:24 -0800] "GET / HTTP/1.1" 200 406 "-" "Sogou web spider/4.0(+http://www.sogou.com/docs/help/webmasters.htm#07)" "brucemillernurseryedgewood.com"
51.222.253.2 - - [11/Nov/2022:04:50:36 -0800] "GET /robots.txt HTTP/1.1" 404 88 "-" "Mozilla/5.0 (compatible; AhrefsBot/7.0; +http://ahrefs.com/robot/)" "brucemillernurseryedgewood.com"
51.222.253.17 - - [11/Nov/2022:04:50:36 -0800] "GET /sitebuilder/ HTTP/1.1" 200 443 "-" "Mozilla/5.0 (compatible; AhrefsBot/7.0; +http://ahrefs.com/robot/)" "brucemillernurseryedgewood.com"
34.122.239.121 - - [11/Nov/2022:04:50:44 -0800] "POST /wp-plain.php HTTP/1.1" 404 73 "www.google.com" "Mozilla/5.0 (Linux; Android 7.0; SM-G892A Bulid/NRD90M; wv) AppleWebKit/537.36 (KHTML, like Gecko) Version/4.0 Chrome/60.0.3112.107 Moblie Safari/537.36" "brucemillernurseryedgewood.com"
34.122.239.121 - - [11/Nov/2022:04:50:44 -0800] "POST /ALFA_DATA/alfacgiapi/perl.alfa HTTP/1.1" 404 73 "www.google.com" "Mozlila/5.0 (Linux; Android 7.0; SM-G892A Bulid/NRD90M; wv) AppleWebKit/537.36 (KHTML, like Gecko) Version/4.0 Chrome/60.0.3112.107 Moblie Safari/537.36" "brucemillernurseryedgewood.com"
34.122.239.121 - - [11/Nov/2022:04:50:44 -0800] "POST /alfacgiapi/perl.alfa HTTP/1.1" 404 73 "www.google.com" "Mozlila/5.0 (Linux; Android 7.0; SM-G892A Bulid/NRD90M; wv) AppleWebKit/537.36 (KHTML, like Gecko) Version/4.0 Chrome/60.0.3112.107 Moblie Safari/537.36" "brucemillernurseryedgewood.com"
34.122.239.121 - - [11/Nov/2022:04:50:44 -0800] "GET /dxndqnov.php?Fox=d3wL7 HTTP/1.1" 404 73 "www.google.com" "Mozilla/5.0 (Linux; Android 7.0; SM-G892A Bulid/NRD90M; wv) AppleWebKit/537.36 (KHTML, like Gecko) Version/4.0 Chrome/60.0.3112.107 Moblie Safari/537.36" "brucemillernurseryedgewood.com"
34.122.239.121 - - [11/Nov/2022:04:50:44 -0800] "GET / HTTP/1.1" 200 1005 "-" "Mozlila/5.0 (Linux; Android 7.0; SM-G892A Bulid/NRD90M; wv) AppleWebKit/537.36 (KHTML, like Gecko) Version/4.0 Chrome/60.0.3112.107 Moblie Safari/537.36" "brucemillernurseryedgewood.com"
34.122.239.121 - - [11/Nov/2022:04:50:44 -0800] "POST /wp-plain.php HTTP/1.1" 404 73 "www.google.com" "Mozilla/5.0 (Linux; Android 7.0; SM-G892A Bulid/NRD90M; wv) AppleWebKit/537.36 (KHTML, like Gecko) Version/4.0 Chrome/60.0.3112.107 Moblie Safari/537.36" "brucemillernurseryedgewood.com"
34.122.239.121 - - [11/Nov/2022:04:50:44 -0800] "GET /ykscxqsk.php?Fox=d3wL7 HTTP/1.1" 404 73 "www.google.com" "Mozilla/5.0 (Linux; Android 7.0; SM-G892A Bulid/NRD90M; wv) AppleWebKit/537.36 (KHTML, like Gecko) Version/4.0 Chrome/60.0.3112.107 Moblie Safari/537.36" "brucemillernurseryedgewood.com"
216.244.66.230 - - [11/Nov/2022:04:53:50 -0800] "GET /robots.txt HTTP/1.1" 404 73 "-" "Mozilla/5.0 (compatible; DotBot/1.2; +https://opensiteexplorer.org/dotbot; help@moz.com)" "brucemillernurseryedgewood.com"
216.244.66.230 - - [11/Nov/2022:05:02:17 -0800] "GET /sitebuilder/images/Edgewood-5-mouseOver-09629.png HTTP/1.1" 200 2064 "-" "Mozilla/5.0 (compatible; DotBot/1.2; +https://opensiteexplorer.org/dotbot; help@moz.com)" "brucemillernurseryedgewood.com"
216.244.66.230 - - [11/Nov/2022:05:02:23 -0800] "GET /sitebuilder/images/Edgewood-6-active-25905.png HTTP/1.1" 200 1529 "-" "Mozilla/5.0 (compatible; DotBot/1.2; +https://opensiteexplorer.org/dotbot; help@moz.com)" "brucemillernurseryedgewood.com"
216.244.66.230 - - [11/Nov/2022:05:02:28 -0800] "GET /sitebuilder/images/IMG_0127-450x600.jpg HTTP/1.1" 200 89580 "-" "Mozilla/5.0 (compatible; DotBot/1.2; +https://opensiteexplorer.org/dotbot; help@moz.com)" "brucemillernurseryedgewood.com"
216.244.66.230 - - [11/Nov/2022:05:02:44 -0800] "GET /sitebuilder/images/IMG_0520-359x269.jpg HTTP/1.1" 200 28056 "-" "Mozilla/5.0 (compatible; DotBot/1.2; +https://opensiteexplorer.org/dotbot; help@moz.com)" "brucemillernurseryedgewood.com"
216.244.66.230 - - [11/Nov/2022:05:02:56 -0800] "GET /sitebuilder/images/IMG_0583-445x332.jpg HTTP/1.1" 200 35397 "-" "Mozilla/5.0 (compatible; DotBot/1.2; +https://opensiteexplorer.org/dotbot; help@moz.com)" "brucemillernurseryedgewood.com"
216.244.66.230 - - [11/Nov/2022:05:03:08 -0800] "GET /sitebuilder/images/brownStripGreenGrass-975x30.jpg HTTP/1.1" 200 6155 "-" "Mozilla/5.0 (compatible; DotBot/1.2; +https://opensiteexplorer.org/dotbot; help@moz.com)" "brucemillernurseryedgewood.com"
51.222.253.20 - - [11/Nov/2022:05:19:50 -0800] "GET /images/?C=N;O=A HTTP/1.1" 200 3702 "-" "Mozilla/5.0 (compatible; AhrefsBot/7.0; +http://ahrefs.com/robot/)" "brucemillernurseryedgewood.com"
216.244.66.230 - - [11/Nov/2022:05:42:15 -0800] "GET /robots.txt HTTP/1.1" 404 73 "-" "Mozilla/5.0 (compatible; DotBot/1.2; +https://opensiteexplorer.org/dotbot; help@moz.com)" "www.brucemillernurseryedgewood.com"
216.244.66.230 - - [11/Nov/2022:06:06:08 -0800] "GET /images/2009_0531Image0015.JPG HTTP/1.1" 200 456607 "-" "Mozilla/5.0 (compatible; DotBot/1.2; +https://opensiteexplorer.org/dotbot; help@moz.com)" "www.brucemillernurseryedgewood.com"
216.244.66.230 - - [11/Nov/2022:06:06:58 -0800] "GET /images/2009_0711Image0009.JPG HTTP/1.1" 200 456454 "-" "Mozilla/5.0 (compatible; DotBot/1.2; +https://opensiteexplorer.org/dotbot; help@moz.com)" "www.brucemillernurseryedgewood.com"
216.244.66.230 - - [11/Nov/2022:06:31:03 -0800] "GET /robots.txt HTTP/1.1" 404 73 "-" "Mozilla/5.0 (compatible; DotBot/1.2; +https://opensiteexplorer.org/dotbot; help@moz.com)" "www.brucemillernurseryedgewood.com"
54.36.148.43 - - [11/Nov/2022:06:48:27 -0800] "GET /robots.txt HTTP/1.1" 404 88 "-" "Mozilla/5.0 (compatible; AhrefsBot/7.0; +http://ahrefs.com/robot/)" "www.brucemillernurseryedgewood.com"
51.222.253.1 - - [11/Nov/2022:06:48:28 -0800] "GET / HTTP/1.1" 200 406 "-" "Mozilla/5.0 (compatible; AhrefsBot/7.0; +http://ahrefs.com/robot/)" "www.brucemillernurseryedgewood.com"
216.244.66.230 - - [11/Nov/2022:06:49:50 -0800] "GET /images/69948_1_.jpg HTTP/1.1" 200 4565 "-" "Mozilla/5.0 (compatible; DotBot/1.2; +https://opensiteexplorer.org/dotbot; help@moz.com)" "www.brucemillernurseryedgewood.com"
216.244.66.230 - - [11/Nov/2022:06:50:15 -0800] "GET /images/IMG_0546.JPG HTTP/1.1" 200 4557865 "-" "Mozilla/5.0 (compatible; DotBot/1.2; +https://opensiteexplorer.org/dotbot; help@moz.com)" "www.brucemillernurseryedgewood.com"
66.249.66.7 - - [11/Nov/2022:06:58:36 -0800] "GET /robots.txt HTTP/1.1" 404 88 "-" "Mozilla/5.0 (compatible; Googlebot/2.1; +http://www.google.com/bot.html)" "brucemillernurseryedgewood.com"
194.38.20.161 - - [11/Nov/2022:07:05:34 -0800] "GET / HTTP/1.1" 200 1005 "-" "ALittle Client" "brucemillernurseryedgewood.com"
66.249.66.21 - - [11/Nov/2022:07:08:03 -0800] "GET /robots.txt HTTP/1.1" 404 88 "-" "Mozilla/5.0 (compatible; Googlebot/2.1; +http://www.google.com/bot.html)" "brucemillernurseryedgewood.com"
66.249.66.19 - - [11/Nov/2022:07:08:11 -0800] "GET /ads.txt HTTP/1.1" 404 88 "-" "Mozilla/5.0 (compatible; Googlebot/2.1; +http://www.google.com/bot.html)" "brucemillernurseryedgewood.com"
216.244.66.230 - - [11/Nov/2022:07:21:09 -0800] "GET /robots.txt HTTP/1.1" 404 73 "-" "Mozilla/5.0 (compatible; DotBot/1.2; +https://opensiteexplorer.org/dotbot; help@moz.com)" "brucemillernurseryedgewood.com"
157.55.39.34 - - [11/Nov/2022:07:37:33 -0800] "GET /clipart/backgrounds/ HTTP/1.1" 200 389 "-" "Mozilla/5.0 (compatible; bingbot/2.0; +http://www.bing.com/bingbot.htm)" "brucemillernurseryedgewood.com"
216.244.66.230 - - [11/Nov/2022:07:43:58 -0800] "GET /clipart/backgrounds/ HTTP/1.1" 200 883 "-" "Mozilla/5.0 (compatible; DotBot/1.2; +https://opensiteexplorer.org/dotbot; help@moz.com)" "brucemillernurseryedgewood.com"
51.222.253.19 - - [11/Nov/2022:07:47:08 -0800] "GET /robots.txt HTTP/1.1" 404 88 "-" "Mozilla/5.0 (compatible; AhrefsBot/7.0; +http://ahrefs.com/robot/)" "www.brucemillernurseryedgewood.com"
51.222.253.1 - - [11/Nov/2022:07:47:08 -0800] "GET / HTTP/1.1" 200 406 "-" "Mozilla/5.0 (compatible; AhrefsBot/7.0; +http://ahrefs.com/robot/)" "www.brucemillernurseryedgewood.com"
216.244.66.230 - - [11/Nov/2022:07:48:21 -0800] "GET /images/IMG_0515.JPG HTTP/1.1" 200 3381461 "-" "Mozilla/5.0 (compatible; DotBot/1.2; +https://opensiteexplorer.org/dotbot; help@moz.com)" "brucemillernurseryedgewood.com"
216.244.66.230 - - [11/Nov/2022:07:49:11 -0800] "GET /images/tn_1_.jpg HTTP/1.1" 200 6093 "-" "Mozilla/5.0 (compatible; DotBot/1.2; +https://opensiteexplorer.org/dotbot; help@moz.com)" "brucemillernurseryedgewood.com"
216.244.66.230 - - [11/Nov/2022:07:49:41 -0800] "GET /sitebuilder/images/IMG_0257-250x315.jpg HTTP/1.1" 200 17394 "-" "Mozilla/5.0 (compatible; DotBot/1.2; +https://opensiteexplorer.org/dotbot; help@moz.com)" "brucemillernurseryedgewood.com"
216.244.66.230 - - [11/Nov/2022:07:50:09 -0800] "GET /sitebuilder/images/IMG_0532-295x375.jpg HTTP/1.1" 200 36830 "-" "Mozilla/5.0 (compatible; DotBot/1.2; +https://opensiteexplorer.org/dotbot; help@moz.com)" "brucemillernurseryedgewood.com"
216.244.66.230 - - [11/Nov/2022:07:50:36 -0800] "GET /sitebuilder/images/IMG_0949-362x264.jpg HTTP/1.1" 200 18973 "-" "Mozilla/5.0 (compatible; DotBot/1.2; +https://opensiteexplorer.org/dotbot; help@moz.com)" "brucemillernurseryedgewood.com"
69.171.251.22 - - [11/Nov/2022:08:04:42 -0800] "GET /?fbclid=IwAR0inDM7j-LJAQv5GexLFaWqhT02c16CoVJT4Mqurix0uDjWfbX4Amocb6g HTTP/1.1" 200 406 "-" "Mozilla/5.0 (X11; Linux x86_64) AppleWebKit/537.36 (KHTML, like Gecko) Chrome/107.0.0.0 Safari/537.36" "www.brucemillernurseryedgewood.com"
69.171.251.17 - - [11/Nov/2022:08:04:42 -0800] "GET /favicon.ico HTTP/1.1" 404 88 "http://www.brucemillernurseryedgewood.com/?fbclid=IwAR0inDM7j-LJAQv5GexLFaWqhT02c16CoVJT4Mqurix0uDjWfbX4Amocb6g" "Mozilla/5.0 (X11; Linux x86_64) AppleWebKit/537.36 (KHTML, like Gecko) Chrome/107.0.0.0 Safari/537.36" "www.brucemillernurseryedgewood.com"
173.252.107.11 - - [11/Nov/2022:08:05:14 -0800] "GET / HTTP/1.1" 206 406 "-" "facebookexternalhit/1.1 (+http://www.facebook.com/externalhit_uatext.php)" "www.brucemillernurseryedgewood.com"
216.244.66.230 - - [11/Nov/2022:08:13:35 -0800] "GET /robots.txt HTTP/1.1" 404 73 "-" "Mozilla/5.0 (compatible; DotBot/1.2; +https://opensiteexplorer.org/dotbot; help@moz.com)" "www.brucemillernurseryedgewood.com"
