114.119.150.186 - - [08/Nov/2022:20:36:11 -0800] "GET /clipart/lines/horizontal/?C=S%3BO%3DA HTTP/1.1" 200 447 "http://brucemillernurseryedgewood.com/clipart/lines/horizontal?C=M%3BO%3DA" "Mozilla/5.0 (Linux; Android 7.0;) AppleWebKit/537.36 (KHTML, like Gecko) Mobile Safari/537.36 (compatible; PetalBot;+https://webmaster.petalsearch.com/site/petalbot)" "brucemillernurseryedgewood.com"
216.244.66.230 - - [08/Nov/2022:20:39:16 -0800] "GET /images/IMG_1268.JPG HTTP/1.1" 200 85261 "-" "Mozilla/5.0 (compatible; DotBot/1.2; +https://opensiteexplorer.org/dotbot; help@moz.com)" "www.brucemillernurseryedgewood.com"
216.244.66.230 - - [08/Nov/2022:20:40:35 -0800] "GET /images/3.19i.JPG HTTP/1.1" 200 4215504 "-" "Mozilla/5.0 (compatible; DotBot/1.2; +https://opensiteexplorer.org/dotbot; help@moz.com)" "brucemillernurseryedgewood.com"
216.244.66.230 - - [08/Nov/2022:20:41:25 -0800] "GET /images/IMG_0491.JPG HTTP/1.1" 200 3149827 "-" "Mozilla/5.0 (compatible; DotBot/1.2; +https://opensiteexplorer.org/dotbot; help@moz.com)" "brucemillernurseryedgewood.com"
114.119.132.122 - - [08/Nov/2022:20:50:13 -0800] "GET /clipart/bars/regular/?C=M%3BO%3DA HTTP/1.1" 200 366 "https://www.brucemillernurseryedgewood.com/clipart/bars/regular?C=S%3BO%3DA" "Mozilla/5.0 (Linux; Android 7.0;) AppleWebKit/537.36 (KHTML, like Gecko) Mobile Safari/537.36 (compatible; PetalBot;+https://webmaster.petalsearch.com/site/petalbot)" "www.brucemillernurseryedgewood.com"
47.219.118.164 - - [08/Nov/2022:20:54:27 -0800] "GET /home HTTP/1.1" 200 4616 "-" "Mozilla/5.0 (Windows NT 10.0; Win64; x64) AppleWebKit/537.36 (KHTML, like Gecko) Chrome/107.0.0.0 Safari/537.36" "brucemillernurseryedgewood.com"
47.219.118.164 - - [08/Nov/2022:20:54:27 -0800] "GET /yahoo_site_admin/assets/images/118765601_1902304113245994_1757334005447454970_n.259131218_std.jpg HTTP/1.1" 200 84670 "http://brucemillernurseryedgewood.com/home" "Mozilla/5.0 (Windows NT 10.0; Win64; x64) AppleWebKit/537.36 (KHTML, like Gecko) Chrome/107.0.0.0 Safari/537.36" "brucemillernurseryedgewood.com"
47.219.118.164 - - [08/Nov/2022:20:54:28 -0800] "GET /favicon.ico HTTP/1.1" 404 88 "http://brucemillernurseryedgewood.com/home" "Mozilla/5.0 (Windows NT 10.0; Win64; x64) AppleWebKit/537.36 (KHTML, like Gecko) Chrome/107.0.0.0 Safari/537.36" "brucemillernurseryedgewood.com"
114.119.132.122 - - [08/Nov/2022:20:57:13 -0800] "GET /sitebuilder/clipart/bars/low-carb?C=M%3BO%3DA HTTP/1.1" 301 1450 "http://brucemillernurseryedgewood.com/sitebuilder/clipart/bars/low-carb?C=N%3BO%3DD" "Mozilla/5.0 (Linux; Android 7.0;) AppleWebKit/537.36 (KHTML, like Gecko) Mobile Safari/537.36 (compatible; PetalBot;+https://webmaster.petalsearch.com/site/petalbot)" "brucemillernurseryedgewood.com"
114.119.132.122 - - [08/Nov/2022:20:57:18 -0800] "GET /sitebuilder/clipart/bars/low-carb/?C=M%3BO%3DA HTTP/1.1" 200 375 "http://brucemillernurseryedgewood.com/sitebuilder/clipart/bars/low-carb?C=N%3BO%3DD" "Mozilla/5.0 (Linux; Android 7.0;) AppleWebKit/537.36 (KHTML, like Gecko) Mobile Safari/537.36 (compatible; PetalBot;+https://webmaster.petalsearch.com/site/petalbot)" "brucemillernurseryedgewood.com"
114.119.132.153 - - [08/Nov/2022:21:04:13 -0800] "GET /clipart/lines/horizontal/ HTTP/1.1" 200 447 "http://brucemillernurseryedgewood.com/clipart/lines?C=S%3BO%3DA" "Mozilla/5.0 (Linux; Android 7.0;) AppleWebKit/537.36 (KHTML, like Gecko) Mobile Safari/537.36 (compatible; PetalBot;+https://webmaster.petalsearch.com/site/petalbot)" "brucemillernurseryedgewood.com"
216.244.66.230 - - [08/Nov/2022:21:04:27 -0800] "GET /robots.txt HTTP/1.1" 404 73 "-" "Mozilla/5.0 (compatible; DotBot/1.2; +https://opensiteexplorer.org/dotbot; help@moz.com)" "www.brucemillernurseryedgewood.com"
216.244.66.230 - - [08/Nov/2022:21:04:27 -0800] "GET /robots.txt HTTP/1.1" 404 73 "-" "Mozilla/5.0 (compatible; DotBot/1.2; +https://opensiteexplorer.org/dotbot; help@moz.com)" "brucemillernurseryedgewood.com"
54.213.26.189 - - [08/Nov/2022:21:09:43 -0800] "GET /home HTTP/1.1" 200 16235 "-" "Mozilla/5.0 (Windows NT 10.0; Win64; x64) AppleWebKit/537.36 (KHTML, like Gecko) Chrome/105.0.0.0 Safari/537.36" "brucemillernurseryedgewood.com"
114.119.150.186 - - [08/Nov/2022:21:11:04 -0800] "GET /images/ HTTP/1.1" 200 3702 "http://brucemillernurseryedgewood.com?C=M%3BO%3DA" "Mozilla/5.0 (Linux; Android 7.0;) AppleWebKit/537.36 (KHTML, like Gecko) Mobile Safari/537.36 (compatible; PetalBot;+https://webmaster.petalsearch.com/site/petalbot)" "brucemillernurseryedgewood.com"
2.185.17.242 - - [08/Nov/2022:21:14:22 -0800] "GET / HTTP/1.1" 200 406 "-" "Mozilla/5.0 (Windows NT 10.0; Win64; x64) AppleWebKit/537.36 (KHTML, like Gecko) Chrome/85.0.4183.121 Safari/537.36" "brucemillernurseryedgewood.com"
114.119.132.16 - - [08/Nov/2022:21:17:41 -0800] "GET /sitebuilder/clipart?C=S%3BO%3DA HTTP/1.1" 301 1445 "https://www.brucemillernurseryedgewood.com/sitebuilder/clipart?C=D%3BO%3DA" "Mozilla/5.0 (Linux; Android 7.0;) AppleWebKit/537.36 (KHTML, like Gecko) Mobile Safari/537.36 (compatible; PetalBot;+https://webmaster.petalsearch.com/site/petalbot)" "www.brucemillernurseryedgewood.com"
114.119.132.16 - - [08/Nov/2022:21:17:42 -0800] "GET /sitebuilder/clipart/?C=S%3BO%3DA HTTP/1.1" 200 376 "https://www.brucemillernurseryedgewood.com/sitebuilder/clipart?C=D%3BO%3DA" "Mozilla/5.0 (Linux; Android 7.0;) AppleWebKit/537.36 (KHTML, like Gecko) Mobile Safari/537.36 (compatible; PetalBot;+https://webmaster.petalsearch.com/site/petalbot)" "www.brucemillernurseryedgewood.com"
216.244.66.230 - - [08/Nov/2022:21:21:13 -0800] "GET /images/14155_1_.jpg HTTP/1.1" 200 3008 "-" "Mozilla/5.0 (compatible; DotBot/1.2; +https://opensiteexplorer.org/dotbot; help@moz.com)" "www.brucemillernurseryedgewood.com"
216.244.66.230 - - [08/Nov/2022:21:21:42 -0800] "GET /images/IMG_0127.JPG HTTP/1.1" 200 4688200 "-" "Mozilla/5.0 (compatible; DotBot/1.2; +https://opensiteexplorer.org/dotbot; help@moz.com)" "www.brucemillernurseryedgewood.com"
216.244.66.230 - - [08/Nov/2022:21:22:32 -0800] "GET /images/IMG_0133.JPG HTTP/1.1" 200 2898634 "-" "Mozilla/5.0 (compatible; DotBot/1.2; +https://opensiteexplorer.org/dotbot; help@moz.com)" "www.brucemillernurseryedgewood.com"
216.244.66.230 - - [08/Nov/2022:21:23:55 -0800] "GET /images/2009_0516Image0002.JPG HTTP/1.1" 200 441733 "-" "Mozilla/5.0 (compatible; DotBot/1.2; +https://opensiteexplorer.org/dotbot; help@moz.com)" "brucemillernurseryedgewood.com"
114.119.132.122 - - [08/Nov/2022:21:24:30 -0800] "GET /sitebuilder/clipart/backgrounds?C=D%3BO%3DA HTTP/1.1" 301 1449 "https://www.brucemillernurseryedgewood.com/sitebuilder/clipart/backgrounds" "Mozilla/5.0 (Linux; Android 7.0;) AppleWebKit/537.36 (KHTML, like Gecko) Mobile Safari/537.36 (compatible; PetalBot;+https://webmaster.petalsearch.com/site/petalbot)" "www.brucemillernurseryedgewood.com"
114.119.132.122 - - [08/Nov/2022:21:24:31 -0800] "GET /sitebuilder/clipart/backgrounds/?C=D%3BO%3DA HTTP/1.1" 200 371 "https://www.brucemillernurseryedgewood.com/sitebuilder/clipart/backgrounds" "Mozilla/5.0 (Linux; Android 7.0;) AppleWebKit/537.36 (KHTML, like Gecko) Mobile Safari/537.36 (compatible; PetalBot;+https://webmaster.petalsearch.com/site/petalbot)" "www.brucemillernurseryedgewood.com"
216.244.66.230 - - [08/Nov/2022:21:24:45 -0800] "GET /images/2009_0706Image0003.JPG HTTP/1.1" 200 436952 "-" "Mozilla/5.0 (compatible; DotBot/1.2; +https://opensiteexplorer.org/dotbot; help@moz.com)" "brucemillernurseryedgewood.com"
216.244.66.230 - - [08/Nov/2022:21:25:35 -0800] "GET /images/IMG_0920.JPG HTTP/1.1" 200 3071311 "-" "Mozilla/5.0 (compatible; DotBot/1.2; +https://opensiteexplorer.org/dotbot; help@moz.com)" "brucemillernurseryedgewood.com"
157.55.39.126 - - [08/Nov/2022:21:26:21 -0800] "GET /images/3.19a.JPG HTTP/1.1" 200 4517258 "-" "Mozilla/5.0 AppleWebKit/537.36 (KHTML, like Gecko; compatible; bingbot/2.0; +http://www.bing.com/bingbot.htm) Chrome/103.0.5060.134 Safari/537.36" "brucemillernurseryedgewood.com"
216.244.66.230 - - [08/Nov/2022:21:26:25 -0800] "GET /sitebuilder/images/ HTTP/1.1" 200 72857 "-" "Mozilla/5.0 (compatible; DotBot/1.2; +https://opensiteexplorer.org/dotbot; help@moz.com)" "brucemillernurseryedgewood.com"
114.119.132.131 - - [08/Nov/2022:21:31:12 -0800] "GET /clipart/images?C=M%3BO%3DA HTTP/1.1" 301 1437 "http://brucemillernurseryedgewood.com/clipart/images" "Mozilla/5.0 (Linux; Android 7.0;) AppleWebKit/537.36 (KHTML, like Gecko) Mobile Safari/537.36 (compatible; PetalBot;+https://webmaster.petalsearch.com/site/petalbot)" "brucemillernurseryedgewood.com"
114.119.132.131 - - [08/Nov/2022:21:31:16 -0800] "GET /clipart/images/?C=M%3BO%3DA HTTP/1.1" 200 476 "http://brucemillernurseryedgewood.com/clipart/images" "Mozilla/5.0 (Linux; Android 7.0;) AppleWebKit/537.36 (KHTML, like Gecko) Mobile Safari/537.36 (compatible; PetalBot;+https://webmaster.petalsearch.com/site/petalbot)" "brucemillernurseryedgewood.com"
114.119.150.186 - - [08/Nov/2022:21:37:42 -0800] "GET /clipart/buttons/themes/glow/?C=D%3BO%3DA HTTP/1.1" 200 420 "http://brucemillernurseryedgewood.com/clipart/buttons/themes/glow/?C=M%3BO%3DA" "Mozilla/5.0 (Linux; Android 7.0;) AppleWebKit/537.36 (KHTML, like Gecko) Mobile Safari/537.36 (compatible; PetalBot;+https://webmaster.petalsearch.com/site/petalbot)" "brucemillernurseryedgewood.com"
114.119.132.131 - - [08/Nov/2022:21:44:13 -0800] "GET /clipart/pageHeaders/?C=M%3BO%3DA HTTP/1.1" 200 479 "http://www.brucemillernurseryedgewood.com/clipart/pageHeaders/" "Mozilla/5.0 (Linux; Android 7.0;) AppleWebKit/537.36 (KHTML, like Gecko) Mobile Safari/537.36 (compatible; PetalBot;+https://webmaster.petalsearch.com/site/petalbot)" "www.brucemillernurseryedgewood.com"
157.55.39.15 - - [08/Nov/2022:21:48:47 -0800] "GET /images/IMG_0127.JPG HTTP/1.1" 200 4688200 "-" "Mozilla/5.0 AppleWebKit/537.36 (KHTML, like Gecko; compatible; bingbot/2.0; +http://www.bing.com/bingbot.htm) Chrome/103.0.5060.134 Safari/537.36" "brucemillernurseryedgewood.com"
114.119.132.122 - - [08/Nov/2022:21:50:42 -0800] "GET /clipart/buttons/themes/glow/ HTTP/1.1" 200 420 "https://www.brucemillernurseryedgewood.com/clipart/buttons/themes/?C=N%3BO%3DD" "Mozilla/5.0 (Linux; Android 7.0;) AppleWebKit/537.36 (KHTML, like Gecko) Mobile Safari/537.36 (compatible; PetalBot;+https://webmaster.petalsearch.com/site/petalbot)" "www.brucemillernurseryedgewood.com"
216.244.66.230 - - [08/Nov/2022:21:53:02 -0800] "GET /robots.txt HTTP/1.1" 404 73 "-" "Mozilla/5.0 (compatible; DotBot/1.2; +https://opensiteexplorer.org/dotbot; help@moz.com)" "www.brucemillernurseryedgewood.com"
216.244.66.230 - - [08/Nov/2022:21:53:02 -0800] "GET /robots.txt HTTP/1.1" 404 73 "-" "Mozilla/5.0 (compatible; DotBot/1.2; +https://opensiteexplorer.org/dotbot; help@moz.com)" "brucemillernurseryedgewood.com"
114.119.132.122 - - [08/Nov/2022:21:57:16 -0800] "GET /clipart/images?C=D%3BO%3DA HTTP/1.1" 301 1442 "https://www.brucemillernurseryedgewood.com/clipart/images?C=S%3BO%3DA" "Mozilla/5.0 (Linux; Android 7.0;) AppleWebKit/537.36 (KHTML, like Gecko) Mobile Safari/537.36 (compatible; PetalBot;+https://webmaster.petalsearch.com/site/petalbot)" "www.brucemillernurseryedgewood.com"
114.119.132.122 - - [08/Nov/2022:21:57:19 -0800] "GET /clipart/images/?C=D%3BO%3DA HTTP/1.1" 200 476 "https://www.brucemillernurseryedgewood.com/clipart/images?C=S%3BO%3DA" "Mozilla/5.0 (Linux; Android 7.0;) AppleWebKit/537.36 (KHTML, like Gecko) Mobile Safari/537.36 (compatible; PetalBot;+https://webmaster.petalsearch.com/site/petalbot)" "www.brucemillernurseryedgewood.com"
3.252.41.180 - - [08/Nov/2022:21:59:11 -0800] "GET /robots.txt HTTP/1.1" 404 88 "-" "webprosbot/2.0 (+mailto:abuse-6337@webpros.com)" "brucemillernurseryedgewood.com"
114.119.132.122 - - [08/Nov/2022:22:03:35 -0800] "GET /sitebuilder/ HTTP/1.1" 200 443 "http://brucemillernurseryedgewood.com/sitebuilder/scripts/?C=S%3BO%3DA" "Mozilla/5.0 (Linux; Android 7.0;) AppleWebKit/537.36 (KHTML, like Gecko) Mobile Safari/537.36 (compatible; PetalBot;+https://webmaster.petalsearch.com/site/petalbot)" "brucemillernurseryedgewood.com"
157.55.39.3 - - [08/Nov/2022:22:08:18 -0800] "GET /yahoo_site_admin/assets/images/118684767_1170927879952629_7452769320027261925_n.258135452_std.jpg HTTP/1.1" 200 62750 "-" "Mozilla/5.0 AppleWebKit/537.36 (KHTML, like Gecko; compatible; bingbot/2.0; +http://www.bing.com/bingbot.htm) Chrome/103.0.5060.134 Safari/537.36" "brucemillernurseryedgewood.com"
114.119.132.16 - - [08/Nov/2022:22:09:29 -0800] "GET /contact_us/admin HTTP/1.1" 302 21 "http://brucemillernurseryedgewood.com/contact_us" "Mozilla/5.0 (Linux; Android 7.0;) AppleWebKit/537.36 (KHTML, like Gecko) Mobile Safari/537.36 (compatible; PetalBot;+https://webmaster.petalsearch.com/site/petalbot)" "brucemillernurseryedgewood.com"
216.244.66.230 - - [08/Nov/2022:22:13:22 -0800] "GET /images/13107_1_.jpg HTTP/1.1" 200 5657 "-" "Mozilla/5.0 (compatible; DotBot/1.2; +https://opensiteexplorer.org/dotbot; help@moz.com)" "www.brucemillernurseryedgewood.com"
216.244.66.230 - - [08/Nov/2022:22:13:46 -0800] "GET /images/IMG_0552.JPG HTTP/1.1" 200 3001210 "-" "Mozilla/5.0 (compatible; DotBot/1.2; +https://opensiteexplorer.org/dotbot; help@moz.com)" "www.brucemillernurseryedgewood.com"
216.244.66.230 - - [08/Nov/2022:22:14:36 -0800] "GET /images/IMG_0871.JPG HTTP/1.1" 200 3448475 "-" "Mozilla/5.0 (compatible; DotBot/1.2; +https://opensiteexplorer.org/dotbot; help@moz.com)" "brucemillernurseryedgewood.com"
216.244.66.230 - - [08/Nov/2022:22:15:26 -0800] "GET /images/IMG_0943.JPG HTTP/1.1" 200 2315149 "-" "Mozilla/5.0 (compatible; DotBot/1.2; +https://opensiteexplorer.org/dotbot; help@moz.com)" "brucemillernurseryedgewood.com"
114.119.150.186 - - [08/Nov/2022:22:15:41 -0800] "GET /clipart/backgrounds?C=D%3BO%3DA HTTP/1.1" 301 1441 "https://www.brucemillernurseryedgewood.com/clipart/backgrounds?C=N%3BO%3DD" "Mozilla/5.0 (Linux; Android 7.0;) AppleWebKit/537.36 (KHTML, like Gecko) Mobile Safari/537.36 (compatible; PetalBot;+https://webmaster.petalsearch.com/site/petalbot)" "www.brucemillernurseryedgewood.com"
114.119.150.186 - - [08/Nov/2022:22:15:52 -0800] "GET /clipart/backgrounds/?C=D%3BO%3DA HTTP/1.1" 200 389 "https://www.brucemillernurseryedgewood.com/clipart/backgrounds?C=N%3BO%3DD" "Mozilla/5.0 (Linux; Android 7.0;) AppleWebKit/537.36 (KHTML, like Gecko) Mobile Safari/537.36 (compatible; PetalBot;+https://webmaster.petalsearch.com/site/petalbot)" "www.brucemillernurseryedgewood.com"
114.119.132.146 - - [08/Nov/2022:22:21:20 -0800] "GET /clipart/backgrounds/fullpage?C=S%3BO%3DA HTTP/1.1" 301 1446 "https://www.brucemillernurseryedgewood.com/clipart/backgrounds/fullpage?C=D%3BO%3DA" "Mozilla/5.0 (Linux; Android 7.0;) AppleWebKit/537.36 (KHTML, like Gecko) Mobile Safari/537.36 (compatible; PetalBot;+https://webmaster.petalsearch.com/site/petalbot)" "www.brucemillernurseryedgewood.com"
114.119.132.146 - - [08/Nov/2022:22:21:25 -0800] "GET /clipart/backgrounds/fullpage/?C=S%3BO%3DA HTTP/1.1" 200 387 "https://www.brucemillernurseryedgewood.com/clipart/backgrounds/fullpage?C=D%3BO%3DA" "Mozilla/5.0 (Linux; Android 7.0;) AppleWebKit/537.36 (KHTML, like Gecko) Mobile Safari/537.36 (compatible; PetalBot;+https://webmaster.petalsearch.com/site/petalbot)" "www.brucemillernurseryedgewood.com"
17.121.115.110 - - [08/Nov/2022:22:24:52 -0800] "GET /robots.txt HTTP/1.1" 404 88 "-" "Mozilla/5.0 (Macintosh; Intel Mac OS X 10_15_5) AppleWebKit/605.1.15 (KHTML, like Gecko) Version/13.1.1 Safari/605.1.15 (Applebot/0.1; +http://www.apple.com/go/applebot)" "brucemillernurseryedgewood.com"
17.121.115.110 - - [08/Nov/2022:22:24:52 -0800] "GET /contact_us HTTP/1.1" 200 8120 "-" "Mozilla/5.0 (Macintosh; Intel Mac OS X 10_15_5) AppleWebKit/605.1.15 (KHTML, like Gecko) Version/13.1.1 Safari/605.1.15 (Applebot/0.1; +http://www.apple.com/go/applebot)" "brucemillernurseryedgewood.com"
17.121.112.14 - - [08/Nov/2022:22:25:17 -0800] "GET / HTTP/1.1" 200 406 "-" "Mozilla/5.0 (Macintosh; Intel Mac OS X 10_15_5) AppleWebKit/605.1.15 (KHTML, like Gecko) Version/13.1.1 Safari/605.1.15 (Applebot/0.1; +http://www.apple.com/go/applebot)" "brucemillernurseryedgewood.com"
114.119.132.16 - - [08/Nov/2022:22:27:24 -0800] "GET /clipart/buttons/themes/stone/ HTTP/1.1" 200 413 "http://brucemillernurseryedgewood.com/clipart/buttons/themes?C=M%3BO%3DA" "Mozilla/5.0 (Linux; Android 7.0;) AppleWebKit/537.36 (KHTML, like Gecko) Mobile Safari/537.36 (compatible; PetalBot;+https://webmaster.petalsearch.com/site/petalbot)" "brucemillernurseryedgewood.com"
114.119.132.131 - - [08/Nov/2022:22:33:35 -0800] "GET /navigation_bars?C=D%3BO%3DA HTTP/1.1" 301 1438 "http://brucemillernurseryedgewood.com/navigation_bars" "Mozilla/5.0 (Linux; Android 7.0;) AppleWebKit/537.36 (KHTML, like Gecko) Mobile Safari/537.36 (compatible; PetalBot;+https://webmaster.petalsearch.com/site/petalbot)" "brucemillernurseryedgewood.com"
114.119.132.131 - - [08/Nov/2022:22:33:36 -0800] "GET /navigation_bars/?C=D%3BO%3DA HTTP/1.1" 200 372 "http://brucemillernurseryedgewood.com/navigation_bars" "Mozilla/5.0 (Linux; Android 7.0;) AppleWebKit/537.36 (KHTML, like Gecko) Mobile Safari/537.36 (compatible; PetalBot;+https://webmaster.petalsearch.com/site/petalbot)" "brucemillernurseryedgewood.com"
114.119.132.16 - - [08/Nov/2022:22:40:03 -0800] "GET /sitebuilder/?C=N%3BO%3DD HTTP/1.1" 200 443 "https://www.brucemillernurseryedgewood.com/sitebuilder/?C=M%3BO%3DA" "Mozilla/5.0 (Linux; Android 7.0;) AppleWebKit/537.36 (KHTML, like Gecko) Mobile Safari/537.36 (compatible; PetalBot;+https://webmaster.petalsearch.com/site/petalbot)" "www.brucemillernurseryedgewood.com"
157.55.39.126 - - [08/Nov/2022:22:41:08 -0800] "GET /sitebuilder/images/Edgewood-2-active-85234.png HTTP/1.1" 200 1887 "-" "Mozilla/5.0 AppleWebKit/537.36 (KHTML, like Gecko; compatible; bingbot/2.0; +http://www.bing.com/bingbot.htm) Chrome/103.0.5060.134 Safari/537.36" "brucemillernurseryedgewood.com"
216.244.66.230 - - [08/Nov/2022:22:42:33 -0800] "GET /robots.txt HTTP/1.1" 404 73 "-" "Mozilla/5.0 (compatible; DotBot/1.2; +https://opensiteexplorer.org/dotbot; help@moz.com)" "brucemillernurseryedgewood.com"
207.46.13.39 - - [08/Nov/2022:22:43:30 -0800] "GET /sitebuilder/images/Buckeyes_from_Stan-200x147.jpg HTTP/1.1" 200 7854 "-" "Mozilla/5.0 (compatible; bingbot/2.0; +http://www.bing.com/bingbot.htm)" "brucemillernurseryedgewood.com"
114.119.132.149 - - [08/Nov/2022:22:46:27 -0800] "GET /sitebuilder/clipart/bars/low-carb?C=S%3BO%3DA HTTP/1.1" 301 1455 "https://www.brucemillernurseryedgewood.com/sitebuilder/clipart/bars/low-carb?C=N%3BO%3DD" "Mozilla/5.0 (Linux; Android 7.0;) AppleWebKit/537.36 (KHTML, like Gecko) Mobile Safari/537.36 (compatible; PetalBot;+https://webmaster.petalsearch.com/site/petalbot)" "www.brucemillernurseryedgewood.com"
114.119.132.149 - - [08/Nov/2022:22:46:27 -0800] "GET /sitebuilder/clipart/bars/low-carb/?C=S%3BO%3DA HTTP/1.1" 200 375 "https://www.brucemillernurseryedgewood.com/sitebuilder/clipart/bars/low-carb?C=N%3BO%3DD" "Mozilla/5.0 (Linux; Android 7.0;) AppleWebKit/537.36 (KHTML, like Gecko) Mobile Safari/537.36 (compatible; PetalBot;+https://webmaster.petalsearch.com/site/petalbot)" "www.brucemillernurseryedgewood.com"
51.222.253.11 - - [08/Nov/2022:22:49:45 -0800] "GET /robots.txt HTTP/1.1" 404 88 "-" "Mozilla/5.0 (compatible; AhrefsBot/7.0; +http://ahrefs.com/robot/)" "brucemillernurseryedgewood.com"
51.222.253.7 - - [08/Nov/2022:22:49:46 -0800] "GET /images/ HTTP/1.1" 200 3702 "-" "Mozilla/5.0 (compatible; AhrefsBot/7.0; +http://ahrefs.com/robot/)" "brucemillernurseryedgewood.com"
157.55.39.193 - - [08/Nov/2022:22:50:36 -0800] "GET /sitebuilder/images/Edgewood-1-active-84875.png HTTP/1.1" 200 1503 "-" "Mozilla/5.0 AppleWebKit/537.36 (KHTML, like Gecko; compatible; bingbot/2.0; +http://www.bing.com/bingbot.htm) Chrome/103.0.5060.134 Safari/537.36" "brucemillernurseryedgewood.com"
66.249.70.101 - - [08/Nov/2022:22:51:30 -0800] "GET /robots.txt HTTP/1.1" 404 88 "-" "Mozilla/5.0 (compatible; Googlebot/2.1; +http://www.google.com/bot.html)" "brucemillernurseryedgewood.com"
66.249.70.97 - - [08/Nov/2022:22:52:02 -0800] "GET /ads.txt HTTP/1.1" 404 88 "-" "Mozilla/5.0 (compatible; Googlebot/2.1; +http://www.google.com/bot.html)" "brucemillernurseryedgewood.com"
114.119.132.122 - - [08/Nov/2022:22:52:55 -0800] "GET /clipart/images/frames?C=N%3BO%3DD HTTP/1.1" 301 1446 "https://www.brucemillernurseryedgewood.com/clipart/images/frames?C=M%3BO%3DA" "Mozilla/5.0 (Linux; Android 7.0;) AppleWebKit/537.36 (KHTML, like Gecko) Mobile Safari/537.36 (compatible; PetalBot;+https://webmaster.petalsearch.com/site/petalbot)" "www.brucemillernurseryedgewood.com"
114.119.132.122 - - [08/Nov/2022:22:52:56 -0800] "GET /clipart/images/frames/?C=N%3BO%3DD HTTP/1.1" 200 395 "https://www.brucemillernurseryedgewood.com/clipart/images/frames?C=M%3BO%3DA" "Mozilla/5.0 (Linux; Android 7.0;) AppleWebKit/537.36 (KHTML, like Gecko) Mobile Safari/537.36 (compatible; PetalBot;+https://webmaster.petalsearch.com/site/petalbot)" "www.brucemillernurseryedgewood.com"
114.119.132.149 - - [08/Nov/2022:22:59:21 -0800] "GET /clipart/images/sidebars/?C=N%3BO%3DD HTTP/1.1" 200 405 "https://www.brucemillernurseryedgewood.com/clipart/images/sidebars/?C=S%3BO%3DA" "Mozilla/5.0 (Linux; Android 7.0;) AppleWebKit/537.36 (KHTML, like Gecko) Mobile Safari/537.36 (compatible; PetalBot;+https://webmaster.petalsearch.com/site/petalbot)" "www.brucemillernurseryedgewood.com"
216.244.66.230 - - [08/Nov/2022:23:00:24 -0800] "GET /images/2009_0531Image0023.JPG HTTP/1.1" 200 450998 "-" "Mozilla/5.0 (compatible; DotBot/1.2; +https://opensiteexplorer.org/dotbot; help@moz.com)" "brucemillernurseryedgewood.com"
216.244.66.230 - - [08/Nov/2022:23:01:14 -0800] "GET /images/IMG_0936.JPG HTTP/1.1" 200 4383140 "-" "Mozilla/5.0 (compatible; DotBot/1.2; +https://opensiteexplorer.org/dotbot; help@moz.com)" "brucemillernurseryedgewood.com"
4.196.226.34 - - [08/Nov/2022:23:04:15 -0800] "GET / HTTP/1.1" 200 1005 "-" "Mozilla/5.0 (Windows NT 10.0; Win64; x64) AppleWebKit/537.36 (KHTML, like Gecko) Chrome/88.0.4240.193 Safari/537.36" "brucemillernurseryedgewood.com"
4.196.226.34 - - [08/Nov/2022:23:04:16 -0800] "GET / HTTP/1.1" 200 1005 "-" "Mozilla/5.0 (Windows NT 10.0; Win64; x64) AppleWebKit/537.36 (KHTML, like Gecko) Chrome/88.0.4240.193 Safari/537.36" "brucemillernurseryedgewood.com"
4.196.226.34 - - [08/Nov/2022:23:04:17 -0800] "GET /wp-includes/wlwmanifest.xml HTTP/1.1" 404 73 "-" "Mozilla/5.0 (Windows NT 10.0; Win64; x64) AppleWebKit/537.36 (KHTML, like Gecko) Chrome/88.0.4240.193 Safari/537.36" "brucemillernurseryedgewood.com"
4.196.226.34 - - [08/Nov/2022:23:04:17 -0800] "GET /xmlrpc.php?rsd HTTP/1.1" 404 73 "-" "Mozilla/5.0 (Windows NT 10.0; Win64; x64) AppleWebKit/537.36 (KHTML, like Gecko) Chrome/88.0.4240.193 Safari/537.36" "brucemillernurseryedgewood.com"
4.196.226.34 - - [08/Nov/2022:23:04:18 -0800] "GET / HTTP/1.1" 200 1005 "-" "Mozilla/5.0 (Windows NT 10.0; Win64; x64) AppleWebKit/537.36 (KHTML, like Gecko) Chrome/88.0.4240.193 Safari/537.36" "brucemillernurseryedgewood.com"
4.196.226.34 - - [08/Nov/2022:23:04:18 -0800] "GET /blog/wp-includes/wlwmanifest.xml HTTP/1.1" 404 73 "-" "Mozilla/5.0 (Windows NT 10.0; Win64; x64) AppleWebKit/537.36 (KHTML, like Gecko) Chrome/88.0.4240.193 Safari/537.36" "brucemillernurseryedgewood.com"
4.196.226.34 - - [08/Nov/2022:23:04:19 -0800] "GET /web/wp-includes/wlwmanifest.xml HTTP/1.1" 404 73 "-" "Mozilla/5.0 (Windows NT 10.0; Win64; x64) AppleWebKit/537.36 (KHTML, like Gecko) Chrome/88.0.4240.193 Safari/537.36" "brucemillernurseryedgewood.com"
4.196.226.34 - - [08/Nov/2022:23:04:19 -0800] "GET /wordpress/wp-includes/wlwmanifest.xml HTTP/1.1" 404 73 "-" "Mozilla/5.0 (Windows NT 10.0; Win64; x64) AppleWebKit/537.36 (KHTML, like Gecko) Chrome/88.0.4240.193 Safari/537.36" "brucemillernurseryedgewood.com"
4.196.226.34 - - [08/Nov/2022:23:04:20 -0800] "GET /website/wp-includes/wlwmanifest.xml HTTP/1.1" 404 73 "-" "Mozilla/5.0 (Windows NT 10.0; Win64; x64) AppleWebKit/537.36 (KHTML, like Gecko) Chrome/88.0.4240.193 Safari/537.36" "brucemillernurseryedgewood.com"
4.196.226.34 - - [08/Nov/2022:23:04:20 -0800] "GET /wp/wp-includes/wlwmanifest.xml HTTP/1.1" 404 73 "-" "Mozilla/5.0 (Windows NT 10.0; Win64; x64) AppleWebKit/537.36 (KHTML, like Gecko) Chrome/88.0.4240.193 Safari/537.36" "brucemillernurseryedgewood.com"
4.196.226.34 - - [08/Nov/2022:23:04:21 -0800] "GET /news/wp-includes/wlwmanifest.xml HTTP/1.1" 404 73 "-" "Mozilla/5.0 (Windows NT 10.0; Win64; x64) AppleWebKit/537.36 (KHTML, like Gecko) Chrome/88.0.4240.193 Safari/537.36" "brucemillernurseryedgewood.com"
4.196.226.34 - - [08/Nov/2022:23:04:21 -0800] "GET /2020/wp-includes/wlwmanifest.xml HTTP/1.1" 404 73 "-" "Mozilla/5.0 (Windows NT 10.0; Win64; x64) AppleWebKit/537.36 (KHTML, like Gecko) Chrome/88.0.4240.193 Safari/537.36" "brucemillernurseryedgewood.com"
4.196.226.34 - - [08/Nov/2022:23:04:22 -0800] "GET /2019/wp-includes/wlwmanifest.xml HTTP/1.1" 404 73 "-" "Mozilla/5.0 (Windows NT 10.0; Win64; x64) AppleWebKit/537.36 (KHTML, like Gecko) Chrome/88.0.4240.193 Safari/537.36" "brucemillernurseryedgewood.com"
4.196.226.34 - - [08/Nov/2022:23:04:22 -0800] "GET /shop/wp-includes/wlwmanifest.xml HTTP/1.1" 404 73 "-" "Mozilla/5.0 (Windows NT 10.0; Win64; x64) AppleWebKit/537.36 (KHTML, like Gecko) Chrome/88.0.4240.193 Safari/537.36" "brucemillernurseryedgewood.com"
4.196.226.34 - - [08/Nov/2022:23:04:23 -0800] "GET /wp1/wp-includes/wlwmanifest.xml HTTP/1.1" 404 73 "-" "Mozilla/5.0 (Windows NT 10.0; Win64; x64) AppleWebKit/537.36 (KHTML, like Gecko) Chrome/88.0.4240.193 Safari/537.36" "brucemillernurseryedgewood.com"
4.196.226.34 - - [08/Nov/2022:23:04:23 -0800] "GET /test/wp-includes/wlwmanifest.xml HTTP/1.1" 404 73 "-" "Mozilla/5.0 (Windows NT 10.0; Win64; x64) AppleWebKit/537.36 (KHTML, like Gecko) Chrome/88.0.4240.193 Safari/537.36" "brucemillernurseryedgewood.com"
4.196.226.34 - - [08/Nov/2022:23:04:26 -0800] "GET /wp2/wp-includes/wlwmanifest.xml HTTP/1.1" 404 73 "-" "Mozilla/5.0 (Windows NT 10.0; Win64; x64) AppleWebKit/537.36 (KHTML, like Gecko) Chrome/88.0.4240.193 Safari/537.36" "brucemillernurseryedgewood.com"
4.196.226.34 - - [08/Nov/2022:23:04:27 -0800] "GET /site/wp-includes/wlwmanifest.xml HTTP/1.1" 404 73 "-" "Mozilla/5.0 (Windows NT 10.0; Win64; x64) AppleWebKit/537.36 (KHTML, like Gecko) Chrome/88.0.4240.193 Safari/537.36" "brucemillernurseryedgewood.com"
4.196.226.34 - - [08/Nov/2022:23:04:28 -0800] "GET /cms/wp-includes/wlwmanifest.xml HTTP/1.1" 404 73 "-" "Mozilla/5.0 (Windows NT 10.0; Win64; x64) AppleWebKit/537.36 (KHTML, like Gecko) Chrome/88.0.4240.193 Safari/537.36" "brucemillernurseryedgewood.com"
4.196.226.34 - - [08/Nov/2022:23:04:28 -0800] "GET /sito/wp-includes/wlwmanifest.xml HTTP/1.1" 404 73 "-" "Mozilla/5.0 (Windows NT 10.0; Win64; x64) AppleWebKit/537.36 (KHTML, like Gecko) Chrome/88.0.4240.193 Safari/537.36" "brucemillernurseryedgewood.com"
114.119.132.153 - - [08/Nov/2022:23:05:37 -0800] "GET /images?C=M%3BO%3DA HTTP/1.1" 301 1430 "http://brucemillernurseryedgewood.com/images?C=S%3BO%3DA" "Mozilla/5.0 (Linux; Android 7.0;) AppleWebKit/537.36 (KHTML, like Gecko) Mobile Safari/537.36 (compatible; PetalBot;+https://webmaster.petalsearch.com/site/petalbot)" "brucemillernurseryedgewood.com"
114.119.132.153 - - [08/Nov/2022:23:05:40 -0800] "GET /images/?C=M%3BO%3DA HTTP/1.1" 200 3702 "http://brucemillernurseryedgewood.com/images?C=S%3BO%3DA" "Mozilla/5.0 (Linux; Android 7.0;) AppleWebKit/537.36 (KHTML, like Gecko) Mobile Safari/537.36 (compatible; PetalBot;+https://webmaster.petalsearch.com/site/petalbot)" "brucemillernurseryedgewood.com"
157.55.39.126 - - [08/Nov/2022:23:07:50 -0800] "GET /sitebuilder/images/Edgewood-1-mouseOver-14078.png HTTP/1.1" 200 1658 "-" "Mozilla/5.0 AppleWebKit/537.36 (KHTML, like Gecko; compatible; bingbot/2.0; +http://www.bing.com/bingbot.htm) Chrome/103.0.5060.134 Safari/537.36" "brucemillernurseryedgewood.com"
114.119.132.131 - - [08/Nov/2022:23:11:46 -0800] "GET /clipart/?C=D%3BO%3DA HTTP/1.1" 200 456 "https://www.brucemillernurseryedgewood.com/clipart" "Mozilla/5.0 (Linux; Android 7.0;) AppleWebKit/537.36 (KHTML, like Gecko) Mobile Safari/537.36 (compatible; PetalBot;+https://webmaster.petalsearch.com/site/petalbot)" "www.brucemillernurseryedgewood.com"
114.119.132.122 - - [08/Nov/2022:23:17:32 -0800] "GET /clipart/backgrounds/sidebar?C=S%3BO%3DA HTTP/1.1" 301 1446 "https://www.brucemillernurseryedgewood.com/clipart/backgrounds/sidebar" "Mozilla/5.0 (Linux; Android 7.0;) AppleWebKit/537.36 (KHTML, like Gecko) Mobile Safari/537.36 (compatible; PetalBot;+https://webmaster.petalsearch.com/site/petalbot)" "www.brucemillernurseryedgewood.com"
114.119.132.122 - - [08/Nov/2022:23:17:34 -0800] "GET /clipart/backgrounds/sidebar/?C=S%3BO%3DA HTTP/1.1" 200 384 "https://www.brucemillernurseryedgewood.com/clipart/backgrounds/sidebar" "Mozilla/5.0 (Linux; Android 7.0;) AppleWebKit/537.36 (KHTML, like Gecko) Mobile Safari/537.36 (compatible; PetalBot;+https://webmaster.petalsearch.com/site/petalbot)" "www.brucemillernurseryedgewood.com"
114.119.132.153 - - [08/Nov/2022:23:23:04 -0800] "GET /clipart/bars/regular/horizontal?C=D%3BO%3DA HTTP/1.1" 301 1453 "https://www.brucemillernurseryedgewood.com/clipart/bars/regular/horizontal?C=S%3BO%3DA" "Mozilla/5.0 (Linux; Android 7.0;) AppleWebKit/537.36 (KHTML, like Gecko) Mobile Safari/537.36 (compatible; PetalBot;+https://webmaster.petalsearch.com/site/petalbot)" "www.brucemillernurseryedgewood.com"
114.119.132.153 - - [08/Nov/2022:23:23:09 -0800] "GET /clipart/bars/regular/horizontal/?C=D%3BO%3DA HTTP/1.1" 200 390 "https://www.brucemillernurseryedgewood.com/clipart/bars/regular/horizontal?C=S%3BO%3DA" "Mozilla/5.0 (Linux; Android 7.0;) AppleWebKit/537.36 (KHTML, like Gecko) Mobile Safari/537.36 (compatible; PetalBot;+https://webmaster.petalsearch.com/site/petalbot)" "www.brucemillernurseryedgewood.com"
114.119.150.186 - - [08/Nov/2022:23:28:33 -0800] "GET /sitebuilder/clipart/bars/low-carb/horizontal/?C=M%3BO%3DA HTTP/1.1" 200 421 "https://www.brucemillernurseryedgewood.com/sitebuilder/clipart/bars/low-carb/horizontal?C=D%3BO%3DA" "Mozilla/5.0 (Linux; Android 7.0;) AppleWebKit/537.36 (KHTML, like Gecko) Mobile Safari/537.36 (compatible; PetalBot;+https://webmaster.petalsearch.com/site/petalbot)" "www.brucemillernurseryedgewood.com"
103.213.116.60 - - [08/Nov/2022:23:28:53 -0800] "GET /style.php?sig=rename HTTP/1.1" 404 73 "-" "Mozilla/5.0 (Linux; Android 5.1.1; SM-J111F) AppleWebKit/537.36 (KHTML, like Gecko) Chrome/73.0.3683.90 Mobile Safari/537.36" "brucemillernurseryedgewood.com"
114.119.132.146 - - [08/Nov/2022:23:33:54 -0800] "GET /clipart/bars/regular/horizontal?C=N%3BO%3DD HTTP/1.1" 301 1453 "https://www.brucemillernurseryedgewood.com/clipart/bars/regular/horizontal?C=D%3BO%3DA" "Mozilla/5.0 (Linux; Android 7.0;) AppleWebKit/537.36 (KHTML, like Gecko) Mobile Safari/537.36 (compatible; PetalBot;+https://webmaster.petalsearch.com/site/petalbot)" "www.brucemillernurseryedgewood.com"
114.119.132.146 - - [08/Nov/2022:23:33:57 -0800] "GET /clipart/bars/regular/horizontal/?C=N%3BO%3DD HTTP/1.1" 200 390 "https://www.brucemillernurseryedgewood.com/clipart/bars/regular/horizontal?C=D%3BO%3DA" "Mozilla/5.0 (Linux; Android 7.0;) AppleWebKit/537.36 (KHTML, like Gecko) Mobile Safari/537.36 (compatible; PetalBot;+https://webmaster.petalsearch.com/site/petalbot)" "www.brucemillernurseryedgewood.com"
40.77.167.76 - - [08/Nov/2022:23:35:01 -0800] "GET /sitebuilder/clipart/bars/regular/horizontal/?C=D;O=A HTTP/1.1" 200 416 "-" "Mozilla/5.0 AppleWebKit/537.36 (KHTML, like Gecko; compatible; bingbot/2.0; +http://www.bing.com/bingbot.htm) Chrome/103.0.5060.134 Safari/537.36" "www.brucemillernurseryedgewood.com"
114.119.132.153 - - [08/Nov/2022:23:39:15 -0800] "GET /clipart/pageHeaders/?C=N%3BO%3DD HTTP/1.1" 200 479 "http://brucemillernurseryedgewood.com/clipart/pageHeaders?C=D%3BO%3DA" "Mozilla/5.0 (Linux; Android 7.0;) AppleWebKit/537.36 (KHTML, like Gecko) Mobile Safari/537.36 (compatible; PetalBot;+https://webmaster.petalsearch.com/site/petalbot)" "brucemillernurseryedgewood.com"
114.119.132.16 - - [08/Nov/2022:23:44:36 -0800] "GET /sitebuilder/clipart/backgrounds/tile/?C=N%3BO%3DD HTTP/1.1" 200 412 "http://brucemillernurseryedgewood.com/sitebuilder/clipart/backgrounds/tile?C=D%3BO%3DA" "Mozilla/5.0 (Linux; Android 7.0;) AppleWebKit/537.36 (KHTML, like Gecko) Mobile Safari/537.36 (compatible; PetalBot;+https://webmaster.petalsearch.com/site/petalbot)" "brucemillernurseryedgewood.com"
13.214.195.252 - - [08/Nov/2022:23:45:42 -0800] "GET /wp-content/ HTTP/1.1" 404 88 "-" "Mozilla/5.0 (Macintosh; Intel Mac OS X 10.15; rv:77.0) Gecko/20100101 Firefox/77.0" "brucemillernurseryedgewood.com"
114.119.132.16 - - [08/Nov/2022:23:49:46 -0800] "GET /clipart/lines/?C=D%3BO%3DA HTTP/1.1" 200 361 "http://brucemillernurseryedgewood.com/clipart/lines?C=D%3BO%3DA" "Mozilla/5.0 (Linux; Android 7.0;) AppleWebKit/537.36 (KHTML, like Gecko) Mobile Safari/537.36 (compatible; PetalBot;+https://webmaster.petalsearch.com/site/petalbot)" "brucemillernurseryedgewood.com"
157.55.39.126 - - [08/Nov/2022:23:53:39 -0800] "GET /sitebuilder/clipart/bars/low-carb/horizontal/?C=S;O=A HTTP/1.1" 200 421 "-" "Mozilla/5.0 (compatible; bingbot/2.0; +http://www.bing.com/bingbot.htm)" "brucemillernurseryedgewood.com"
114.119.132.16 - - [08/Nov/2022:23:55:02 -0800] "GET /sitebuilder/clipart/bars/regular/vertical/?C=D%3BO%3DA HTTP/1.1" 200 417 "http://brucemillernurseryedgewood.com/sitebuilder/clipart/bars/regular/vertical/?C=S%3BO%3DA" "Mozilla/5.0 (Linux; Android 7.0;) AppleWebKit/537.36 (KHTML, like Gecko) Mobile Safari/537.36 (compatible; PetalBot;+https://webmaster.petalsearch.com/site/petalbot)" "brucemillernurseryedgewood.com"
18.142.184.50 - - [08/Nov/2022:23:56:52 -0800] "GET /wp-login.php HTTP/1.1" 500 2307 "-" "Mozilla/5.0" "brucemillernurseryedgewood.com"
54.161.41.102 - - [08/Nov/2022:23:57:07 -0800] "GET /robots.txt HTTP/1.1" 404 88 "-" "Mozilla/5.0 (compatible; Neevabot/1.0; +https://neeva.com/neevabot)" "brucemillernurseryedgewood.com"
54.161.41.102 - - [08/Nov/2022:23:57:19 -0800] "GET /navigation_bars/ HTTP/1.1" 200 372 "-" "Mozilla/5.0 (compatible; Neevabot/1.0; +https://neeva.com/neevabot)" "brucemillernurseryedgewood.com"
114.119.132.149 - - [09/Nov/2022:00:00:15 -0800] "GET /clipart/buttons/themes?C=N%3BO%3DD HTTP/1.1" 301 1448 "https://www.brucemillernurseryedgewood.com/clipart/buttons/themes?C=S%3BO%3DA" "Mozilla/5.0 (Linux; Android 7.0;) AppleWebKit/537.36 (KHTML, like Gecko) Mobile Safari/537.36 (compatible; PetalBot;+https://webmaster.petalsearch.com/site/petalbot)" "www.brucemillernurseryedgewood.com"
114.119.132.149 - - [09/Nov/2022:00:00:18 -0800] "GET /clipart/buttons/themes/?C=N%3BO%3DD HTTP/1.1" 200 382 "https://www.brucemillernurseryedgewood.com/clipart/buttons/themes?C=S%3BO%3DA" "Mozilla/5.0 (Linux; Android 7.0;) AppleWebKit/537.36 (KHTML, like Gecko) Mobile Safari/537.36 (compatible; PetalBot;+https://webmaster.petalsearch.com/site/petalbot)" "www.brucemillernurseryedgewood.com"
49.7.20.113 - - [09/Nov/2022:00:01:15 -0800] "GET / HTTP/1.1" 200 406 "-" "Sogou web spider/4.0(+http://www.sogou.com/docs/help/webmasters.htm#07)" "www.brucemillernurseryedgewood.com"
114.119.132.16 - - [09/Nov/2022:00:05:24 -0800] "GET /images/?C=D%3BO%3DA HTTP/1.1" 200 3702 "https://www.brucemillernurseryedgewood.com/images?C=M%3BO%3DA" "Mozilla/5.0 (Linux; Android 7.0;) AppleWebKit/537.36 (KHTML, like Gecko) Mobile Safari/537.36 (compatible; PetalBot;+https://webmaster.petalsearch.com/site/petalbot)" "www.brucemillernurseryedgewood.com"
157.55.39.193 - - [09/Nov/2022:00:07:52 -0800] "GET /images/3.19f.JPG HTTP/1.1" 200 4072672 "-" "Mozilla/5.0 AppleWebKit/537.36 (KHTML, like Gecko; compatible; bingbot/2.0; +http://www.bing.com/bingbot.htm) Chrome/103.0.5060.134 Safari/537.36" "brucemillernurseryedgewood.com"
118.184.177.81 - - [09/Nov/2022:00:07:57 -0800] "GET / HTTP/1.1" 200 406 "-" "Sogou web spider/4.0(+http://www.sogou.com/docs/help/webmasters.htm#07)" "brucemillernurseryedgewood.com"
114.119.132.122 - - [09/Nov/2022:00:10:31 -0800] "GET /clipart/bars/?C=S%3BO%3DA HTTP/1.1" 200 358 "https://www.brucemillernurseryedgewood.com/clipart/bars" "Mozilla/5.0 (Linux; Android 7.0;) AppleWebKit/537.36 (KHTML, like Gecko) Mobile Safari/537.36 (compatible; PetalBot;+https://webmaster.petalsearch.com/site/petalbot)" "www.brucemillernurseryedgewood.com"
51.222.253.11 - - [09/Nov/2022:00:13:40 -0800] "GET /robots.txt HTTP/1.1" 404 88 "-" "Mozilla/5.0 (compatible; AhrefsBot/7.0; +http://ahrefs.com/robot/)" "brucemillernurseryedgewood.com"
51.222.253.17 - - [09/Nov/2022:00:13:42 -0800] "GET /sitebuilder/ HTTP/1.1" 200 443 "-" "Mozilla/5.0 (compatible; AhrefsBot/7.0; +http://ahrefs.com/robot/)" "brucemillernurseryedgewood.com"
114.119.150.186 - - [09/Nov/2022:00:15:36 -0800] "GET /clipart/backgrounds/sidebar HTTP/1.1" 301 1433 "https://www.brucemillernurseryedgewood.com/clipart/backgrounds?C=N%3BO%3DD" "Mozilla/5.0 (Linux; Android 7.0;) AppleWebKit/537.36 (KHTML, like Gecko) Mobile Safari/537.36 (compatible; PetalBot;+https://webmaster.petalsearch.com/site/petalbot)" "www.brucemillernurseryedgewood.com"
114.119.150.186 - - [09/Nov/2022:00:15:41 -0800] "GET /clipart/backgrounds/sidebar/ HTTP/1.1" 200 384 "https://www.brucemillernurseryedgewood.com/clipart/backgrounds?C=N%3BO%3DD" "Mozilla/5.0 (Linux; Android 7.0;) AppleWebKit/537.36 (KHTML, like Gecko) Mobile Safari/537.36 (compatible; PetalBot;+https://webmaster.petalsearch.com/site/petalbot)" "www.brucemillernurseryedgewood.com"
114.119.132.16 - - [09/Nov/2022:00:20:43 -0800] "GET /clipart/pageHeaders/ HTTP/1.1" 200 479 "http://brucemillernurseryedgewood.com/clipart/?C=N%3BO%3DD" "Mozilla/5.0 (Linux; Android 7.0;) AppleWebKit/537.36 (KHTML, like Gecko) Mobile Safari/537.36 (compatible; PetalBot;+https://webmaster.petalsearch.com/site/petalbot)" "brucemillernurseryedgewood.com"
49.7.20.113 - - [09/Nov/2022:00:23:39 -0800] "GET / HTTP/1.1" 200 406 "-" "Sogou web spider/4.0(+http://www.sogou.com/docs/help/webmasters.htm#07)" "www.brucemillernurseryedgewood.com"
114.119.132.153 - - [09/Nov/2022:00:25:49 -0800] "GET /clipart/buttons/themes/?C=D%3BO%3DA HTTP/1.1" 200 382 "http://brucemillernurseryedgewood.com/clipart/buttons/themes?C=M%3BO%3DA" "Mozilla/5.0 (Linux; Android 7.0;) AppleWebKit/537.36 (KHTML, like Gecko) Mobile Safari/537.36 (compatible; PetalBot;+https://webmaster.petalsearch.com/site/petalbot)" "brucemillernurseryedgewood.com"
114.119.132.16 - - [09/Nov/2022:00:30:59 -0800] "GET /clipart/buttons?C=S%3BO%3DA HTTP/1.1" 301 1438 "http://brucemillernurseryedgewood.com/clipart/buttons?C=M%3BO%3DA" "Mozilla/5.0 (Linux; Android 7.0;) AppleWebKit/537.36 (KHTML, like Gecko) Mobile Safari/537.36 (compatible; PetalBot;+https://webmaster.petalsearch.com/site/petalbot)" "brucemillernurseryedgewood.com"
114.119.132.16 - - [09/Nov/2022:00:31:03 -0800] "GET /clipart/buttons/?C=S%3BO%3DA HTTP/1.1" 200 360 "http://brucemillernurseryedgewood.com/clipart/buttons?C=M%3BO%3DA" "Mozilla/5.0 (Linux; Android 7.0;) AppleWebKit/537.36 (KHTML, like Gecko) Mobile Safari/537.36 (compatible; PetalBot;+https://webmaster.petalsearch.com/site/petalbot)" "brucemillernurseryedgewood.com"
114.119.132.16 - - [09/Nov/2022:00:36:06 -0800] "GET /sitebuilder/clipart/bars/regular/horizontal/?C=D%3BO%3DA HTTP/1.1" 200 416 "http://brucemillernurseryedgewood.com/sitebuilder/clipart/bars/regular/horizontal/?C=M%3BO%3DA" "Mozilla/5.0 (Linux; Android 7.0;) AppleWebKit/537.36 (KHTML, like Gecko) Mobile Safari/537.36 (compatible; PetalBot;+https://webmaster.petalsearch.com/site/petalbot)" "brucemillernurseryedgewood.com"
194.38.20.161 - - [09/Nov/2022:00:39:10 -0800] "GET / HTTP/1.1" 200 1005 "-" "ALittle Client" "brucemillernurseryedgewood.com"
114.119.132.16 - - [09/Nov/2022:00:41:16 -0800] "GET /clipart/images/frames?C=S%3BO%3DA HTTP/1.1" 301 1446 "https://www.brucemillernurseryedgewood.com/clipart/images/frames?C=N%3BO%3DD" "Mozilla/5.0 (Linux; Android 7.0;) AppleWebKit/537.36 (KHTML, like Gecko) Mobile Safari/537.36 (compatible; PetalBot;+https://webmaster.petalsearch.com/site/petalbot)" "www.brucemillernurseryedgewood.com"
114.119.132.16 - - [09/Nov/2022:00:41:18 -0800] "GET /clipart/images/frames/?C=S%3BO%3DA HTTP/1.1" 200 395 "https://www.brucemillernurseryedgewood.com/clipart/images/frames?C=N%3BO%3DD" "Mozilla/5.0 (Linux; Android 7.0;) AppleWebKit/537.36 (KHTML, like Gecko) Mobile Safari/537.36 (compatible; PetalBot;+https://webmaster.petalsearch.com/site/petalbot)" "www.brucemillernurseryedgewood.com"
122.180.188.79 - - [09/Nov/2022:00:42:54 -0800] "GET / HTTP/1.1" 200 1005 "-" "-" "brucemillernurseryedgewood.com"
114.119.132.149 - - [09/Nov/2022:00:46:25 -0800] "GET /sitebuilder/clipart/backgrounds?C=S%3BO%3DA HTTP/1.1" 301 1449 "https://www.brucemillernurseryedgewood.com/sitebuilder/clipart/backgrounds" "Mozilla/5.0 (Linux; Android 7.0;) AppleWebKit/537.36 (KHTML, like Gecko) Mobile Safari/537.36 (compatible; PetalBot;+https://webmaster.petalsearch.com/site/petalbot)" "www.brucemillernurseryedgewood.com"
114.119.132.149 - - [09/Nov/2022:00:46:27 -0800] "GET /sitebuilder/clipart/backgrounds/?C=S%3BO%3DA HTTP/1.1" 200 371 "https://www.brucemillernurseryedgewood.com/sitebuilder/clipart/backgrounds" "Mozilla/5.0 (Linux; Android 7.0;) AppleWebKit/537.36 (KHTML, like Gecko) Mobile Safari/537.36 (compatible; PetalBot;+https://webmaster.petalsearch.com/site/petalbot)" "www.brucemillernurseryedgewood.com"
114.119.132.131 - - [09/Nov/2022:00:51:28 -0800] "GET /clipart/backgrounds/?C=N%3BO%3DD HTTP/1.1" 200 389 "https://www.brucemillernurseryedgewood.com/clipart/backgrounds/?C=M%3BO%3DA" "Mozilla/5.0 (Linux; Android 7.0;) AppleWebKit/537.36 (KHTML, like Gecko) Mobile Safari/537.36 (compatible; PetalBot;+https://webmaster.petalsearch.com/site/petalbot)" "www.brucemillernurseryedgewood.com"
114.119.132.149 - - [09/Nov/2022:00:56:33 -0800] "GET /clipart?C=S%3BO%3DA HTTP/1.1" 301 1431 "http://brucemillernurseryedgewood.com/clipart?C=N%3BO%3DD" "Mozilla/5.0 (Linux; Android 7.0;) AppleWebKit/537.36 (KHTML, like Gecko) Mobile Safari/537.36 (compatible; PetalBot;+https://webmaster.petalsearch.com/site/petalbot)" "brucemillernurseryedgewood.com"
114.119.132.149 - - [09/Nov/2022:00:56:33 -0800] "GET /clipart/?C=S%3BO%3DA HTTP/1.1" 200 456 "http://brucemillernurseryedgewood.com/clipart?C=N%3BO%3DD" "Mozilla/5.0 (Linux; Android 7.0;) AppleWebKit/537.36 (KHTML, like Gecko) Mobile Safari/537.36 (compatible; PetalBot;+https://webmaster.petalsearch.com/site/petalbot)" "brucemillernurseryedgewood.com"
114.119.132.149 - - [09/Nov/2022:01:01:43 -0800] "GET /clipart/backgrounds/fullpage HTTP/1.1" 301 1433 "https://www.brucemillernurseryedgewood.com/clipart/backgrounds?C=N%3BO%3DD" "Mozilla/5.0 (Linux; Android 7.0;) AppleWebKit/537.36 (KHTML, like Gecko) Mobile Safari/537.36 (compatible; PetalBot;+https://webmaster.petalsearch.com/site/petalbot)" "www.brucemillernurseryedgewood.com"
114.119.132.149 - - [09/Nov/2022:01:01:44 -0800] "GET /clipart/backgrounds/fullpage/ HTTP/1.1" 200 387 "https://www.brucemillernurseryedgewood.com/clipart/backgrounds?C=N%3BO%3DD" "Mozilla/5.0 (Linux; Android 7.0;) AppleWebKit/537.36 (KHTML, like Gecko) Mobile Safari/537.36 (compatible; PetalBot;+https://webmaster.petalsearch.com/site/petalbot)" "www.brucemillernurseryedgewood.com"
114.119.132.131 - - [09/Nov/2022:01:06:49 -0800] "GET /clipart/images/?C=D%3BO%3DA HTTP/1.1" 200 476 "http://brucemillernurseryedgewood.com/clipart/images/?C=N%3BO%3DD" "Mozilla/5.0 (Linux; Android 7.0;) AppleWebKit/537.36 (KHTML, like Gecko) Mobile Safari/537.36 (compatible; PetalBot;+https://webmaster.petalsearch.com/site/petalbot)" "brucemillernurseryedgewood.com"
114.119.132.131 - - [09/Nov/2022:01:12:07 -0800] "GET /clipart/lines/horizontal/?C=S%3BO%3DA HTTP/1.1" 200 447 "https://www.brucemillernurseryedgewood.com/clipart/lines/horizontal?C=M%3BO%3DA" "Mozilla/5.0 (Linux; Android 7.0;) AppleWebKit/537.36 (KHTML, like Gecko) Mobile Safari/537.36 (compatible; PetalBot;+https://webmaster.petalsearch.com/site/petalbot)" "www.brucemillernurseryedgewood.com"
114.119.132.16 - - [09/Nov/2022:01:17:02 -0800] "GET /images/?C=S%3BO%3DA HTTP/1.1" 200 3702 "http://brucemillernurseryedgewood.com/images" "Mozilla/5.0 (Linux; Android 7.0;) AppleWebKit/537.36 (KHTML, like Gecko) Mobile Safari/537.36 (compatible; PetalBot;+https://webmaster.petalsearch.com/site/petalbot)" "brucemillernurseryedgewood.com"
114.119.132.16 - - [09/Nov/2022:01:22:11 -0800] "GET /clipart/lines/horizontal/?C=M%3BO%3DA HTTP/1.1" 200 447 "http://brucemillernurseryedgewood.com/clipart/lines/horizontal?C=M%3BO%3DA" "Mozilla/5.0 (Linux; Android 7.0;) AppleWebKit/537.36 (KHTML, like Gecko) Mobile Safari/537.36 (compatible; PetalBot;+https://webmaster.petalsearch.com/site/petalbot)" "brucemillernurseryedgewood.com"
157.55.39.34 - - [09/Nov/2022:01:26:46 -0800] "GET /navigation_bars/ HTTP/1.1" 200 372 "-" "Mozilla/5.0 AppleWebKit/537.36 (KHTML, like Gecko; compatible; bingbot/2.0; +http://www.bing.com/bingbot.htm) Chrome/103.0.5060.134 Safari/537.36" "brucemillernurseryedgewood.com"
114.119.132.122 - - [09/Nov/2022:01:27:15 -0800] "GET /sitebuilder/clipart/backgrounds?C=M%3BO%3DA HTTP/1.1" 301 1444 "http://brucemillernurseryedgewood.com/sitebuilder/clipart/backgrounds?C=D%3BO%3DA" "Mozilla/5.0 (Linux; Android 7.0;) AppleWebKit/537.36 (KHTML, like Gecko) Mobile Safari/537.36 (compatible; PetalBot;+https://webmaster.petalsearch.com/site/petalbot)" "brucemillernurseryedgewood.com"
114.119.132.122 - - [09/Nov/2022:01:27:15 -0800] "GET /sitebuilder/clipart/backgrounds/?C=M%3BO%3DA HTTP/1.1" 200 371 "http://brucemillernurseryedgewood.com/sitebuilder/clipart/backgrounds?C=D%3BO%3DA" "Mozilla/5.0 (Linux; Android 7.0;) AppleWebKit/537.36 (KHTML, like Gecko) Mobile Safari/537.36 (compatible; PetalBot;+https://webmaster.petalsearch.com/site/petalbot)" "brucemillernurseryedgewood.com"
114.119.132.131 - - [09/Nov/2022:01:32:20 -0800] "GET /sitebuilder/clipart/bars/low-carb/horizontal/?C=D%3BO%3DA HTTP/1.1" 200 421 "https://www.brucemillernurseryedgewood.com/sitebuilder/clipart/bars/low-carb/horizontal?C=D%3BO%3DA" "Mozilla/5.0 (Linux; Android 7.0;) AppleWebKit/537.36 (KHTML, like Gecko) Mobile Safari/537.36 (compatible; PetalBot;+https://webmaster.petalsearch.com/site/petalbot)" "www.brucemillernurseryedgewood.com"
114.119.132.122 - - [09/Nov/2022:01:37:25 -0800] "GET /clipart/images/frames?C=M%3BO%3DA HTTP/1.1" 301 1446 "https://www.brucemillernurseryedgewood.com/clipart/images/frames?C=N%3BO%3DD" "Mozilla/5.0 (Linux; Android 7.0;) AppleWebKit/537.36 (KHTML, like Gecko) Mobile Safari/537.36 (compatible; PetalBot;+https://webmaster.petalsearch.com/site/petalbot)" "www.brucemillernurseryedgewood.com"
114.119.132.122 - - [09/Nov/2022:01:37:27 -0800] "GET /clipart/images/frames/?C=M%3BO%3DA HTTP/1.1" 200 395 "https://www.brucemillernurseryedgewood.com/clipart/images/frames?C=N%3BO%3DD" "Mozilla/5.0 (Linux; Android 7.0;) AppleWebKit/537.36 (KHTML, like Gecko) Mobile Safari/537.36 (compatible; PetalBot;+https://webmaster.petalsearch.com/site/petalbot)" "www.brucemillernurseryedgewood.com"
157.55.39.193 - - [09/Nov/2022:01:38:10 -0800] "GET /sitebuilder/images/Edgewood-1-inactive-84765.png HTTP/1.1" 200 1718 "-" "Mozilla/5.0 AppleWebKit/537.36 (KHTML, like Gecko; compatible; bingbot/2.0; +http://www.bing.com/bingbot.htm) Chrome/103.0.5060.134 Safari/537.36" "brucemillernurseryedgewood.com"
114.119.150.186 - - [09/Nov/2022:01:42:31 -0800] "GET /sitebuilder/clipart/backgrounds/?C=M%3BO%3DA HTTP/1.1" 200 371 "https://www.brucemillernurseryedgewood.com/sitebuilder/clipart/backgrounds/?C=D%3BO%3DA" "Mozilla/5.0 (Linux; Android 7.0;) AppleWebKit/537.36 (KHTML, like Gecko) Mobile Safari/537.36 (compatible; PetalBot;+https://webmaster.petalsearch.com/site/petalbot)" "www.brucemillernurseryedgewood.com"
114.119.132.122 - - [09/Nov/2022:01:47:42 -0800] "GET /clipart/buttons/themes/?C=M%3BO%3DA HTTP/1.1" 200 382 "https://www.brucemillernurseryedgewood.com/clipart/buttons/themes?C=M%3BO%3DA" "Mozilla/5.0 (Linux; Android 7.0;) AppleWebKit/537.36 (KHTML, like Gecko) Mobile Safari/537.36 (compatible; PetalBot;+https://webmaster.petalsearch.com/site/petalbot)" "www.brucemillernurseryedgewood.com"
114.119.132.131 - - [09/Nov/2022:01:52:47 -0800] "GET /sitebuilder/clipart/bars/low-carb?C=D%3BO%3DA HTTP/1.1" 301 1450 "http://brucemillernurseryedgewood.com/sitebuilder/clipart/bars/low-carb?C=N%3BO%3DD" "Mozilla/5.0 (Linux; Android 7.0;) AppleWebKit/537.36 (KHTML, like Gecko) Mobile Safari/537.36 (compatible; PetalBot;+https://webmaster.petalsearch.com/site/petalbot)" "brucemillernurseryedgewood.com"
114.119.132.131 - - [09/Nov/2022:01:52:47 -0800] "GET /sitebuilder/clipart/bars/low-carb/?C=D%3BO%3DA HTTP/1.1" 200 375 "http://brucemillernurseryedgewood.com/sitebuilder/clipart/bars/low-carb?C=N%3BO%3DD" "Mozilla/5.0 (Linux; Android 7.0;) AppleWebKit/537.36 (KHTML, like Gecko) Mobile Safari/537.36 (compatible; PetalBot;+https://webmaster.petalsearch.com/site/petalbot)" "brucemillernurseryedgewood.com"
114.119.132.153 - - [09/Nov/2022:01:57:57 -0800] "GET /sitebuilder/clipart/bars/regular/vertical/ HTTP/1.1" 200 417 "https://www.brucemillernurseryedgewood.com/sitebuilder/clipart/bars/regular?C=N%3BO%3DD" "Mozilla/5.0 (Linux; Android 7.0;) AppleWebKit/537.36 (KHTML, like Gecko) Mobile Safari/537.36 (compatible; PetalBot;+https://webmaster.petalsearch.com/site/petalbot)" "www.brucemillernurseryedgewood.com"
216.244.66.230 - - [09/Nov/2022:02:00:15 -0800] "GET /robots.txt HTTP/1.1" 404 73 "-" "Mozilla/5.0 (compatible; DotBot/1.2; +https://opensiteexplorer.org/dotbot; help@moz.com)" "brucemillernurseryedgewood.com"
216.244.66.230 - - [09/Nov/2022:02:00:15 -0800] "GET /robots.txt HTTP/1.1" 404 73 "-" "Mozilla/5.0 (compatible; DotBot/1.2; +https://opensiteexplorer.org/dotbot; help@moz.com)" "www.brucemillernurseryedgewood.com"
