216.244.66.230 - - [06/Nov/2022:08:20:33 -0800] "GET /images/IMG_0505.JPG HTTP/1.1" 200 3487456 "-" "Mozilla/5.0 (compatible; DotBot/1.2; +https://opensiteexplorer.org/dotbot; help@moz.com)" "brucemillernurseryedgewood.com"
216.244.66.230 - - [06/Nov/2022:08:20:48 -0800] "GET /images/IMG_0727.JPG HTTP/1.1" 200 3100074 "-" "Mozilla/5.0 (compatible; DotBot/1.2; +https://opensiteexplorer.org/dotbot; help@moz.com)" "brucemillernurseryedgewood.com"
216.244.66.230 - - [06/Nov/2022:08:21:00 -0800] "GET /images/IMG_0744.JPG HTTP/1.1" 200 3488902 "-" "Mozilla/5.0 (compatible; DotBot/1.2; +https://opensiteexplorer.org/dotbot; help@moz.com)" "brucemillernurseryedgewood.com"
216.244.66.230 - - [06/Nov/2022:08:21:12 -0800] "GET /sitebuilder/images/13107_1_-180x160.jpg HTTP/1.1" 200 8602 "-" "Mozilla/5.0 (compatible; DotBot/1.2; +https://opensiteexplorer.org/dotbot; help@moz.com)" "brucemillernurseryedgewood.com"
216.244.66.230 - - [06/Nov/2022:08:21:16 -0800] "GET /sitebuilder/images/Edgewood-4-inactive-85765.png HTTP/1.1" 200 1735 "-" "Mozilla/5.0 (compatible; DotBot/1.2; +https://opensiteexplorer.org/dotbot; help@moz.com)" "brucemillernurseryedgewood.com"
216.244.66.230 - - [06/Nov/2022:08:21:20 -0800] "GET /sitebuilder/images/IMG_0773-334x252.jpg HTTP/1.1" 200 15618 "-" "Mozilla/5.0 (compatible; DotBot/1.2; +https://opensiteexplorer.org/dotbot; help@moz.com)" "brucemillernurseryedgewood.com"
216.244.66.230 - - [06/Nov/2022:08:21:23 -0800] "GET /sitebuilder/images/IMG_0880-246x330.jpg HTTP/1.1" 200 19763 "-" "Mozilla/5.0 (compatible; DotBot/1.2; +https://opensiteexplorer.org/dotbot; help@moz.com)" "brucemillernurseryedgewood.com"
216.244.66.230 - - [06/Nov/2022:08:21:37 -0800] "GET /sitebuilder/images/Edgewood-4-active-09254.png HTTP/1.1" 200 2252 "-" "Mozilla/5.0 (compatible; DotBot/1.2; +https://opensiteexplorer.org/dotbot; help@moz.com)" "www.brucemillernurseryedgewood.com"
216.244.66.230 - - [06/Nov/2022:08:21:38 -0800] "GET /sitebuilder/images/IMG_0937-359x262.jpg HTTP/1.1" 200 35035 "-" "Mozilla/5.0 (compatible; DotBot/1.2; +https://opensiteexplorer.org/dotbot; help@moz.com)" "www.brucemillernurseryedgewood.com"
216.244.66.230 - - [06/Nov/2022:08:21:38 -0800] "GET /sitebuilder/images/IMG_0954-274x372.jpg HTTP/1.1" 200 33265 "-" "Mozilla/5.0 (compatible; DotBot/1.2; +https://opensiteexplorer.org/dotbot; help@moz.com)" "www.brucemillernurseryedgewood.com"
114.119.132.16 - - [06/Nov/2022:08:23:00 -0800] "GET /sitebuilder/clipart/bars/regular HTTP/1.1" 301 1435 "http://brucemillernurseryedgewood.com/sitebuilder/clipart/bars/regular/horizontal?C=M%3BO%3DA" "Mozilla/5.0 (Linux; Android 7.0;) AppleWebKit/537.36 (KHTML, like Gecko) Mobile Safari/537.36 (compatible; PetalBot;+https://webmaster.petalsearch.com/site/petalbot)" "brucemillernurseryedgewood.com"
114.119.132.16 - - [06/Nov/2022:08:23:01 -0800] "GET /sitebuilder/clipart/bars/regular/ HTTP/1.1" 200 391 "http://brucemillernurseryedgewood.com/sitebuilder/clipart/bars/regular/horizontal?C=M%3BO%3DA" "Mozilla/5.0 (Linux; Android 7.0;) AppleWebKit/537.36 (KHTML, like Gecko) Mobile Safari/537.36 (compatible; PetalBot;+https://webmaster.petalsearch.com/site/petalbot)" "brucemillernurseryedgewood.com"
114.119.132.146 - - [06/Nov/2022:08:28:03 -0800] "GET /clipart/bars/regular?C=N%3BO%3DD HTTP/1.1" 301 1441 "http://brucemillernurseryedgewood.com/clipart/bars/regular?C=D%3BO%3DA" "Mozilla/5.0 (Linux; Android 7.0;) AppleWebKit/537.36 (KHTML, like Gecko) Mobile Safari/537.36 (compatible; PetalBot;+https://webmaster.petalsearch.com/site/petalbot)" "brucemillernurseryedgewood.com"
114.119.132.146 - - [06/Nov/2022:08:28:07 -0800] "GET /clipart/bars/regular/?C=N%3BO%3DD HTTP/1.1" 200 366 "http://brucemillernurseryedgewood.com/clipart/bars/regular?C=D%3BO%3DA" "Mozilla/5.0 (Linux; Android 7.0;) AppleWebKit/537.36 (KHTML, like Gecko) Mobile Safari/537.36 (compatible; PetalBot;+https://webmaster.petalsearch.com/site/petalbot)" "brucemillernurseryedgewood.com"
66.249.66.21 - - [06/Nov/2022:08:32:11 -0800] "GET /ads.txt HTTP/1.1" 404 88 "-" "Mozilla/5.0 (compatible; Googlebot/2.1; +http://www.google.com/bot.html)" "brucemillernurseryedgewood.com"
114.119.132.153 - - [06/Nov/2022:08:33:00 -0800] "GET /navigation_bars?C=N%3BO%3DD HTTP/1.1" 301 1438 "http://brucemillernurseryedgewood.com/navigation_bars" "Mozilla/5.0 (Linux; Android 7.0;) AppleWebKit/537.36 (KHTML, like Gecko) Mobile Safari/537.36 (compatible; PetalBot;+https://webmaster.petalsearch.com/site/petalbot)" "brucemillernurseryedgewood.com"
114.119.132.153 - - [06/Nov/2022:08:33:01 -0800] "GET /navigation_bars/?C=N%3BO%3DD HTTP/1.1" 200 372 "http://brucemillernurseryedgewood.com/navigation_bars" "Mozilla/5.0 (Linux; Android 7.0;) AppleWebKit/537.36 (KHTML, like Gecko) Mobile Safari/537.36 (compatible; PetalBot;+https://webmaster.petalsearch.com/site/petalbot)" "brucemillernurseryedgewood.com"
114.119.132.16 - - [06/Nov/2022:08:38:01 -0800] "GET /sitebuilder/clipart/bars/ HTTP/1.1" 200 384 "https://www.brucemillernurseryedgewood.com/sitebuilder/clipart?C=N%3BO%3DD" "Mozilla/5.0 (Linux; Android 7.0;) AppleWebKit/537.36 (KHTML, like Gecko) Mobile Safari/537.36 (compatible; PetalBot;+https://webmaster.petalsearch.com/site/petalbot)" "www.brucemillernurseryedgewood.com"
114.119.150.186 - - [06/Nov/2022:08:43:01 -0800] "GET /clipart/images/sidebars/?C=D%3BO%3DA HTTP/1.1" 200 405 "http://brucemillernurseryedgewood.com/clipart/images/sidebars" "Mozilla/5.0 (Linux; Android 7.0;) AppleWebKit/537.36 (KHTML, like Gecko) Mobile Safari/537.36 (compatible; PetalBot;+https://webmaster.petalsearch.com/site/petalbot)" "brucemillernurseryedgewood.com"
114.119.132.153 - - [06/Nov/2022:08:48:00 -0800] "GET /sitebuilder/clipart/bars/regular/horizontal/?C=M%3BO%3DA HTTP/1.1" 200 416 "http://brucemillernurseryedgewood.com/sitebuilder/clipart/bars/regular/horizontal/?C=S%3BO%3DA" "Mozilla/5.0 (Linux; Android 7.0;) AppleWebKit/537.36 (KHTML, like Gecko) Mobile Safari/537.36 (compatible; PetalBot;+https://webmaster.petalsearch.com/site/petalbot)" "brucemillernurseryedgewood.com"
40.77.167.7 - - [06/Nov/2022:08:52:28 -0800] "GET /home HTTP/1.1" 200 4616 "-" "Mozilla/5.0 (compatible; bingbot/2.0; +http://www.bing.com/bingbot.htm)" "brucemillernurseryedgewood.com"
66.249.66.28 - - [06/Nov/2022:09:06:27 -0800] "GET /robots.txt HTTP/1.1" 404 88 "-" "Mozilla/5.0 (compatible; Googlebot/2.1; +http://www.google.com/bot.html)" "www.brucemillernurseryedgewood.com"
40.77.167.7 - - [06/Nov/2022:09:07:20 -0800] "GET / HTTP/1.1" 200 406 "-" "Mozilla/5.0 AppleWebKit/537.36 (KHTML, like Gecko; compatible; bingbot/2.0; +http://www.bing.com/bingbot.htm) Chrome/103.0.5060.134 Safari/537.36" "brucemillernurseryedgewood.com"
66.249.66.9 - - [06/Nov/2022:10:02:15 -0800] "GET /robots.txt HTTP/1.1" 404 88 "-" "Mozilla/5.0 (compatible; Googlebot/2.1; +http://www.google.com/bot.html)" "www.brucemillernurseryedgewood.com"
66.249.66.7 - - [06/Nov/2022:10:02:35 -0800] "GET /ads.txt HTTP/1.1" 404 88 "-" "Mozilla/5.0 (compatible; Googlebot/2.1; +http://www.google.com/bot.html)" "www.brucemillernurseryedgewood.com"
52.226.210.206 - - [06/Nov/2022:10:05:26 -0800] "GET /robots.txt HTTP/1.1" 404 88 "-" "python-requests/2.27.1" "brucemillernurseryedgewood.com"
52.226.210.206 - - [06/Nov/2022:10:05:31 -0800] "GET /yahoo_site_admin/assets/images/118684767_1170927879952629_7452769320027261925_n.258135452_std.jpg HTTP/1.1" 200 62750 "-" "Mozilla/5.0 (Windows NT 10.0; Win64; x64) AppleWebKit/537.36 (KHTML, like Gecko) Chrome/76.0.3809.100 Safari/537.36" "brucemillernurseryedgewood.com"
205.185.116.89 - - [06/Nov/2022:10:07:49 -0800] "GET / HTTP/1.1" 200 406 "-" "Mozilla/5.0 (Macintosh; Intel Mac OS X 10_15_7) AppleWebKit/537.36 (KHTML, like Gecko) Chrome/96.0.4664.110 Safari/537.36" "www.brucemillernurseryedgewood.com"
205.185.116.89 - - [06/Nov/2022:10:07:49 -0800] "GET /favicon.ico HTTP/1.1" 404 88 "-" "Mozilla/5.0 (Macintosh; Intel Mac OS X 10_15_7) AppleWebKit/537.36 (KHTML, like Gecko) Chrome/96.0.4664.110 Safari/537.36" "www.brucemillernurseryedgewood.com"
52.71.254.86 - - [06/Nov/2022:10:12:09 -0800] "GET / HTTP/1.1" 200 406 "-" "Mozilla/5.0 (Macintosh; Intel Mac OS X 10_10_1) AppleWebKit/537.36 (KHTML, like Gecko) Chrome/39.0.2171.95 Safari/537.36" "brucemillernurseryedgewood.com"
52.71.254.86 - - [06/Nov/2022:10:12:18 -0800] "GET /media/system/js/core.js HTTP/1.1" 404 88 "-" "Mozilla/5.0 (Macintosh; Intel Mac OS X 10_10_1) AppleWebKit/537.36 (KHTML, like Gecko) Chrome/39.0.2171.95 Safari/537.36" "brucemillernurseryedgewood.com"
52.71.254.86 - - [06/Nov/2022:10:12:30 -0800] "GET /wp-includes/js/jquery/jquery.js HTTP/1.1" 404 88 "-" "Mozilla/5.0 (Macintosh; Intel Mac OS X 10_10_1) AppleWebKit/537.36 (KHTML, like Gecko) Chrome/39.0.2171.95 Safari/537.36" "brucemillernurseryedgewood.com"
116.96.232.179 - - [06/Nov/2022:10:41:43 -0800] "GET / HTTP/1.1" 200 406 "-" "Mozilla/5.0 (Windows NT 10.0; WOW64) AppleWebKit/537.36 (KHTML, like Gecko) Chrome/63.0.3132.128 Safari/537.36" "brucemillernurseryedgewood.com"
49.7.20.113 - - [06/Nov/2022:11:19:34 -0800] "GET / HTTP/1.1" 200 406 "-" "Sogou web spider/4.0(+http://www.sogou.com/docs/help/webmasters.htm#07)" "www.brucemillernurseryedgewood.com"
20.106.27.209 - - [06/Nov/2022:11:33:42 -0800] "GET /sitebuilder/images/Edgewood-2-inactive-85125.png HTTP/1.1" 200 2057 "http://brucemillernurseryedgewood.com/sitebuilder/images" "Mozilla/5.0 (Linux; Android 10; SM-G960U) AppleWebKit/537.36 (KHTML, like Gecko) Chrome/88.0.4324.181 Mobile Safari/537.36" "brucemillernurseryedgewood.com"
157.55.39.3 - - [06/Nov/2022:11:34:38 -0800] "GET /yahoo_site_admin/assets/images/IMG_1577.122125119_std.JPG HTTP/1.1" 200 145894 "-" "Mozilla/5.0 AppleWebKit/537.36 (KHTML, like Gecko; compatible; bingbot/2.0; +http://www.bing.com/bingbot.htm) Chrome/103.0.5060.134 Safari/537.36" "www.brucemillernurseryedgewood.com"
40.77.167.97 - - [06/Nov/2022:12:01:29 -0800] "GET /robots.txt HTTP/1.1" 404 88 "-" "Mozilla/5.0 AppleWebKit/537.36 (KHTML, like Gecko; compatible; bingbot/2.0; +http://www.bing.com/bingbot.htm) Chrome/103.0.5060.134 Safari/537.36" "brucemillernurseryedgewood.com"
157.55.39.34 - - [06/Nov/2022:12:01:35 -0800] "GET /great_deals HTTP/1.1" 200 4168 "-" "Mozilla/5.0 (compatible; bingbot/2.0; +http://www.bing.com/bingbot.htm)" "brucemillernurseryedgewood.com"
157.55.39.126 - - [06/Nov/2022:12:05:08 -0800] "GET /sitebuilder/clipart/ HTTP/1.1" 200 376 "-" "Mozilla/5.0 (compatible; bingbot/2.0; +http://www.bing.com/bingbot.htm)" "brucemillernurseryedgewood.com"
77.75.77.72 - - [06/Nov/2022:12:33:18 -0800] "GET /robots.txt HTTP/1.1" 404 88 "-" "Mozilla/5.0 (compatible; SeznamBot/3.2; +http://napoveda.seznam.cz/en/seznambot-intro/)" "brucemillernurseryedgewood.com"
77.75.77.72 - - [06/Nov/2022:12:33:19 -0800] "GET /images/IMG_1276.JPG HTTP/1.1" 200 2041481 "-" "Mozilla/5.0 (compatible; SeznamBot/3.2; +http://napoveda.seznam.cz/en/seznambot-intro/)" "brucemillernurseryedgewood.com"
40.77.167.7 - - [06/Nov/2022:12:53:13 -0800] "GET /sitebuilder/server_meta.txt HTTP/1.1" 200 1779 "-" "Mozilla/5.0 AppleWebKit/537.36 (KHTML, like Gecko; compatible; bingbot/2.0; +http://www.bing.com/bingbot.htm) Chrome/103.0.5060.134 Safari/537.36" "www.brucemillernurseryedgewood.com"
77.75.79.62 - - [06/Nov/2022:13:09:44 -0800] "GET /robots.txt HTTP/1.1" 404 88 "-" "Mozilla/5.0 (compatible; SeznamBot/3.2; +http://napoveda.seznam.cz/en/seznambot-intro/)" "brucemillernurseryedgewood.com"
77.75.79.62 - - [06/Nov/2022:13:09:45 -0800] "GET /images/2009_0531Image0028.JPG HTTP/1.1" 304 - "-" "Mozilla/5.0 (compatible; SeznamBot/3.2; +http://napoveda.seznam.cz/en/seznambot-intro/)" "brucemillernurseryedgewood.com"
77.75.79.62 - - [06/Nov/2022:13:09:46 -0800] "GET /images/IMG_1269.JPG HTTP/1.1" 200 414525 "-" "Mozilla/5.0 (compatible; SeznamBot/3.2; +http://napoveda.seznam.cz/en/seznambot-intro/)" "brucemillernurseryedgewood.com"
209.141.51.222 - - [06/Nov/2022:13:13:02 -0800] "GET / HTTP/1.1" 200 406 "-" "Mozilla/5.0 (Macintosh; Intel Mac OS X 10_15_7) AppleWebKit/537.36 (KHTML, like Gecko) Chrome/96.0.4664.110 Safari/537.36" "www.brucemillernurseryedgewood.com"
209.141.51.222 - - [06/Nov/2022:13:13:02 -0800] "GET /favicon.ico HTTP/1.1" 404 88 "-" "Mozilla/5.0 (Macintosh; Intel Mac OS X 10_15_7) AppleWebKit/537.36 (KHTML, like Gecko) Chrome/96.0.4664.110 Safari/537.36" "www.brucemillernurseryedgewood.com"
205.185.121.69 - - [06/Nov/2022:13:13:28 -0800] "GET / HTTP/1.1" 200 406 "-" "Mozilla/5.0 (Macintosh; Intel Mac OS X 10_15_7) AppleWebKit/537.36 (KHTML, like Gecko) Chrome/96.0.4664.110 Safari/537.36" "www.brucemillernurseryedgewood.com"
205.185.121.69 - - [06/Nov/2022:13:13:28 -0800] "GET /favicon.ico HTTP/1.1" 404 88 "-" "Mozilla/5.0 (Macintosh; Intel Mac OS X 10_15_7) AppleWebKit/537.36 (KHTML, like Gecko) Chrome/96.0.4664.110 Safari/537.36" "www.brucemillernurseryedgewood.com"
20.29.110.168 - - [06/Nov/2022:13:48:06 -0800] "GET /yahoo_site_admin/assets/images/crepe-myrtle_1200x640.258140654_std.jpg HTTP/1.1" 200 50195 "http://brucemillernurseryedgewood.com/yahoo_site_admin/assets/images" "Mozilla/5.0 (Macintosh; Intel Mac OS X 10_11_6) AppleWebKit/605.1.15 (KHTML, like Gecko) Version/11.1.2 Safari/605.1.15" "brucemillernurseryedgewood.com"
77.75.78.165 - - [06/Nov/2022:13:57:14 -0800] "GET /robots.txt HTTP/1.1" 404 88 "-" "Mozilla/5.0 (compatible; SeznamBot/3.2; +http://napoveda.seznam.cz/en/seznambot-intro/)" "brucemillernurseryedgewood.com"
77.75.78.165 - - [06/Nov/2022:13:57:15 -0800] "GET /images/IMG_1270.JPG HTTP/1.1" 200 2729984 "-" "Mozilla/5.0 (compatible; SeznamBot/3.2; +http://napoveda.seznam.cz/en/seznambot-intro/)" "brucemillernurseryedgewood.com"
87.249.38.253 - - [06/Nov/2022:14:11:11 -0800] "GET /wp-content/mu-plugins-old/index.php?f=/bmLUxZLeaiRIek7s/umvUsXN4HVg3BzRf.txt HTTP/1.1" 404 73 "-" "Mozilla/5.0 (Windows NT 5.1) AppleWebKit/537.36 (KHTML, like Gecko) Chrome/69.0.3497.81 Safari/537.36 Maxthon/5.3.8.2000" "brucemillernurseryedgewood.com"
87.249.38.253 - - [06/Nov/2022:14:11:11 -0800] "GET /wikindex.php?f=/bmLUxZLeaiRIek7s/umvUsXN4HVg3BzRf.txt HTTP/1.1" 404 73 "-" "Mozilla/5.0 (iPhone; CPU iPhone OS 14_4 like Mac OS X) AppleWebKit/605.1.15 (KHTML, like Gecko) Version/14.0.3 Mobile/15E148 Safari/604.1" "brucemillernurseryedgewood.com"
87.249.38.253 - - [06/Nov/2022:14:11:11 -0800] "GET /class-wp-widget-archives.php HTTP/1.1" 404 73 "-" "Mozilla/5.0 (Windows NT 10.0; Win64; x64) AppleWebKit/537.36 (KHTML, like Gecko) Chrome/86.0.4240.75 Safari/537.36" "brucemillernurseryedgewood.com"
87.249.38.253 - - [06/Nov/2022:14:11:11 -0800] "GET /admin.php?f=/bmLUxZLeaiRIek7s/umvUsXN4HVg3BzRf.txt HTTP/1.1" 404 73 "-" "Mozilla/5.0 (Windows NT 10.0; Win64; x64) AppleWebKit/537.36 (KHTML, like Gecko) Chrome/91.0.4472.77 Safari/537.36" "brucemillernurseryedgewood.com"
87.249.38.253 - - [06/Nov/2022:14:11:11 -0800] "GET /3index.php?f=/bmLUxZLeaiRIek7s/umvUsXN4HVg3BzRf.txt HTTP/1.1" 404 73 "-" "Mozilla/5.0 (Windows NT 10.0; Win64; x64) AppleWebKit/537.36 (KHTML, like Gecko) Chrome/84.0.4147.89 Safari/537.36" "brucemillernurseryedgewood.com"
40.77.167.7 - - [06/Nov/2022:14:24:32 -0800] "GET /whats_new HTTP/1.1" 200 4437 "-" "Mozilla/5.0 AppleWebKit/537.36 (KHTML, like Gecko; compatible; bingbot/2.0; +http://www.bing.com/bingbot.htm) Chrome/103.0.5060.134 Safari/537.36" "brucemillernurseryedgewood.com"
114.119.132.131 - - [06/Nov/2022:14:27:41 -0800] "GET /clipart/buttons/themes/glow/?C=M%3BO%3DA HTTP/1.1" 200 420 "http://brucemillernurseryedgewood.com/clipart/buttons/themes/glow?C=N%3BO%3DD" "Mozilla/5.0 (Linux; Android 7.0;) AppleWebKit/537.36 (KHTML, like Gecko) Mobile Safari/537.36 (compatible; PetalBot;+https://webmaster.petalsearch.com/site/petalbot)" "brucemillernurseryedgewood.com"
194.38.20.161 - - [06/Nov/2022:14:39:52 -0800] "GET / HTTP/1.1" 200 1005 "-" "ALittle Client" "brucemillernurseryedgewood.com"
114.119.132.153 - - [06/Nov/2022:14:54:53 -0800] "GET /clipart/buttons?C=N%3BO%3DD HTTP/1.1" 301 1443 "https://www.brucemillernurseryedgewood.com/clipart/buttons?C=D%3BO%3DA" "Mozilla/5.0 (Linux; Android 7.0;) AppleWebKit/537.36 (KHTML, like Gecko) Mobile Safari/537.36 (compatible; PetalBot;+https://webmaster.petalsearch.com/site/petalbot)" "www.brucemillernurseryedgewood.com"
114.119.132.153 - - [06/Nov/2022:14:54:54 -0800] "GET /clipart/buttons/?C=N%3BO%3DD HTTP/1.1" 200 360 "https://www.brucemillernurseryedgewood.com/clipart/buttons?C=D%3BO%3DA" "Mozilla/5.0 (Linux; Android 7.0;) AppleWebKit/537.36 (KHTML, like Gecko) Mobile Safari/537.36 (compatible; PetalBot;+https://webmaster.petalsearch.com/site/petalbot)" "www.brucemillernurseryedgewood.com"
77.75.77.11 - - [06/Nov/2022:14:59:06 -0800] "GET /robots.txt HTTP/1.1" 404 88 "-" "Mozilla/5.0 (compatible; SeznamBot/3.2; +http://napoveda.seznam.cz/en/seznambot-intro/)" "brucemillernurseryedgewood.com"
77.75.77.11 - - [06/Nov/2022:14:59:07 -0800] "GET /images/IMG_1268.JPG HTTP/1.1" 200 85261 "-" "Mozilla/5.0 (compatible; SeznamBot/3.2; +http://napoveda.seznam.cz/en/seznambot-intro/)" "brucemillernurseryedgewood.com"
77.75.77.11 - - [06/Nov/2022:14:59:09 -0800] "GET /images/3.19f.JPG HTTP/1.1" 304 - "-" "Mozilla/5.0 (compatible; SeznamBot/3.2; +http://napoveda.seznam.cz/en/seznambot-intro/)" "brucemillernurseryedgewood.com"
157.55.39.126 - - [06/Nov/2022:14:59:41 -0800] "GET /great_deals_on_select_items HTTP/1.1" 404 88 "-" "Mozilla/5.0 AppleWebKit/537.36 (KHTML, like Gecko; compatible; bingbot/2.0; +http://www.bing.com/bingbot.htm) Chrome/103.0.5060.134 Safari/537.36" "www.brucemillernurseryedgewood.com"
114.119.132.146 - - [06/Nov/2022:15:30:21 -0800] "GET /sitebuilder?C=D%3BO%3DA HTTP/1.1" 301 1437 "https://www.brucemillernurseryedgewood.com/sitebuilder?C=S%3BO%3DA" "Mozilla/5.0 (Linux; Android 7.0;) AppleWebKit/537.36 (KHTML, like Gecko) Mobile Safari/537.36 (compatible; PetalBot;+https://webmaster.petalsearch.com/site/petalbot)" "www.brucemillernurseryedgewood.com"
114.119.132.146 - - [06/Nov/2022:15:30:22 -0800] "GET /sitebuilder/?C=D%3BO%3DA HTTP/1.1" 200 443 "https://www.brucemillernurseryedgewood.com/sitebuilder?C=S%3BO%3DA" "Mozilla/5.0 (Linux; Android 7.0;) AppleWebKit/537.36 (KHTML, like Gecko) Mobile Safari/537.36 (compatible; PetalBot;+https://webmaster.petalsearch.com/site/petalbot)" "www.brucemillernurseryedgewood.com"
114.119.132.131 - - [06/Nov/2022:15:35:23 -0800] "GET /clipart/bars HTTP/1.1" 301 1427 "https://www.brucemillernurseryedgewood.com/clipart?C=D%3BO%3DA" "Mozilla/5.0 (Linux; Android 7.0;) AppleWebKit/537.36 (KHTML, like Gecko) Mobile Safari/537.36 (compatible; PetalBot;+https://webmaster.petalsearch.com/site/petalbot)" "www.brucemillernurseryedgewood.com"
114.119.132.131 - - [06/Nov/2022:15:35:24 -0800] "GET /clipart/bars/ HTTP/1.1" 200 358 "https://www.brucemillernurseryedgewood.com/clipart?C=D%3BO%3DA" "Mozilla/5.0 (Linux; Android 7.0;) AppleWebKit/537.36 (KHTML, like Gecko) Mobile Safari/537.36 (compatible; PetalBot;+https://webmaster.petalsearch.com/site/petalbot)" "www.brucemillernurseryedgewood.com"
129.227.30.253 - - [06/Nov/2022:15:38:31 -0800] "GET /yahoo_site_admin/assets/images/018.40132309_std.JPG HTTP/1.1" 200 128723 "-" "Mozilla/5.0 (X11; Ubuntu; Linux x86_64; rv:72.0) Gecko/20100101 Firefox/72.0" "brucemillernurseryedgewood.com"
114.119.132.131 - - [06/Nov/2022:15:43:40 -0800] "GET /sitebuilder/clipart/bars/regular/horizontal HTTP/1.1" 301 1448 "https://www.brucemillernurseryedgewood.com/sitebuilder/clipart/bars/regular?C=N%3BO%3DD" "Mozilla/5.0 (Linux; Android 7.0;) AppleWebKit/537.36 (KHTML, like Gecko) Mobile Safari/537.36 (compatible; PetalBot;+https://webmaster.petalsearch.com/site/petalbot)" "www.brucemillernurseryedgewood.com"
114.119.132.131 - - [06/Nov/2022:15:43:42 -0800] "GET /sitebuilder/clipart/bars/regular/horizontal/ HTTP/1.1" 200 416 "https://www.brucemillernurseryedgewood.com/sitebuilder/clipart/bars/regular?C=N%3BO%3DD" "Mozilla/5.0 (Linux; Android 7.0;) AppleWebKit/537.36 (KHTML, like Gecko) Mobile Safari/537.36 (compatible; PetalBot;+https://webmaster.petalsearch.com/site/petalbot)" "www.brucemillernurseryedgewood.com"
77.75.77.95 - - [06/Nov/2022:15:50:44 -0800] "GET /robots.txt HTTP/1.1" 404 88 "-" "Mozilla/5.0 (compatible; SeznamBot/3.2; +http://napoveda.seznam.cz/en/seznambot-intro/)" "brucemillernurseryedgewood.com"
77.75.77.95 - - [06/Nov/2022:15:50:46 -0800] "GET /images/2009_0531Image0025.JPG HTTP/1.1" 200 108672 "-" "Mozilla/5.0 (compatible; SeznamBot/3.2; +http://napoveda.seznam.cz/en/seznambot-intro/)" "brucemillernurseryedgewood.com"
77.75.77.95 - - [06/Nov/2022:15:50:49 -0800] "GET /images/IMG_1176.JPG HTTP/1.1" 304 - "-" "Mozilla/5.0 (compatible; SeznamBot/3.2; +http://napoveda.seznam.cz/en/seznambot-intro/)" "brucemillernurseryedgewood.com"
114.119.132.131 - - [06/Nov/2022:15:55:48 -0800] "GET /clipart/buttons/themes/stone?C=S%3BO%3DA HTTP/1.1" 301 1446 "http://brucemillernurseryedgewood.com/clipart/buttons/themes/stone?C=M%3BO%3DA" "Mozilla/5.0 (Linux; Android 7.0;) AppleWebKit/537.36 (KHTML, like Gecko) Mobile Safari/537.36 (compatible; PetalBot;+https://webmaster.petalsearch.com/site/petalbot)" "brucemillernurseryedgewood.com"
114.119.132.131 - - [06/Nov/2022:15:55:51 -0800] "GET /clipart/buttons/themes/stone/?C=S%3BO%3DA HTTP/1.1" 200 413 "http://brucemillernurseryedgewood.com/clipart/buttons/themes/stone?C=M%3BO%3DA" "Mozilla/5.0 (Linux; Android 7.0;) AppleWebKit/537.36 (KHTML, like Gecko) Mobile Safari/537.36 (compatible; PetalBot;+https://webmaster.petalsearch.com/site/petalbot)" "brucemillernurseryedgewood.com"
114.119.132.146 - - [06/Nov/2022:16:00:53 -0800] "GET /clipart/buttons/themes HTTP/1.1" 301 1429 "http://brucemillernurseryedgewood.com/clipart/buttons/themes/glow?C=N%3BO%3DD" "Mozilla/5.0 (Linux; Android 7.0;) AppleWebKit/537.36 (KHTML, like Gecko) Mobile Safari/537.36 (compatible; PetalBot;+https://webmaster.petalsearch.com/site/petalbot)" "brucemillernurseryedgewood.com"
114.119.132.146 - - [06/Nov/2022:16:00:55 -0800] "GET /clipart/buttons/themes/ HTTP/1.1" 200 382 "http://brucemillernurseryedgewood.com/clipart/buttons/themes/glow?C=N%3BO%3DD" "Mozilla/5.0 (Linux; Android 7.0;) AppleWebKit/537.36 (KHTML, like Gecko) Mobile Safari/537.36 (compatible; PetalBot;+https://webmaster.petalsearch.com/site/petalbot)" "brucemillernurseryedgewood.com"
114.119.132.153 - - [06/Nov/2022:16:05:46 -0800] "GET /sitebuilder/clipart/bars/regular/horizontal/?C=D%3BO%3DA HTTP/1.1" 200 416 "https://www.brucemillernurseryedgewood.com/sitebuilder/clipart/bars/regular/horizontal?C=D%3BO%3DA" "Mozilla/5.0 (Linux; Android 7.0;) AppleWebKit/537.36 (KHTML, like Gecko) Mobile Safari/537.36 (compatible; PetalBot;+https://webmaster.petalsearch.com/site/petalbot)" "www.brucemillernurseryedgewood.com"
114.119.150.186 - - [06/Nov/2022:16:10:46 -0800] "GET /clipart/buttons/themes/glow/ HTTP/1.1" 200 420 "http://brucemillernurseryedgewood.com/clipart/buttons/themes/?C=D%3BO%3DA" "Mozilla/5.0 (Linux; Android 7.0;) AppleWebKit/537.36 (KHTML, like Gecko) Mobile Safari/537.36 (compatible; PetalBot;+https://webmaster.petalsearch.com/site/petalbot)" "brucemillernurseryedgewood.com"
54.190.192.47 - - [06/Nov/2022:16:13:32 -0800] "GET / HTTP/1.1" 200 406 "-" "Mozilla/5.0 (X11; Linux x86_64) AppleWebKit/537.36 (KHTML, like Gecko) Chrome/83.0.4103.97 Safari/537.36" "brucemillernurseryedgewood.com"
52.11.88.50 - - [06/Nov/2022:16:15:28 -0800] "GET /favicon.ico HTTP/1.1" 404 88 "-" "Mozilla/5.0 (X11; Linux x86_64) AppleWebKit/537.36 (KHTML, like Gecko) Chrome/83.0.4103.97 Safari/537.36" "brucemillernurseryedgewood.com"
52.11.88.50 - - [06/Nov/2022:16:15:29 -0800] "GET / HTTP/1.1" 200 406 "-" "Mozilla/5.0 (X11; Linux x86_64) AppleWebKit/537.36 (KHTML, like Gecko) Chrome/83.0.4103.97 Safari/537.36" "brucemillernurseryedgewood.com"
114.119.132.16 - - [06/Nov/2022:16:15:46 -0800] "GET /clipart/pageHeaders/?C=N%3BO%3DD HTTP/1.1" 200 479 "https://www.brucemillernurseryedgewood.com/clipart/pageHeaders?C=M%3BO%3DA" "Mozilla/5.0 (Linux; Android 7.0;) AppleWebKit/537.36 (KHTML, like Gecko) Mobile Safari/537.36 (compatible; PetalBot;+https://webmaster.petalsearch.com/site/petalbot)" "www.brucemillernurseryedgewood.com"
114.119.132.122 - - [06/Nov/2022:16:20:47 -0800] "GET /sitebuilder/clipart/bars/regular HTTP/1.1" 301 1440 "https://www.brucemillernurseryedgewood.com/sitebuilder/clipart/bars/regular/vertical?C=N%3BO%3DD" "Mozilla/5.0 (Linux; Android 7.0;) AppleWebKit/537.36 (KHTML, like Gecko) Mobile Safari/537.36 (compatible; PetalBot;+https://webmaster.petalsearch.com/site/petalbot)" "www.brucemillernurseryedgewood.com"
114.119.132.122 - - [06/Nov/2022:16:20:48 -0800] "GET /sitebuilder/clipart/bars/regular/ HTTP/1.1" 200 391 "https://www.brucemillernurseryedgewood.com/sitebuilder/clipart/bars/regular/vertical?C=N%3BO%3DD" "Mozilla/5.0 (Linux; Android 7.0;) AppleWebKit/537.36 (KHTML, like Gecko) Mobile Safari/537.36 (compatible; PetalBot;+https://webmaster.petalsearch.com/site/petalbot)" "www.brucemillernurseryedgewood.com"
157.55.39.34 - - [06/Nov/2022:16:25:11 -0800] "GET /clipart/backgrounds/ HTTP/1.1" 200 389 "-" "Mozilla/5.0 AppleWebKit/537.36 (KHTML, like Gecko; compatible; bingbot/2.0; +http://www.bing.com/bingbot.htm) Chrome/103.0.5060.134 Safari/537.36" "brucemillernurseryedgewood.com"
114.119.132.153 - - [06/Nov/2022:16:25:54 -0800] "GET /sitebuilder/clipart/bars/low-carb/?C=D%3BO%3DA HTTP/1.1" 200 375 "https://www.brucemillernurseryedgewood.com/sitebuilder/clipart/bars/low-carb?C=N%3BO%3DD" "Mozilla/5.0 (Linux; Android 7.0;) AppleWebKit/537.36 (KHTML, like Gecko) Mobile Safari/537.36 (compatible; PetalBot;+https://webmaster.petalsearch.com/site/petalbot)" "www.brucemillernurseryedgewood.com"
114.119.132.122 - - [06/Nov/2022:16:30:47 -0800] "GET /sitebuilder/scripts/ HTTP/1.1" 200 372 "http://brucemillernurseryedgewood.com/sitebuilder?C=M%3BO%3DA" "Mozilla/5.0 (Linux; Android 7.0;) AppleWebKit/537.36 (KHTML, like Gecko) Mobile Safari/537.36 (compatible; PetalBot;+https://webmaster.petalsearch.com/site/petalbot)" "brucemillernurseryedgewood.com"
114.119.132.153 - - [06/Nov/2022:16:35:54 -0800] "GET /sitebuilder/?C=M%3BO%3DA HTTP/1.1" 200 443 "http://brucemillernurseryedgewood.com/sitebuilder?C=M%3BO%3DA" "Mozilla/5.0 (Linux; Android 7.0;) AppleWebKit/537.36 (KHTML, like Gecko) Mobile Safari/537.36 (compatible; PetalBot;+https://webmaster.petalsearch.com/site/petalbot)" "brucemillernurseryedgewood.com"
208.100.26.243 - - [06/Nov/2022:16:38:25 -0800] "GET / HTTP/1.1" 200 406 "-" "Mozilla/5.0 (iPhone; CPU iPhone OS 13_3_1 like Mac OS X) AppleWebKit/605.1.15 (KHTML, like Gecko) Mobile/15E148 Safari/605.1.15" "brucemillernurseryedgewood.com"
208.100.26.243 - - [06/Nov/2022:16:38:25 -0800] "GET / HTTP/1.1" 200 406 "-" "Mozilla/5.0 (Linux; Android 10; Pixel 2 XL Build/QQ3A.200705.002; wv) AppleWebKit/537.36 (KHTML, like Gecko) Version/4.0 Chrome/81.0.4044.138 Mobile Safari/537.36" "brucemillernurseryedgewood.com"
114.119.150.186 - - [06/Nov/2022:16:40:54 -0800] "GET /sitebuilder/clipart/bars/regular/vertical?C=S%3BO%3DA HTTP/1.1" 301 1458 "https://www.brucemillernurseryedgewood.com/sitebuilder/clipart/bars/regular/vertical?C=D%3BO%3DA" "Mozilla/5.0 (Linux; Android 7.0;) AppleWebKit/537.36 (KHTML, like Gecko) Mobile Safari/537.36 (compatible; PetalBot;+https://webmaster.petalsearch.com/site/petalbot)" "www.brucemillernurseryedgewood.com"
114.119.150.186 - - [06/Nov/2022:16:41:12 -0800] "GET /sitebuilder/clipart/bars/regular/vertical/?C=S%3BO%3DA HTTP/1.1" 200 417 "https://www.brucemillernurseryedgewood.com/sitebuilder/clipart/bars/regular/vertical?C=D%3BO%3DA" "Mozilla/5.0 (Linux; Android 7.0;) AppleWebKit/537.36 (KHTML, like Gecko) Mobile Safari/537.36 (compatible; PetalBot;+https://webmaster.petalsearch.com/site/petalbot)" "www.brucemillernurseryedgewood.com"
114.119.132.149 - - [06/Nov/2022:16:45:49 -0800] "GET /clipart/backgrounds/sidebar HTTP/1.1" 301 1427 "http://brucemillernurseryedgewood.com/clipart/backgrounds?C=D%3BO%3DA" "Mozilla/5.0 (Linux; Android 7.0;) AppleWebKit/537.36 (KHTML, like Gecko) Mobile Safari/537.36 (compatible; PetalBot;+https://webmaster.petalsearch.com/site/petalbot)" "brucemillernurseryedgewood.com"
114.119.132.149 - - [06/Nov/2022:16:45:54 -0800] "GET /clipart/backgrounds/sidebar/ HTTP/1.1" 200 384 "http://brucemillernurseryedgewood.com/clipart/backgrounds?C=D%3BO%3DA" "Mozilla/5.0 (Linux; Android 7.0;) AppleWebKit/537.36 (KHTML, like Gecko) Mobile Safari/537.36 (compatible; PetalBot;+https://webmaster.petalsearch.com/site/petalbot)" "brucemillernurseryedgewood.com"
77.75.79.62 - - [06/Nov/2022:16:47:21 -0800] "GET /robots.txt HTTP/1.1" 404 88 "-" "Mozilla/5.0 (compatible; SeznamBot/3.2; +http://napoveda.seznam.cz/en/seznambot-intro/)" "brucemillernurseryedgewood.com"
77.75.79.62 - - [06/Nov/2022:16:47:22 -0800] "GET /images/2009_0620Image0004.JPG HTTP/1.1" 304 - "-" "Mozilla/5.0 (compatible; SeznamBot/3.2; +http://napoveda.seznam.cz/en/seznambot-intro/)" "brucemillernurseryedgewood.com"
77.75.79.62 - - [06/Nov/2022:16:47:23 -0800] "GET /images/IMG_1272.JPG HTTP/1.1" 200 357519 "-" "Mozilla/5.0 (compatible; SeznamBot/3.2; +http://napoveda.seznam.cz/en/seznambot-intro/)" "brucemillernurseryedgewood.com"
114.119.132.153 - - [06/Nov/2022:16:50:49 -0800] "GET /clipart/backgrounds?C=N%3BO%3DD HTTP/1.1" 301 1436 "http://brucemillernurseryedgewood.com/clipart/backgrounds?C=D%3BO%3DA" "Mozilla/5.0 (Linux; Android 7.0;) AppleWebKit/537.36 (KHTML, like Gecko) Mobile Safari/537.36 (compatible; PetalBot;+https://webmaster.petalsearch.com/site/petalbot)" "brucemillernurseryedgewood.com"
114.119.132.153 - - [06/Nov/2022:16:50:49 -0800] "GET /clipart/backgrounds/?C=N%3BO%3DD HTTP/1.1" 200 389 "http://brucemillernurseryedgewood.com/clipart/backgrounds?C=D%3BO%3DA" "Mozilla/5.0 (Linux; Android 7.0;) AppleWebKit/537.36 (KHTML, like Gecko) Mobile Safari/537.36 (compatible; PetalBot;+https://webmaster.petalsearch.com/site/petalbot)" "brucemillernurseryedgewood.com"
114.119.150.186 - - [06/Nov/2022:16:55:46 -0800] "GET /clipart/images/ HTTP/1.1" 200 476 "https://www.brucemillernurseryedgewood.com/clipart/images/sidebars?C=S%3BO%3DA" "Mozilla/5.0 (Linux; Android 7.0;) AppleWebKit/537.36 (KHTML, like Gecko) Mobile Safari/537.36 (compatible; PetalBot;+https://webmaster.petalsearch.com/site/petalbot)" "www.brucemillernurseryedgewood.com"
114.119.132.122 - - [06/Nov/2022:17:00:48 -0800] "GET /?C=S%3BO%3DA HTTP/1.1" 200 406 "http://www.brucemillernurseryedgewood.com?C=D%3BO%3DA" "Mozilla/5.0 (Linux; Android 7.0;) AppleWebKit/537.36 (KHTML, like Gecko) Mobile Safari/537.36 (compatible; PetalBot;+https://webmaster.petalsearch.com/site/petalbot)" "www.brucemillernurseryedgewood.com"
114.119.132.146 - - [06/Nov/2022:17:05:50 -0800] "GET /clipart/images/sidebars?C=N%3BO%3DD HTTP/1.1" 301 1443 "http://brucemillernurseryedgewood.com/clipart/images/sidebars" "Mozilla/5.0 (Linux; Android 7.0;) AppleWebKit/537.36 (KHTML, like Gecko) Mobile Safari/537.36 (compatible; PetalBot;+https://webmaster.petalsearch.com/site/petalbot)" "brucemillernurseryedgewood.com"
114.119.132.146 - - [06/Nov/2022:17:05:53 -0800] "GET /clipart/images/sidebars/?C=N%3BO%3DD HTTP/1.1" 200 405 "http://brucemillernurseryedgewood.com/clipart/images/sidebars" "Mozilla/5.0 (Linux; Android 7.0;) AppleWebKit/537.36 (KHTML, like Gecko) Mobile Safari/537.36 (compatible; PetalBot;+https://webmaster.petalsearch.com/site/petalbot)" "brucemillernurseryedgewood.com"
173.252.95.13 - - [06/Nov/2022:17:06:12 -0800] "GET /?fbclid=IwAR1xQJ8Vas4kA_0X7qQ8YSCxEt_9h0evZIzzTXXtIbSybI8QsrYUboRzqdM HTTP/1.1" 200 406 "-" "Mozilla/5.0 (X11; Linux x86_64) AppleWebKit/537.36 (KHTML, like Gecko) Chrome/107.0.0.0 Safari/537.36" "www.brucemillernurseryedgewood.com"
173.252.95.18 - - [06/Nov/2022:17:06:13 -0800] "GET /favicon.ico HTTP/1.1" 404 88 "http://www.brucemillernurseryedgewood.com/?fbclid=IwAR1xQJ8Vas4kA_0X7qQ8YSCxEt_9h0evZIzzTXXtIbSybI8QsrYUboRzqdM" "Mozilla/5.0 (X11; Linux x86_64) AppleWebKit/537.36 (KHTML, like Gecko) Chrome/107.0.0.0 Safari/537.36" "www.brucemillernurseryedgewood.com"
173.252.107.116 - - [06/Nov/2022:17:06:46 -0800] "GET / HTTP/1.1" 206 406 "-" "facebookexternalhit/1.1 (+http://www.facebook.com/externalhit_uatext.php)" "www.brucemillernurseryedgewood.com"
114.119.132.149 - - [06/Nov/2022:17:10:47 -0800] "GET /clipart/lines/horizontal/?C=M%3BO%3DA HTTP/1.1" 200 447 "https://www.brucemillernurseryedgewood.com/clipart/lines/horizontal/?C=D%3BO%3DA" "Mozilla/5.0 (Linux; Android 7.0;) AppleWebKit/537.36 (KHTML, like Gecko) Mobile Safari/537.36 (compatible; PetalBot;+https://webmaster.petalsearch.com/site/petalbot)" "www.brucemillernurseryedgewood.com"
3.239.81.138 - - [06/Nov/2022:17:13:19 -0800] "GET / HTTP/1.1" 200 406 "-" "Mozilla/5.0 (Windows NT 10.0) AppleWebKit/537.36 (KHTML, like Gecko) Chrome/76.0.3809.100 Safari/537.36" "brucemillernurseryedgewood.com"
114.119.132.153 - - [06/Nov/2022:17:15:49 -0800] "GET /sitebuilder/clipart/bars/regular/vertical?C=N%3BO%3DD HTTP/1.1" 301 1452 "http://brucemillernurseryedgewood.com/sitebuilder/clipart/bars/regular/vertical?C=S%3BO%3DA" "Mozilla/5.0 (Linux; Android 7.0;) AppleWebKit/537.36 (KHTML, like Gecko) Mobile Safari/537.36 (compatible; PetalBot;+https://webmaster.petalsearch.com/site/petalbot)" "brucemillernurseryedgewood.com"
114.119.132.153 - - [06/Nov/2022:17:15:53 -0800] "GET /sitebuilder/clipart/bars/regular/vertical/?C=N%3BO%3DD HTTP/1.1" 200 417 "http://brucemillernurseryedgewood.com/sitebuilder/clipart/bars/regular/vertical?C=S%3BO%3DA" "Mozilla/5.0 (Linux; Android 7.0;) AppleWebKit/537.36 (KHTML, like Gecko) Mobile Safari/537.36 (compatible; PetalBot;+https://webmaster.petalsearch.com/site/petalbot)" "brucemillernurseryedgewood.com"
114.119.132.122 - - [06/Nov/2022:17:20:47 -0800] "GET /sitebuilder/clipart/backgrounds/tile/?C=D%3BO%3DA HTTP/1.1" 200 412 "https://www.brucemillernurseryedgewood.com/sitebuilder/clipart/backgrounds/tile/?C=S%3BO%3DA" "Mozilla/5.0 (Linux; Android 7.0;) AppleWebKit/537.36 (KHTML, like Gecko) Mobile Safari/537.36 (compatible; PetalBot;+https://webmaster.petalsearch.com/site/petalbot)" "www.brucemillernurseryedgewood.com"
114.119.132.149 - - [06/Nov/2022:17:25:50 -0800] "GET /images?C=S%3BO%3DA HTTP/1.1" 301 1430 "http://brucemillernurseryedgewood.com/images?C=D%3BO%3DA" "Mozilla/5.0 (Linux; Android 7.0;) AppleWebKit/537.36 (KHTML, like Gecko) Mobile Safari/537.36 (compatible; PetalBot;+https://webmaster.petalsearch.com/site/petalbot)" "brucemillernurseryedgewood.com"
114.119.132.149 - - [06/Nov/2022:17:25:51 -0800] "GET /images/?C=S%3BO%3DA HTTP/1.1" 200 3702 "http://brucemillernurseryedgewood.com/images?C=D%3BO%3DA" "Mozilla/5.0 (Linux; Android 7.0;) AppleWebKit/537.36 (KHTML, like Gecko) Mobile Safari/537.36 (compatible; PetalBot;+https://webmaster.petalsearch.com/site/petalbot)" "brucemillernurseryedgewood.com"
114.119.132.146 - - [06/Nov/2022:17:30:49 -0800] "GET /clipart/buttons/themes/stone?C=M%3BO%3DA HTTP/1.1" 301 1446 "http://brucemillernurseryedgewood.com/clipart/buttons/themes/stone?C=S%3BO%3DA" "Mozilla/5.0 (Linux; Android 7.0;) AppleWebKit/537.36 (KHTML, like Gecko) Mobile Safari/537.36 (compatible; PetalBot;+https://webmaster.petalsearch.com/site/petalbot)" "brucemillernurseryedgewood.com"
114.119.132.146 - - [06/Nov/2022:17:30:52 -0800] "GET /clipart/buttons/themes/stone/?C=M%3BO%3DA HTTP/1.1" 200 413 "http://brucemillernurseryedgewood.com/clipart/buttons/themes/stone?C=S%3BO%3DA" "Mozilla/5.0 (Linux; Android 7.0;) AppleWebKit/537.36 (KHTML, like Gecko) Mobile Safari/537.36 (compatible; PetalBot;+https://webmaster.petalsearch.com/site/petalbot)" "brucemillernurseryedgewood.com"
114.119.132.153 - - [06/Nov/2022:17:35:48 -0800] "GET /sitebuilder/?C=M%3BO%3DA HTTP/1.1" 200 443 "https://www.brucemillernurseryedgewood.com/sitebuilder/?C=S%3BO%3DA" "Mozilla/5.0 (Linux; Android 7.0;) AppleWebKit/537.36 (KHTML, like Gecko) Mobile Safari/537.36 (compatible; PetalBot;+https://webmaster.petalsearch.com/site/petalbot)" "www.brucemillernurseryedgewood.com"
114.119.132.146 - - [06/Nov/2022:17:40:50 -0800] "GET /sitebuilder/clipart HTTP/1.1" 301 1425 "http://brucemillernurseryedgewood.com/sitebuilder/clipart/bars?C=D%3BO%3DA" "Mozilla/5.0 (Linux; Android 7.0;) AppleWebKit/537.36 (KHTML, like Gecko) Mobile Safari/537.36 (compatible; PetalBot;+https://webmaster.petalsearch.com/site/petalbot)" "brucemillernurseryedgewood.com"
114.119.132.146 - - [06/Nov/2022:17:40:55 -0800] "GET /sitebuilder/clipart/ HTTP/1.1" 200 376 "http://brucemillernurseryedgewood.com/sitebuilder/clipart/bars?C=D%3BO%3DA" "Mozilla/5.0 (Linux; Android 7.0;) AppleWebKit/537.36 (KHTML, like Gecko) Mobile Safari/537.36 (compatible; PetalBot;+https://webmaster.petalsearch.com/site/petalbot)" "brucemillernurseryedgewood.com"
77.75.78.163 - - [06/Nov/2022:17:45:23 -0800] "GET /robots.txt HTTP/1.1" 404 88 "-" "Mozilla/5.0 (compatible; SeznamBot/3.2; +http://napoveda.seznam.cz/en/seznambot-intro/)" "brucemillernurseryedgewood.com"
77.75.78.163 - - [06/Nov/2022:17:45:24 -0800] "GET /images/IMG_1275.JPG HTTP/1.1" 200 228822 "-" "Mozilla/5.0 (compatible; SeznamBot/3.2; +http://napoveda.seznam.cz/en/seznambot-intro/)" "brucemillernurseryedgewood.com"
77.75.78.163 - - [06/Nov/2022:17:45:28 -0800] "GET /images/IMG_0769.JPG HTTP/1.1" 304 - "-" "Mozilla/5.0 (compatible; SeznamBot/3.2; +http://napoveda.seznam.cz/en/seznambot-intro/)" "brucemillernurseryedgewood.com"
114.119.132.153 - - [06/Nov/2022:17:45:50 -0800] "GET /clipart/pageHeaders/?C=D%3BO%3DA HTTP/1.1" 200 479 "https://www.brucemillernurseryedgewood.com/clipart/pageHeaders?C=M%3BO%3DA" "Mozilla/5.0 (Linux; Android 7.0;) AppleWebKit/537.36 (KHTML, like Gecko) Mobile Safari/537.36 (compatible; PetalBot;+https://webmaster.petalsearch.com/site/petalbot)" "www.brucemillernurseryedgewood.com"
66.249.66.7 - - [06/Nov/2022:17:46:53 -0800] "GET /robots.txt HTTP/1.1" 404 88 "-" "Mozilla/5.0 (compatible; Googlebot/2.1; +http://www.google.com/bot.html)" "brucemillernurseryedgewood.com"
157.55.39.3 - - [06/Nov/2022:17:53:55 -0800] "GET / HTTP/1.1" 200 406 "-" "Mozilla/5.0 AppleWebKit/537.36 (KHTML, like Gecko; compatible; bingbot/2.0; +http://www.bing.com/bingbot.htm) Chrome/103.0.5060.134 Safari/537.36" "brucemillernurseryedgewood.com"
114.119.132.146 - - [06/Nov/2022:17:54:57 -0800] "GET /clipart/images/frames/?C=S%3BO%3DA HTTP/1.1" 200 395 "https://www.brucemillernurseryedgewood.com/clipart/images/frames" "Mozilla/5.0 (Linux; Android 7.0;) AppleWebKit/537.36 (KHTML, like Gecko) Mobile Safari/537.36 (compatible; PetalBot;+https://webmaster.petalsearch.com/site/petalbot)" "www.brucemillernurseryedgewood.com"
114.119.150.186 - - [06/Nov/2022:18:18:48 -0800] "GET /clipart/images/sidebars/?C=S%3BO%3DA HTTP/1.1" 200 405 "https://www.brucemillernurseryedgewood.com/clipart/images/sidebars?C=S%3BO%3DA" "Mozilla/5.0 (Linux; Android 7.0;) AppleWebKit/537.36 (KHTML, like Gecko) Mobile Safari/537.36 (compatible; PetalBot;+https://webmaster.petalsearch.com/site/petalbot)" "www.brucemillernurseryedgewood.com"
114.119.132.122 - - [06/Nov/2022:18:27:02 -0800] "GET /clipart/bars/regular/?C=M%3BO%3DA HTTP/1.1" 200 366 "http://brucemillernurseryedgewood.com/clipart/bars/regular/?C=S%3BO%3DA" "Mozilla/5.0 (Linux; Android 7.0;) AppleWebKit/537.36 (KHTML, like Gecko) Mobile Safari/537.36 (compatible; PetalBot;+https://webmaster.petalsearch.com/site/petalbot)" "brucemillernurseryedgewood.com"
40.77.167.7 - - [06/Nov/2022:18:29:10 -0800] "GET / HTTP/1.1" 200 406 "-" "Mozilla/5.0 AppleWebKit/537.36 (KHTML, like Gecko; compatible; bingbot/2.0; +http://www.bing.com/bingbot.htm) Chrome/103.0.5060.134 Safari/537.36" "brucemillernurseryedgewood.com"
114.119.132.16 - - [06/Nov/2022:18:32:02 -0800] "GET /clipart/backgrounds/fullpage/?C=M%3BO%3DA HTTP/1.1" 200 387 "https://www.brucemillernurseryedgewood.com/clipart/backgrounds/fullpage?C=N%3BO%3DD" "Mozilla/5.0 (Linux; Android 7.0;) AppleWebKit/537.36 (KHTML, like Gecko) Mobile Safari/537.36 (compatible; PetalBot;+https://webmaster.petalsearch.com/site/petalbot)" "www.brucemillernurseryedgewood.com"
157.55.39.34 - - [06/Nov/2022:18:42:24 -0800] "GET /great_deals HTTP/1.1" 200 4168 "-" "Mozilla/5.0 AppleWebKit/537.36 (KHTML, like Gecko; compatible; bingbot/2.0; +http://www.bing.com/bingbot.htm) Chrome/103.0.5060.134 Safari/537.36" "brucemillernurseryedgewood.com"
40.77.167.7 - - [06/Nov/2022:18:42:43 -0800] "GET /contact_us HTTP/1.1" 200 8121 "-" "Mozilla/5.0 AppleWebKit/537.36 (KHTML, like Gecko; compatible; bingbot/2.0; +http://www.bing.com/bingbot.htm) Chrome/103.0.5060.134 Safari/537.36" "brucemillernurseryedgewood.com"
142.93.184.238 - - [06/Nov/2022:18:51:50 -0800] "GET / HTTP/1.1" 200 406 "-" "Mozilla/5.0 (Macintosh; Intel Mac OS X 10_15_2) AppleWebKit/537.36 (KHTML, like Gecko) Chrome/79.0.3945.88 Safari/537.36" "brucemillernurseryedgewood.com"
87.250.224.72 - - [06/Nov/2022:18:52:27 -0800] "GET /robots.txt HTTP/1.1" 404 73 "-" "Mozilla/5.0 (compatible; YandexBot/3.0; +http://yandex.com/bots)" "brucemillernurseryedgewood.com"
87.250.224.150 - - [06/Nov/2022:18:52:30 -0800] "GET /AboutUs.html HTTP/1.1" 404 88 "-" "Mozilla/5.0 (compatible; YandexBot/3.0; +http://yandex.com/bots)" "brucemillernurseryedgewood.com"
77.75.76.167 - - [06/Nov/2022:18:53:30 -0800] "GET /robots.txt HTTP/1.1" 404 88 "-" "Mozilla/5.0 (compatible; SeznamBot/3.2; +http://napoveda.seznam.cz/en/seznambot-intro/)" "brucemillernurseryedgewood.com"
77.75.76.167 - - [06/Nov/2022:18:53:31 -0800] "GET /images/3.19g.JPG HTTP/1.1" 304 - "-" "Mozilla/5.0 (compatible; SeznamBot/3.2; +http://napoveda.seznam.cz/en/seznambot-intro/)" "brucemillernurseryedgewood.com"
216.244.66.230 - - [06/Nov/2022:19:13:31 -0800] "GET /robots.txt HTTP/1.1" 404 73 "-" "Mozilla/5.0 (compatible; DotBot/1.2; +https://opensiteexplorer.org/dotbot; help@moz.com)" "www.brucemillernurseryedgewood.com"
114.119.132.149 - - [06/Nov/2022:19:29:40 -0800] "GET /images/?C=M%3BO%3DA HTTP/1.1" 200 3702 "http://brucemillernurseryedgewood.com/images?C=M%3BO%3DA" "Mozilla/5.0 (Linux; Android 7.0;) AppleWebKit/537.36 (KHTML, like Gecko) Mobile Safari/537.36 (compatible; PetalBot;+https://webmaster.petalsearch.com/site/petalbot)" "brucemillernurseryedgewood.com"
40.77.167.7 - - [06/Nov/2022:19:32:13 -0800] "GET /home HTTP/1.1" 200 4616 "-" "Mozilla/5.0 AppleWebKit/537.36 (KHTML, like Gecko; compatible; bingbot/2.0; +http://www.bing.com/bingbot.htm) Chrome/103.0.5060.134 Safari/537.36" "brucemillernurseryedgewood.com"
66.249.66.5 - - [06/Nov/2022:19:46:14 -0800] "GET /ads.txt HTTP/1.1" 404 88 "-" "Mozilla/5.0 (compatible; Googlebot/2.1; +http://www.google.com/bot.html)" "brucemillernurseryedgewood.com"
77.75.77.36 - - [06/Nov/2022:19:47:35 -0800] "GET /robots.txt HTTP/1.1" 404 88 "-" "Mozilla/5.0 (compatible; SeznamBot/3.2; +http://napoveda.seznam.cz/en/seznambot-intro/)" "brucemillernurseryedgewood.com"
77.75.77.36 - - [06/Nov/2022:19:47:37 -0800] "GET /images/IMG_0258.JPG HTTP/1.1" 304 - "-" "Mozilla/5.0 (compatible; SeznamBot/3.2; +http://napoveda.seznam.cz/en/seznambot-intro/)" "brucemillernurseryedgewood.com"
216.244.66.230 - - [06/Nov/2022:19:49:57 -0800] "GET /?C=N;O=A HTTP/1.1" 200 1005 "-" "Mozilla/5.0 (compatible; DotBot/1.2; +https://opensiteexplorer.org/dotbot; help@moz.com)" "www.brucemillernurseryedgewood.com"
40.77.167.7 - - [06/Nov/2022:19:58:14 -0800] "GET /home HTTP/1.1" 200 4616 "-" "Mozilla/5.0 AppleWebKit/537.36 (KHTML, like Gecko; compatible; bingbot/2.0; +http://www.bing.com/bingbot.htm) Chrome/103.0.5060.134 Safari/537.36" "brucemillernurseryedgewood.com"
3.231.24.49 - - [06/Nov/2022:20:20:33 -0800] "GET /robots.txt HTTP/1.1" 404 73 "-" "Mozilla/5.0 (X11; Linux x86_64) AppleWebKit/537.36 (KHTML, like Gecko) Chrome/94.0.4606.81 Safari/537.36" "brucemillernurseryedgewood.com"
3.231.24.49 - - [06/Nov/2022:20:20:34 -0800] "GET / HTTP/1.1" 200 1005 "-" "Mozilla/5.0 (X11; Linux x86_64) AppleWebKit/537.36 (KHTML, like Gecko) Chrome/94.0.4606.81 Safari/537.36" "brucemillernurseryedgewood.com"
118.184.177.82 - - [06/Nov/2022:20:48:17 -0800] "GET / HTTP/1.1" 200 406 "-" "Sogou web spider/4.0(+http://www.sogou.com/docs/help/webmasters.htm#07)" "brucemillernurseryedgewood.com"
77.75.76.164 - - [06/Nov/2022:20:51:53 -0800] "GET /robots.txt HTTP/1.1" 404 88 "-" "Mozilla/5.0 (compatible; SeznamBot/3.2; +http://napoveda.seznam.cz/en/seznambot-intro/)" "brucemillernurseryedgewood.com"
77.75.76.164 - - [06/Nov/2022:20:51:55 -0800] "GET /images/IMG_0254.JPG HTTP/1.1" 304 - "-" "Mozilla/5.0 (compatible; SeznamBot/3.2; +http://napoveda.seznam.cz/en/seznambot-intro/)" "brucemillernurseryedgewood.com"
141.95.110.165 - - [06/Nov/2022:20:53:04 -0800] "GET /wp-content/themes/seotheme/mar.php HTTP/1.1" 404 88 "-" "Mozilla/5.0 (Windows NT 10.0; Win64; x64) AppleWebKit/537.36 (KHTML, like Gecko) Chrome/85.0.4183.102 Safari/537.36" "brucemillernurseryedgewood.com"
141.95.110.165 - - [06/Nov/2022:20:53:04 -0800] "GET /wp-content/themes/seoplugins/mar.php HTTP/1.1" 404 88 "-" "Mozilla/5.0 (Windows NT 10.0; Win64; x64) AppleWebKit/537.36 (KHTML, like Gecko) Chrome/85.0.4183.102 Safari/537.36" "brucemillernurseryedgewood.com"
114.119.146.77 - - [06/Nov/2022:20:53:44 -0800] "GET /robots.txt HTTP/1.1" 404 88 "-" "Mozilla/5.0 (compatible;PetalBot;+https://webmaster.petalsearch.com/site/petalbot)" "brucemillernurseryedgewood.com"
20.198.221.121 - - [06/Nov/2022:20:55:43 -0800] "GET /wp-admin/css/ HTTP/1.1" 404 88 "binance.com" "Mozilla/5.0 (Windows NT 10.0; Win64; x64) AppleWebKit/537.36 (KHTML, like Gecko) Chrome/90.0.4430.85 Safari/537.36" "brucemillernurseryedgewood.com"
20.198.221.121 - - [06/Nov/2022:20:56:02 -0800] "GET /sites/default/files/ HTTP/1.1" 404 88 "binance.com" "Mozilla/5.0 (Windows NT 10.0; Win64; x64) AppleWebKit/537.36 (KHTML, like Gecko) Chrome/90.0.4430.85 Safari/537.36" "brucemillernurseryedgewood.com"
20.198.221.121 - - [06/Nov/2022:20:56:17 -0800] "GET /admin/controller/extension/extension/ HTTP/1.1" 404 88 "binance.com" "Mozilla/5.0 (Windows NT 10.0; Win64; x64) AppleWebKit/537.36 (KHTML, like Gecko) Chrome/90.0.4430.85 Safari/537.36" "brucemillernurseryedgewood.com"
20.198.221.121 - - [06/Nov/2022:20:56:21 -0800] "GET /uploads/ HTTP/1.1" 404 88 "binance.com" "Mozilla/5.0 (Windows NT 10.0; Win64; x64) AppleWebKit/537.36 (KHTML, like Gecko) Chrome/90.0.4430.85 Safari/537.36" "brucemillernurseryedgewood.com"
20.198.221.121 - - [06/Nov/2022:20:56:24 -0800] "GET /images/ HTTP/1.1" 200 3702 "binance.com" "Mozilla/5.0 (Windows NT 10.0; Win64; x64) AppleWebKit/537.36 (KHTML, like Gecko) Chrome/90.0.4430.85 Safari/537.36" "brucemillernurseryedgewood.com"
20.198.221.121 - - [06/Nov/2022:20:56:28 -0800] "GET /files/ HTTP/1.1" 404 88 "binance.com" "Mozilla/5.0 (Windows NT 10.0; Win64; x64) AppleWebKit/537.36 (KHTML, like Gecko) Chrome/90.0.4430.85 Safari/537.36" "brucemillernurseryedgewood.com"
5.189.170.101 - - [06/Nov/2022:21:01:23 -0800] "HEAD /wordpress HTTP/1.1" 404 - "-" "Mozilla/5.0 (Windows NT 10.0; Win64; x64) AppleWebKit/537.36 (KHTML, like Gecko) Chrome/74.0.3729.169 Safari/537.36" "brucemillernurseryedgewood.com"
5.189.170.101 - - [06/Nov/2022:21:01:23 -0800] "HEAD / HTTP/1.1" 200 - "-" "Mozilla/5.0 (Windows NT 10.0; Win64; x64) AppleWebKit/537.36 (KHTML, like Gecko) Chrome/74.0.3729.169 Safari/537.36" "brucemillernurseryedgewood.com"
5.189.170.101 - - [06/Nov/2022:21:01:24 -0800] "HEAD /wp HTTP/1.1" 404 - "-" "Mozilla/5.0 (Windows NT 10.0; Win64; x64) AppleWebKit/537.36 (KHTML, like Gecko) Chrome/74.0.3729.169 Safari/537.36" "brucemillernurseryedgewood.com"
5.189.170.101 - - [06/Nov/2022:21:01:24 -0800] "HEAD /bc HTTP/1.1" 404 - "-" "Mozilla/5.0 (Windows NT 10.0; Win64; x64) AppleWebKit/537.36 (KHTML, like Gecko) Chrome/74.0.3729.169 Safari/537.36" "brucemillernurseryedgewood.com"
5.189.170.101 - - [06/Nov/2022:21:01:24 -0800] "HEAD /bk HTTP/1.1" 404 - "-" "Mozilla/5.0 (Windows NT 10.0; Win64; x64) AppleWebKit/537.36 (KHTML, like Gecko) Chrome/74.0.3729.169 Safari/537.36" "brucemillernurseryedgewood.com"
5.189.170.101 - - [06/Nov/2022:21:01:24 -0800] "HEAD /backup HTTP/1.1" 404 - "-" "Mozilla/5.0 (Windows NT 10.0; Win64; x64) AppleWebKit/537.36 (KHTML, like Gecko) Chrome/74.0.3729.169 Safari/537.36" "brucemillernurseryedgewood.com"
5.189.170.101 - - [06/Nov/2022:21:01:24 -0800] "HEAD /old HTTP/1.1" 404 - "-" "Mozilla/5.0 (Windows NT 10.0; Win64; x64) AppleWebKit/537.36 (KHTML, like Gecko) Chrome/74.0.3729.169 Safari/537.36" "brucemillernurseryedgewood.com"
5.189.170.101 - - [06/Nov/2022:21:01:24 -0800] "HEAD /new HTTP/1.1" 404 - "-" "Mozilla/5.0 (Windows NT 10.0; Win64; x64) AppleWebKit/537.36 (KHTML, like Gecko) Chrome/74.0.3729.169 Safari/537.36" "brucemillernurseryedgewood.com"
5.189.170.101 - - [06/Nov/2022:21:01:25 -0800] "HEAD /main HTTP/1.1" 404 - "-" "Mozilla/5.0 (Windows NT 10.0; Win64; x64) AppleWebKit/537.36 (KHTML, like Gecko) Chrome/74.0.3729.169 Safari/537.36" "brucemillernurseryedgewood.com"
5.189.170.101 - - [06/Nov/2022:21:01:25 -0800] "HEAD /home HTTP/1.1" 200 - "-" "Mozilla/5.0 (Windows NT 10.0; Win64; x64) AppleWebKit/537.36 (KHTML, like Gecko) Chrome/74.0.3729.169 Safari/537.36" "brucemillernurseryedgewood.com"
157.55.39.34 - - [06/Nov/2022:21:04:48 -0800] "GET /clipart/?C=D;O=D HTTP/1.1" 200 456 "-" "Mozilla/5.0 AppleWebKit/537.36 (KHTML, like Gecko; compatible; bingbot/2.0; +http://www.bing.com/bingbot.htm) Chrome/103.0.5060.134 Safari/537.36" "brucemillernurseryedgewood.com"
17.121.114.121 - - [06/Nov/2022:21:27:39 -0800] "GET /robots.txt HTTP/1.1" 404 88 "-" "Mozilla/5.0 (Macintosh; Intel Mac OS X 10_15_5) AppleWebKit/605.1.15 (KHTML, like Gecko) Version/13.1.1 Safari/605.1.15 (Applebot/0.1; +http://www.apple.com/go/applebot)" "brucemillernurseryedgewood.com"
17.121.114.121 - - [06/Nov/2022:21:27:40 -0800] "GET /favicon.ico HTTP/1.1" 404 88 "-" "Mozilla/5.0 (Macintosh; Intel Mac OS X 10_15_5) AppleWebKit/605.1.15 (KHTML, like Gecko) Version/13.1.1 Safari/605.1.15 (Applebot/0.1; +http://www.apple.com/go/applebot)" "brucemillernurseryedgewood.com"
