114.119.132.16 - - [08/Nov/2022:12:50:42 -0800] "GET /clipart/buttons/themes?C=M%3BO%3DA HTTP/1.1" 301 1448 "https://www.brucemillernurseryedgewood.com/clipart/buttons/themes?C=S%3BO%3DA" "Mozilla/5.0 (Linux; Android 7.0;) AppleWebKit/537.36 (KHTML, like Gecko) Mobile Safari/537.36 (compatible; PetalBot;+https://webmaster.petalsearch.com/site/petalbot)" "www.brucemillernurseryedgewood.com"
114.119.132.16 - - [08/Nov/2022:12:50:44 -0800] "GET /clipart/buttons/themes/?C=M%3BO%3DA HTTP/1.1" 200 382 "https://www.brucemillernurseryedgewood.com/clipart/buttons/themes?C=S%3BO%3DA" "Mozilla/5.0 (Linux; Android 7.0;) AppleWebKit/537.36 (KHTML, like Gecko) Mobile Safari/537.36 (compatible; PetalBot;+https://webmaster.petalsearch.com/site/petalbot)" "www.brucemillernurseryedgewood.com"
114.119.132.16 - - [08/Nov/2022:12:55:43 -0800] "GET /sitebuilder/clipart/bars/regular?C=N%3BO%3DD HTTP/1.1" 301 1454 "https://www.brucemillernurseryedgewood.com/sitebuilder/clipart/bars/regular?C=S%3BO%3DA" "Mozilla/5.0 (Linux; Android 7.0;) AppleWebKit/537.36 (KHTML, like Gecko) Mobile Safari/537.36 (compatible; PetalBot;+https://webmaster.petalsearch.com/site/petalbot)" "www.brucemillernurseryedgewood.com"
114.119.132.16 - - [08/Nov/2022:12:55:45 -0800] "GET /sitebuilder/clipart/bars/regular/?C=N%3BO%3DD HTTP/1.1" 200 391 "https://www.brucemillernurseryedgewood.com/sitebuilder/clipart/bars/regular?C=S%3BO%3DA" "Mozilla/5.0 (Linux; Android 7.0;) AppleWebKit/537.36 (KHTML, like Gecko) Mobile Safari/537.36 (compatible; PetalBot;+https://webmaster.petalsearch.com/site/petalbot)" "www.brucemillernurseryedgewood.com"
216.244.66.230 - - [08/Nov/2022:12:59:59 -0800] "GET /robots.txt HTTP/1.1" 404 73 "-" "Mozilla/5.0 (compatible; DotBot/1.2; +https://opensiteexplorer.org/dotbot; help@moz.com)" "brucemillernurseryedgewood.com"
216.244.66.230 - - [08/Nov/2022:12:59:59 -0800] "GET /robots.txt HTTP/1.1" 404 73 "-" "Mozilla/5.0 (compatible; DotBot/1.2; +https://opensiteexplorer.org/dotbot; help@moz.com)" "www.brucemillernurseryedgewood.com"
114.119.132.146 - - [08/Nov/2022:13:00:46 -0800] "GET /sitebuilder/scripts?C=N%3BO%3DD HTTP/1.1" 301 1440 "http://brucemillernurseryedgewood.com/sitebuilder/scripts?C=M%3BO%3DA" "Mozilla/5.0 (Linux; Android 7.0;) AppleWebKit/537.36 (KHTML, like Gecko) Mobile Safari/537.36 (compatible; PetalBot;+https://webmaster.petalsearch.com/site/petalbot)" "brucemillernurseryedgewood.com"
114.119.132.146 - - [08/Nov/2022:13:00:47 -0800] "GET /sitebuilder/scripts/?C=N%3BO%3DD HTTP/1.1" 200 372 "http://brucemillernurseryedgewood.com/sitebuilder/scripts?C=M%3BO%3DA" "Mozilla/5.0 (Linux; Android 7.0;) AppleWebKit/537.36 (KHTML, like Gecko) Mobile Safari/537.36 (compatible; PetalBot;+https://webmaster.petalsearch.com/site/petalbot)" "brucemillernurseryedgewood.com"
114.119.132.149 - - [08/Nov/2022:13:05:43 -0800] "GET /clipart/images/frames HTTP/1.1" 301 1433 "https://www.brucemillernurseryedgewood.com/clipart/images?C=S%3BO%3DA" "Mozilla/5.0 (Linux; Android 7.0;) AppleWebKit/537.36 (KHTML, like Gecko) Mobile Safari/537.36 (compatible; PetalBot;+https://webmaster.petalsearch.com/site/petalbot)" "www.brucemillernurseryedgewood.com"
114.119.132.149 - - [08/Nov/2022:13:05:44 -0800] "GET /clipart/images/frames/ HTTP/1.1" 200 395 "https://www.brucemillernurseryedgewood.com/clipart/images?C=S%3BO%3DA" "Mozilla/5.0 (Linux; Android 7.0;) AppleWebKit/537.36 (KHTML, like Gecko) Mobile Safari/537.36 (compatible; PetalBot;+https://webmaster.petalsearch.com/site/petalbot)" "www.brucemillernurseryedgewood.com"
114.119.132.149 - - [08/Nov/2022:13:10:53 -0800] "GET /sitebuilder/ HTTP/1.1" 200 443 "http://brucemillernurseryedgewood.com/sitebuilder/scripts/?C=S%3BO%3DA" "Mozilla/5.0 (Linux; Android 7.0;) AppleWebKit/537.36 (KHTML, like Gecko) Mobile Safari/537.36 (compatible; PetalBot;+https://webmaster.petalsearch.com/site/petalbot)" "brucemillernurseryedgewood.com"
114.119.132.153 - - [08/Nov/2022:13:15:44 -0800] "GET /contact_us/admin HTTP/1.1" 302 21 "http://www.brucemillernurseryedgewood.com/contact_us" "Mozilla/5.0 (Linux; Android 7.0;) AppleWebKit/537.36 (KHTML, like Gecko) Mobile Safari/537.36 (compatible; PetalBot;+https://webmaster.petalsearch.com/site/petalbot)" "www.brucemillernurseryedgewood.com"
216.244.66.230 - - [08/Nov/2022:13:20:13 -0800] "GET /images/2009_0516Image0009.JPG HTTP/1.1" 200 452473 "-" "Mozilla/5.0 (compatible; DotBot/1.2; +https://opensiteexplorer.org/dotbot; help@moz.com)" "www.brucemillernurseryedgewood.com"
114.119.132.16 - - [08/Nov/2022:13:20:43 -0800] "GET /clipart/lines?C=N%3BO%3DD HTTP/1.1" 301 1440 "https://www.brucemillernurseryedgewood.com/clipart/lines" "Mozilla/5.0 (Linux; Android 7.0;) AppleWebKit/537.36 (KHTML, like Gecko) Mobile Safari/537.36 (compatible; PetalBot;+https://webmaster.petalsearch.com/site/petalbot)" "www.brucemillernurseryedgewood.com"
114.119.132.16 - - [08/Nov/2022:13:20:45 -0800] "GET /clipart/lines/?C=N%3BO%3DD HTTP/1.1" 200 361 "https://www.brucemillernurseryedgewood.com/clipart/lines" "Mozilla/5.0 (Linux; Android 7.0;) AppleWebKit/537.36 (KHTML, like Gecko) Mobile Safari/537.36 (compatible; PetalBot;+https://webmaster.petalsearch.com/site/petalbot)" "www.brucemillernurseryedgewood.com"
216.244.66.230 - - [08/Nov/2022:13:21:03 -0800] "GET /images/IMG_0774.JPG HTTP/1.1" 200 3143258 "-" "Mozilla/5.0 (compatible; DotBot/1.2; +https://opensiteexplorer.org/dotbot; help@moz.com)" "www.brucemillernurseryedgewood.com"
216.244.66.230 - - [08/Nov/2022:13:22:28 -0800] "GET /images/2009_0711Image0013.JPG HTTP/1.1" 200 439083 "-" "Mozilla/5.0 (compatible; DotBot/1.2; +https://opensiteexplorer.org/dotbot; help@moz.com)" "brucemillernurseryedgewood.com"
216.244.66.230 - - [08/Nov/2022:13:23:18 -0800] "GET /images/Ivy_s_grandkits.jpg HTTP/1.1" 200 3324 "-" "Mozilla/5.0 (compatible; DotBot/1.2; +https://opensiteexplorer.org/dotbot; help@moz.com)" "brucemillernurseryedgewood.com"
216.244.66.230 - - [08/Nov/2022:13:23:47 -0800] "GET /sitebuilder/images/3.19e-357x540.jpg HTTP/1.1" 200 68609 "-" "Mozilla/5.0 (compatible; DotBot/1.2; +https://opensiteexplorer.org/dotbot; help@moz.com)" "brucemillernurseryedgewood.com"
216.244.66.230 - - [08/Nov/2022:13:24:25 -0800] "GET /sitebuilder/images/IMG_0564-456x335.jpg HTTP/1.1" 200 35455 "-" "Mozilla/5.0 (compatible; DotBot/1.2; +https://opensiteexplorer.org/dotbot; help@moz.com)" "brucemillernurseryedgewood.com"
114.119.132.131 - - [08/Nov/2022:13:25:42 -0800] "GET /clipart/backgrounds/fullpage?C=S%3BO%3DA HTTP/1.1" 301 1446 "https://www.brucemillernurseryedgewood.com/clipart/backgrounds/fullpage?C=D%3BO%3DA" "Mozilla/5.0 (Linux; Android 7.0;) AppleWebKit/537.36 (KHTML, like Gecko) Mobile Safari/537.36 (compatible; PetalBot;+https://webmaster.petalsearch.com/site/petalbot)" "www.brucemillernurseryedgewood.com"
114.119.132.131 - - [08/Nov/2022:13:25:44 -0800] "GET /clipart/backgrounds/fullpage/?C=S%3BO%3DA HTTP/1.1" 200 387 "https://www.brucemillernurseryedgewood.com/clipart/backgrounds/fullpage?C=D%3BO%3DA" "Mozilla/5.0 (Linux; Android 7.0;) AppleWebKit/537.36 (KHTML, like Gecko) Mobile Safari/537.36 (compatible; PetalBot;+https://webmaster.petalsearch.com/site/petalbot)" "www.brucemillernurseryedgewood.com"
216.244.66.230 - - [08/Nov/2022:13:27:07 -0800] "GET /sitebuilder/images/14880_1_-153x149.jpg HTTP/1.1" 200 7371 "-" "Mozilla/5.0 (compatible; DotBot/1.2; +https://opensiteexplorer.org/dotbot; help@moz.com)" "www.brucemillernurseryedgewood.com"
216.244.66.230 - - [08/Nov/2022:13:27:36 -0800] "GET /sitebuilder/images/2009_0620Image0004-600x397.jpg HTTP/1.1" 200 65124 "-" "Mozilla/5.0 (compatible; DotBot/1.2; +https://opensiteexplorer.org/dotbot; help@moz.com)" "www.brucemillernurseryedgewood.com"
216.244.66.230 - - [08/Nov/2022:13:28:10 -0800] "GET /sitebuilder/images/Edgewood-3-inactive-85421.png HTTP/1.1" 200 1795 "-" "Mozilla/5.0 (compatible; DotBot/1.2; +https://opensiteexplorer.org/dotbot; help@moz.com)" "www.brucemillernurseryedgewood.com"
216.244.66.230 - - [08/Nov/2022:13:28:37 -0800] "GET /sitebuilder/images/IMG_0261-450x600.jpg HTTP/1.1" 200 61983 "-" "Mozilla/5.0 (compatible; DotBot/1.2; +https://opensiteexplorer.org/dotbot; help@moz.com)" "www.brucemillernurseryedgewood.com"
216.244.66.230 - - [08/Nov/2022:13:29:05 -0800] "GET /sitebuilder/images/IMG_0592-229x317.jpg HTTP/1.1" 200 19056 "-" "Mozilla/5.0 (compatible; DotBot/1.2; +https://opensiteexplorer.org/dotbot; help@moz.com)" "www.brucemillernurseryedgewood.com"
216.244.66.230 - - [08/Nov/2022:13:29:30 -0800] "GET /sitebuilder/images/IMG_0725-296x382.jpg HTTP/1.1" 200 28903 "-" "Mozilla/5.0 (compatible; DotBot/1.2; +https://opensiteexplorer.org/dotbot; help@moz.com)" "www.brucemillernurseryedgewood.com"
216.244.66.230 - - [08/Nov/2022:13:29:55 -0800] "GET /sitebuilder/images/IMG_0936-347x467.jpg HTTP/1.1" 200 65592 "-" "Mozilla/5.0 (compatible; DotBot/1.2; +https://opensiteexplorer.org/dotbot; help@moz.com)" "www.brucemillernurseryedgewood.com"
216.244.66.230 - - [08/Nov/2022:13:30:24 -0800] "GET /sitebuilder/images/IMG_1189-343x461.jpg HTTP/1.1" 200 33943 "-" "Mozilla/5.0 (compatible; DotBot/1.2; +https://opensiteexplorer.org/dotbot; help@moz.com)" "www.brucemillernurseryedgewood.com"
114.119.132.153 - - [08/Nov/2022:13:30:48 -0800] "GET /clipart/buttons/themes/stone HTTP/1.1" 301 1433 "http://brucemillernurseryedgewood.com/clipart/buttons/themes" "Mozilla/5.0 (Linux; Android 7.0;) AppleWebKit/537.36 (KHTML, like Gecko) Mobile Safari/537.36 (compatible; PetalBot;+https://webmaster.petalsearch.com/site/petalbot)" "brucemillernurseryedgewood.com"
114.119.132.153 - - [08/Nov/2022:13:31:00 -0800] "GET /clipart/buttons/themes/stone/ HTTP/1.1" 200 413 "http://brucemillernurseryedgewood.com/clipart/buttons/themes" "Mozilla/5.0 (Linux; Android 7.0;) AppleWebKit/537.36 (KHTML, like Gecko) Mobile Safari/537.36 (compatible; PetalBot;+https://webmaster.petalsearch.com/site/petalbot)" "brucemillernurseryedgewood.com"
114.119.132.16 - - [08/Nov/2022:13:35:43 -0800] "GET /clipart/backgrounds/sidebar/?C=D%3BO%3DA HTTP/1.1" 200 384 "http://brucemillernurseryedgewood.com/clipart/backgrounds/sidebar?C=D%3BO%3DA" "Mozilla/5.0 (Linux; Android 7.0;) AppleWebKit/537.36 (KHTML, like Gecko) Mobile Safari/537.36 (compatible; PetalBot;+https://webmaster.petalsearch.com/site/petalbot)" "brucemillernurseryedgewood.com"
207.46.13.197 - - [08/Nov/2022:13:37:09 -0800] "GET /whats_new HTTP/1.1" 200 4437 "-" "Mozilla/5.0 AppleWebKit/537.36 (KHTML, like Gecko; compatible; bingbot/2.0; +http://www.bing.com/bingbot.htm) Chrome/103.0.5060.134 Safari/537.36" "brucemillernurseryedgewood.com"
51.222.253.10 - - [08/Nov/2022:13:37:30 -0800] "GET / HTTP/1.1" 200 406 "-" "Mozilla/5.0 (compatible; AhrefsBot/7.0; +http://ahrefs.com/robot/)" "brucemillernurseryedgewood.com"
114.119.132.16 - - [08/Nov/2022:13:40:43 -0800] "GET /sitebuilder/clipart/bars/regular/vertical/?C=N%3BO%3DD HTTP/1.1" 200 417 "https://www.brucemillernurseryedgewood.com/sitebuilder/clipart/bars/regular/vertical" "Mozilla/5.0 (Linux; Android 7.0;) AppleWebKit/537.36 (KHTML, like Gecko) Mobile Safari/537.36 (compatible; PetalBot;+https://webmaster.petalsearch.com/site/petalbot)" "www.brucemillernurseryedgewood.com"
114.119.132.153 - - [08/Nov/2022:13:45:42 -0800] "GET /clipart/lines/horizontal?C=M%3BO%3DA HTTP/1.1" 301 1448 "https://www.brucemillernurseryedgewood.com/clipart/lines/horizontal?C=N%3BO%3DD" "Mozilla/5.0 (Linux; Android 7.0;) AppleWebKit/537.36 (KHTML, like Gecko) Mobile Safari/537.36 (compatible; PetalBot;+https://webmaster.petalsearch.com/site/petalbot)" "www.brucemillernurseryedgewood.com"
114.119.132.153 - - [08/Nov/2022:13:45:44 -0800] "GET /clipart/lines/horizontal/?C=M%3BO%3DA HTTP/1.1" 200 447 "https://www.brucemillernurseryedgewood.com/clipart/lines/horizontal?C=N%3BO%3DD" "Mozilla/5.0 (Linux; Android 7.0;) AppleWebKit/537.36 (KHTML, like Gecko) Mobile Safari/537.36 (compatible; PetalBot;+https://webmaster.petalsearch.com/site/petalbot)" "www.brucemillernurseryedgewood.com"
216.244.66.230 - - [08/Nov/2022:13:50:37 -0800] "GET /robots.txt HTTP/1.1" 404 73 "-" "Mozilla/5.0 (compatible; DotBot/1.2; +https://opensiteexplorer.org/dotbot; help@moz.com)" "brucemillernurseryedgewood.com"
216.244.66.230 - - [08/Nov/2022:13:50:37 -0800] "GET /robots.txt HTTP/1.1" 404 73 "-" "Mozilla/5.0 (compatible; DotBot/1.2; +https://opensiteexplorer.org/dotbot; help@moz.com)" "www.brucemillernurseryedgewood.com"
114.119.132.122 - - [08/Nov/2022:13:50:42 -0800] "GET /sitebuilder/scripts?C=N%3BO%3DD HTTP/1.1" 301 1442 "http://www.brucemillernurseryedgewood.com/sitebuilder/scripts" "Mozilla/5.0 (Linux; Android 7.0;) AppleWebKit/537.36 (KHTML, like Gecko) Mobile Safari/537.36 (compatible; PetalBot;+https://webmaster.petalsearch.com/site/petalbot)" "www.brucemillernurseryedgewood.com"
114.119.132.122 - - [08/Nov/2022:13:50:43 -0800] "GET /sitebuilder/scripts/?C=N%3BO%3DD HTTP/1.1" 200 372 "http://www.brucemillernurseryedgewood.com/sitebuilder/scripts" "Mozilla/5.0 (Linux; Android 7.0;) AppleWebKit/537.36 (KHTML, like Gecko) Mobile Safari/537.36 (compatible; PetalBot;+https://webmaster.petalsearch.com/site/petalbot)" "www.brucemillernurseryedgewood.com"
51.222.253.5 - - [08/Nov/2022:13:51:45 -0800] "GET / HTTP/1.1" 200 406 "-" "Mozilla/5.0 (compatible; AhrefsBot/7.0; +http://ahrefs.com/robot/)" "brucemillernurseryedgewood.com"
34.78.128.92 - - [08/Nov/2022:13:54:57 -0800] "GET / HTTP/1.1" 200 1005 "-" "Mozilla/5.0 (Windows NT 10.0; Win64; x64) AppleWebKit/537.36 (KHTML, like Gecko) Chrome/84.0.4147.105 Safari/537.36" "www.brucemillernurseryedgewood.com"
114.119.150.186 - - [08/Nov/2022:13:55:43 -0800] "GET /clipart/bars/regular/horizontal/?C=M%3BO%3DA HTTP/1.1" 200 390 "https://www.brucemillernurseryedgewood.com/clipart/bars/regular/horizontal/?C=D%3BO%3DA" "Mozilla/5.0 (Linux; Android 7.0;) AppleWebKit/537.36 (KHTML, like Gecko) Mobile Safari/537.36 (compatible; PetalBot;+https://webmaster.petalsearch.com/site/petalbot)" "www.brucemillernurseryedgewood.com"
114.119.132.122 - - [08/Nov/2022:14:00:42 -0800] "GET /clipart/?C=S%3BO%3DA HTTP/1.1" 200 456 "https://www.brucemillernurseryedgewood.com/clipart" "Mozilla/5.0 (Linux; Android 7.0;) AppleWebKit/537.36 (KHTML, like Gecko) Mobile Safari/537.36 (compatible; PetalBot;+https://webmaster.petalsearch.com/site/petalbot)" "www.brucemillernurseryedgewood.com"
114.119.132.122 - - [08/Nov/2022:14:05:43 -0800] "GET /sitebuilder?C=N%3BO%3DD HTTP/1.1" 301 1440 "https://www.brucemillernurseryedgewood.com/sitebuilder?C=S%3BO%3DA" "Mozilla/5.0 (Linux; Android 7.0;) AppleWebKit/537.36 (KHTML, like Gecko) Mobile Safari/537.36 (compatible; PetalBot;+https://webmaster.petalsearch.com/site/petalbot)" "www.brucemillernurseryedgewood.com"
114.119.132.122 - - [08/Nov/2022:14:05:46 -0800] "GET /sitebuilder/?C=N%3BO%3DD HTTP/1.1" 200 443 "https://www.brucemillernurseryedgewood.com/sitebuilder?C=S%3BO%3DA" "Mozilla/5.0 (Linux; Android 7.0;) AppleWebKit/537.36 (KHTML, like Gecko) Mobile Safari/537.36 (compatible; PetalBot;+https://webmaster.petalsearch.com/site/petalbot)" "www.brucemillernurseryedgewood.com"
157.55.39.34 - - [08/Nov/2022:14:06:05 -0800] "GET /clipart/backgrounds/ HTTP/1.1" 200 389 "-" "Mozilla/5.0 (compatible; bingbot/2.0; +http://www.bing.com/bingbot.htm)" "brucemillernurseryedgewood.com"
114.119.132.16 - - [08/Nov/2022:14:10:44 -0800] "GET /clipart/pageHeaders?C=N%3BO%3DD HTTP/1.1" 301 1445 "https://www.brucemillernurseryedgewood.com/clipart/pageHeaders?C=S%3BO%3DA" "Mozilla/5.0 (Linux; Android 7.0;) AppleWebKit/537.36 (KHTML, like Gecko) Mobile Safari/537.36 (compatible; PetalBot;+https://webmaster.petalsearch.com/site/petalbot)" "www.brucemillernurseryedgewood.com"
114.119.132.16 - - [08/Nov/2022:14:10:46 -0800] "GET /clipart/pageHeaders/?C=N%3BO%3DD HTTP/1.1" 200 479 "https://www.brucemillernurseryedgewood.com/clipart/pageHeaders?C=S%3BO%3DA" "Mozilla/5.0 (Linux; Android 7.0;) AppleWebKit/537.36 (KHTML, like Gecko) Mobile Safari/537.36 (compatible; PetalBot;+https://webmaster.petalsearch.com/site/petalbot)" "www.brucemillernurseryedgewood.com"
216.244.66.230 - - [08/Nov/2022:14:13:12 -0800] "GET /images/DSC01921.JPG HTTP/1.1" 200 3297469 "-" "Mozilla/5.0 (compatible; DotBot/1.2; +https://opensiteexplorer.org/dotbot; help@moz.com)" "www.brucemillernurseryedgewood.com"
216.244.66.230 - - [08/Nov/2022:14:14:02 -0800] "GET /images/IMG_0553.JPG HTTP/1.1" 200 2736383 "-" "Mozilla/5.0 (compatible; DotBot/1.2; +https://opensiteexplorer.org/dotbot; help@moz.com)" "www.brucemillernurseryedgewood.com"
216.244.66.230 - - [08/Nov/2022:14:14:52 -0800] "GET /images/wildflower_left_menu_background.gif HTTP/1.1" 200 8101 "-" "Mozilla/5.0 (compatible; DotBot/1.2; +https://opensiteexplorer.org/dotbot; help@moz.com)" "www.brucemillernurseryedgewood.com"
51.222.253.7 - - [08/Nov/2022:14:15:20 -0800] "GET /clipart/backgrounds/ HTTP/1.1" 200 389 "-" "Mozilla/5.0 (compatible; AhrefsBot/7.0; +http://ahrefs.com/robot/)" "brucemillernurseryedgewood.com"
114.119.150.186 - - [08/Nov/2022:14:15:42 -0800] "GET /sitebuilder/clipart/backgrounds/?C=D%3BO%3DA HTTP/1.1" 200 371 "https://www.brucemillernurseryedgewood.com/sitebuilder/clipart/backgrounds?C=M%3BO%3DA" "Mozilla/5.0 (Linux; Android 7.0;) AppleWebKit/537.36 (KHTML, like Gecko) Mobile Safari/537.36 (compatible; PetalBot;+https://webmaster.petalsearch.com/site/petalbot)" "www.brucemillernurseryedgewood.com"
216.244.66.230 - - [08/Nov/2022:14:17:10 -0800] "GET /images/14797_1_.jpg HTTP/1.1" 200 3222 "-" "Mozilla/5.0 (compatible; DotBot/1.2; +https://opensiteexplorer.org/dotbot; help@moz.com)" "brucemillernurseryedgewood.com"
216.244.66.230 - - [08/Nov/2022:14:17:37 -0800] "GET /images/2009_0524Image0012.JPG HTTP/1.1" 200 456333 "-" "Mozilla/5.0 (compatible; DotBot/1.2; +https://opensiteexplorer.org/dotbot; help@moz.com)" "brucemillernurseryedgewood.com"
216.244.66.230 - - [08/Nov/2022:14:18:27 -0800] "GET /images/IMG_0562.JPG HTTP/1.1" 200 2948574 "-" "Mozilla/5.0 (compatible; DotBot/1.2; +https://opensiteexplorer.org/dotbot; help@moz.com)" "brucemillernurseryedgewood.com"
216.244.66.230 - - [08/Nov/2022:14:19:19 -0800] "GET /images/IMG_1171.JPG HTTP/1.1" 200 2736849 "-" "Mozilla/5.0 (compatible; DotBot/1.2; +https://opensiteexplorer.org/dotbot; help@moz.com)" "brucemillernurseryedgewood.com"
20.250.41.226 - - [08/Nov/2022:14:19:20 -0800] "GET /sts.php HTTP/1.1" 404 88 "-" "Linux Mozilla" "brucemillernurseryedgewood.com"
20.250.41.226 - - [08/Nov/2022:14:19:21 -0800] "GET /wp-admin/sts.php HTTP/1.1" 404 88 "-" "Linux Mozilla" "brucemillernurseryedgewood.com"
20.250.41.226 - - [08/Nov/2022:14:19:22 -0800] "GET /wp-includes/sts.php HTTP/1.1" 404 88 "-" "Linux Mozilla" "brucemillernurseryedgewood.com"
20.250.41.226 - - [08/Nov/2022:14:19:22 -0800] "GET /wp-content/sts.php HTTP/1.1" 404 88 "-" "Linux Mozilla" "brucemillernurseryedgewood.com"
207.46.13.197 - - [08/Nov/2022:14:19:28 -0800] "GET /sitebuilder/images/Edgewood-2-inactive-08676.png HTTP/1.1" 200 2128 "-" "Mozilla/5.0 AppleWebKit/537.36 (KHTML, like Gecko; compatible; bingbot/2.0; +http://www.bing.com/bingbot.htm) Chrome/103.0.5060.134 Safari/537.36" "brucemillernurseryedgewood.com"
157.55.39.3 - - [08/Nov/2022:14:19:46 -0800] "GET / HTTP/1.1" 200 406 "-" "Mozilla/5.0 (compatible; bingbot/2.0; +http://www.bing.com/bingbot.htm)" "brucemillernurseryedgewood.com"
216.244.66.230 - - [08/Nov/2022:14:20:09 -0800] "GET /sitebuilder/images/Edgewood-6-mouseOver-09863.png HTTP/1.1" 200 2141 "-" "Mozilla/5.0 (compatible; DotBot/1.2; +https://opensiteexplorer.org/dotbot; help@moz.com)" "brucemillernurseryedgewood.com"
216.244.66.230 - - [08/Nov/2022:14:20:38 -0800] "GET /sitebuilder/images/IMG_0725-270x360.jpg HTTP/1.1" 200 25407 "-" "Mozilla/5.0 (compatible; DotBot/1.2; +https://opensiteexplorer.org/dotbot; help@moz.com)" "brucemillernurseryedgewood.com"
114.119.132.146 - - [08/Nov/2022:14:20:42 -0800] "GET /clipart/buttons/ HTTP/1.1" 200 360 "https://www.brucemillernurseryedgewood.com/clipart?C=N%3BO%3DD" "Mozilla/5.0 (Linux; Android 7.0;) AppleWebKit/537.36 (KHTML, like Gecko) Mobile Safari/537.36 (compatible; PetalBot;+https://webmaster.petalsearch.com/site/petalbot)" "www.brucemillernurseryedgewood.com"
216.244.66.230 - - [08/Nov/2022:14:21:06 -0800] "GET /sitebuilder/images/IMG_1279-381x280.jpg HTTP/1.1" 200 37789 "-" "Mozilla/5.0 (compatible; DotBot/1.2; +https://opensiteexplorer.org/dotbot; help@moz.com)" "brucemillernurseryedgewood.com"
216.244.66.230 - - [08/Nov/2022:14:24:25 -0800] "GET /sitebuilder/images/Edgewood-3-inactive-08941.png HTTP/1.1" 200 2229 "-" "Mozilla/5.0 (compatible; DotBot/1.2; +https://opensiteexplorer.org/dotbot; help@moz.com)" "www.brucemillernurseryedgewood.com"
216.244.66.230 - - [08/Nov/2022:14:24:54 -0800] "GET /sitebuilder/images/IMG_1267-502x374.jpg HTTP/1.1" 200 41836 "-" "Mozilla/5.0 (compatible; DotBot/1.2; +https://opensiteexplorer.org/dotbot; help@moz.com)" "www.brucemillernurseryedgewood.com"
216.244.66.230 - - [08/Nov/2022:14:25:22 -0800] "GET /sitebuilder/images/Ivy_kittens2-390x252.jpg HTTP/1.1" 200 21610 "-" "Mozilla/5.0 (compatible; DotBot/1.2; +https://opensiteexplorer.org/dotbot; help@moz.com)" "www.brucemillernurseryedgewood.com"
114.119.132.16 - - [08/Nov/2022:14:25:42 -0800] "GET /clipart/images?C=M%3BO%3DA HTTP/1.1" 301 1442 "https://www.brucemillernurseryedgewood.com/clipart/images?C=S%3BO%3DA" "Mozilla/5.0 (Linux; Android 7.0;) AppleWebKit/537.36 (KHTML, like Gecko) Mobile Safari/537.36 (compatible; PetalBot;+https://webmaster.petalsearch.com/site/petalbot)" "www.brucemillernurseryedgewood.com"
114.119.132.16 - - [08/Nov/2022:14:25:44 -0800] "GET /clipart/images/?C=M%3BO%3DA HTTP/1.1" 200 476 "https://www.brucemillernurseryedgewood.com/clipart/images?C=S%3BO%3DA" "Mozilla/5.0 (Linux; Android 7.0;) AppleWebKit/537.36 (KHTML, like Gecko) Mobile Safari/537.36 (compatible; PetalBot;+https://webmaster.petalsearch.com/site/petalbot)" "www.brucemillernurseryedgewood.com"
51.222.253.1 - - [08/Nov/2022:14:40:18 -0800] "GET /clipart/backgrounds/?C=D;O=D HTTP/1.1" 200 388 "-" "Mozilla/5.0 (compatible; AhrefsBot/7.0; +http://ahrefs.com/robot/)" "brucemillernurseryedgewood.com"
207.46.13.197 - - [08/Nov/2022:14:54:22 -0800] "GET / HTTP/1.1" 200 406 "-" "Mozilla/5.0 (compatible; bingbot/2.0; +http://www.bing.com/bingbot.htm)" "brucemillernurseryedgewood.com"
216.244.66.230 - - [08/Nov/2022:14:56:51 -0800] "GET /robots.txt HTTP/1.1" 404 73 "-" "Mozilla/5.0 (compatible; DotBot/1.2; +https://opensiteexplorer.org/dotbot; help@moz.com)" "www.brucemillernurseryedgewood.com"
216.244.66.230 - - [08/Nov/2022:14:56:53 -0800] "GET /robots.txt HTTP/1.1" 404 73 "-" "Mozilla/5.0 (compatible; DotBot/1.2; +https://opensiteexplorer.org/dotbot; help@moz.com)" "brucemillernurseryedgewood.com"
54.36.149.84 - - [08/Nov/2022:15:07:54 -0800] "GET /robots.txt HTTP/1.1" 404 88 "-" "Mozilla/5.0 (compatible; AhrefsBot/7.0; +http://ahrefs.com/robot/)" "www.brucemillernurseryedgewood.com"
51.222.253.7 - - [08/Nov/2022:15:07:55 -0800] "GET /sitebuilder/clipart/ HTTP/1.1" 200 376 "-" "Mozilla/5.0 (compatible; AhrefsBot/7.0; +http://ahrefs.com/robot/)" "www.brucemillernurseryedgewood.com"
40.77.51.81 - - [08/Nov/2022:15:08:52 -0800] "GET /yahoo_site_admin/assets/images/118684767_1170927879952629_7452769320027261925_n.258135452_std.jpg HTTP/1.1" 200 62750 "http://brucemillernurseryedgewood.com/yahoo_site_admin/assets/images" "Mozilla/5.0 (X11; Linux x86_64) AppleWebKit/537.36 (KHTML, like Gecko) Chrome/74.0.3729.169 Safari/537.36" "brucemillernurseryedgewood.com"
157.55.39.34 - - [08/Nov/2022:15:16:16 -0800] "GET /images/IMG_0263.JPG HTTP/1.1" 200 4433553 "-" "Mozilla/5.0 AppleWebKit/537.36 (KHTML, like Gecko; compatible; bingbot/2.0; +http://www.bing.com/bingbot.htm) Chrome/103.0.5060.134 Safari/537.36" "brucemillernurseryedgewood.com"
52.45.60.239 - - [08/Nov/2022:15:18:44 -0800] "GET / HTTP/1.1" 200 406 "-" "Mozilla/5.0 (compatible; woorankreview/2.0; +https://www.woorank.com/)" "www.brucemillernurseryedgewood.com"
52.45.60.239 - - [08/Nov/2022:15:18:44 -0800] "GET / HTTP/1.1" 200 406 "-" "Mozilla/5.0 (compatible; woorankreview/2.0; +https://www.woorank.com/)" "brucemillernurseryedgewood.com"
216.244.66.230 - - [08/Nov/2022:15:19:19 -0800] "GET /clipart/pageHeaders/yellowBrownBeach.jpg HTTP/1.1" 200 7472 "-" "Mozilla/5.0 (compatible; DotBot/1.2; +https://opensiteexplorer.org/dotbot; help@moz.com)" "brucemillernurseryedgewood.com"
216.244.66.230 - - [08/Nov/2022:15:19:42 -0800] "GET /sitebuilder/images/2009_0524Image0011-375x286.jpg HTTP/1.1" 200 17870 "-" "Mozilla/5.0 (compatible; DotBot/1.2; +https://opensiteexplorer.org/dotbot; help@moz.com)" "brucemillernurseryedgewood.com"
216.244.66.230 - - [08/Nov/2022:15:20:04 -0800] "GET /sitebuilder/images/2009_0711Image0013-345x240.jpg HTTP/1.1" 200 25237 "-" "Mozilla/5.0 (compatible; DotBot/1.2; +https://opensiteexplorer.org/dotbot; help@moz.com)" "brucemillernurseryedgewood.com"
216.244.66.230 - - [08/Nov/2022:15:20:26 -0800] "GET /sitebuilder/images/IMG_0928-364x270.jpg HTTP/1.1" 200 22691 "-" "Mozilla/5.0 (compatible; DotBot/1.2; +https://opensiteexplorer.org/dotbot; help@moz.com)" "brucemillernurseryedgewood.com"
216.244.66.230 - - [08/Nov/2022:15:21:59 -0800] "GET /sitebuilder/images/2009_0516Image0003-361x265.jpg HTTP/1.1" 200 12043 "-" "Mozilla/5.0 (compatible; DotBot/1.2; +https://opensiteexplorer.org/dotbot; help@moz.com)" "www.brucemillernurseryedgewood.com"
216.244.66.230 - - [08/Nov/2022:15:22:14 -0800] "GET /sitebuilder/images/Dad_s_pictures_214-744x635.jpg HTTP/1.1" 200 96408 "-" "Mozilla/5.0 (compatible; DotBot/1.2; +https://opensiteexplorer.org/dotbot; help@moz.com)" "www.brucemillernurseryedgewood.com"
216.244.66.230 - - [08/Nov/2022:15:22:32 -0800] "GET /sitebuilder/images/IMG_0247-225x315.jpg HTTP/1.1" 200 16910 "-" "Mozilla/5.0 (compatible; DotBot/1.2; +https://opensiteexplorer.org/dotbot; help@moz.com)" "www.brucemillernurseryedgewood.com"
216.244.66.230 - - [08/Nov/2022:15:22:45 -0800] "GET /sitebuilder/images/IMG_0581-449x360.jpg HTTP/1.1" 200 45224 "-" "Mozilla/5.0 (compatible; DotBot/1.2; +https://opensiteexplorer.org/dotbot; help@moz.com)" "www.brucemillernurseryedgewood.com"
216.244.66.230 - - [08/Nov/2022:15:22:58 -0800] "GET /sitebuilder/images/IMG_0949-427x315.jpg HTTP/1.1" 200 24660 "-" "Mozilla/5.0 (compatible; DotBot/1.2; +https://opensiteexplorer.org/dotbot; help@moz.com)" "www.brucemillernurseryedgewood.com"
216.244.66.230 - - [08/Nov/2022:15:23:09 -0800] "GET /sitebuilder/images/IMG_1188-342x459.jpg HTTP/1.1" 200 52205 "-" "Mozilla/5.0 (compatible; DotBot/1.2; +https://opensiteexplorer.org/dotbot; help@moz.com)" "www.brucemillernurseryedgewood.com"
216.244.66.230 - - [08/Nov/2022:15:24:56 -0800] "GET /yahoo_site_admin/assets/images/018.40132309_std.JPG HTTP/1.1" 200 128723 "-" "Mozilla/5.0 (compatible; DotBot/1.2; +https://opensiteexplorer.org/dotbot; help@moz.com)" "brucemillernurseryedgewood.com"
3.228.230.254 - - [08/Nov/2022:15:26:45 -0800] "GET / HTTP/1.1" 200 406 "-" "Mozilla/5.0 (compatible; woorankreview/2.0; +https://www.woorank.com/)" "brucemillernurseryedgewood.com"
3.228.230.254 - - [08/Nov/2022:15:26:45 -0800] "GET / HTTP/1.1" 200 406 "-" "Mozilla/5.0 (compatible; woorankreview/2.0; +https://www.woorank.com/)" "www.brucemillernurseryedgewood.com"
54.224.65.6 - - [08/Nov/2022:15:26:46 -0800] "GET /robots.txt HTTP/1.1" 404 88 "-" "Mozilla/5.0 (compatible; woorankreview/2.0; +https://www.woorank.com/)" "brucemillernurseryedgewood.com"
3.228.230.254 - - [08/Nov/2022:15:26:46 -0800] "GET /mVNtQmdLqqK6OzeO/X7wNmKdwMG1oazkB/SJNhIFZqzAn5EJbyav/C0o8h9IDeisq29Axfy9E/8hqK6zE5SuGtj HTTP/1.1" 404 88 "-" "Mozilla/5.0 (compatible; woorankreview/2.0; +https://www.woorank.com/)" "brucemillernurseryedgewood.com"
35.170.86.252 - - [08/Nov/2022:15:26:46 -0800] "GET / HTTP/1.1" 200 406 "-" "Mozilla/5.0 (compatible; woorankreview/2.0; +https://www.woorank.com/)" "brucemillernurseryedgewood.com"
52.45.60.239 - - [08/Nov/2022:15:26:46 -0800] "GET / HTTP/1.1" 200 406 "-" "Mozilla/5.0 (iPhone; CPU iPhone OS 11_0 like Mac OS X) AppleWebKit/604.1.38 (KHTML, like Gecko) Version/11.0 Mobile/15A372 Safari/604.1 (compatible; woorankreview/2.0; +https://www.woorank.com/)" "brucemillernurseryedgewood.com"
52.70.241.236 - - [08/Nov/2022:15:26:47 -0800] "GET / HTTP/1.1" 200 406 "-" "Mozilla/5.0 (Linux; Android 7.0; Moto G (4)) AppleWebKit/537.36 (KHTML, like Gecko) Chrome/94.0.4590.2 Mobile Safari/537.36 Chrome-Lighthouse (compatible; woorankreview/2.0; +https://www.woorank.com/)" "brucemillernurseryedgewood.com"
35.170.86.252 - - [08/Nov/2022:15:26:47 -0800] "HEAD /favicon.ico HTTP/1.1" 404 - "http://brucemillernurseryedgewood.com/" "Mozilla/5.0 (compatible; woorankreview/2.0; +https://www.woorank.com/)" "brucemillernurseryedgewood.com"
35.170.86.252 - - [08/Nov/2022:15:26:47 -0800] "GET /favicon.ico HTTP/1.1" 404 88 "http://brucemillernurseryedgewood.com/" "Mozilla/5.0 (compatible; woorankreview/2.0; +https://www.woorank.com/)" "brucemillernurseryedgewood.com"
35.170.86.252 - - [08/Nov/2022:15:26:47 -0800] "HEAD /favicon.ico HTTP/1.1" 404 - "-" "Mozilla/5.0 (compatible; woorankreview/2.0; +https://www.woorank.com/)" "brucemillernurseryedgewood.com"
35.170.86.252 - - [08/Nov/2022:15:26:48 -0800] "GET /favicon.ico HTTP/1.1" 404 88 "-" "Mozilla/5.0 (compatible; woorankreview/2.0; +https://www.woorank.com/)" "brucemillernurseryedgewood.com"
216.244.66.230 - - [08/Nov/2022:16:07:40 -0800] "GET /robots.txt HTTP/1.1" 404 73 "-" "Mozilla/5.0 (compatible; DotBot/1.2; +https://opensiteexplorer.org/dotbot; help@moz.com)" "brucemillernurseryedgewood.com"
216.244.66.230 - - [08/Nov/2022:16:07:40 -0800] "GET /robots.txt HTTP/1.1" 404 73 "-" "Mozilla/5.0 (compatible; DotBot/1.2; +https://opensiteexplorer.org/dotbot; help@moz.com)" "www.brucemillernurseryedgewood.com"
216.244.66.230 - - [08/Nov/2022:16:21:36 -0800] "GET /images/IMG_0128.JPG HTTP/1.1" 200 4994951 "-" "Mozilla/5.0 (compatible; DotBot/1.2; +https://opensiteexplorer.org/dotbot; help@moz.com)" "www.brucemillernurseryedgewood.com"
216.244.66.230 - - [08/Nov/2022:16:21:59 -0800] "GET /images/IMG_1192.JPG HTTP/1.1" 200 4089451 "-" "Mozilla/5.0 (compatible; DotBot/1.2; +https://opensiteexplorer.org/dotbot; help@moz.com)" "www.brucemillernurseryedgewood.com"
216.244.66.230 - - [08/Nov/2022:16:26:26 -0800] "GET /images/2009_0711Image0009.JPG HTTP/1.1" 200 456454 "-" "Mozilla/5.0 (compatible; DotBot/1.2; +https://opensiteexplorer.org/dotbot; help@moz.com)" "brucemillernurseryedgewood.com"
216.244.66.230 - - [08/Nov/2022:16:27:16 -0800] "GET /images/2009_0711Image0019.JPG HTTP/1.1" 200 431915 "-" "Mozilla/5.0 (compatible; DotBot/1.2; +https://opensiteexplorer.org/dotbot; help@moz.com)" "brucemillernurseryedgewood.com"
216.244.66.230 - - [08/Nov/2022:16:28:09 -0800] "GET /sitebuilder/images/15062_1_-180x171.jpg HTTP/1.1" 200 5506 "-" "Mozilla/5.0 (compatible; DotBot/1.2; +https://opensiteexplorer.org/dotbot; help@moz.com)" "brucemillernurseryedgewood.com"
216.244.66.230 - - [08/Nov/2022:16:28:38 -0800] "GET /sitebuilder/images/2009_0524Image0002-181x255.jpg HTTP/1.1" 200 14834 "-" "Mozilla/5.0 (compatible; DotBot/1.2; +https://opensiteexplorer.org/dotbot; help@moz.com)" "brucemillernurseryedgewood.com"
216.244.66.230 - - [08/Nov/2022:16:29:08 -0800] "GET /sitebuilder/images/IMG_0132-360x315.jpg HTTP/1.1" 200 31013 "-" "Mozilla/5.0 (compatible; DotBot/1.2; +https://opensiteexplorer.org/dotbot; help@moz.com)" "brucemillernurseryedgewood.com"
216.244.66.230 - - [08/Nov/2022:16:29:37 -0800] "GET /sitebuilder/images/IMG_0926-431x319.jpg HTTP/1.1" 200 44970 "-" "Mozilla/5.0 (compatible; DotBot/1.2; +https://opensiteexplorer.org/dotbot; help@moz.com)" "brucemillernurseryedgewood.com"
216.244.66.230 - - [08/Nov/2022:16:32:00 -0800] "GET /sitebuilder/images/IMG_0929-450x600.jpg HTTP/1.1" 200 86010 "-" "Mozilla/5.0 (compatible; DotBot/1.2; +https://opensiteexplorer.org/dotbot; help@moz.com)" "www.brucemillernurseryedgewood.com"
193.235.141.172 - - [08/Nov/2022:16:45:36 -0800] "GET / HTTP/1.1" 200 406 "-" "Mozilla/5.0 (Windows NT 10.0; Win64; x64) AppleWebKit/537.36 (KHTML, like Gecko) Chrome/105.0.0.0 Safari/537.36" "brucemillernurseryedgewood.com"
193.235.141.172 - - [08/Nov/2022:16:45:36 -0800] "GET /favicon.ico HTTP/1.1" 404 88 "-" "Mozilla/5.0 (Windows NT 10.0; Win64; x64) AppleWebKit/537.36 (KHTML, like Gecko) Chrome/105.0.0.0 Safari/537.36" "brucemillernurseryedgewood.com"
54.203.3.78 - - [08/Nov/2022:16:48:33 -0800] "GET / HTTP/1.1" 200 406 "-" "Mozilla/5.0 (X11; Linux x86_64) AppleWebKit/537.36 (KHTML, like Gecko) Chrome/83.0.4103.97 Safari/537.36" "brucemillernurseryedgewood.com"
34.214.118.187 - - [08/Nov/2022:16:48:34 -0800] "GET / HTTP/1.1" 200 406 "-" "Mozilla/5.0 (X11; Linux x86_64) AppleWebKit/537.36 (KHTML, like Gecko) Chrome/83.0.4103.97 Safari/537.36" "brucemillernurseryedgewood.com"
34.217.46.84 - - [08/Nov/2022:16:48:55 -0800] "GET /favicon.ico HTTP/1.1" 404 88 "-" "Mozilla/5.0 (X11; Linux x86_64) AppleWebKit/537.36 (KHTML, like Gecko) Chrome/83.0.4103.97 Safari/537.36" "brucemillernurseryedgewood.com"
34.217.46.84 - - [08/Nov/2022:16:48:56 -0800] "GET / HTTP/1.1" 200 406 "-" "Mozilla/5.0 (X11; Linux x86_64) AppleWebKit/537.36 (KHTML, like Gecko) Chrome/83.0.4103.97 Safari/537.36" "brucemillernurseryedgewood.com"
52.38.116.25 - - [08/Nov/2022:16:48:57 -0800] "GET /favicon.ico HTTP/1.1" 404 88 "-" "Mozilla/5.0 (X11; Linux x86_64) AppleWebKit/537.36 (KHTML, like Gecko) Chrome/83.0.4103.97 Safari/537.36" "brucemillernurseryedgewood.com"
52.38.116.25 - - [08/Nov/2022:16:48:58 -0800] "GET / HTTP/1.1" 200 406 "-" "Mozilla/5.0 (X11; Linux x86_64) AppleWebKit/537.36 (KHTML, like Gecko) Chrome/83.0.4103.97 Safari/537.36" "brucemillernurseryedgewood.com"
216.244.66.230 - - [08/Nov/2022:17:00:28 -0800] "GET /robots.txt HTTP/1.1" 404 73 "-" "Mozilla/5.0 (compatible; DotBot/1.2; +https://opensiteexplorer.org/dotbot; help@moz.com)" "brucemillernurseryedgewood.com"
216.244.66.230 - - [08/Nov/2022:17:00:29 -0800] "GET /robots.txt HTTP/1.1" 404 73 "-" "Mozilla/5.0 (compatible; DotBot/1.2; +https://opensiteexplorer.org/dotbot; help@moz.com)" "www.brucemillernurseryedgewood.com"
216.244.66.230 - - [08/Nov/2022:17:26:28 -0800] "GET /images/IMG_0181.JPG HTTP/1.1" 200 2942391 "-" "Mozilla/5.0 (compatible; DotBot/1.2; +https://opensiteexplorer.org/dotbot; help@moz.com)" "www.brucemillernurseryedgewood.com"
216.244.66.230 - - [08/Nov/2022:17:30:19 -0800] "GET /images/3.19g.JPG HTTP/1.1" 200 4063564 "-" "Mozilla/5.0 (compatible; DotBot/1.2; +https://opensiteexplorer.org/dotbot; help@moz.com)" "brucemillernurseryedgewood.com"
216.244.66.230 - - [08/Nov/2022:17:31:09 -0800] "GET /images/IMG_1279.JPG HTTP/1.1" 200 932819 "-" "Mozilla/5.0 (compatible; DotBot/1.2; +https://opensiteexplorer.org/dotbot; help@moz.com)" "brucemillernurseryedgewood.com"
216.244.66.230 - - [08/Nov/2022:17:31:59 -0800] "GET /sitebuilder/images/DSC01921-255x375.jpg HTTP/1.1" 200 24354 "-" "Mozilla/5.0 (compatible; DotBot/1.2; +https://opensiteexplorer.org/dotbot; help@moz.com)" "brucemillernurseryedgewood.com"
216.244.66.230 - - [08/Nov/2022:17:32:31 -0800] "GET /sitebuilder/images/Edgewood-3-active-09004.png HTTP/1.1" 200 2145 "-" "Mozilla/5.0 (compatible; DotBot/1.2; +https://opensiteexplorer.org/dotbot; help@moz.com)" "brucemillernurseryedgewood.com"
216.244.66.230 - - [08/Nov/2022:17:32:59 -0800] "GET /sitebuilder/images/IMG_0123-480x270.jpg HTTP/1.1" 200 42765 "-" "Mozilla/5.0 (compatible; DotBot/1.2; +https://opensiteexplorer.org/dotbot; help@moz.com)" "brucemillernurseryedgewood.com"
216.244.66.230 - - [08/Nov/2022:17:35:44 -0800] "GET /sitebuilder/images/2009_0620Image0005-210x210.jpg HTTP/1.1" 200 14290 "-" "Mozilla/5.0 (compatible; DotBot/1.2; +https://opensiteexplorer.org/dotbot; help@moz.com)" "www.brucemillernurseryedgewood.com"
216.244.66.230 - - [08/Nov/2022:17:36:11 -0800] "GET /sitebuilder/images/Edgewood-0-active-84546.png HTTP/1.1" 200 1674 "-" "Mozilla/5.0 (compatible; DotBot/1.2; +https://opensiteexplorer.org/dotbot; help@moz.com)" "www.brucemillernurseryedgewood.com"
216.244.66.230 - - [08/Nov/2022:17:36:37 -0800] "GET /sitebuilder/images/Edgewood-2-active-14281.png HTTP/1.1" 200 1791 "-" "Mozilla/5.0 (compatible; DotBot/1.2; +https://opensiteexplorer.org/dotbot; help@moz.com)" "www.brucemillernurseryedgewood.com"
216.244.66.230 - - [08/Nov/2022:17:37:02 -0800] "GET /sitebuilder/images/IMG_0879-324x239.jpg HTTP/1.1" 200 13593 "-" "Mozilla/5.0 (compatible; DotBot/1.2; +https://opensiteexplorer.org/dotbot; help@moz.com)" "www.brucemillernurseryedgewood.com"
114.119.132.122 - - [08/Nov/2022:17:38:55 -0800] "GET /sitebuilder/clipart/?C=S%3BO%3DA HTTP/1.1" 200 376 "https://www.brucemillernurseryedgewood.com/sitebuilder/clipart?C=M%3BO%3DA" "Mozilla/5.0 (Linux; Android 7.0;) AppleWebKit/537.36 (KHTML, like Gecko) Mobile Safari/537.36 (compatible; PetalBot;+https://webmaster.petalsearch.com/site/petalbot)" "www.brucemillernurseryedgewood.com"
216.244.66.230 - - [08/Nov/2022:17:41:13 -0800] "GET /clipart/images/blueFlowerTransparency.gif HTTP/1.1" 200 1497 "-" "Mozilla/5.0 (compatible; DotBot/1.2; +https://opensiteexplorer.org/dotbot; help@moz.com)" "www.brucemillernurseryedgewood.com"
114.119.132.122 - - [08/Nov/2022:17:44:58 -0800] "GET /clipart/images/frames?C=M%3BO%3DA HTTP/1.1" 301 1446 "https://www.brucemillernurseryedgewood.com/clipart/images/frames?C=N%3BO%3DD" "Mozilla/5.0 (Linux; Android 7.0;) AppleWebKit/537.36 (KHTML, like Gecko) Mobile Safari/537.36 (compatible; PetalBot;+https://webmaster.petalsearch.com/site/petalbot)" "www.brucemillernurseryedgewood.com"
114.119.132.122 - - [08/Nov/2022:17:45:00 -0800] "GET /clipart/images/frames/?C=M%3BO%3DA HTTP/1.1" 200 395 "https://www.brucemillernurseryedgewood.com/clipart/images/frames?C=N%3BO%3DD" "Mozilla/5.0 (Linux; Android 7.0;) AppleWebKit/537.36 (KHTML, like Gecko) Mobile Safari/537.36 (compatible; PetalBot;+https://webmaster.petalsearch.com/site/petalbot)" "www.brucemillernurseryedgewood.com"
114.119.132.149 - - [08/Nov/2022:17:51:41 -0800] "GET /contact_us/admin HTTP/1.1" 302 21 "http://brucemillernurseryedgewood.com/contact_us" "Mozilla/5.0 (Linux; Android 7.0;) AppleWebKit/537.36 (KHTML, like Gecko) Mobile Safari/537.36 (compatible; PetalBot;+https://webmaster.petalsearch.com/site/petalbot)" "brucemillernurseryedgewood.com"
114.119.132.131 - - [08/Nov/2022:18:00:31 -0800] "GET /navigation_bars/?C=D%3BO%3DA HTTP/1.1" 200 372 "http://www.brucemillernurseryedgewood.com/navigation_bars/" "Mozilla/5.0 (Linux; Android 7.0;) AppleWebKit/537.36 (KHTML, like Gecko) Mobile Safari/537.36 (compatible; PetalBot;+https://webmaster.petalsearch.com/site/petalbot)" "www.brucemillernurseryedgewood.com"
114.119.132.131 - - [08/Nov/2022:18:08:58 -0800] "GET /sitebuilder/server_meta.txt HTTP/1.1" 200 1779 "http://brucemillernurseryedgewood.com/sitebuilder?C=D%3BO%3DA" "Mozilla/5.0 (Linux; Android 7.0;) AppleWebKit/537.36 (KHTML, like Gecko) Mobile Safari/537.36 (compatible; PetalBot;+https://webmaster.petalsearch.com/site/petalbot)" "brucemillernurseryedgewood.com"
17.121.114.21 - - [08/Nov/2022:18:18:51 -0800] "GET /contact_us HTTP/1.1" 200 8120 "-" "Mozilla/5.0 (Macintosh; Intel Mac OS X 10_15_5) AppleWebKit/605.1.15 (KHTML, like Gecko) Version/13.1.1 Safari/605.1.15 (Applebot/0.1; +http://www.apple.com/go/applebot)" "brucemillernurseryedgewood.com"
114.119.132.16 - - [08/Nov/2022:18:19:26 -0800] "GET /sitebuilder/clipart/backgrounds/tile?C=D%3BO%3DA HTTP/1.1" 301 1453 "https://www.brucemillernurseryedgewood.com/sitebuilder/clipart/backgrounds/tile?C=N%3BO%3DD" "Mozilla/5.0 (Linux; Android 7.0;) AppleWebKit/537.36 (KHTML, like Gecko) Mobile Safari/537.36 (compatible; PetalBot;+https://webmaster.petalsearch.com/site/petalbot)" "www.brucemillernurseryedgewood.com"
114.119.132.16 - - [08/Nov/2022:18:19:28 -0800] "GET /sitebuilder/clipart/backgrounds/tile/?C=D%3BO%3DA HTTP/1.1" 200 412 "https://www.brucemillernurseryedgewood.com/sitebuilder/clipart/backgrounds/tile?C=N%3BO%3DD" "Mozilla/5.0 (Linux; Android 7.0;) AppleWebKit/537.36 (KHTML, like Gecko) Mobile Safari/537.36 (compatible; PetalBot;+https://webmaster.petalsearch.com/site/petalbot)" "www.brucemillernurseryedgewood.com"
114.119.150.186 - - [08/Nov/2022:18:28:14 -0800] "GET /sitebuilder/clipart?C=S%3BO%3DA HTTP/1.1" 301 1440 "http://brucemillernurseryedgewood.com/sitebuilder/clipart?C=D%3BO%3DA" "Mozilla/5.0 (Linux; Android 7.0;) AppleWebKit/537.36 (KHTML, like Gecko) Mobile Safari/537.36 (compatible; PetalBot;+https://webmaster.petalsearch.com/site/petalbot)" "brucemillernurseryedgewood.com"
114.119.150.186 - - [08/Nov/2022:18:28:15 -0800] "GET /sitebuilder/clipart/?C=S%3BO%3DA HTTP/1.1" 200 376 "http://brucemillernurseryedgewood.com/sitebuilder/clipart?C=D%3BO%3DA" "Mozilla/5.0 (Linux; Android 7.0;) AppleWebKit/537.36 (KHTML, like Gecko) Mobile Safari/537.36 (compatible; PetalBot;+https://webmaster.petalsearch.com/site/petalbot)" "brucemillernurseryedgewood.com"
49.7.20.122 - - [08/Nov/2022:18:34:30 -0800] "GET / HTTP/1.1" 200 406 "-" "Sogou web spider/4.0(+http://www.sogou.com/docs/help/webmasters.htm#07)" "brucemillernurseryedgewood.com"
114.119.132.146 - - [08/Nov/2022:18:38:19 -0800] "GET /clipart/lines/?C=M%3BO%3DA HTTP/1.1" 200 361 "https://www.brucemillernurseryedgewood.com/clipart/lines/?C=S%3BO%3DA" "Mozilla/5.0 (Linux; Android 7.0;) AppleWebKit/537.36 (KHTML, like Gecko) Mobile Safari/537.36 (compatible; PetalBot;+https://webmaster.petalsearch.com/site/petalbot)" "www.brucemillernurseryedgewood.com"
114.119.132.153 - - [08/Nov/2022:18:46:49 -0800] "GET /clipart/bars/?C=D%3BO%3DA HTTP/1.1" 200 358 "http://brucemillernurseryedgewood.com/clipart/bars?C=D%3BO%3DA" "Mozilla/5.0 (Linux; Android 7.0;) AppleWebKit/537.36 (KHTML, like Gecko) Mobile Safari/537.36 (compatible; PetalBot;+https://webmaster.petalsearch.com/site/petalbot)" "brucemillernurseryedgewood.com"
61.135.159.197 - - [08/Nov/2022:18:53:08 -0800] "GET / HTTP/1.1" 200 406 "-" "Sogou web spider/4.0(+http://www.sogou.com/docs/help/webmasters.htm#07)" "www.brucemillernurseryedgewood.com"
114.119.132.149 - - [08/Nov/2022:18:55:02 -0800] "GET /sitebuilder/clipart/bars/regular?C=N%3BO%3DD HTTP/1.1" 301 1449 "http://brucemillernurseryedgewood.com/sitebuilder/clipart/bars/regular?C=M%3BO%3DA" "Mozilla/5.0 (Linux; Android 7.0;) AppleWebKit/537.36 (KHTML, like Gecko) Mobile Safari/537.36 (compatible; PetalBot;+https://webmaster.petalsearch.com/site/petalbot)" "brucemillernurseryedgewood.com"
114.119.132.149 - - [08/Nov/2022:18:55:07 -0800] "GET /sitebuilder/clipart/bars/regular/?C=N%3BO%3DD HTTP/1.1" 200 391 "http://brucemillernurseryedgewood.com/sitebuilder/clipart/bars/regular?C=M%3BO%3DA" "Mozilla/5.0 (Linux; Android 7.0;) AppleWebKit/537.36 (KHTML, like Gecko) Mobile Safari/537.36 (compatible; PetalBot;+https://webmaster.petalsearch.com/site/petalbot)" "brucemillernurseryedgewood.com"
114.119.132.131 - - [08/Nov/2022:19:03:48 -0800] "GET /clipart?C=D%3BO%3DA HTTP/1.1" 301 1438 "https://www.brucemillernurseryedgewood.com/clipart?C=N%3BO%3DD" "Mozilla/5.0 (Linux; Android 7.0;) AppleWebKit/537.36 (KHTML, like Gecko) Mobile Safari/537.36 (compatible; PetalBot;+https://webmaster.petalsearch.com/site/petalbot)" "www.brucemillernurseryedgewood.com"
114.119.132.131 - - [08/Nov/2022:19:03:49 -0800] "GET /clipart/?C=D%3BO%3DA HTTP/1.1" 200 456 "https://www.brucemillernurseryedgewood.com/clipart?C=N%3BO%3DD" "Mozilla/5.0 (Linux; Android 7.0;) AppleWebKit/537.36 (KHTML, like Gecko) Mobile Safari/537.36 (compatible; PetalBot;+https://webmaster.petalsearch.com/site/petalbot)" "www.brucemillernurseryedgewood.com"
114.119.132.16 - - [08/Nov/2022:19:12:16 -0800] "GET /clipart/bars/regular/horizontal/?C=N%3BO%3DD HTTP/1.1" 200 390 "http://brucemillernurseryedgewood.com/clipart/bars/regular/horizontal/?C=S%3BO%3DA" "Mozilla/5.0 (Linux; Android 7.0;) AppleWebKit/537.36 (KHTML, like Gecko) Mobile Safari/537.36 (compatible; PetalBot;+https://webmaster.petalsearch.com/site/petalbot)" "brucemillernurseryedgewood.com"
207.46.13.197 - - [08/Nov/2022:19:23:37 -0800] "GET /images/IMG_0133.JPG HTTP/1.1" 200 2898634 "-" "Mozilla/5.0 AppleWebKit/537.36 (KHTML, like Gecko; compatible; bingbot/2.0; +http://www.bing.com/bingbot.htm) Chrome/103.0.5060.134 Safari/537.36" "brucemillernurseryedgewood.com"
114.119.132.16 - - [08/Nov/2022:19:28:34 -0800] "GET /sitebuilder/clipart/backgrounds/tile/?C=S%3BO%3DA HTTP/1.1" 200 412 "http://brucemillernurseryedgewood.com/sitebuilder/clipart/backgrounds/tile?C=D%3BO%3DA" "Mozilla/5.0 (Linux; Android 7.0;) AppleWebKit/537.36 (KHTML, like Gecko) Mobile Safari/537.36 (compatible; PetalBot;+https://webmaster.petalsearch.com/site/petalbot)" "brucemillernurseryedgewood.com"
66.249.70.210 - - [08/Nov/2022:19:35:02 -0800] "GET /robots.txt HTTP/1.1" 404 88 "-" "Mozilla/5.0 (compatible; Googlebot/2.1; +http://www.google.com/bot.html)" "www.brucemillernurseryedgewood.com"
66.249.70.210 - - [08/Nov/2022:19:36:11 -0800] "GET /favicon.ico HTTP/1.1" 404 88 "-" "Googlebot-Image/1.0" "www.brucemillernurseryedgewood.com"
66.249.70.204 - - [08/Nov/2022:19:36:11 -0800] "GET /favicon.ico HTTP/1.1" 404 88 "-" "Googlebot-Image/1.0" "www.brucemillernurseryedgewood.com"
114.119.132.153 - - [08/Nov/2022:19:36:52 -0800] "GET /clipart/images/sidebars/ HTTP/1.1" 200 405 "https://www.brucemillernurseryedgewood.com/clipart/images" "Mozilla/5.0 (Linux; Android 7.0;) AppleWebKit/537.36 (KHTML, like Gecko) Mobile Safari/537.36 (compatible; PetalBot;+https://webmaster.petalsearch.com/site/petalbot)" "www.brucemillernurseryedgewood.com"
114.119.132.122 - - [08/Nov/2022:19:44:47 -0800] "GET /clipart/backgrounds?C=S%3BO%3DA HTTP/1.1" 301 1441 "https://www.brucemillernurseryedgewood.com/clipart/backgrounds?C=N%3BO%3DD" "Mozilla/5.0 (Linux; Android 7.0;) AppleWebKit/537.36 (KHTML, like Gecko) Mobile Safari/537.36 (compatible; PetalBot;+https://webmaster.petalsearch.com/site/petalbot)" "www.brucemillernurseryedgewood.com"
114.119.132.122 - - [08/Nov/2022:19:44:49 -0800] "GET /clipart/backgrounds/?C=S%3BO%3DA HTTP/1.1" 200 389 "https://www.brucemillernurseryedgewood.com/clipart/backgrounds?C=N%3BO%3DD" "Mozilla/5.0 (Linux; Android 7.0;) AppleWebKit/537.36 (KHTML, like Gecko) Mobile Safari/537.36 (compatible; PetalBot;+https://webmaster.petalsearch.com/site/petalbot)" "www.brucemillernurseryedgewood.com"
114.119.132.146 - - [08/Nov/2022:19:52:28 -0800] "GET /clipart/buttons/?C=M%3BO%3DA HTTP/1.1" 200 360 "http://brucemillernurseryedgewood.com/clipart/buttons?C=D%3BO%3DA" "Mozilla/5.0 (Linux; Android 7.0;) AppleWebKit/537.36 (KHTML, like Gecko) Mobile Safari/537.36 (compatible; PetalBot;+https://webmaster.petalsearch.com/site/petalbot)" "brucemillernurseryedgewood.com"
114.119.132.16 - - [08/Nov/2022:19:59:59 -0800] "GET /sitebuilder/clipart/bars?C=N%3BO%3DD HTTP/1.1" 301 1444 "http://brucemillernurseryedgewood.com/sitebuilder/clipart/bars?C=D%3BO%3DA" "Mozilla/5.0 (Linux; Android 7.0;) AppleWebKit/537.36 (KHTML, like Gecko) Mobile Safari/537.36 (compatible; PetalBot;+https://webmaster.petalsearch.com/site/petalbot)" "brucemillernurseryedgewood.com"
114.119.132.16 - - [08/Nov/2022:20:00:02 -0800] "GET /sitebuilder/clipart/bars/?C=N%3BO%3DD HTTP/1.1" 200 384 "http://brucemillernurseryedgewood.com/sitebuilder/clipart/bars?C=D%3BO%3DA" "Mozilla/5.0 (Linux; Android 7.0;) AppleWebKit/537.36 (KHTML, like Gecko) Mobile Safari/537.36 (compatible; PetalBot;+https://webmaster.petalsearch.com/site/petalbot)" "brucemillernurseryedgewood.com"
114.119.132.149 - - [08/Nov/2022:20:07:17 -0800] "GET /clipart/lines/horizontal/ZbThumbnail.info HTTP/1.1" 200 3188 "http://brucemillernurseryedgewood.com/clipart/lines/horizontal?C=M%3BO%3DA" "Mozilla/5.0 (Linux; Android 7.0;) AppleWebKit/537.36 (KHTML, like Gecko) Mobile Safari/537.36 (compatible; PetalBot;+https://webmaster.petalsearch.com/site/petalbot)" "brucemillernurseryedgewood.com"
114.119.132.16 - - [08/Nov/2022:20:14:29 -0800] "GET /clipart/images/sidebars HTTP/1.1" 301 1429 "http://brucemillernurseryedgewood.com/clipart/images?C=D%3BO%3DA" "Mozilla/5.0 (Linux; Android 7.0;) AppleWebKit/537.36 (KHTML, like Gecko) Mobile Safari/537.36 (compatible; PetalBot;+https://webmaster.petalsearch.com/site/petalbot)" "brucemillernurseryedgewood.com"
114.119.132.16 - - [08/Nov/2022:20:14:29 -0800] "GET /clipart/images/sidebars/ HTTP/1.1" 200 405 "http://brucemillernurseryedgewood.com/clipart/images?C=D%3BO%3DA" "Mozilla/5.0 (Linux; Android 7.0;) AppleWebKit/537.36 (KHTML, like Gecko) Mobile Safari/537.36 (compatible; PetalBot;+https://webmaster.petalsearch.com/site/petalbot)" "brucemillernurseryedgewood.com"
216.244.66.230 - - [08/Nov/2022:20:16:34 -0800] "GET /robots.txt HTTP/1.1" 404 73 "-" "Mozilla/5.0 (compatible; DotBot/1.2; +https://opensiteexplorer.org/dotbot; help@moz.com)" "www.brucemillernurseryedgewood.com"
216.244.66.230 - - [08/Nov/2022:20:16:34 -0800] "GET /robots.txt HTTP/1.1" 404 73 "-" "Mozilla/5.0 (compatible; DotBot/1.2; +https://opensiteexplorer.org/dotbot; help@moz.com)" "brucemillernurseryedgewood.com"
114.119.132.149 - - [08/Nov/2022:20:21:54 -0800] "GET /sitebuilder/scripts/layers.js HTTP/1.1" 200 1140 "http://brucemillernurseryedgewood.com/sitebuilder/scripts/" "Mozilla/5.0 (Linux; Android 7.0;) AppleWebKit/537.36 (KHTML, like Gecko) Mobile Safari/537.36 (compatible; PetalBot;+https://webmaster.petalsearch.com/site/petalbot)" "brucemillernurseryedgewood.com"
114.119.132.16 - - [08/Nov/2022:20:29:03 -0800] "GET /clipart/buttons/ HTTP/1.1" 200 360 "http://brucemillernurseryedgewood.com/clipart/buttons/themes?C=M%3BO%3DA" "Mozilla/5.0 (Linux; Android 7.0;) AppleWebKit/537.36 (KHTML, like Gecko) Mobile Safari/537.36 (compatible; PetalBot;+https://webmaster.petalsearch.com/site/petalbot)" "brucemillernurseryedgewood.com"
