35.93.162.102 - - [09/Nov/2022:16:04:07 -0800] "GET / HTTP/1.1" 200 406 "-" "Mozilla/5.0 (X11; Linux x86_64) AppleWebKit/537.36 (KHTML, like Gecko) Chrome/83.0.4103.97 Safari/537.36" "brucemillernurseryedgewood.com"
35.90.234.187 - - [09/Nov/2022:16:04:30 -0800] "GET /favicon.ico HTTP/1.1" 404 88 "-" "Mozilla/5.0 (X11; Linux x86_64) AppleWebKit/537.36 (KHTML, like Gecko) Chrome/83.0.4103.97 Safari/537.36" "brucemillernurseryedgewood.com"
35.90.234.187 - - [09/Nov/2022:16:04:32 -0800] "GET / HTTP/1.1" 200 406 "-" "Mozilla/5.0 (X11; Linux x86_64) AppleWebKit/537.36 (KHTML, like Gecko) Chrome/83.0.4103.97 Safari/537.36" "brucemillernurseryedgewood.com"
51.222.253.3 - - [09/Nov/2022:16:06:07 -0800] "GET /sitebuilder/clipart/bars/low-carb/?C=S;O=A HTTP/1.1" 200 376 "-" "Mozilla/5.0 (compatible; AhrefsBot/7.0; +http://ahrefs.com/robot/)" "brucemillernurseryedgewood.com"
54.149.122.82 - - [09/Nov/2022:16:07:00 -0800] "GET /favicon.ico HTTP/1.1" 404 88 "-" "Mozilla/5.0 (X11; Linux x86_64) AppleWebKit/537.36 (KHTML, like Gecko) Chrome/83.0.4103.97 Safari/537.36" "brucemillernurseryedgewood.com"
216.244.66.230 - - [09/Nov/2022:16:09:00 -0800] "GET /images/FlavoredButter-main_Thumb_1_.jpg HTTP/1.1" 200 3508 "-" "Mozilla/5.0 (compatible; DotBot/1.2; +https://opensiteexplorer.org/dotbot; help@moz.com)" "www.brucemillernurseryedgewood.com"
216.244.66.230 - - [09/Nov/2022:16:09:22 -0800] "GET /images/IMG_0199.JPG HTTP/1.1" 200 3720137 "-" "Mozilla/5.0 (compatible; DotBot/1.2; +https://opensiteexplorer.org/dotbot; help@moz.com)" "www.brucemillernurseryedgewood.com"
114.119.132.146 - - [09/Nov/2022:16:09:52 -0800] "GET /clipart/buttons/themes/glow?C=S%3BO%3DA HTTP/1.1" 301 1446 "http://brucemillernurseryedgewood.com/clipart/buttons/themes/glow?C=N%3BO%3DD" "Mozilla/5.0 (Linux; Android 7.0;) AppleWebKit/537.36 (KHTML, like Gecko) Mobile Safari/537.36 (compatible; PetalBot;+https://webmaster.petalsearch.com/site/petalbot)" "brucemillernurseryedgewood.com"
114.119.132.146 - - [09/Nov/2022:16:09:53 -0800] "GET /clipart/buttons/themes/glow/?C=S%3BO%3DA HTTP/1.1" 200 420 "http://brucemillernurseryedgewood.com/clipart/buttons/themes/glow?C=N%3BO%3DD" "Mozilla/5.0 (Linux; Android 7.0;) AppleWebKit/537.36 (KHTML, like Gecko) Mobile Safari/537.36 (compatible; PetalBot;+https://webmaster.petalsearch.com/site/petalbot)" "brucemillernurseryedgewood.com"
216.244.66.230 - - [09/Nov/2022:16:10:12 -0800] "GET /images/IMG_0525.JPG HTTP/1.1" 200 3412280 "-" "Mozilla/5.0 (compatible; DotBot/1.2; +https://opensiteexplorer.org/dotbot; help@moz.com)" "www.brucemillernurseryedgewood.com"
216.244.66.230 - - [09/Nov/2022:16:11:02 -0800] "GET /images/IMG_1169.JPG HTTP/1.1" 200 3582164 "-" "Mozilla/5.0 (compatible; DotBot/1.2; +https://opensiteexplorer.org/dotbot; help@moz.com)" "www.brucemillernurseryedgewood.com"
216.244.66.230 - - [09/Nov/2022:16:11:52 -0800] "GET /images/2009_0531Image0020.JPG HTTP/1.1" 200 456991 "-" "Mozilla/5.0 (compatible; DotBot/1.2; +https://opensiteexplorer.org/dotbot; help@moz.com)" "brucemillernurseryedgewood.com"
216.244.66.230 - - [09/Nov/2022:16:12:42 -0800] "GET /images/IMG_0121.JPG HTTP/1.1" 200 2277607 "-" "Mozilla/5.0 (compatible; DotBot/1.2; +https://opensiteexplorer.org/dotbot; help@moz.com)" "brucemillernurseryedgewood.com"
54.218.116.132 - - [09/Nov/2022:16:18:55 -0800] "GET /favicon.ico HTTP/1.1" 404 88 "-" "Mozilla/5.0 (X11; Linux x86_64) AppleWebKit/537.36 (KHTML, like Gecko) Chrome/83.0.4103.97 Safari/537.36" "brucemillernurseryedgewood.com"
114.119.132.149 - - [09/Nov/2022:16:27:37 -0800] "GET /clipart/buttons/?C=N%3BO%3DD HTTP/1.1" 200 360 "http://brucemillernurseryedgewood.com/clipart/buttons?C=S%3BO%3DA" "Mozilla/5.0 (Linux; Android 7.0;) AppleWebKit/537.36 (KHTML, like Gecko) Mobile Safari/537.36 (compatible; PetalBot;+https://webmaster.petalsearch.com/site/petalbot)" "brucemillernurseryedgewood.com"
207.46.13.229 - - [09/Nov/2022:16:31:31 -0800] "GET /robots.txt HTTP/1.1" 404 88 "-" "Mozilla/5.0 (compatible; bingbot/2.0; +http://www.bing.com/bingbot.htm)" "brucemillernurseryedgewood.com"
207.46.13.229 - - [09/Nov/2022:16:31:32 -0800] "GET /robots.txt HTTP/1.1" 404 88 "-" "Mozilla/5.0 (compatible; bingbot/2.0; +http://www.bing.com/bingbot.htm)" "brucemillernurseryedgewood.com"
157.55.39.34 - - [09/Nov/2022:16:31:42 -0800] "GET /clipart/buttons/themes/stone/ HTTP/1.1" 200 413 "-" "Mozilla/5.0 (compatible; bingbot/2.0; +http://www.bing.com/bingbot.htm)" "brucemillernurseryedgewood.com"
66.249.70.113 - - [09/Nov/2022:16:34:04 -0800] "GET /robots.txt HTTP/1.1" 404 88 "-" "Mozilla/5.0 (compatible; Googlebot/2.1; +http://www.google.com/bot.html)" "brucemillernurseryedgewood.com"
66.249.70.115 - - [09/Nov/2022:16:34:12 -0800] "GET /ads.txt HTTP/1.1" 404 88 "-" "Mozilla/5.0 (compatible; Googlebot/2.1; +http://www.google.com/bot.html)" "brucemillernurseryedgewood.com"
77.75.78.164 - - [09/Nov/2022:16:39:27 -0800] "GET /robots.txt HTTP/1.1" 404 88 "-" "Mozilla/5.0 (compatible; SeznamBot/3.2; +http://napoveda.seznam.cz/en/seznambot-intro/)" "brucemillernurseryedgewood.com"
77.75.78.164 - - [09/Nov/2022:16:39:28 -0800] "GET /images/2009_0531Image0015.JPG HTTP/1.1" 304 - "-" "Mozilla/5.0 (compatible; SeznamBot/3.2; +http://napoveda.seznam.cz/en/seznambot-intro/)" "brucemillernurseryedgewood.com"
114.119.132.131 - - [09/Nov/2022:16:44:33 -0800] "GET /clipart/lines/horizontal/?C=N%3BO%3DD HTTP/1.1" 200 447 "http://brucemillernurseryedgewood.com/clipart/lines/horizontal/?C=M%3BO%3DA" "Mozilla/5.0 (Linux; Android 7.0;) AppleWebKit/537.36 (KHTML, like Gecko) Mobile Safari/537.36 (compatible; PetalBot;+https://webmaster.petalsearch.com/site/petalbot)" "brucemillernurseryedgewood.com"
114.119.132.16 - - [09/Nov/2022:16:50:35 -0800] "GET /clipart/lines/?C=S%3BO%3DA HTTP/1.1" 200 361 "http://brucemillernurseryedgewood.com/clipart/lines/?C=D%3BO%3DA" "Mozilla/5.0 (Linux; Android 7.0;) AppleWebKit/537.36 (KHTML, like Gecko) Mobile Safari/537.36 (compatible; PetalBot;+https://webmaster.petalsearch.com/site/petalbot)" "brucemillernurseryedgewood.com"
51.222.253.6 - - [09/Nov/2022:16:50:44 -0800] "GET /whats_new HTTP/1.1" 200 4437 "-" "Mozilla/5.0 (compatible; AhrefsBot/7.0; +http://ahrefs.com/robot/)" "brucemillernurseryedgewood.com"
114.119.132.122 - - [09/Nov/2022:16:56:51 -0800] "GET /sitebuilder/clipart/backgrounds/tile?C=M%3BO%3DA HTTP/1.1" 301 1448 "http://brucemillernurseryedgewood.com/sitebuilder/clipart/backgrounds/tile?C=D%3BO%3DA" "Mozilla/5.0 (Linux; Android 7.0;) AppleWebKit/537.36 (KHTML, like Gecko) Mobile Safari/537.36 (compatible; PetalBot;+https://webmaster.petalsearch.com/site/petalbot)" "brucemillernurseryedgewood.com"
114.119.132.122 - - [09/Nov/2022:16:56:52 -0800] "GET /sitebuilder/clipart/backgrounds/tile/?C=M%3BO%3DA HTTP/1.1" 200 412 "http://brucemillernurseryedgewood.com/sitebuilder/clipart/backgrounds/tile?C=D%3BO%3DA" "Mozilla/5.0 (Linux; Android 7.0;) AppleWebKit/537.36 (KHTML, like Gecko) Mobile Safari/537.36 (compatible; PetalBot;+https://webmaster.petalsearch.com/site/petalbot)" "brucemillernurseryedgewood.com"
114.119.132.146 - - [09/Nov/2022:17:02:59 -0800] "GET /sitebuilder/clipart/bars/low-carb/horizontal/ HTTP/1.1" 200 421 "https://www.brucemillernurseryedgewood.com/sitebuilder/clipart/bars/low-carb/?C=S%3BO%3DA" "Mozilla/5.0 (Linux; Android 7.0;) AppleWebKit/537.36 (KHTML, like Gecko) Mobile Safari/537.36 (compatible; PetalBot;+https://webmaster.petalsearch.com/site/petalbot)" "www.brucemillernurseryedgewood.com"
114.119.132.16 - - [09/Nov/2022:17:11:18 -0800] "GET /clipart/buttons/?C=S%3BO%3DA HTTP/1.1" 200 360 "https://www.brucemillernurseryedgewood.com/clipart/buttons/" "Mozilla/5.0 (Linux; Android 7.0;) AppleWebKit/537.36 (KHTML, like Gecko) Mobile Safari/537.36 (compatible; PetalBot;+https://webmaster.petalsearch.com/site/petalbot)" "www.brucemillernurseryedgewood.com"
20.109.241.98 - - [09/Nov/2022:17:15:53 -0800] "GET /yahoo_site_admin/assets/images/119068161_694057637857285_4540827945049800535_n.257113452_std.jpg HTTP/1.1" 200 243053 "http://brucemillernurseryedgewood.com/yahoo_site_admin/assets/images" "Mozilla/5.0 (X11; Linux x86_64) AppleWebKit/537.36 (KHTML, like Gecko) Chrome/74.0.3729.169 Safari/537.36" "brucemillernurseryedgewood.com"
40.86.101.252 - - [09/Nov/2022:17:25:12 -0800] "GET /yahoo_site_admin/assets/images/006.27173605_std.JPG HTTP/1.1" 200 164075 "http://brucemillernurseryedgewood.com/yahoo_site_admin/assets/images" "Mozilla/5.0 (Linux; Android 10; SM-G960U) AppleWebKit/537.36 (KHTML, like Gecko) Chrome/88.0.4324.181 Mobile Safari/537.36" "brucemillernurseryedgewood.com"
77.75.78.169 - - [09/Nov/2022:17:44:36 -0800] "GET /robots.txt HTTP/1.1" 404 88 "-" "Mozilla/5.0 (compatible; SeznamBot/3.2; +http://napoveda.seznam.cz/en/seznambot-intro/)" "brucemillernurseryedgewood.com"
77.75.78.169 - - [09/Nov/2022:17:44:37 -0800] "GET /images/2009_0524Image0011.JPG HTTP/1.1" 304 - "-" "Mozilla/5.0 (compatible; SeznamBot/3.2; +http://napoveda.seznam.cz/en/seznambot-intro/)" "brucemillernurseryedgewood.com"
207.46.13.229 - - [09/Nov/2022:17:57:48 -0800] "GET /robots.txt HTTP/1.1" 404 88 "-" "Mozilla/5.0 (compatible; bingbot/2.0; +http://www.bing.com/bingbot.htm)" "brucemillernurseryedgewood.com"
207.46.13.229 - - [09/Nov/2022:17:57:48 -0800] "GET /robots.txt HTTP/1.1" 404 88 "-" "Mozilla/5.0 (compatible; bingbot/2.0; +http://www.bing.com/bingbot.htm)" "brucemillernurseryedgewood.com"
207.46.13.17 - - [09/Nov/2022:17:57:51 -0800] "GET /sitebuilder/images/Edgewood-0-active-84546.png HTTP/1.1" 200 1674 "-" "Mozilla/5.0 (compatible; bingbot/2.0; +http://www.bing.com/bingbot.htm)" "brucemillernurseryedgewood.com"
66.249.70.216 - - [09/Nov/2022:18:06:47 -0800] "GET /robots.txt HTTP/1.1" 404 88 "-" "Mozilla/5.0 (compatible; Googlebot/2.1; +http://www.google.com/bot.html)" "www.brucemillernurseryedgewood.com"
66.249.70.219 - - [09/Nov/2022:18:07:44 -0800] "GET /ads.txt HTTP/1.1" 404 88 "-" "Mozilla/5.0 (compatible; Googlebot/2.1; +http://www.google.com/bot.html)" "www.brucemillernurseryedgewood.com"
77.75.78.165 - - [09/Nov/2022:18:41:02 -0800] "GET /robots.txt HTTP/1.1" 404 88 "-" "Mozilla/5.0 (compatible; SeznamBot/3.2; +http://napoveda.seznam.cz/en/seznambot-intro/)" "brucemillernurseryedgewood.com"
77.75.78.165 - - [09/Nov/2022:18:41:03 -0800] "GET /images/Dad_s_pictures_214.JPG HTTP/1.1" 304 - "-" "Mozilla/5.0 (compatible; SeznamBot/3.2; +http://napoveda.seznam.cz/en/seznambot-intro/)" "brucemillernurseryedgewood.com"
61.135.159.166 - - [09/Nov/2022:18:41:42 -0800] "GET / HTTP/1.1" 200 406 "-" "Sogou web spider/4.0(+http://www.sogou.com/docs/help/webmasters.htm#07)" "www.brucemillernurseryedgewood.com"
49.7.20.122 - - [09/Nov/2022:18:50:28 -0800] "GET / HTTP/1.1" 200 406 "-" "Sogou web spider/4.0(+http://www.sogou.com/docs/help/webmasters.htm#07)" "brucemillernurseryedgewood.com"
114.119.132.149 - - [09/Nov/2022:19:07:30 -0800] "GET /images/?C=S%3BO%3DA HTTP/1.1" 200 3702 "https://www.brucemillernurseryedgewood.com/images/?C=D%3BO%3DA" "Mozilla/5.0 (Linux; Android 7.0;) AppleWebKit/537.36 (KHTML, like Gecko) Mobile Safari/537.36 (compatible; PetalBot;+https://webmaster.petalsearch.com/site/petalbot)" "www.brucemillernurseryedgewood.com"
114.119.132.149 - - [09/Nov/2022:19:12:47 -0800] "GET /clipart/backgrounds/fullpage?C=N%3BO%3DD HTTP/1.1" 301 1441 "http://brucemillernurseryedgewood.com/clipart/backgrounds/fullpage?C=D%3BO%3DA" "Mozilla/5.0 (Linux; Android 7.0;) AppleWebKit/537.36 (KHTML, like Gecko) Mobile Safari/537.36 (compatible; PetalBot;+https://webmaster.petalsearch.com/site/petalbot)" "brucemillernurseryedgewood.com"
114.119.132.149 - - [09/Nov/2022:19:12:48 -0800] "GET /clipart/backgrounds/fullpage/?C=N%3BO%3DD HTTP/1.1" 200 387 "http://brucemillernurseryedgewood.com/clipart/backgrounds/fullpage?C=D%3BO%3DA" "Mozilla/5.0 (Linux; Android 7.0;) AppleWebKit/537.36 (KHTML, like Gecko) Mobile Safari/537.36 (compatible; PetalBot;+https://webmaster.petalsearch.com/site/petalbot)" "brucemillernurseryedgewood.com"
216.244.66.230 - - [09/Nov/2022:19:14:56 -0800] "GET /robots.txt HTTP/1.1" 404 73 "-" "Mozilla/5.0 (compatible; DotBot/1.2; +https://opensiteexplorer.org/dotbot; help@moz.com)" "brucemillernurseryedgewood.com"
216.244.66.230 - - [09/Nov/2022:19:14:56 -0800] "GET /robots.txt HTTP/1.1" 404 73 "-" "Mozilla/5.0 (compatible; DotBot/1.2; +https://opensiteexplorer.org/dotbot; help@moz.com)" "www.brucemillernurseryedgewood.com"
114.119.132.122 - - [09/Nov/2022:19:18:07 -0800] "GET /clipart/lines/?C=S%3BO%3DA HTTP/1.1" 200 361 "http://brucemillernurseryedgewood.com/clipart/lines/?C=D%3BO%3DA" "Mozilla/5.0 (Linux; Android 7.0;) AppleWebKit/537.36 (KHTML, like Gecko) Mobile Safari/537.36 (compatible; PetalBot;+https://webmaster.petalsearch.com/site/petalbot)" "brucemillernurseryedgewood.com"
114.119.132.153 - - [09/Nov/2022:19:23:27 -0800] "GET /clipart/backgrounds/fullpage/?C=D%3BO%3DA HTTP/1.1" 200 387 "http://brucemillernurseryedgewood.com/clipart/backgrounds/fullpage" "Mozilla/5.0 (Linux; Android 7.0;) AppleWebKit/537.36 (KHTML, like Gecko) Mobile Safari/537.36 (compatible; PetalBot;+https://webmaster.petalsearch.com/site/petalbot)" "brucemillernurseryedgewood.com"
216.244.66.230 - - [09/Nov/2022:19:23:28 -0800] "GET /sitebuilder/images/2009_0531Image0025-204x285.jpg HTTP/1.1" 200 20280 "-" "Mozilla/5.0 (compatible; DotBot/1.2; +https://opensiteexplorer.org/dotbot; help@moz.com)" "www.brucemillernurseryedgewood.com"
216.244.66.230 - - [09/Nov/2022:19:23:31 -0800] "GET /sitebuilder/images/3.19h-450x315.jpg HTTP/1.1" 200 48963 "-" "Mozilla/5.0 (compatible; DotBot/1.2; +https://opensiteexplorer.org/dotbot; help@moz.com)" "www.brucemillernurseryedgewood.com"
216.244.66.230 - - [09/Nov/2022:19:23:34 -0800] "GET /sitebuilder/images/IMG_1279-381x280.jpg HTTP/1.1" 200 37789 "-" "Mozilla/5.0 (compatible; DotBot/1.2; +https://opensiteexplorer.org/dotbot; help@moz.com)" "www.brucemillernurseryedgewood.com"
216.244.66.230 - - [09/Nov/2022:19:27:05 -0800] "GET /contact_us/admin HTTP/1.1" 302 1 "-" "Mozilla/5.0 (compatible; DotBot/1.2; +https://opensiteexplorer.org/dotbot; help@moz.com)" "brucemillernurseryedgewood.com"
114.119.132.16 - - [09/Nov/2022:19:28:46 -0800] "GET /sitebuilder/clipart/bars/low-carb/horizontal?C=M%3BO%3DA HTTP/1.1" 301 1463 "https://www.brucemillernurseryedgewood.com/sitebuilder/clipart/bars/low-carb/horizontal" "Mozilla/5.0 (Linux; Android 7.0;) AppleWebKit/537.36 (KHTML, like Gecko) Mobile Safari/537.36 (compatible; PetalBot;+https://webmaster.petalsearch.com/site/petalbot)" "www.brucemillernurseryedgewood.com"
114.119.132.16 - - [09/Nov/2022:19:28:47 -0800] "GET /sitebuilder/clipart/bars/low-carb/horizontal/?C=M%3BO%3DA HTTP/1.1" 200 421 "https://www.brucemillernurseryedgewood.com/sitebuilder/clipart/bars/low-carb/horizontal" "Mozilla/5.0 (Linux; Android 7.0;) AppleWebKit/537.36 (KHTML, like Gecko) Mobile Safari/537.36 (compatible; PetalBot;+https://webmaster.petalsearch.com/site/petalbot)" "www.brucemillernurseryedgewood.com"
77.75.78.167 - - [09/Nov/2022:19:33:15 -0800] "GET /robots.txt HTTP/1.1" 404 88 "-" "Mozilla/5.0 (compatible; SeznamBot/3.2; +http://napoveda.seznam.cz/en/seznambot-intro/)" "brucemillernurseryedgewood.com"
77.75.78.167 - - [09/Nov/2022:19:33:17 -0800] "GET /images/2009_0620Image0002.JPG HTTP/1.1" 304 - "-" "Mozilla/5.0 (compatible; SeznamBot/3.2; +http://napoveda.seznam.cz/en/seznambot-intro/)" "brucemillernurseryedgewood.com"
114.119.132.153 - - [09/Nov/2022:19:34:05 -0800] "GET /sitebuilder/clipart/backgrounds/?C=S%3BO%3DA HTTP/1.1" 200 371 "http://brucemillernurseryedgewood.com/sitebuilder/clipart/backgrounds?C=M%3BO%3DA" "Mozilla/5.0 (Linux; Android 7.0;) AppleWebKit/537.36 (KHTML, like Gecko) Mobile Safari/537.36 (compatible; PetalBot;+https://webmaster.petalsearch.com/site/petalbot)" "brucemillernurseryedgewood.com"
114.119.132.146 - - [09/Nov/2022:19:39:27 -0800] "GET /clipart/bars/ HTTP/1.1" 200 358 "https://www.brucemillernurseryedgewood.com/clipart?C=D%3BO%3DA" "Mozilla/5.0 (Linux; Android 7.0;) AppleWebKit/537.36 (KHTML, like Gecko) Mobile Safari/537.36 (compatible; PetalBot;+https://webmaster.petalsearch.com/site/petalbot)" "www.brucemillernurseryedgewood.com"
66.249.70.117 - - [09/Nov/2022:19:42:09 -0800] "GET /favicon.ico HTTP/1.1" 404 88 "-" "Googlebot-Image/1.0" "brucemillernurseryedgewood.com"
114.119.132.131 - - [09/Nov/2022:19:44:44 -0800] "GET /clipart/backgrounds/fullpage?C=M%3BO%3DA HTTP/1.1" 301 1446 "https://www.brucemillernurseryedgewood.com/clipart/backgrounds/fullpage?C=D%3BO%3DA" "Mozilla/5.0 (Linux; Android 7.0;) AppleWebKit/537.36 (KHTML, like Gecko) Mobile Safari/537.36 (compatible; PetalBot;+https://webmaster.petalsearch.com/site/petalbot)" "www.brucemillernurseryedgewood.com"
114.119.132.131 - - [09/Nov/2022:19:44:46 -0800] "GET /clipart/backgrounds/fullpage/?C=M%3BO%3DA HTTP/1.1" 200 387 "https://www.brucemillernurseryedgewood.com/clipart/backgrounds/fullpage?C=D%3BO%3DA" "Mozilla/5.0 (Linux; Android 7.0;) AppleWebKit/537.36 (KHTML, like Gecko) Mobile Safari/537.36 (compatible; PetalBot;+https://webmaster.petalsearch.com/site/petalbot)" "www.brucemillernurseryedgewood.com"
114.119.132.16 - - [09/Nov/2022:19:50:06 -0800] "GET /sitebuilder/images?C=N%3BO%3DD HTTP/1.1" 301 1441 "http://www.brucemillernurseryedgewood.com/sitebuilder/images" "Mozilla/5.0 (Linux; Android 7.0;) AppleWebKit/537.36 (KHTML, like Gecko) Mobile Safari/537.36 (compatible; PetalBot;+https://webmaster.petalsearch.com/site/petalbot)" "www.brucemillernurseryedgewood.com"
114.119.132.16 - - [09/Nov/2022:19:50:06 -0800] "GET /sitebuilder/images/?C=N%3BO%3DD HTTP/1.1" 200 7088 "http://www.brucemillernurseryedgewood.com/sitebuilder/images" "Mozilla/5.0 (Linux; Android 7.0;) AppleWebKit/537.36 (KHTML, like Gecko) Mobile Safari/537.36 (compatible; PetalBot;+https://webmaster.petalsearch.com/site/petalbot)" "www.brucemillernurseryedgewood.com"
114.119.132.153 - - [09/Nov/2022:19:55:25 -0800] "GET /clipart/lines HTTP/1.1" 301 1421 "http://brucemillernurseryedgewood.com/clipart/lines/horizontal?C=N%3BO%3DD" "Mozilla/5.0 (Linux; Android 7.0;) AppleWebKit/537.36 (KHTML, like Gecko) Mobile Safari/537.36 (compatible; PetalBot;+https://webmaster.petalsearch.com/site/petalbot)" "brucemillernurseryedgewood.com"
114.119.132.153 - - [09/Nov/2022:19:55:25 -0800] "GET /clipart/lines/ HTTP/1.1" 200 361 "http://brucemillernurseryedgewood.com/clipart/lines/horizontal?C=N%3BO%3DD" "Mozilla/5.0 (Linux; Android 7.0;) AppleWebKit/537.36 (KHTML, like Gecko) Mobile Safari/537.36 (compatible; PetalBot;+https://webmaster.petalsearch.com/site/petalbot)" "brucemillernurseryedgewood.com"
114.119.132.131 - - [09/Nov/2022:20:00:47 -0800] "GET /sitebuilder/clipart/bars/?C=M%3BO%3DA HTTP/1.1" 200 384 "http://brucemillernurseryedgewood.com/sitebuilder/clipart/bars" "Mozilla/5.0 (Linux; Android 7.0;) AppleWebKit/537.36 (KHTML, like Gecko) Mobile Safari/537.36 (compatible; PetalBot;+https://webmaster.petalsearch.com/site/petalbot)" "brucemillernurseryedgewood.com"
114.119.132.146 - - [09/Nov/2022:20:06:11 -0800] "GET /images?C=N%3BO%3DD HTTP/1.1" 301 1436 "https://www.brucemillernurseryedgewood.com/images?C=S%3BO%3DA" "Mozilla/5.0 (Linux; Android 7.0;) AppleWebKit/537.36 (KHTML, like Gecko) Mobile Safari/537.36 (compatible; PetalBot;+https://webmaster.petalsearch.com/site/petalbot)" "www.brucemillernurseryedgewood.com"
114.119.132.146 - - [09/Nov/2022:20:06:12 -0800] "GET /images/?C=N%3BO%3DD HTTP/1.1" 200 3702 "https://www.brucemillernurseryedgewood.com/images?C=S%3BO%3DA" "Mozilla/5.0 (Linux; Android 7.0;) AppleWebKit/537.36 (KHTML, like Gecko) Mobile Safari/537.36 (compatible; PetalBot;+https://webmaster.petalsearch.com/site/petalbot)" "www.brucemillernurseryedgewood.com"
114.119.150.186 - - [09/Nov/2022:20:11:31 -0800] "GET /clipart/?C=M%3BO%3DA HTTP/1.1" 200 456 "http://brucemillernurseryedgewood.com/clipart?C=S%3BO%3DA" "Mozilla/5.0 (Linux; Android 7.0;) AppleWebKit/537.36 (KHTML, like Gecko) Mobile Safari/537.36 (compatible; PetalBot;+https://webmaster.petalsearch.com/site/petalbot)" "brucemillernurseryedgewood.com"
114.119.132.131 - - [09/Nov/2022:20:16:57 -0800] "GET /clipart/bars/regular HTTP/1.1" 301 1433 "https://www.brucemillernurseryedgewood.com/clipart/bars/regular/horizontal" "Mozilla/5.0 (Linux; Android 7.0;) AppleWebKit/537.36 (KHTML, like Gecko) Mobile Safari/537.36 (compatible; PetalBot;+https://webmaster.petalsearch.com/site/petalbot)" "www.brucemillernurseryedgewood.com"
114.119.132.131 - - [09/Nov/2022:20:16:58 -0800] "GET /clipart/bars/regular/ HTTP/1.1" 200 366 "https://www.brucemillernurseryedgewood.com/clipart/bars/regular/horizontal" "Mozilla/5.0 (Linux; Android 7.0;) AppleWebKit/537.36 (KHTML, like Gecko) Mobile Safari/537.36 (compatible; PetalBot;+https://webmaster.petalsearch.com/site/petalbot)" "www.brucemillernurseryedgewood.com"
114.119.132.16 - - [09/Nov/2022:20:22:15 -0800] "GET /clipart/buttons/themes/glow/?C=D%3BO%3DA HTTP/1.1" 200 420 "https://www.brucemillernurseryedgewood.com/clipart/buttons/themes/glow/" "Mozilla/5.0 (Linux; Android 7.0;) AppleWebKit/537.36 (KHTML, like Gecko) Mobile Safari/537.36 (compatible; PetalBot;+https://webmaster.petalsearch.com/site/petalbot)" "www.brucemillernurseryedgewood.com"
114.119.132.146 - - [09/Nov/2022:20:27:35 -0800] "GET /clipart/lines?C=M%3BO%3DA HTTP/1.1" 301 1440 "https://www.brucemillernurseryedgewood.com/clipart/lines" "Mozilla/5.0 (Linux; Android 7.0;) AppleWebKit/537.36 (KHTML, like Gecko) Mobile Safari/537.36 (compatible; PetalBot;+https://webmaster.petalsearch.com/site/petalbot)" "www.brucemillernurseryedgewood.com"
114.119.132.146 - - [09/Nov/2022:20:27:40 -0800] "GET /clipart/lines/?C=M%3BO%3DA HTTP/1.1" 200 361 "https://www.brucemillernurseryedgewood.com/clipart/lines" "Mozilla/5.0 (Linux; Android 7.0;) AppleWebKit/537.36 (KHTML, like Gecko) Mobile Safari/537.36 (compatible; PetalBot;+https://webmaster.petalsearch.com/site/petalbot)" "www.brucemillernurseryedgewood.com"
114.119.132.153 - - [09/Nov/2022:20:32:42 -0800] "GET /sitebuilder/clipart/bars/low-carb?C=S%3BO%3DA HTTP/1.1" 301 1450 "http://brucemillernurseryedgewood.com/sitebuilder/clipart/bars/low-carb?C=N%3BO%3DD" "Mozilla/5.0 (Linux; Android 7.0;) AppleWebKit/537.36 (KHTML, like Gecko) Mobile Safari/537.36 (compatible; PetalBot;+https://webmaster.petalsearch.com/site/petalbot)" "brucemillernurseryedgewood.com"
114.119.132.153 - - [09/Nov/2022:20:32:42 -0800] "GET /sitebuilder/clipart/bars/low-carb/?C=S%3BO%3DA HTTP/1.1" 200 375 "http://brucemillernurseryedgewood.com/sitebuilder/clipart/bars/low-carb?C=N%3BO%3DD" "Mozilla/5.0 (Linux; Android 7.0;) AppleWebKit/537.36 (KHTML, like Gecko) Mobile Safari/537.36 (compatible; PetalBot;+https://webmaster.petalsearch.com/site/petalbot)" "brucemillernurseryedgewood.com"
157.55.39.193 - - [09/Nov/2022:20:36:11 -0800] "GET /home HTTP/1.1" 200 4616 "-" "Mozilla/5.0 AppleWebKit/537.36 (KHTML, like Gecko; compatible; bingbot/2.0; +http://www.bing.com/bingbot.htm) Chrome/103.0.5060.134 Safari/537.36" "brucemillernurseryedgewood.com"
157.55.39.34 - - [09/Nov/2022:20:36:18 -0800] "GET /great_deals HTTP/1.1" 200 4168 "-" "Mozilla/5.0 AppleWebKit/537.36 (KHTML, like Gecko; compatible; bingbot/2.0; +http://www.bing.com/bingbot.htm) Chrome/103.0.5060.134 Safari/537.36" "brucemillernurseryedgewood.com"
77.75.79.95 - - [09/Nov/2022:20:37:00 -0800] "GET /robots.txt HTTP/1.1" 404 88 "-" "Mozilla/5.0 (compatible; SeznamBot/3.2; +http://napoveda.seznam.cz/en/seznambot-intro/)" "brucemillernurseryedgewood.com"
77.75.79.95 - - [09/Nov/2022:20:37:01 -0800] "GET /images/IMG_0199.JPG HTTP/1.1" 304 - "-" "Mozilla/5.0 (compatible; SeznamBot/3.2; +http://napoveda.seznam.cz/en/seznambot-intro/)" "brucemillernurseryedgewood.com"
114.119.132.131 - - [09/Nov/2022:20:37:54 -0800] "GET /clipart/backgrounds/sidebar/ HTTP/1.1" 200 384 "http://brucemillernurseryedgewood.com/clipart/backgrounds/?C=D%3BO%3DA" "Mozilla/5.0 (Linux; Android 7.0;) AppleWebKit/537.36 (KHTML, like Gecko) Mobile Safari/537.36 (compatible; PetalBot;+https://webmaster.petalsearch.com/site/petalbot)" "brucemillernurseryedgewood.com"
114.119.132.149 - - [09/Nov/2022:20:43:06 -0800] "GET /clipart/buttons/themes/stone/?C=M%3BO%3DA HTTP/1.1" 200 413 "https://www.brucemillernurseryedgewood.com/clipart/buttons/themes/stone" "Mozilla/5.0 (Linux; Android 7.0;) AppleWebKit/537.36 (KHTML, like Gecko) Mobile Safari/537.36 (compatible; PetalBot;+https://webmaster.petalsearch.com/site/petalbot)" "www.brucemillernurseryedgewood.com"
207.46.13.39 - - [09/Nov/2022:20:45:58 -0800] "GET / HTTP/1.1" 200 406 "-" "Mozilla/5.0 AppleWebKit/537.36 (KHTML, like Gecko; compatible; bingbot/2.0; +http://www.bing.com/bingbot.htm) Chrome/103.0.5060.134 Safari/537.36" "brucemillernurseryedgewood.com"
114.119.132.149 - - [09/Nov/2022:20:48:18 -0800] "GET /sitebuilder/clipart/bars/regular/vertical HTTP/1.1" 301 1444 "https://www.brucemillernurseryedgewood.com/sitebuilder/clipart/bars/regular?C=N%3BO%3DD" "Mozilla/5.0 (Linux; Android 7.0;) AppleWebKit/537.36 (KHTML, like Gecko) Mobile Safari/537.36 (compatible; PetalBot;+https://webmaster.petalsearch.com/site/petalbot)" "www.brucemillernurseryedgewood.com"
114.119.132.149 - - [09/Nov/2022:20:48:21 -0800] "GET /sitebuilder/clipart/bars/regular/vertical/ HTTP/1.1" 200 417 "https://www.brucemillernurseryedgewood.com/sitebuilder/clipart/bars/regular?C=N%3BO%3DD" "Mozilla/5.0 (Linux; Android 7.0;) AppleWebKit/537.36 (KHTML, like Gecko) Mobile Safari/537.36 (compatible; PetalBot;+https://webmaster.petalsearch.com/site/petalbot)" "www.brucemillernurseryedgewood.com"
114.119.132.122 - - [09/Nov/2022:20:53:30 -0800] "GET /sitebuilder/clipart/backgrounds/tile/?C=S%3BO%3DA HTTP/1.1" 200 412 "https://www.brucemillernurseryedgewood.com/sitebuilder/clipart/backgrounds/tile/" "Mozilla/5.0 (Linux; Android 7.0;) AppleWebKit/537.36 (KHTML, like Gecko) Mobile Safari/537.36 (compatible; PetalBot;+https://webmaster.petalsearch.com/site/petalbot)" "www.brucemillernurseryedgewood.com"
114.119.132.16 - - [09/Nov/2022:20:58:36 -0800] "GET /clipart/backgrounds?C=N%3BO%3DD HTTP/1.1" 301 1441 "https://www.brucemillernurseryedgewood.com/clipart/backgrounds?C=D%3BO%3DA" "Mozilla/5.0 (Linux; Android 7.0;) AppleWebKit/537.36 (KHTML, like Gecko) Mobile Safari/537.36 (compatible; PetalBot;+https://webmaster.petalsearch.com/site/petalbot)" "www.brucemillernurseryedgewood.com"
114.119.132.16 - - [09/Nov/2022:20:58:37 -0800] "GET /clipart/backgrounds/?C=N%3BO%3DD HTTP/1.1" 200 389 "https://www.brucemillernurseryedgewood.com/clipart/backgrounds?C=D%3BO%3DA" "Mozilla/5.0 (Linux; Android 7.0;) AppleWebKit/537.36 (KHTML, like Gecko) Mobile Safari/537.36 (compatible; PetalBot;+https://webmaster.petalsearch.com/site/petalbot)" "www.brucemillernurseryedgewood.com"
157.55.39.34 - - [09/Nov/2022:20:58:40 -0800] "GET /navigation_bars/ HTTP/1.1" 200 372 "-" "Mozilla/5.0 AppleWebKit/537.36 (KHTML, like Gecko; compatible; bingbot/2.0; +http://www.bing.com/bingbot.htm) Chrome/103.0.5060.134 Safari/537.36" "brucemillernurseryedgewood.com"
114.119.132.122 - - [09/Nov/2022:21:03:42 -0800] "GET /clipart/buttons/themes/glow?C=D%3BO%3DA HTTP/1.1" 301 1451 "https://www.brucemillernurseryedgewood.com/clipart/buttons/themes/glow?C=N%3BO%3DD" "Mozilla/5.0 (Linux; Android 7.0;) AppleWebKit/537.36 (KHTML, like Gecko) Mobile Safari/537.36 (compatible; PetalBot;+https://webmaster.petalsearch.com/site/petalbot)" "www.brucemillernurseryedgewood.com"
114.119.132.122 - - [09/Nov/2022:21:03:43 -0800] "GET /clipart/buttons/themes/glow/?C=D%3BO%3DA HTTP/1.1" 200 420 "https://www.brucemillernurseryedgewood.com/clipart/buttons/themes/glow?C=N%3BO%3DD" "Mozilla/5.0 (Linux; Android 7.0;) AppleWebKit/537.36 (KHTML, like Gecko) Mobile Safari/537.36 (compatible; PetalBot;+https://webmaster.petalsearch.com/site/petalbot)" "www.brucemillernurseryedgewood.com"
216.244.66.230 - - [09/Nov/2022:21:05:03 -0800] "GET /robots.txt HTTP/1.1" 404 73 "-" "Mozilla/5.0 (compatible; DotBot/1.2; +https://opensiteexplorer.org/dotbot; help@moz.com)" "www.brucemillernurseryedgewood.com"
216.244.66.230 - - [09/Nov/2022:21:05:05 -0800] "GET /robots.txt HTTP/1.1" 404 73 "-" "Mozilla/5.0 (compatible; DotBot/1.2; +https://opensiteexplorer.org/dotbot; help@moz.com)" "brucemillernurseryedgewood.com"
114.119.132.131 - - [09/Nov/2022:21:08:49 -0800] "GET /clipart/buttons/themes/stone?C=M%3BO%3DA HTTP/1.1" 301 1452 "https://www.brucemillernurseryedgewood.com/clipart/buttons/themes/stone?C=D%3BO%3DA" "Mozilla/5.0 (Linux; Android 7.0;) AppleWebKit/537.36 (KHTML, like Gecko) Mobile Safari/537.36 (compatible; PetalBot;+https://webmaster.petalsearch.com/site/petalbot)" "www.brucemillernurseryedgewood.com"
114.119.132.131 - - [09/Nov/2022:21:08:50 -0800] "GET /clipart/buttons/themes/stone/?C=M%3BO%3DA HTTP/1.1" 200 413 "https://www.brucemillernurseryedgewood.com/clipart/buttons/themes/stone?C=D%3BO%3DA" "Mozilla/5.0 (Linux; Android 7.0;) AppleWebKit/537.36 (KHTML, like Gecko) Mobile Safari/537.36 (compatible; PetalBot;+https://webmaster.petalsearch.com/site/petalbot)" "www.brucemillernurseryedgewood.com"
114.119.132.153 - - [09/Nov/2022:21:13:56 -0800] "GET /clipart/buttons?C=M%3BO%3DA HTTP/1.1" 301 1443 "https://www.brucemillernurseryedgewood.com/clipart/buttons?C=D%3BO%3DA" "Mozilla/5.0 (Linux; Android 7.0;) AppleWebKit/537.36 (KHTML, like Gecko) Mobile Safari/537.36 (compatible; PetalBot;+https://webmaster.petalsearch.com/site/petalbot)" "www.brucemillernurseryedgewood.com"
114.119.132.153 - - [09/Nov/2022:21:13:57 -0800] "GET /clipart/buttons/?C=M%3BO%3DA HTTP/1.1" 200 360 "https://www.brucemillernurseryedgewood.com/clipart/buttons?C=D%3BO%3DA" "Mozilla/5.0 (Linux; Android 7.0;) AppleWebKit/537.36 (KHTML, like Gecko) Mobile Safari/537.36 (compatible; PetalBot;+https://webmaster.petalsearch.com/site/petalbot)" "www.brucemillernurseryedgewood.com"
114.119.132.16 - - [09/Nov/2022:21:18:59 -0800] "GET /clipart/pageHeaders/ZbThumbnail.info HTTP/1.1" 200 3300 "http://www.brucemillernurseryedgewood.com/clipart/pageHeaders/?C=M%3BO%3DA" "Mozilla/5.0 (Linux; Android 7.0;) AppleWebKit/537.36 (KHTML, like Gecko) Mobile Safari/537.36 (compatible; PetalBot;+https://webmaster.petalsearch.com/site/petalbot)" "www.brucemillernurseryedgewood.com"
157.55.39.193 - - [09/Nov/2022:21:21:55 -0800] "GET / HTTP/1.1" 200 406 "-" "Mozilla/5.0 AppleWebKit/537.36 (KHTML, like Gecko; compatible; bingbot/2.0; +http://www.bing.com/bingbot.htm) Chrome/103.0.5060.134 Safari/537.36" "brucemillernurseryedgewood.com"
114.119.132.122 - - [09/Nov/2022:21:24:06 -0800] "GET /navigation_bars/?C=M%3BO%3DA HTTP/1.1" 200 372 "http://brucemillernurseryedgewood.com/navigation_bars?C=D%3BO%3DA" "Mozilla/5.0 (Linux; Android 7.0;) AppleWebKit/537.36 (KHTML, like Gecko) Mobile Safari/537.36 (compatible; PetalBot;+https://webmaster.petalsearch.com/site/petalbot)" "brucemillernurseryedgewood.com"
114.119.132.153 - - [09/Nov/2022:21:29:11 -0800] "GET /sitebuilder/images?C=D%3BO%3DA HTTP/1.1" 301 1445 "http://www.brucemillernurseryedgewood.com/sitebuilder/images" "Mozilla/5.0 (Linux; Android 7.0;) AppleWebKit/537.36 (KHTML, like Gecko) Mobile Safari/537.36 (compatible; PetalBot;+https://webmaster.petalsearch.com/site/petalbot)" "www.brucemillernurseryedgewood.com"
114.119.132.153 - - [09/Nov/2022:21:29:14 -0800] "GET /sitebuilder/images/?C=D%3BO%3DA HTTP/1.1" 200 7088 "http://www.brucemillernurseryedgewood.com/sitebuilder/images" "Mozilla/5.0 (Linux; Android 7.0;) AppleWebKit/537.36 (KHTML, like Gecko) Mobile Safari/537.36 (compatible; PetalBot;+https://webmaster.petalsearch.com/site/petalbot)" "www.brucemillernurseryedgewood.com"
77.75.76.166 - - [09/Nov/2022:21:29:41 -0800] "GET /robots.txt HTTP/1.1" 404 88 "-" "Mozilla/5.0 (compatible; SeznamBot/3.2; +http://napoveda.seznam.cz/en/seznambot-intro/)" "brucemillernurseryedgewood.com"
77.75.76.166 - - [09/Nov/2022:21:29:42 -0800] "GET /images/IMG_0945.JPG HTTP/1.1" 304 - "-" "Mozilla/5.0 (compatible; SeznamBot/3.2; +http://napoveda.seznam.cz/en/seznambot-intro/)" "brucemillernurseryedgewood.com"
114.119.150.186 - - [09/Nov/2022:21:34:14 -0800] "GET /clipart/backgrounds/sidebar/?C=S%3BO%3DA HTTP/1.1" 200 384 "http://brucemillernurseryedgewood.com/clipart/backgrounds/sidebar/?C=M%3BO%3DA" "Mozilla/5.0 (Linux; Android 7.0;) AppleWebKit/537.36 (KHTML, like Gecko) Mobile Safari/537.36 (compatible; PetalBot;+https://webmaster.petalsearch.com/site/petalbot)" "brucemillernurseryedgewood.com"
216.244.66.230 - - [09/Nov/2022:21:36:12 -0800] "GET /images/IMG_0554.JPG HTTP/1.1" 200 2416165 "-" "Mozilla/5.0 (compatible; DotBot/1.2; +https://opensiteexplorer.org/dotbot; help@moz.com)" "www.brucemillernurseryedgewood.com"
216.244.66.230 - - [09/Nov/2022:21:36:29 -0800] "GET /images/scanned_stuff.jpg HTTP/1.1" 200 112265 "-" "Mozilla/5.0 (compatible; DotBot/1.2; +https://opensiteexplorer.org/dotbot; help@moz.com)" "www.brucemillernurseryedgewood.com"
216.244.66.230 - - [09/Nov/2022:21:36:34 -0800] "GET /images/IMG_0505.JPG HTTP/1.1" 200 3487456 "-" "Mozilla/5.0 (compatible; DotBot/1.2; +https://opensiteexplorer.org/dotbot; help@moz.com)" "brucemillernurseryedgewood.com"
216.244.66.230 - - [09/Nov/2022:21:36:45 -0800] "GET /images/IMG_0727.JPG HTTP/1.1" 200 3100074 "-" "Mozilla/5.0 (compatible; DotBot/1.2; +https://opensiteexplorer.org/dotbot; help@moz.com)" "brucemillernurseryedgewood.com"
216.244.66.230 - - [09/Nov/2022:21:36:52 -0800] "GET /images/IMG_0744.JPG HTTP/1.1" 200 3488902 "-" "Mozilla/5.0 (compatible; DotBot/1.2; +https://opensiteexplorer.org/dotbot; help@moz.com)" "brucemillernurseryedgewood.com"
216.244.66.230 - - [09/Nov/2022:21:37:04 -0800] "GET /sitebuilder/images/13107_1_-180x160.jpg HTTP/1.1" 200 8602 "-" "Mozilla/5.0 (compatible; DotBot/1.2; +https://opensiteexplorer.org/dotbot; help@moz.com)" "brucemillernurseryedgewood.com"
216.244.66.230 - - [09/Nov/2022:21:37:10 -0800] "GET /sitebuilder/images/Edgewood-4-inactive-85765.png HTTP/1.1" 200 1735 "-" "Mozilla/5.0 (compatible; DotBot/1.2; +https://opensiteexplorer.org/dotbot; help@moz.com)" "brucemillernurseryedgewood.com"
216.244.66.230 - - [09/Nov/2022:21:37:16 -0800] "GET /sitebuilder/images/IMG_0773-334x252.jpg HTTP/1.1" 200 15618 "-" "Mozilla/5.0 (compatible; DotBot/1.2; +https://opensiteexplorer.org/dotbot; help@moz.com)" "brucemillernurseryedgewood.com"
216.244.66.230 - - [09/Nov/2022:21:37:21 -0800] "GET /sitebuilder/images/IMG_0880-246x330.jpg HTTP/1.1" 200 19763 "-" "Mozilla/5.0 (compatible; DotBot/1.2; +https://opensiteexplorer.org/dotbot; help@moz.com)" "brucemillernurseryedgewood.com"
216.244.66.230 - - [09/Nov/2022:21:37:44 -0800] "GET /sitebuilder/images/Edgewood-4-active-09254.png HTTP/1.1" 200 2252 "-" "Mozilla/5.0 (compatible; DotBot/1.2; +https://opensiteexplorer.org/dotbot; help@moz.com)" "www.brucemillernurseryedgewood.com"
216.244.66.230 - - [09/Nov/2022:21:37:45 -0800] "GET /sitebuilder/images/IMG_0937-359x262.jpg HTTP/1.1" 200 35035 "-" "Mozilla/5.0 (compatible; DotBot/1.2; +https://opensiteexplorer.org/dotbot; help@moz.com)" "www.brucemillernurseryedgewood.com"
216.244.66.230 - - [09/Nov/2022:21:37:46 -0800] "GET /sitebuilder/images/IMG_0954-274x372.jpg HTTP/1.1" 200 33265 "-" "Mozilla/5.0 (compatible; DotBot/1.2; +https://opensiteexplorer.org/dotbot; help@moz.com)" "www.brucemillernurseryedgewood.com"
114.119.132.146 - - [09/Nov/2022:21:39:24 -0800] "GET /sitebuilder/clipart/backgrounds/tile/?C=M%3BO%3DA HTTP/1.1" 200 412 "https://www.brucemillernurseryedgewood.com/sitebuilder/clipart/backgrounds/tile?C=N%3BO%3DD" "Mozilla/5.0 (Linux; Android 7.0;) AppleWebKit/537.36 (KHTML, like Gecko) Mobile Safari/537.36 (compatible; PetalBot;+https://webmaster.petalsearch.com/site/petalbot)" "www.brucemillernurseryedgewood.com"
114.119.132.153 - - [09/Nov/2022:21:44:21 -0800] "GET /clipart/buttons/?C=N%3BO%3DD HTTP/1.1" 200 360 "http://brucemillernurseryedgewood.com/clipart/buttons?C=S%3BO%3DA" "Mozilla/5.0 (Linux; Android 7.0;) AppleWebKit/537.36 (KHTML, like Gecko) Mobile Safari/537.36 (compatible; PetalBot;+https://webmaster.petalsearch.com/site/petalbot)" "brucemillernurseryedgewood.com"
51.222.253.2 - - [09/Nov/2022:21:45:26 -0800] "GET /robots.txt HTTP/1.1" 404 88 "-" "Mozilla/5.0 (compatible; AhrefsBot/7.0; +http://ahrefs.com/robot/)" "www.brucemillernurseryedgewood.com"
51.222.253.3 - - [09/Nov/2022:21:45:27 -0800] "GET / HTTP/1.1" 200 406 "-" "Mozilla/5.0 (compatible; AhrefsBot/7.0; +http://ahrefs.com/robot/)" "www.brucemillernurseryedgewood.com"
17.121.112.123 - - [09/Nov/2022:22:28:07 -0800] "GET /robots.txt HTTP/1.1" 404 88 "-" "Mozilla/5.0 (Macintosh; Intel Mac OS X 10_15_5) AppleWebKit/605.1.15 (KHTML, like Gecko) Version/13.1.1 Safari/605.1.15 (Applebot/0.1; +http://www.apple.com/go/applebot)" "brucemillernurseryedgewood.com"
17.121.112.123 - - [09/Nov/2022:22:28:07 -0800] "GET / HTTP/1.1" 200 406 "-" "Mozilla/5.0 (Macintosh; Intel Mac OS X 10_15_5) AppleWebKit/605.1.15 (KHTML, like Gecko) Version/13.1.1 Safari/605.1.15 (Applebot/0.1; +http://www.apple.com/go/applebot)" "brucemillernurseryedgewood.com"
77.75.78.167 - - [09/Nov/2022:22:28:35 -0800] "GET /robots.txt HTTP/1.1" 404 88 "-" "Mozilla/5.0 (compatible; SeznamBot/3.2; +http://napoveda.seznam.cz/en/seznambot-intro/)" "brucemillernurseryedgewood.com"
77.75.78.167 - - [09/Nov/2022:22:28:36 -0800] "GET /images/IMG_0872.JPG HTTP/1.1" 304 - "-" "Mozilla/5.0 (compatible; SeznamBot/3.2; +http://napoveda.seznam.cz/en/seznambot-intro/)" "brucemillernurseryedgewood.com"
35.91.83.225 - - [09/Nov/2022:22:54:16 -0800] "GET / HTTP/1.1" 200 1005 "-" "-" "brucemillernurseryedgewood.com"
66.249.70.101 - - [09/Nov/2022:23:10:52 -0800] "GET /robots.txt HTTP/1.1" 404 88 "-" "Mozilla/5.0 (compatible; Googlebot/2.1; +http://www.google.com/bot.html)" "brucemillernurseryedgewood.com"
66.249.70.97 - - [09/Nov/2022:23:12:19 -0800] "GET /ads.txt HTTP/1.1" 404 88 "-" "Mozilla/5.0 (compatible; Googlebot/2.1; +http://www.google.com/bot.html)" "brucemillernurseryedgewood.com"
216.244.66.230 - - [09/Nov/2022:23:14:15 -0800] "GET /robots.txt HTTP/1.1" 404 73 "-" "Mozilla/5.0 (compatible; DotBot/1.2; +https://opensiteexplorer.org/dotbot; help@moz.com)" "www.brucemillernurseryedgewood.com"
216.244.66.230 - - [09/Nov/2022:23:14:15 -0800] "GET /robots.txt HTTP/1.1" 404 73 "-" "Mozilla/5.0 (compatible; DotBot/1.2; +https://opensiteexplorer.org/dotbot; help@moz.com)" "brucemillernurseryedgewood.com"
216.244.66.230 - - [09/Nov/2022:23:27:20 -0800] "GET /images/2009_0706Image0003.JPG HTTP/1.1" 200 436952 "-" "Mozilla/5.0 (compatible; DotBot/1.2; +https://opensiteexplorer.org/dotbot; help@moz.com)" "www.brucemillernurseryedgewood.com"
216.244.66.230 - - [09/Nov/2022:23:28:10 -0800] "GET /images/IMG_0581.JPG HTTP/1.1" 200 3826003 "-" "Mozilla/5.0 (compatible; DotBot/1.2; +https://opensiteexplorer.org/dotbot; help@moz.com)" "www.brucemillernurseryedgewood.com"
77.75.78.165 - - [09/Nov/2022:23:29:40 -0800] "GET /robots.txt HTTP/1.1" 404 88 "-" "Mozilla/5.0 (compatible; SeznamBot/3.2; +http://napoveda.seznam.cz/en/seznambot-intro/)" "brucemillernurseryedgewood.com"
77.75.78.165 - - [09/Nov/2022:23:29:41 -0800] "GET /images/american-flag_1_.jpg HTTP/1.1" 304 - "-" "Mozilla/5.0 (compatible; SeznamBot/3.2; +http://napoveda.seznam.cz/en/seznambot-intro/)" "brucemillernurseryedgewood.com"
216.244.66.230 - - [09/Nov/2022:23:29:59 -0800] "GET /images/Front_Pasture_Aug09_-_02.jpg HTTP/1.1" 200 91560 "-" "Mozilla/5.0 (compatible; DotBot/1.2; +https://opensiteexplorer.org/dotbot; help@moz.com)" "brucemillernurseryedgewood.com"
103.167.84.15 - - [09/Nov/2022:23:30:23 -0800] "POST / HTTP/1.1" 404 88 "-" "Mozilla/5.0 (Macintosh; Intel Mac OS X 10_10_3) AppleWebKit/537.36 (KHTML, like Gecko) Chrome/45.0.2454.85 Safari/537.36" "brucemillernurseryedgewood.com"
216.244.66.230 - - [09/Nov/2022:23:30:31 -0800] "GET /images/IMG_0721.JPG HTTP/1.1" 200 3546878 "-" "Mozilla/5.0 (compatible; DotBot/1.2; +https://opensiteexplorer.org/dotbot; help@moz.com)" "brucemillernurseryedgewood.com"
216.244.66.230 - - [09/Nov/2022:23:31:21 -0800] "GET /sitebuilder/images/Edgewood-2-active-14281.png HTTP/1.1" 200 1791 "-" "Mozilla/5.0 (compatible; DotBot/1.2; +https://opensiteexplorer.org/dotbot; help@moz.com)" "brucemillernurseryedgewood.com"
216.244.66.230 - - [09/Nov/2022:23:31:50 -0800] "GET /sitebuilder/images/IMG_0128-263x360.jpg HTTP/1.1" 200 36418 "-" "Mozilla/5.0 (compatible; DotBot/1.2; +https://opensiteexplorer.org/dotbot; help@moz.com)" "brucemillernurseryedgewood.com"
216.244.66.230 - - [09/Nov/2022:23:32:24 -0800] "GET /sitebuilder/images/IMG_0726-279x375.jpg HTTP/1.1" 200 17032 "-" "Mozilla/5.0 (compatible; DotBot/1.2; +https://opensiteexplorer.org/dotbot; help@moz.com)" "brucemillernurseryedgewood.com"
216.244.66.230 - - [09/Nov/2022:23:32:52 -0800] "GET /sitebuilder/images/kittens-no_Dana-265x410.jpg HTTP/1.1" 200 20716 "-" "Mozilla/5.0 (compatible; DotBot/1.2; +https://opensiteexplorer.org/dotbot; help@moz.com)" "brucemillernurseryedgewood.com"
49.7.20.116 - - [09/Nov/2022:23:33:27 -0800] "GET / HTTP/1.1" 200 406 "-" "Sogou web spider/4.0(+http://www.sogou.com/docs/help/webmasters.htm#07)" "www.brucemillernurseryedgewood.com"
216.244.66.230 - - [09/Nov/2022:23:33:45 -0800] "GET /sitebuilder/images/IMG_1269-408x545.jpg HTTP/1.1" 200 40157 "-" "Mozilla/5.0 (compatible; DotBot/1.2; +https://opensiteexplorer.org/dotbot; help@moz.com)" "www.brucemillernurseryedgewood.com"
216.244.66.230 - - [09/Nov/2022:23:34:18 -0800] "GET /sitebuilder/images/IMG_1270-600x450.jpg HTTP/1.1" 200 59783 "-" "Mozilla/5.0 (compatible; DotBot/1.2; +https://opensiteexplorer.org/dotbot; help@moz.com)" "www.brucemillernurseryedgewood.com"
216.244.66.230 - - [09/Nov/2022:23:34:49 -0800] "GET /sitebuilder/images/wildflower_header_background-960x84.jpg HTTP/1.1" 200 10808 "-" "Mozilla/5.0 (compatible; DotBot/1.2; +https://opensiteexplorer.org/dotbot; help@moz.com)" "www.brucemillernurseryedgewood.com"
54.36.148.209 - - [09/Nov/2022:23:41:02 -0800] "GET /robots.txt HTTP/1.1" 404 88 "-" "Mozilla/5.0 (compatible; AhrefsBot/7.0; +http://ahrefs.com/robot/)" "www.brucemillernurseryedgewood.com"
51.222.253.4 - - [09/Nov/2022:23:41:05 -0800] "GET / HTTP/1.1" 200 406 "-" "Mozilla/5.0 (compatible; AhrefsBot/7.0; +http://ahrefs.com/robot/)" "www.brucemillernurseryedgewood.com"
216.244.66.230 - - [09/Nov/2022:23:42:38 -0800] "GET /sitebuilder/?C=N;O=A HTTP/1.1" 200 1160 "-" "Mozilla/5.0 (compatible; DotBot/1.2; +https://opensiteexplorer.org/dotbot; help@moz.com)" "www.brucemillernurseryedgewood.com"
77.75.76.163 - - [09/Nov/2022:23:45:49 -0800] "GET /robots.txt HTTP/1.1" 404 88 "-" "Mozilla/5.0 (compatible; SeznamBot/3.2; +http://napoveda.seznam.cz/en/seznambot-intro/)" "brucemillernurseryedgewood.com"
77.75.76.163 - - [09/Nov/2022:23:45:51 -0800] "GET /images/IMG_0132.JPG HTTP/1.1" 304 - "-" "Mozilla/5.0 (compatible; SeznamBot/3.2; +http://napoveda.seznam.cz/en/seznambot-intro/)" "brucemillernurseryedgewood.com"
216.244.66.230 - - [09/Nov/2022:23:50:02 -0800] "GET /sitebuilder/scripts/?C=N;O=D HTTP/1.1" 200 739 "-" "Mozilla/5.0 (compatible; DotBot/1.2; +https://opensiteexplorer.org/dotbot; help@moz.com)" "www.brucemillernurseryedgewood.com"
216.244.66.230 - - [09/Nov/2022:23:50:18 -0800] "GET /sitebuilder/?C=S;O=D HTTP/1.1" 200 1160 "-" "Mozilla/5.0 (compatible; DotBot/1.2; +https://opensiteexplorer.org/dotbot; help@moz.com)" "brucemillernurseryedgewood.com"
216.244.66.230 - - [09/Nov/2022:23:50:21 -0800] "GET /navigation_bars/?C=D;O=D HTTP/1.1" 200 722 "-" "Mozilla/5.0 (compatible; DotBot/1.2; +https://opensiteexplorer.org/dotbot; help@moz.com)" "www.brucemillernurseryedgewood.com"
216.244.66.230 - - [09/Nov/2022:23:50:24 -0800] "GET /navigation_bars/?C=M;O=D HTTP/1.1" 200 722 "-" "Mozilla/5.0 (compatible; DotBot/1.2; +https://opensiteexplorer.org/dotbot; help@moz.com)" "www.brucemillernurseryedgewood.com"
216.244.66.230 - - [10/Nov/2022:00:04:03 -0800] "GET /robots.txt HTTP/1.1" 404 73 "-" "Mozilla/5.0 (compatible; DotBot/1.2; +https://opensiteexplorer.org/dotbot; help@moz.com)" "brucemillernurseryedgewood.com"
216.244.66.230 - - [10/Nov/2022:00:04:03 -0800] "GET /robots.txt HTTP/1.1" 404 73 "-" "Mozilla/5.0 (compatible; DotBot/1.2; +https://opensiteexplorer.org/dotbot; help@moz.com)" "www.brucemillernurseryedgewood.com"
118.184.177.84 - - [10/Nov/2022:00:10:26 -0800] "GET / HTTP/1.1" 200 406 "-" "Sogou web spider/4.0(+http://www.sogou.com/docs/help/webmasters.htm#07)" "brucemillernurseryedgewood.com"
216.244.66.230 - - [10/Nov/2022:00:21:17 -0800] "GET /images/IMG_0178.JPG HTTP/1.1" 200 3495840 "-" "Mozilla/5.0 (compatible; DotBot/1.2; +https://opensiteexplorer.org/dotbot; help@moz.com)" "www.brucemillernurseryedgewood.com"
216.244.66.230 - - [10/Nov/2022:00:22:07 -0800] "GET /images/IMG_0532.JPG HTTP/1.1" 200 4147871 "-" "Mozilla/5.0 (compatible; DotBot/1.2; +https://opensiteexplorer.org/dotbot; help@moz.com)" "www.brucemillernurseryedgewood.com"
216.244.66.230 - - [10/Nov/2022:00:25:10 -0800] "GET /images/IMG_0263.JPG HTTP/1.1" 200 4433553 "-" "Mozilla/5.0 (compatible; DotBot/1.2; +https://opensiteexplorer.org/dotbot; help@moz.com)" "brucemillernurseryedgewood.com"
216.244.66.230 - - [10/Nov/2022:00:26:00 -0800] "GET /images/IMG_0557.JPG HTTP/1.1" 200 1932223 "-" "Mozilla/5.0 (compatible; DotBot/1.2; +https://opensiteexplorer.org/dotbot; help@moz.com)" "brucemillernurseryedgewood.com"
216.244.66.230 - - [10/Nov/2022:00:26:50 -0800] "GET /images/IMG_1269.JPG HTTP/1.1" 200 414525 "-" "Mozilla/5.0 (compatible; DotBot/1.2; +https://opensiteexplorer.org/dotbot; help@moz.com)" "brucemillernurseryedgewood.com"
216.244.66.230 - - [10/Nov/2022:00:27:40 -0800] "GET /images/lampuandlamamC_1_.jpg HTTP/1.1" 200 16122 "-" "Mozilla/5.0 (compatible; DotBot/1.2; +https://opensiteexplorer.org/dotbot; help@moz.com)" "brucemillernurseryedgewood.com"
216.244.66.230 - - [10/Nov/2022:00:28:10 -0800] "GET /sitebuilder/images/3.19g-165x465.jpg HTTP/1.1" 200 28536 "-" "Mozilla/5.0 (compatible; DotBot/1.2; +https://opensiteexplorer.org/dotbot; help@moz.com)" "brucemillernurseryedgewood.com"
216.244.66.230 - - [10/Nov/2022:00:28:40 -0800] "GET /sitebuilder/images/IMG_0257-265x315.jpg HTTP/1.1" 200 18069 "-" "Mozilla/5.0 (compatible; DotBot/1.2; +https://opensiteexplorer.org/dotbot; help@moz.com)" "brucemillernurseryedgewood.com"
216.244.66.230 - - [10/Nov/2022:00:29:08 -0800] "GET /sitebuilder/images/IMG_0935-441x312.jpg HTTP/1.1" 200 56063 "-" "Mozilla/5.0 (compatible; DotBot/1.2; +https://opensiteexplorer.org/dotbot; help@moz.com)" "brucemillernurseryedgewood.com"
216.244.66.230 - - [10/Nov/2022:00:30:51 -0800] "GET /sitebuilder/images/IMG_0766-315x225.jpg HTTP/1.1" 200 21458 "-" "Mozilla/5.0 (compatible; DotBot/1.2; +https://opensiteexplorer.org/dotbot; help@moz.com)" "www.brucemillernurseryedgewood.com"
77.75.76.162 - - [10/Nov/2022:00:49:16 -0800] "GET /robots.txt HTTP/1.1" 404 88 "-" "Mozilla/5.0 (compatible; SeznamBot/3.2; +http://napoveda.seznam.cz/en/seznambot-intro/)" "brucemillernurseryedgewood.com"
77.75.76.162 - - [10/Nov/2022:00:49:18 -0800] "GET /images/IMG_0548.JPG HTTP/1.1" 304 - "-" "Mozilla/5.0 (compatible; SeznamBot/3.2; +http://napoveda.seznam.cz/en/seznambot-intro/)" "brucemillernurseryedgewood.com"
216.244.66.230 - - [10/Nov/2022:00:52:56 -0800] "GET /robots.txt HTTP/1.1" 404 73 "-" "Mozilla/5.0 (compatible; DotBot/1.2; +https://opensiteexplorer.org/dotbot; help@moz.com)" "www.brucemillernurseryedgewood.com"
216.244.66.230 - - [10/Nov/2022:00:52:56 -0800] "GET /robots.txt HTTP/1.1" 404 73 "-" "Mozilla/5.0 (compatible; DotBot/1.2; +https://opensiteexplorer.org/dotbot; help@moz.com)" "brucemillernurseryedgewood.com"
216.244.66.230 - - [10/Nov/2022:01:01:43 -0800] "GET /images/2009_0524Image0012.JPG HTTP/1.1" 200 456333 "-" "Mozilla/5.0 (compatible; DotBot/1.2; +https://opensiteexplorer.org/dotbot; help@moz.com)" "www.brucemillernurseryedgewood.com"
216.244.66.230 - - [10/Nov/2022:01:02:18 -0800] "GET /images/IMG_0132.JPG HTTP/1.1" 200 3337037 "-" "Mozilla/5.0 (compatible; DotBot/1.2; +https://opensiteexplorer.org/dotbot; help@moz.com)" "www.brucemillernurseryedgewood.com"
216.244.66.230 - - [10/Nov/2022:01:03:08 -0800] "GET /images/13126_1_.jpg HTTP/1.1" 200 2629 "-" "Mozilla/5.0 (compatible; DotBot/1.2; +https://opensiteexplorer.org/dotbot; help@moz.com)" "brucemillernurseryedgewood.com"
216.244.66.230 - - [10/Nov/2022:01:03:38 -0800] "GET /images/2009_0706Image0002.JPG HTTP/1.1" 200 192761 "-" "Mozilla/5.0 (compatible; DotBot/1.2; +https://opensiteexplorer.org/dotbot; help@moz.com)" "brucemillernurseryedgewood.com"
216.244.66.230 - - [10/Nov/2022:01:04:21 -0800] "GET /images/candied_flower_mosaic_1_.jpg HTTP/1.1" 200 4226 "-" "Mozilla/5.0 (compatible; DotBot/1.2; +https://opensiteexplorer.org/dotbot; help@moz.com)" "brucemillernurseryedgewood.com"
17.121.113.202 - - [10/Nov/2022:01:08:30 -0800] "GET / HTTP/1.1" 200 406 "-" "Mozilla/5.0 (Macintosh; Intel Mac OS X 10_15_5) AppleWebKit/605.1.15 (KHTML, like Gecko) Version/13.1.1 Safari/605.1.15 (Applebot/0.1; +http://www.apple.com/go/applebot)" "brucemillernurseryedgewood.com"
54.36.148.143 - - [10/Nov/2022:01:28:51 -0800] "GET /robots.txt HTTP/1.1" 404 88 "-" "Mozilla/5.0 (compatible; AhrefsBot/7.0; +http://ahrefs.com/robot/)" "brucemillernurseryedgewood.com"
51.222.253.4 - - [10/Nov/2022:01:28:52 -0800] "GET / HTTP/1.1" 200 406 "-" "Mozilla/5.0 (compatible; AhrefsBot/7.0; +http://ahrefs.com/robot/)" "brucemillernurseryedgewood.com"
216.244.66.230 - - [10/Nov/2022:01:40:06 -0800] "GET /robots.txt HTTP/1.1" 404 73 "-" "Mozilla/5.0 (compatible; DotBot/1.2; +https://opensiteexplorer.org/dotbot; help@moz.com)" "brucemillernurseryedgewood.com"
216.244.66.230 - - [10/Nov/2022:01:40:06 -0800] "GET /robots.txt HTTP/1.1" 404 73 "-" "Mozilla/5.0 (compatible; DotBot/1.2; +https://opensiteexplorer.org/dotbot; help@moz.com)" "www.brucemillernurseryedgewood.com"
52.1.150.219 - - [10/Nov/2022:01:42:02 -0800] "GET / HTTP/1.1" 200 406 "-" "Mozilla/5.0 (Macintosh; Intel Mac OS X 10_12_6) AppleWebKit/537.36 (KHTML, like Gecko) Chrome/61.0.3163.100 Safari/537.36" "brucemillernurseryedgewood.com"
