114.119.132.146 - - [12/Nov/2022:07:26:05 -0800] "GET /navigation_bars/?C=M%3BO%3DA HTTP/1.1" 200 372 "http://brucemillernurseryedgewood.com/navigation_bars" "Mozilla/5.0 (Linux; Android 7.0;) AppleWebKit/537.36 (KHTML, like Gecko) Mobile Safari/537.36 (compatible; PetalBot;+https://webmaster.petalsearch.com/site/petalbot)" "brucemillernurseryedgewood.com"
114.119.132.16 - - [12/Nov/2022:07:30:53 -0800] "GET /clipart/buttons/themes/glow?C=S%3BO%3DA HTTP/1.1" 301 1451 "https://www.brucemillernurseryedgewood.com/clipart/buttons/themes/glow?C=N%3BO%3DD" "Mozilla/5.0 (Linux; Android 7.0;) AppleWebKit/537.36 (KHTML, like Gecko) Mobile Safari/537.36 (compatible; PetalBot;+https://webmaster.petalsearch.com/site/petalbot)" "www.brucemillernurseryedgewood.com"
114.119.132.16 - - [12/Nov/2022:07:30:55 -0800] "GET /clipart/buttons/themes/glow/?C=S%3BO%3DA HTTP/1.1" 200 420 "https://www.brucemillernurseryedgewood.com/clipart/buttons/themes/glow?C=N%3BO%3DD" "Mozilla/5.0 (Linux; Android 7.0;) AppleWebKit/537.36 (KHTML, like Gecko) Mobile Safari/537.36 (compatible; PetalBot;+https://webmaster.petalsearch.com/site/petalbot)" "www.brucemillernurseryedgewood.com"
114.119.150.186 - - [12/Nov/2022:07:36:03 -0800] "GET /clipart/bars/regular HTTP/1.1" 301 1428 "http://brucemillernurseryedgewood.com/clipart/bars/regular/horizontal" "Mozilla/5.0 (Linux; Android 7.0;) AppleWebKit/537.36 (KHTML, like Gecko) Mobile Safari/537.36 (compatible; PetalBot;+https://webmaster.petalsearch.com/site/petalbot)" "brucemillernurseryedgewood.com"
114.119.150.186 - - [12/Nov/2022:07:36:03 -0800] "GET /clipart/bars/regular/ HTTP/1.1" 200 366 "http://brucemillernurseryedgewood.com/clipart/bars/regular/horizontal" "Mozilla/5.0 (Linux; Android 7.0;) AppleWebKit/537.36 (KHTML, like Gecko) Mobile Safari/537.36 (compatible; PetalBot;+https://webmaster.petalsearch.com/site/petalbot)" "brucemillernurseryedgewood.com"
216.244.66.230 - - [12/Nov/2022:07:39:00 -0800] "GET /sitebuilder/clipart/?C=D;O=A HTTP/1.1" 200 887 "-" "Mozilla/5.0 (compatible; DotBot/1.2; +https://opensiteexplorer.org/dotbot; help@moz.com)" "www.brucemillernurseryedgewood.com"
216.244.66.230 - - [12/Nov/2022:07:40:03 -0800] "GET /sitebuilder/scripts/?C=D;O=A HTTP/1.1" 200 739 "-" "Mozilla/5.0 (compatible; DotBot/1.2; +https://opensiteexplorer.org/dotbot; help@moz.com)" "brucemillernurseryedgewood.com"
114.119.132.153 - - [12/Nov/2022:07:41:14 -0800] "GET /clipart/lines/horizontal/?C=M%3BO%3DA HTTP/1.1" 200 447 "https://www.brucemillernurseryedgewood.com/clipart/lines/horizontal?C=S%3BO%3DA" "Mozilla/5.0 (Linux; Android 7.0;) AppleWebKit/537.36 (KHTML, like Gecko) Mobile Safari/537.36 (compatible; PetalBot;+https://webmaster.petalsearch.com/site/petalbot)" "www.brucemillernurseryedgewood.com"
114.119.150.186 - - [12/Nov/2022:07:46:24 -0800] "GET /clipart/lines?C=D%3BO%3DA HTTP/1.1" 301 1440 "https://www.brucemillernurseryedgewood.com/clipart/lines" "Mozilla/5.0 (Linux; Android 7.0;) AppleWebKit/537.36 (KHTML, like Gecko) Mobile Safari/537.36 (compatible; PetalBot;+https://webmaster.petalsearch.com/site/petalbot)" "www.brucemillernurseryedgewood.com"
114.119.150.186 - - [12/Nov/2022:07:46:25 -0800] "GET /clipart/lines/?C=D%3BO%3DA HTTP/1.1" 200 361 "https://www.brucemillernurseryedgewood.com/clipart/lines" "Mozilla/5.0 (Linux; Android 7.0;) AppleWebKit/537.36 (KHTML, like Gecko) Mobile Safari/537.36 (compatible; PetalBot;+https://webmaster.petalsearch.com/site/petalbot)" "www.brucemillernurseryedgewood.com"
114.119.132.146 - - [12/Nov/2022:07:51:33 -0800] "GET /clipart/lines/?C=N%3BO%3DD HTTP/1.1" 200 361 "http://brucemillernurseryedgewood.com/clipart/lines?C=M%3BO%3DA" "Mozilla/5.0 (Linux; Android 7.0;) AppleWebKit/537.36 (KHTML, like Gecko) Mobile Safari/537.36 (compatible; PetalBot;+https://webmaster.petalsearch.com/site/petalbot)" "brucemillernurseryedgewood.com"
114.119.132.159 - - [12/Nov/2022:07:56:44 -0800] "GET /sitebuilder/clipart/bars/regular/horizontal/?C=M%3BO%3DA HTTP/1.1" 200 416 "http://brucemillernurseryedgewood.com/sitebuilder/clipart/bars/regular/horizontal/?C=D%3BO%3DA" "Mozilla/5.0 (Linux; Android 7.0;) AppleWebKit/537.36 (KHTML, like Gecko) Mobile Safari/537.36 (compatible; PetalBot;+https://webmaster.petalsearch.com/site/petalbot)" "brucemillernurseryedgewood.com"
207.200.8.180 - - [12/Nov/2022:07:56:54 -0800] "GET / HTTP/1.1" 200 406 "-" "LightspeedSystemsCrawler Mozilla/5.0 (Windows; U; MSIE 9.0; Windows NT 9.0; en-US)" "www.brucemillernurseryedgewood.com"
207.200.8.180 - - [12/Nov/2022:07:56:55 -0800] "GET / HTTP/1.1" 200 406 "-" "LightspeedSystemsCrawler Mozilla/5.0 (Windows; U; MSIE 9.0; Windows NT 9.0; en-US)" "brucemillernurseryedgewood.com"
207.200.8.180 - - [12/Nov/2022:07:56:56 -0800] "GET /?C=N;O=D HTTP/1.1" 200 402 "http://brucemillernurseryedgewood.com" "LightspeedSystemsCrawler Mozilla/5.0 (Windows; U; MSIE 9.0; Windows NT 9.0; en-US)" "www.brucemillernurseryedgewood.com"
207.200.8.180 - - [12/Nov/2022:07:56:56 -0800] "GET /?C=M;O=A HTTP/1.1" 200 406 "http://brucemillernurseryedgewood.com" "LightspeedSystemsCrawler Mozilla/5.0 (Windows; U; MSIE 9.0; Windows NT 9.0; en-US)" "www.brucemillernurseryedgewood.com"
207.200.8.180 - - [12/Nov/2022:07:56:58 -0800] "GET /navigation_bars/ HTTP/1.1" 200 372 "http://brucemillernurseryedgewood.com" "LightspeedSystemsCrawler Mozilla/5.0 (Windows; U; MSIE 9.0; Windows NT 9.0; en-US)" "www.brucemillernurseryedgewood.com"
207.200.8.180 - - [12/Nov/2022:07:56:58 -0800] "GET /navigation_bars/?C=N;O=D HTTP/1.1" 200 370 "http://brucemillernurseryedgewood.com" "LightspeedSystemsCrawler Mozilla/5.0 (Windows; U; MSIE 9.0; Windows NT 9.0; en-US)" "www.brucemillernurseryedgewood.com"
207.200.8.180 - - [12/Nov/2022:07:56:59 -0800] "GET /navigation_bars/?C=D;O=A HTTP/1.1" 200 372 "http://brucemillernurseryedgewood.com" "LightspeedSystemsCrawler Mozilla/5.0 (Windows; U; MSIE 9.0; Windows NT 9.0; en-US)" "www.brucemillernurseryedgewood.com"
207.200.8.180 - - [12/Nov/2022:07:57:00 -0800] "GET / HTTP/1.1" 200 406 "http://brucemillernurseryedgewood.com" "LightspeedSystemsCrawler Mozilla/5.0 (Windows; U; MSIE 9.0; Windows NT 9.0; en-US)" "www.brucemillernurseryedgewood.com"
207.200.8.180 - - [12/Nov/2022:07:57:00 -0800] "GET /?C=D;O=A HTTP/1.1" 200 406 "http://brucemillernurseryedgewood.com" "LightspeedSystemsCrawler Mozilla/5.0 (Windows; U; MSIE 9.0; Windows NT 9.0; en-US)" "www.brucemillernurseryedgewood.com"
207.200.8.180 - - [12/Nov/2022:07:57:01 -0800] "GET /navigation_bars/?C=N;O=A HTTP/1.1" 200 372 "http://brucemillernurseryedgewood.com" "LightspeedSystemsCrawler Mozilla/5.0 (Windows; U; MSIE 9.0; Windows NT 9.0; en-US)" "www.brucemillernurseryedgewood.com"
207.200.8.180 - - [12/Nov/2022:07:57:01 -0800] "GET /clipart/ HTTP/1.1" 200 456 "http://brucemillernurseryedgewood.com" "LightspeedSystemsCrawler Mozilla/5.0 (Windows; U; MSIE 9.0; Windows NT 9.0; en-US)" "www.brucemillernurseryedgewood.com"
207.200.8.180 - - [12/Nov/2022:07:57:02 -0800] "GET /clipart/backgrounds/ HTTP/1.1" 200 389 "http://brucemillernurseryedgewood.com" "LightspeedSystemsCrawler Mozilla/5.0 (Windows; U; MSIE 9.0; Windows NT 9.0; en-US)" "www.brucemillernurseryedgewood.com"
207.200.8.180 - - [12/Nov/2022:07:57:02 -0800] "GET /clipart/images/ HTTP/1.1" 200 476 "http://brucemillernurseryedgewood.com" "LightspeedSystemsCrawler Mozilla/5.0 (Windows; U; MSIE 9.0; Windows NT 9.0; en-US)" "www.brucemillernurseryedgewood.com"
207.200.8.180 - - [12/Nov/2022:07:57:03 -0800] "GET /clipart/lines/ HTTP/1.1" 200 361 "http://brucemillernurseryedgewood.com" "LightspeedSystemsCrawler Mozilla/5.0 (Windows; U; MSIE 9.0; Windows NT 9.0; en-US)" "www.brucemillernurseryedgewood.com"
207.200.8.180 - - [12/Nov/2022:07:57:03 -0800] "GET /clipart/backgrounds/fullpage/ HTTP/1.1" 200 387 "http://brucemillernurseryedgewood.com" "LightspeedSystemsCrawler Mozilla/5.0 (Windows; U; MSIE 9.0; Windows NT 9.0; en-US)" "www.brucemillernurseryedgewood.com"
207.200.8.180 - - [12/Nov/2022:07:57:04 -0800] "GET /clipart/?C=D;O=A HTTP/1.1" 200 456 "http://brucemillernurseryedgewood.com" "LightspeedSystemsCrawler Mozilla/5.0 (Windows; U; MSIE 9.0; Windows NT 9.0; en-US)" "www.brucemillernurseryedgewood.com"
207.200.8.180 - - [12/Nov/2022:07:57:05 -0800] "GET /clipart/bars/ HTTP/1.1" 200 358 "http://brucemillernurseryedgewood.com" "LightspeedSystemsCrawler Mozilla/5.0 (Windows; U; MSIE 9.0; Windows NT 9.0; en-US)" "www.brucemillernurseryedgewood.com"
207.200.8.180 - - [12/Nov/2022:07:57:05 -0800] "GET /clipart/lines/?C=S;O=A HTTP/1.1" 200 361 "http://brucemillernurseryedgewood.com" "LightspeedSystemsCrawler Mozilla/5.0 (Windows; U; MSIE 9.0; Windows NT 9.0; en-US)" "www.brucemillernurseryedgewood.com"
207.200.8.180 - - [12/Nov/2022:07:57:05 -0800] "GET /clipart/?C=M;O=A HTTP/1.1" 200 456 "http://brucemillernurseryedgewood.com" "LightspeedSystemsCrawler Mozilla/5.0 (Windows; U; MSIE 9.0; Windows NT 9.0; en-US)" "www.brucemillernurseryedgewood.com"
207.200.8.180 - - [12/Nov/2022:07:57:06 -0800] "GET /clipart/?C=N;O=D HTTP/1.1" 200 456 "http://brucemillernurseryedgewood.com" "LightspeedSystemsCrawler Mozilla/5.0 (Windows; U; MSIE 9.0; Windows NT 9.0; en-US)" "www.brucemillernurseryedgewood.com"
207.200.8.180 - - [12/Nov/2022:07:57:07 -0800] "GET /?C=D;O=D HTTP/1.1" 200 402 "http://brucemillernurseryedgewood.com" "LightspeedSystemsCrawler Mozilla/5.0 (Windows; U; MSIE 9.0; Windows NT 9.0; en-US)" "www.brucemillernurseryedgewood.com"
207.200.8.180 - - [12/Nov/2022:07:57:07 -0800] "GET /clipart/images/?C=N;O=D HTTP/1.1" 200 470 "http://brucemillernurseryedgewood.com" "LightspeedSystemsCrawler Mozilla/5.0 (Windows; U; MSIE 9.0; Windows NT 9.0; en-US)" "www.brucemillernurseryedgewood.com"
207.200.8.180 - - [12/Nov/2022:07:57:08 -0800] "GET /?C=N;O=A HTTP/1.1" 200 406 "http://brucemillernurseryedgewood.com" "LightspeedSystemsCrawler Mozilla/5.0 (Windows; U; MSIE 9.0; Windows NT 9.0; en-US)" "www.brucemillernurseryedgewood.com"
207.200.8.180 - - [12/Nov/2022:07:57:08 -0800] "GET /clipart/backgrounds/fullpage/?C=N;O=D HTTP/1.1" 200 385 "http://brucemillernurseryedgewood.com" "LightspeedSystemsCrawler Mozilla/5.0 (Windows; U; MSIE 9.0; Windows NT 9.0; en-US)" "www.brucemillernurseryedgewood.com"
207.200.8.180 - - [12/Nov/2022:07:57:09 -0800] "GET /clipart/?C=M;O=D HTTP/1.1" 200 456 "http://brucemillernurseryedgewood.com" "LightspeedSystemsCrawler Mozilla/5.0 (Windows; U; MSIE 9.0; Windows NT 9.0; en-US)" "www.brucemillernurseryedgewood.com"
207.200.8.180 - - [12/Nov/2022:07:57:09 -0800] "GET /navigation_bars/Edgewood.nav HTTP/1.1" 200 6654 "http://brucemillernurseryedgewood.com" "LightspeedSystemsCrawler Mozilla/5.0 (Windows; U; MSIE 9.0; Windows NT 9.0; en-US)" "www.brucemillernurseryedgewood.com"
207.200.8.180 - - [12/Nov/2022:07:57:11 -0800] "GET /clipart/images/?C=M;O=A HTTP/1.1" 200 473 "http://brucemillernurseryedgewood.com" "LightspeedSystemsCrawler Mozilla/5.0 (Windows; U; MSIE 9.0; Windows NT 9.0; en-US)" "www.brucemillernurseryedgewood.com"
207.200.8.180 - - [12/Nov/2022:07:57:11 -0800] "GET /clipart/backgrounds/fullpage/?C=M;O=A HTTP/1.1" 200 387 "http://brucemillernurseryedgewood.com" "LightspeedSystemsCrawler Mozilla/5.0 (Windows; U; MSIE 9.0; Windows NT 9.0; en-US)" "www.brucemillernurseryedgewood.com"
174.232.152.3 - - [12/Nov/2022:07:59:33 -0800] "GET /home HTTP/1.1" 200 4616 "https://duckduckgo.com/" "Mozilla/5.0 (iPhone; CPU iPhone OS 15_5 like Mac OS X) AppleWebKit/605.1.15 (KHTML, like Gecko) Version/15.5 Mobile/15E148 Safari/604.1" "brucemillernurseryedgewood.com"
174.232.152.3 - - [12/Nov/2022:07:59:34 -0800] "GET /yahoo_site_admin/assets/images/118765601_1902304113245994_1757334005447454970_n.259131218_std.jpg HTTP/1.1" 200 84670 "http://brucemillernurseryedgewood.com/home" "Mozilla/5.0 (iPhone; CPU iPhone OS 15_5 like Mac OS X) AppleWebKit/605.1.15 (KHTML, like Gecko) Version/15.5 Mobile/15E148 Safari/604.1" "brucemillernurseryedgewood.com"
174.232.152.3 - - [12/Nov/2022:07:59:35 -0800] "GET /favicon.ico HTTP/1.1" 404 88 "http://brucemillernurseryedgewood.com/home" "Mozilla/5.0 (iPhone; CPU iPhone OS 15_5 like Mac OS X) AppleWebKit/605.1.15 (KHTML, like Gecko) Version/15.5 Mobile/15E148 Safari/604.1" "brucemillernurseryedgewood.com"
114.119.132.153 - - [12/Nov/2022:08:01:56 -0800] "GET /clipart/images/sidebars HTTP/1.1" 301 1434 "https://www.brucemillernurseryedgewood.com/clipart/images?C=S%3BO%3DA" "Mozilla/5.0 (Linux; Android 7.0;) AppleWebKit/537.36 (KHTML, like Gecko) Mobile Safari/537.36 (compatible; PetalBot;+https://webmaster.petalsearch.com/site/petalbot)" "www.brucemillernurseryedgewood.com"
114.119.132.153 - - [12/Nov/2022:08:01:59 -0800] "GET /clipart/images/sidebars/ HTTP/1.1" 200 405 "https://www.brucemillernurseryedgewood.com/clipart/images?C=S%3BO%3DA" "Mozilla/5.0 (Linux; Android 7.0;) AppleWebKit/537.36 (KHTML, like Gecko) Mobile Safari/537.36 (compatible; PetalBot;+https://webmaster.petalsearch.com/site/petalbot)" "www.brucemillernurseryedgewood.com"
51.222.253.1 - - [12/Nov/2022:08:05:55 -0800] "GET /sitebuilder/clipart/bars/low-carb/horizontal/?C=N;O=D HTTP/1.1" 200 419 "-" "Mozilla/5.0 (compatible; AhrefsBot/7.0; +http://ahrefs.com/robot/)" "brucemillernurseryedgewood.com"
114.119.132.153 - - [12/Nov/2022:08:07:06 -0800] "GET /clipart/bars/regular?C=N%3BO%3DD HTTP/1.1" 301 1446 "https://www.brucemillernurseryedgewood.com/clipart/bars/regular?C=M%3BO%3DA" "Mozilla/5.0 (Linux; Android 7.0;) AppleWebKit/537.36 (KHTML, like Gecko) Mobile Safari/537.36 (compatible; PetalBot;+https://webmaster.petalsearch.com/site/petalbot)" "www.brucemillernurseryedgewood.com"
114.119.132.153 - - [12/Nov/2022:08:07:09 -0800] "GET /clipart/bars/regular/?C=N%3BO%3DD HTTP/1.1" 200 366 "https://www.brucemillernurseryedgewood.com/clipart/bars/regular?C=M%3BO%3DA" "Mozilla/5.0 (Linux; Android 7.0;) AppleWebKit/537.36 (KHTML, like Gecko) Mobile Safari/537.36 (compatible; PetalBot;+https://webmaster.petalsearch.com/site/petalbot)" "www.brucemillernurseryedgewood.com"
114.119.132.122 - - [12/Nov/2022:08:12:14 -0800] "GET /clipart/images/sidebars/?C=D%3BO%3DA HTTP/1.1" 200 405 "http://brucemillernurseryedgewood.com/clipart/images/sidebars/?C=N%3BO%3DD" "Mozilla/5.0 (Linux; Android 7.0;) AppleWebKit/537.36 (KHTML, like Gecko) Mobile Safari/537.36 (compatible; PetalBot;+https://webmaster.petalsearch.com/site/petalbot)" "brucemillernurseryedgewood.com"
114.119.132.131 - - [12/Nov/2022:08:17:24 -0800] "GET /clipart/images/sidebars?C=S%3BO%3DA HTTP/1.1" 301 1448 "https://www.brucemillernurseryedgewood.com/clipart/images/sidebars?C=N%3BO%3DD" "Mozilla/5.0 (Linux; Android 7.0;) AppleWebKit/537.36 (KHTML, like Gecko) Mobile Safari/537.36 (compatible; PetalBot;+https://webmaster.petalsearch.com/site/petalbot)" "www.brucemillernurseryedgewood.com"
114.119.132.131 - - [12/Nov/2022:08:17:25 -0800] "GET /clipart/images/sidebars/?C=S%3BO%3DA HTTP/1.1" 200 405 "https://www.brucemillernurseryedgewood.com/clipart/images/sidebars?C=N%3BO%3DD" "Mozilla/5.0 (Linux; Android 7.0;) AppleWebKit/537.36 (KHTML, like Gecko) Mobile Safari/537.36 (compatible; PetalBot;+https://webmaster.petalsearch.com/site/petalbot)" "www.brucemillernurseryedgewood.com"
114.119.132.16 - - [12/Nov/2022:08:22:36 -0800] "GET /clipart HTTP/1.1" 301 1424 "https://www.brucemillernurseryedgewood.com/clipart/lines?C=N%3BO%3DD" "Mozilla/5.0 (Linux; Android 7.0;) AppleWebKit/537.36 (KHTML, like Gecko) Mobile Safari/537.36 (compatible; PetalBot;+https://webmaster.petalsearch.com/site/petalbot)" "www.brucemillernurseryedgewood.com"
114.119.132.16 - - [12/Nov/2022:08:22:40 -0800] "GET /clipart/ HTTP/1.1" 200 456 "https://www.brucemillernurseryedgewood.com/clipart/lines?C=N%3BO%3DD" "Mozilla/5.0 (Linux; Android 7.0;) AppleWebKit/537.36 (KHTML, like Gecko) Mobile Safari/537.36 (compatible; PetalBot;+https://webmaster.petalsearch.com/site/petalbot)" "www.brucemillernurseryedgewood.com"
114.119.132.159 - - [12/Nov/2022:08:27:45 -0800] "GET /clipart/images/frames/?C=M%3BO%3DA HTTP/1.1" 200 395 "https://www.brucemillernurseryedgewood.com/clipart/images/frames/?C=D%3BO%3DA" "Mozilla/5.0 (Linux; Android 7.0;) AppleWebKit/537.36 (KHTML, like Gecko) Mobile Safari/537.36 (compatible; PetalBot;+https://webmaster.petalsearch.com/site/petalbot)" "www.brucemillernurseryedgewood.com"
114.119.150.186 - - [12/Nov/2022:08:32:57 -0800] "GET /clipart/lines/?C=N%3BO%3DD HTTP/1.1" 200 361 "https://www.brucemillernurseryedgewood.com/clipart/lines/" "Mozilla/5.0 (Linux; Android 7.0;) AppleWebKit/537.36 (KHTML, like Gecko) Mobile Safari/537.36 (compatible; PetalBot;+https://webmaster.petalsearch.com/site/petalbot)" "www.brucemillernurseryedgewood.com"
114.119.132.16 - - [12/Nov/2022:08:38:02 -0800] "GET /clipart/images/?C=S%3BO%3DA HTTP/1.1" 200 476 "http://brucemillernurseryedgewood.com/clipart/images/?C=M%3BO%3DA" "Mozilla/5.0 (Linux; Android 7.0;) AppleWebKit/537.36 (KHTML, like Gecko) Mobile Safari/537.36 (compatible; PetalBot;+https://webmaster.petalsearch.com/site/petalbot)" "brucemillernurseryedgewood.com"
114.119.132.146 - - [12/Nov/2022:08:43:16 -0800] "GET /sitebuilder/clipart/bars/regular/horizontal?C=S%3BO%3DA HTTP/1.1" 301 1462 "https://www.brucemillernurseryedgewood.com/sitebuilder/clipart/bars/regular/horizontal?C=M%3BO%3DA" "Mozilla/5.0 (Linux; Android 7.0;) AppleWebKit/537.36 (KHTML, like Gecko) Mobile Safari/537.36 (compatible; PetalBot;+https://webmaster.petalsearch.com/site/petalbot)" "www.brucemillernurseryedgewood.com"
114.119.132.146 - - [12/Nov/2022:08:43:31 -0800] "GET /sitebuilder/clipart/bars/regular/horizontal/?C=S%3BO%3DA HTTP/1.1" 200 416 "https://www.brucemillernurseryedgewood.com/sitebuilder/clipart/bars/regular/horizontal?C=M%3BO%3DA" "Mozilla/5.0 (Linux; Android 7.0;) AppleWebKit/537.36 (KHTML, like Gecko) Mobile Safari/537.36 (compatible; PetalBot;+https://webmaster.petalsearch.com/site/petalbot)" "www.brucemillernurseryedgewood.com"
66.249.70.216 - - [12/Nov/2022:08:47:40 -0800] "GET /robots.txt HTTP/1.1" 404 88 "-" "Mozilla/5.0 (compatible; Googlebot/2.1; +http://www.google.com/bot.html)" "www.brucemillernurseryedgewood.com"
66.249.70.216 - - [12/Nov/2022:08:48:14 -0800] "GET /ads.txt HTTP/1.1" 404 88 "-" "Mozilla/5.0 (compatible; Googlebot/2.1; +http://www.google.com/bot.html)" "www.brucemillernurseryedgewood.com"
114.119.132.159 - - [12/Nov/2022:08:48:25 -0800] "GET /clipart/lines/?C=M%3BO%3DA HTTP/1.1" 200 361 "http://brucemillernurseryedgewood.com/clipart/lines?C=M%3BO%3DA" "Mozilla/5.0 (Linux; Android 7.0;) AppleWebKit/537.36 (KHTML, like Gecko) Mobile Safari/537.36 (compatible; PetalBot;+https://webmaster.petalsearch.com/site/petalbot)" "brucemillernurseryedgewood.com"
114.119.132.153 - - [12/Nov/2022:08:53:33 -0800] "GET /clipart/buttons/themes/stone?C=S%3BO%3DA HTTP/1.1" 301 1446 "http://brucemillernurseryedgewood.com/clipart/buttons/themes/stone?C=M%3BO%3DA" "Mozilla/5.0 (Linux; Android 7.0;) AppleWebKit/537.36 (KHTML, like Gecko) Mobile Safari/537.36 (compatible; PetalBot;+https://webmaster.petalsearch.com/site/petalbot)" "brucemillernurseryedgewood.com"
114.119.132.153 - - [12/Nov/2022:08:53:34 -0800] "GET /clipart/buttons/themes/stone/?C=S%3BO%3DA HTTP/1.1" 200 413 "http://brucemillernurseryedgewood.com/clipart/buttons/themes/stone?C=M%3BO%3DA" "Mozilla/5.0 (Linux; Android 7.0;) AppleWebKit/537.36 (KHTML, like Gecko) Mobile Safari/537.36 (compatible; PetalBot;+https://webmaster.petalsearch.com/site/petalbot)" "brucemillernurseryedgewood.com"
40.77.167.66 - - [12/Nov/2022:08:54:17 -0800] "GET /clipart/lines/horizontal/ HTTP/1.1" 200 447 "-" "Mozilla/5.0 AppleWebKit/537.36 (KHTML, like Gecko; compatible; bingbot/2.0; +http://www.bing.com/bingbot.htm) Chrome/103.0.5060.134 Safari/537.36" "brucemillernurseryedgewood.com"
114.119.132.16 - - [12/Nov/2022:08:58:42 -0800] "GET /sitebuilder/clipart/bars/regular/vertical/ HTTP/1.1" 200 417 "http://brucemillernurseryedgewood.com/sitebuilder/clipart/bars/regular?C=S%3BO%3DA" "Mozilla/5.0 (Linux; Android 7.0;) AppleWebKit/537.36 (KHTML, like Gecko) Mobile Safari/537.36 (compatible; PetalBot;+https://webmaster.petalsearch.com/site/petalbot)" "brucemillernurseryedgewood.com"
114.119.132.122 - - [12/Nov/2022:09:03:52 -0800] "GET /sitebuilder/clipart/bars/?C=N%3BO%3DD HTTP/1.1" 200 384 "http://brucemillernurseryedgewood.com/sitebuilder/clipart/bars/" "Mozilla/5.0 (Linux; Android 7.0;) AppleWebKit/537.36 (KHTML, like Gecko) Mobile Safari/537.36 (compatible; PetalBot;+https://webmaster.petalsearch.com/site/petalbot)" "brucemillernurseryedgewood.com"
51.222.253.14 - - [12/Nov/2022:09:08:38 -0800] "GET /sitebuilder/?C=S;O=A HTTP/1.1" 200 443 "-" "Mozilla/5.0 (compatible; AhrefsBot/7.0; +http://ahrefs.com/robot/)" "www.brucemillernurseryedgewood.com"
114.119.132.16 - - [12/Nov/2022:09:09:04 -0800] "GET /clipart/pageHeaders/?C=S%3BO%3DA HTTP/1.1" 200 479 "http://brucemillernurseryedgewood.com/clipart/pageHeaders?C=N%3BO%3DD" "Mozilla/5.0 (Linux; Android 7.0;) AppleWebKit/537.36 (KHTML, like Gecko) Mobile Safari/537.36 (compatible; PetalBot;+https://webmaster.petalsearch.com/site/petalbot)" "brucemillernurseryedgewood.com"
216.244.66.230 - - [12/Nov/2022:09:11:21 -0800] "GET /robots.txt HTTP/1.1" 404 73 "-" "Mozilla/5.0 (compatible; DotBot/1.2; +https://opensiteexplorer.org/dotbot; help@moz.com)" "brucemillernurseryedgewood.com"
216.244.66.230 - - [12/Nov/2022:09:11:21 -0800] "GET /robots.txt HTTP/1.1" 404 73 "-" "Mozilla/5.0 (compatible; DotBot/1.2; +https://opensiteexplorer.org/dotbot; help@moz.com)" "www.brucemillernurseryedgewood.com"
114.119.132.122 - - [12/Nov/2022:09:14:13 -0800] "GET /sitebuilder/images/?C=M%3BO%3DA HTTP/1.1" 200 7088 "http://brucemillernurseryedgewood.com/sitebuilder/images?C=M%3BO%3DA" "Mozilla/5.0 (Linux; Android 7.0;) AppleWebKit/537.36 (KHTML, like Gecko) Mobile Safari/537.36 (compatible; PetalBot;+https://webmaster.petalsearch.com/site/petalbot)" "brucemillernurseryedgewood.com"
114.119.132.149 - - [12/Nov/2022:09:19:23 -0800] "GET /sitebuilder/clipart/bars/regular/horizontal/ HTTP/1.1" 200 416 "http://brucemillernurseryedgewood.com/sitebuilder/clipart/bars/regular?C=S%3BO%3DA" "Mozilla/5.0 (Linux; Android 7.0;) AppleWebKit/537.36 (KHTML, like Gecko) Mobile Safari/537.36 (compatible; PetalBot;+https://webmaster.petalsearch.com/site/petalbot)" "brucemillernurseryedgewood.com"
40.77.167.49 - - [12/Nov/2022:09:19:35 -0800] "GET / HTTP/1.1" 200 406 "-" "Mozilla/5.0 (compatible; bingbot/2.0; +http://www.bing.com/bingbot.htm)" "brucemillernurseryedgewood.com"
114.119.132.122 - - [12/Nov/2022:09:24:36 -0800] "GET /clipart/images/?C=N%3BO%3DD HTTP/1.1" 200 476 "https://www.brucemillernurseryedgewood.com/clipart/images/?C=M%3BO%3DA" "Mozilla/5.0 (Linux; Android 7.0;) AppleWebKit/537.36 (KHTML, like Gecko) Mobile Safari/537.36 (compatible; PetalBot;+https://webmaster.petalsearch.com/site/petalbot)" "www.brucemillernurseryedgewood.com"
114.119.132.153 - - [12/Nov/2022:09:29:51 -0800] "GET /sitebuilder/clipart/bars/regular/horizontal/?C=S%3BO%3DA HTTP/1.1" 200 416 "https://www.brucemillernurseryedgewood.com/sitebuilder/clipart/bars/regular/horizontal?C=D%3BO%3DA" "Mozilla/5.0 (Linux; Android 7.0;) AppleWebKit/537.36 (KHTML, like Gecko) Mobile Safari/537.36 (compatible; PetalBot;+https://webmaster.petalsearch.com/site/petalbot)" "www.brucemillernurseryedgewood.com"
114.119.132.149 - - [12/Nov/2022:09:34:50 -0800] "GET /home HTTP/1.1" 200 4616 "http://brucemillernurseryedgewood.com/great_deals" "Mozilla/5.0 (Linux; Android 7.0;) AppleWebKit/537.36 (KHTML, like Gecko) Mobile Safari/537.36 (compatible; PetalBot;+https://webmaster.petalsearch.com/site/petalbot)" "brucemillernurseryedgewood.com"
216.244.66.230 - - [12/Nov/2022:09:35:29 -0800] "GET /clipart/bars/regular/ HTTP/1.1" 200 743 "-" "Mozilla/5.0 (compatible; DotBot/1.2; +https://opensiteexplorer.org/dotbot; help@moz.com)" "brucemillernurseryedgewood.com"
216.244.66.230 - - [12/Nov/2022:09:38:16 -0800] "GET /images/DSC01918.JPG HTTP/1.1" 200 3074144 "-" "Mozilla/5.0 (compatible; DotBot/1.2; +https://opensiteexplorer.org/dotbot; help@moz.com)" "www.brucemillernurseryedgewood.com"
216.244.66.230 - - [12/Nov/2022:09:39:06 -0800] "GET /images/IMG_0259.JPG HTTP/1.1" 200 4196414 "-" "Mozilla/5.0 (compatible; DotBot/1.2; +https://opensiteexplorer.org/dotbot; help@moz.com)" "www.brucemillernurseryedgewood.com"
216.244.66.230 - - [12/Nov/2022:09:39:56 -0800] "GET /images/IMG_0872.JPG HTTP/1.1" 200 3180538 "-" "Mozilla/5.0 (compatible; DotBot/1.2; +https://opensiteexplorer.org/dotbot; help@moz.com)" "www.brucemillernurseryedgewood.com"
114.119.132.122 - - [12/Nov/2022:09:39:58 -0800] "GET /clipart/buttons/?C=D%3BO%3DA HTTP/1.1" 200 360 "http://brucemillernurseryedgewood.com/clipart/buttons" "Mozilla/5.0 (Linux; Android 7.0;) AppleWebKit/537.36 (KHTML, like Gecko) Mobile Safari/537.36 (compatible; PetalBot;+https://webmaster.petalsearch.com/site/petalbot)" "brucemillernurseryedgewood.com"
216.244.66.230 - - [12/Nov/2022:09:45:28 -0800] "GET /images/IMG_0548.JPG HTTP/1.1" 200 2232936 "-" "Mozilla/5.0 (compatible; DotBot/1.2; +https://opensiteexplorer.org/dotbot; help@moz.com)" "brucemillernurseryedgewood.com"
216.244.66.230 - - [12/Nov/2022:09:46:18 -0800] "GET /images/IMG_0875.JPG HTTP/1.1" 200 2623094 "-" "Mozilla/5.0 (compatible; DotBot/1.2; +https://opensiteexplorer.org/dotbot; help@moz.com)" "brucemillernurseryedgewood.com"
216.244.66.230 - - [12/Nov/2022:09:47:08 -0800] "GET /images/IMG_0939.JPG HTTP/1.1" 200 3927278 "-" "Mozilla/5.0 (compatible; DotBot/1.2; +https://opensiteexplorer.org/dotbot; help@moz.com)" "brucemillernurseryedgewood.com"
216.244.66.230 - - [12/Nov/2022:09:47:58 -0800] "GET /images/tn_1_3.jpg HTTP/1.1" 200 3324 "-" "Mozilla/5.0 (compatible; DotBot/1.2; +https://opensiteexplorer.org/dotbot; help@moz.com)" "brucemillernurseryedgewood.com"
216.244.66.230 - - [12/Nov/2022:09:48:27 -0800] "GET /sitebuilder/images/2009_0516Image0008-265x194.jpg HTTP/1.1" 200 15172 "-" "Mozilla/5.0 (compatible; DotBot/1.2; +https://opensiteexplorer.org/dotbot; help@moz.com)" "brucemillernurseryedgewood.com"
216.244.66.230 - - [12/Nov/2022:09:48:56 -0800] "GET /sitebuilder/images/2009_0711Image0019-293x390.jpg HTTP/1.1" 200 35995 "-" "Mozilla/5.0 (compatible; DotBot/1.2; +https://opensiteexplorer.org/dotbot; help@moz.com)" "brucemillernurseryedgewood.com"
216.244.66.230 - - [12/Nov/2022:09:49:24 -0800] "GET /sitebuilder/images/Edgewood-3-mouseOver-09082.png HTTP/1.1" 200 2174 "-" "Mozilla/5.0 (compatible; DotBot/1.2; +https://opensiteexplorer.org/dotbot; help@moz.com)" "brucemillernurseryedgewood.com"
216.244.66.230 - - [12/Nov/2022:09:49:50 -0800] "GET /sitebuilder/images/IMG_0201-210x225.jpg HTTP/1.1" 200 9064 "-" "Mozilla/5.0 (compatible; DotBot/1.2; +https://opensiteexplorer.org/dotbot; help@moz.com)" "brucemillernurseryedgewood.com"
216.244.66.230 - - [12/Nov/2022:09:50:16 -0800] "GET /sitebuilder/images/IMG_0534-315x330.jpg HTTP/1.1" 200 30263 "-" "Mozilla/5.0 (compatible; DotBot/1.2; +https://opensiteexplorer.org/dotbot; help@moz.com)" "brucemillernurseryedgewood.com"
157.55.39.193 - - [12/Nov/2022:09:53:53 -0800] "GET / HTTP/1.1" 200 406 "-" "Mozilla/5.0 AppleWebKit/537.36 (KHTML, like Gecko; compatible; bingbot/2.0; +http://www.bing.com/bingbot.htm) Chrome/103.0.5060.134 Safari/537.36" "brucemillernurseryedgewood.com"
216.244.66.230 - - [12/Nov/2022:10:05:59 -0800] "GET /robots.txt HTTP/1.1" 404 73 "-" "Mozilla/5.0 (compatible; DotBot/1.2; +https://opensiteexplorer.org/dotbot; help@moz.com)" "brucemillernurseryedgewood.com"
216.244.66.230 - - [12/Nov/2022:10:05:59 -0800] "GET /robots.txt HTTP/1.1" 404 73 "-" "Mozilla/5.0 (compatible; DotBot/1.2; +https://opensiteexplorer.org/dotbot; help@moz.com)" "www.brucemillernurseryedgewood.com"
46.4.83.150 - - [12/Nov/2022:10:18:30 -0800] "GET /AboutUs.html HTTP/1.1" 404 88 "-" "Mozilla/5.0 (Windows NT 10.0; Win64; x64; rv:82.0) Gecko/20100101 Firefox/82.0" "brucemillernurseryedgewood.com"
114.119.132.146 - - [12/Nov/2022:10:21:46 -0800] "GET /sitebuilder/clipart/bars/?C=N%3BO%3DD HTTP/1.1" 200 384 "https://www.brucemillernurseryedgewood.com/sitebuilder/clipart/bars/?C=S%3BO%3DA" "Mozilla/5.0 (Linux; Android 7.0;) AppleWebKit/537.36 (KHTML, like Gecko) Mobile Safari/537.36 (compatible; PetalBot;+https://webmaster.petalsearch.com/site/petalbot)" "www.brucemillernurseryedgewood.com"
184.94.240.88 - - [12/Nov/2022:10:24:26 -0800] "GET / HTTP/1.1" 200 1005 "-" "Mozilla/5.0 (Windows NT 10.0; Win64; x64; rv:104.0) Gecko/20100101 Firefox/104.0" "www.brucemillernurseryedgewood.com"
184.94.240.88 - - [12/Nov/2022:10:24:28 -0800] "GET /images/ HTTP/1.1" 200 36684 "-" "Mozilla/5.0 (Windows NT 10.0; Win64; x64; rv:104.0) Gecko/20100101 Firefox/104.0" "www.brucemillernurseryedgewood.com"
51.222.253.3 - - [12/Nov/2022:10:25:39 -0800] "GET /sitebuilder/scripts/ HTTP/1.1" 200 372 "-" "Mozilla/5.0 (compatible; AhrefsBot/7.0; +http://ahrefs.com/robot/)" "www.brucemillernurseryedgewood.com"
20.29.111.244 - - [12/Nov/2022:10:27:42 -0800] "GET /sitebuilder/images/Edgewood-4-active-09254.png HTTP/1.1" 200 2252 "http://brucemillernurseryedgewood.com/sitebuilder/images" "Mozilla/5.0 (Macintosh; Intel Mac OS X 10_11_6) AppleWebKit/605.1.15 (KHTML, like Gecko) Version/11.1.2 Safari/605.1.15" "brucemillernurseryedgewood.com"
216.244.66.230 - - [12/Nov/2022:10:30:05 -0800] "GET /clipart/buttons/ HTTP/1.1" 200 724 "-" "Mozilla/5.0 (compatible; DotBot/1.2; +https://opensiteexplorer.org/dotbot; help@moz.com)" "www.brucemillernurseryedgewood.com"
216.244.66.230 - - [12/Nov/2022:10:37:04 -0800] "GET /images/IMG_0720.JPG HTTP/1.1" 200 3501756 "-" "Mozilla/5.0 (compatible; DotBot/1.2; +https://opensiteexplorer.org/dotbot; help@moz.com)" "www.brucemillernurseryedgewood.com"
216.244.66.230 - - [12/Nov/2022:10:37:54 -0800] "GET /images/IMG_0932.JPG HTTP/1.1" 200 3134327 "-" "Mozilla/5.0 (compatible; DotBot/1.2; +https://opensiteexplorer.org/dotbot; help@moz.com)" "www.brucemillernurseryedgewood.com"
216.244.66.230 - - [12/Nov/2022:10:40:37 -0800] "GET /images/IMG_0560.JPG HTTP/1.1" 200 3219438 "-" "Mozilla/5.0 (compatible; DotBot/1.2; +https://opensiteexplorer.org/dotbot; help@moz.com)" "brucemillernurseryedgewood.com"
216.244.66.230 - - [12/Nov/2022:10:41:27 -0800] "GET /images/IMG_0774.JPG HTTP/1.1" 200 3143258 "-" "Mozilla/5.0 (compatible; DotBot/1.2; +https://opensiteexplorer.org/dotbot; help@moz.com)" "brucemillernurseryedgewood.com"
216.244.66.230 - - [12/Nov/2022:10:42:17 -0800] "GET /sitebuilder/images/14989_1_-195x185.jpg HTTP/1.1" 200 6158 "-" "Mozilla/5.0 (compatible; DotBot/1.2; +https://opensiteexplorer.org/dotbot; help@moz.com)" "brucemillernurseryedgewood.com"
216.244.66.230 - - [12/Nov/2022:10:43:50 -0800] "GET /sitebuilder/images/IMG_0196-420x390.jpg HTTP/1.1" 200 55736 "-" "Mozilla/5.0 (compatible; DotBot/1.2; +https://opensiteexplorer.org/dotbot; help@moz.com)" "brucemillernurseryedgewood.com"
216.244.66.230 - - [12/Nov/2022:10:59:02 -0800] "GET /robots.txt HTTP/1.1" 404 73 "-" "Mozilla/5.0 (compatible; DotBot/1.2; +https://opensiteexplorer.org/dotbot; help@moz.com)" "www.brucemillernurseryedgewood.com"
216.244.66.230 - - [12/Nov/2022:10:59:02 -0800] "GET /robots.txt HTTP/1.1" 404 73 "-" "Mozilla/5.0 (compatible; DotBot/1.2; +https://opensiteexplorer.org/dotbot; help@moz.com)" "brucemillernurseryedgewood.com"
87.250.224.22 - - [12/Nov/2022:11:12:59 -0800] "GET /robots.txt HTTP/1.1" 404 73 "-" "Mozilla/5.0 (compatible; YandexBot/3.0; +http://yandex.com/bots)" "brucemillernurseryedgewood.com"
87.250.224.40 - - [12/Nov/2022:11:13:03 -0800] "GET / HTTP/1.1" 200 406 "-" "Mozilla/5.0 (compatible; YandexBot/3.0; +http://yandex.com/bots)" "brucemillernurseryedgewood.com"
114.119.150.186 - - [12/Nov/2022:11:13:19 -0800] "GET /sitebuilder/images HTTP/1.1" 301 1424 "http://brucemillernurseryedgewood.com/sitebuilder?C=D%3BO%3DA" "Mozilla/5.0 (Linux; Android 7.0;) AppleWebKit/537.36 (KHTML, like Gecko) Mobile Safari/537.36 (compatible; PetalBot;+https://webmaster.petalsearch.com/site/petalbot)" "brucemillernurseryedgewood.com"
114.119.150.186 - - [12/Nov/2022:11:13:20 -0800] "GET /sitebuilder/images/ HTTP/1.1" 200 7088 "http://brucemillernurseryedgewood.com/sitebuilder?C=D%3BO%3DA" "Mozilla/5.0 (Linux; Android 7.0;) AppleWebKit/537.36 (KHTML, like Gecko) Mobile Safari/537.36 (compatible; PetalBot;+https://webmaster.petalsearch.com/site/petalbot)" "brucemillernurseryedgewood.com"
216.244.66.230 - - [12/Nov/2022:11:26:23 -0800] "GET /images/2009_0706Image0002.JPG HTTP/1.1" 200 192761 "-" "Mozilla/5.0 (compatible; DotBot/1.2; +https://opensiteexplorer.org/dotbot; help@moz.com)" "www.brucemillernurseryedgewood.com"
216.244.66.230 - - [12/Nov/2022:11:29:44 -0800] "GET /images/14531_1_.jpg HTTP/1.1" 200 2479 "-" "Mozilla/5.0 (compatible; DotBot/1.2; +https://opensiteexplorer.org/dotbot; help@moz.com)" "brucemillernurseryedgewood.com"
114.119.132.146 - - [12/Nov/2022:11:29:58 -0800] "GET /sitebuilder/scripts?C=D%3BO%3DA HTTP/1.1" 301 1445 "http://www.brucemillernurseryedgewood.com/sitebuilder/scripts" "Mozilla/5.0 (Linux; Android 7.0;) AppleWebKit/537.36 (KHTML, like Gecko) Mobile Safari/537.36 (compatible; PetalBot;+https://webmaster.petalsearch.com/site/petalbot)" "www.brucemillernurseryedgewood.com"
114.119.132.146 - - [12/Nov/2022:11:29:59 -0800] "GET /sitebuilder/scripts/?C=D%3BO%3DA HTTP/1.1" 200 372 "http://www.brucemillernurseryedgewood.com/sitebuilder/scripts" "Mozilla/5.0 (Linux; Android 7.0;) AppleWebKit/537.36 (KHTML, like Gecko) Mobile Safari/537.36 (compatible; PetalBot;+https://webmaster.petalsearch.com/site/petalbot)" "www.brucemillernurseryedgewood.com"
216.244.66.230 - - [12/Nov/2022:11:30:13 -0800] "GET /images/IMG_0522.JPG HTTP/1.1" 200 3913440 "-" "Mozilla/5.0 (compatible; DotBot/1.2; +https://opensiteexplorer.org/dotbot; help@moz.com)" "brucemillernurseryedgewood.com"
216.244.66.230 - - [12/Nov/2022:11:31:03 -0800] "GET /sitebuilder/images/IMG_0767-313x405.jpg HTTP/1.1" 200 33819 "-" "Mozilla/5.0 (compatible; DotBot/1.2; +https://opensiteexplorer.org/dotbot; help@moz.com)" "brucemillernurseryedgewood.com"
114.119.132.153 - - [12/Nov/2022:11:35:09 -0800] "GET /clipart/bars/?C=M%3BO%3DA HTTP/1.1" 200 358 "https://www.brucemillernurseryedgewood.com/clipart/bars/" "Mozilla/5.0 (Linux; Android 7.0;) AppleWebKit/537.36 (KHTML, like Gecko) Mobile Safari/537.36 (compatible; PetalBot;+https://webmaster.petalsearch.com/site/petalbot)" "www.brucemillernurseryedgewood.com"
216.244.66.230 - - [12/Nov/2022:11:35:21 -0800] "GET /sitebuilder/images/Edgewood-5-mouseOver-27257.png HTTP/1.1" 200 1748 "-" "Mozilla/5.0 (compatible; DotBot/1.2; +https://opensiteexplorer.org/dotbot; help@moz.com)" "www.brucemillernurseryedgewood.com"
216.244.66.230 - - [12/Nov/2022:11:35:40 -0800] "GET /sitebuilder/images/IMG_0132-240x167.jpg HTTP/1.1" 200 13005 "-" "Mozilla/5.0 (compatible; DotBot/1.2; +https://opensiteexplorer.org/dotbot; help@moz.com)" "www.brucemillernurseryedgewood.com"
114.119.132.153 - - [12/Nov/2022:11:40:29 -0800] "GET /sitebuilder/scripts/layers.js HTTP/1.1" 200 1140 "https://www.brucemillernurseryedgewood.com/sitebuilder/scripts?C=S%3BO%3DA" "Mozilla/5.0 (Linux; Android 7.0;) AppleWebKit/537.36 (KHTML, like Gecko) Mobile Safari/537.36 (compatible; PetalBot;+https://webmaster.petalsearch.com/site/petalbot)" "www.brucemillernurseryedgewood.com"
114.119.150.186 - - [12/Nov/2022:11:45:26 -0800] "GET /sitebuilder/scripts?C=M%3BO%3DA HTTP/1.1" 301 1440 "http://brucemillernurseryedgewood.com/sitebuilder/scripts?C=S%3BO%3DA" "Mozilla/5.0 (Linux; Android 7.0;) AppleWebKit/537.36 (KHTML, like Gecko) Mobile Safari/537.36 (compatible; PetalBot;+https://webmaster.petalsearch.com/site/petalbot)" "brucemillernurseryedgewood.com"
114.119.150.186 - - [12/Nov/2022:11:45:26 -0800] "GET /sitebuilder/scripts/?C=M%3BO%3DA HTTP/1.1" 200 372 "http://brucemillernurseryedgewood.com/sitebuilder/scripts?C=S%3BO%3DA" "Mozilla/5.0 (Linux; Android 7.0;) AppleWebKit/537.36 (KHTML, like Gecko) Mobile Safari/537.36 (compatible; PetalBot;+https://webmaster.petalsearch.com/site/petalbot)" "brucemillernurseryedgewood.com"
114.119.132.122 - - [12/Nov/2022:11:50:34 -0800] "GET /clipart/buttons/themes/glow/?C=S%3BO%3DA HTTP/1.1" 200 420 "http://brucemillernurseryedgewood.com/clipart/buttons/themes/glow/?C=N%3BO%3DD" "Mozilla/5.0 (Linux; Android 7.0;) AppleWebKit/537.36 (KHTML, like Gecko) Mobile Safari/537.36 (compatible; PetalBot;+https://webmaster.petalsearch.com/site/petalbot)" "brucemillernurseryedgewood.com"
216.244.66.230 - - [12/Nov/2022:11:51:44 -0800] "GET /robots.txt HTTP/1.1" 404 73 "-" "Mozilla/5.0 (compatible; DotBot/1.2; +https://opensiteexplorer.org/dotbot; help@moz.com)" "www.brucemillernurseryedgewood.com"
216.244.66.230 - - [12/Nov/2022:11:51:44 -0800] "GET /robots.txt HTTP/1.1" 404 73 "-" "Mozilla/5.0 (compatible; DotBot/1.2; +https://opensiteexplorer.org/dotbot; help@moz.com)" "brucemillernurseryedgewood.com"
51.222.253.13 - - [12/Nov/2022:11:54:00 -0800] "GET /clipart/buttons/?C=D;O=A HTTP/1.1" 200 360 "-" "Mozilla/5.0 (compatible; AhrefsBot/7.0; +http://ahrefs.com/robot/)" "brucemillernurseryedgewood.com"
114.119.132.149 - - [12/Nov/2022:11:55:47 -0800] "GET /clipart/images HTTP/1.1" 301 1427 "https://www.brucemillernurseryedgewood.com/clipart/images/sidebars" "Mozilla/5.0 (Linux; Android 7.0;) AppleWebKit/537.36 (KHTML, like Gecko) Mobile Safari/537.36 (compatible; PetalBot;+https://webmaster.petalsearch.com/site/petalbot)" "www.brucemillernurseryedgewood.com"
114.119.132.149 - - [12/Nov/2022:11:55:48 -0800] "GET /clipart/images/ HTTP/1.1" 200 476 "https://www.brucemillernurseryedgewood.com/clipart/images/sidebars" "Mozilla/5.0 (Linux; Android 7.0;) AppleWebKit/537.36 (KHTML, like Gecko) Mobile Safari/537.36 (compatible; PetalBot;+https://webmaster.petalsearch.com/site/petalbot)" "www.brucemillernurseryedgewood.com"
114.119.132.131 - - [12/Nov/2022:12:00:54 -0800] "GET /clipart/backgrounds/?C=S%3BO%3DA HTTP/1.1" 200 389 "https://www.brucemillernurseryedgewood.com/clipart/backgrounds?C=N%3BO%3DD" "Mozilla/5.0 (Linux; Android 7.0;) AppleWebKit/537.36 (KHTML, like Gecko) Mobile Safari/537.36 (compatible; PetalBot;+https://webmaster.petalsearch.com/site/petalbot)" "www.brucemillernurseryedgewood.com"
216.244.66.230 - - [12/Nov/2022:12:01:27 -0800] "GET / HTTP/1.1" 200 1005 "-" "Mozilla/5.0 (compatible; DotBot/1.2; +https://opensiteexplorer.org/dotbot; help@moz.com)" "www.brucemillernurseryedgewood.com"
40.86.16.26 - - [12/Nov/2022:12:04:13 -0800] "GET / HTTP/1.1" 200 1005 "-" "Mozilla/5.0 (Windows NT 10.0; Win64; x64) AppleWebKit/537.36 (KHTML, like Gecko) Chrome/88.0.4240.193 Safari/537.36" "brucemillernurseryedgewood.com"
40.86.16.26 - - [12/Nov/2022:12:04:13 -0800] "GET /xmlrpc.php?rsd HTTP/1.1" 500 5387 "-" "Mozilla/5.0 (Windows NT 10.0; Win64; x64) AppleWebKit/537.36 (KHTML, like Gecko) Chrome/88.0.4240.193 Safari/537.36" "brucemillernurseryedgewood.com"
40.86.16.26 - - [12/Nov/2022:12:04:14 -0800] "GET /wordpress/wp-includes/wlwmanifest.xml HTTP/1.1" 404 73 "-" "Mozilla/5.0 (Windows NT 10.0; Win64; x64) AppleWebKit/537.36 (KHTML, like Gecko) Chrome/88.0.4240.193 Safari/537.36" "brucemillernurseryedgewood.com"
40.86.16.26 - - [12/Nov/2022:12:04:14 -0800] "GET /2020/wp-includes/wlwmanifest.xml HTTP/1.1" 404 73 "-" "Mozilla/5.0 (Windows NT 10.0; Win64; x64) AppleWebKit/537.36 (KHTML, like Gecko) Chrome/88.0.4240.193 Safari/537.36" "brucemillernurseryedgewood.com"
40.86.16.26 - - [12/Nov/2022:12:04:14 -0800] "GET /shop/wp-includes/wlwmanifest.xml HTTP/1.1" 404 73 "-" "Mozilla/5.0 (Windows NT 10.0; Win64; x64) AppleWebKit/537.36 (KHTML, like Gecko) Chrome/88.0.4240.193 Safari/537.36" "brucemillernurseryedgewood.com"
40.86.16.26 - - [12/Nov/2022:12:04:14 -0800] "GET /wp1/wp-includes/wlwmanifest.xml HTTP/1.1" 404 73 "-" "Mozilla/5.0 (Windows NT 10.0; Win64; x64) AppleWebKit/537.36 (KHTML, like Gecko) Chrome/88.0.4240.193 Safari/537.36" "brucemillernurseryedgewood.com"
40.86.16.26 - - [12/Nov/2022:12:04:15 -0800] "GET /cms/wp-includes/wlwmanifest.xml HTTP/1.1" 404 73 "-" "Mozilla/5.0 (Windows NT 10.0; Win64; x64) AppleWebKit/537.36 (KHTML, like Gecko) Chrome/88.0.4240.193 Safari/537.36" "brucemillernurseryedgewood.com"
40.86.16.26 - - [12/Nov/2022:12:04:15 -0800] "GET /sito/wp-includes/wlwmanifest.xml HTTP/1.1" 404 73 "-" "Mozilla/5.0 (Windows NT 10.0; Win64; x64) AppleWebKit/537.36 (KHTML, like Gecko) Chrome/88.0.4240.193 Safari/537.36" "brucemillernurseryedgewood.com"
114.119.132.149 - - [12/Nov/2022:12:06:09 -0800] "GET /sitebuilder/clipart/bars/?C=M%3BO%3DA HTTP/1.1" 200 384 "https://www.brucemillernurseryedgewood.com/sitebuilder/clipart/bars/?C=S%3BO%3DA" "Mozilla/5.0 (Linux; Android 7.0;) AppleWebKit/537.36 (KHTML, like Gecko) Mobile Safari/537.36 (compatible; PetalBot;+https://webmaster.petalsearch.com/site/petalbot)" "www.brucemillernurseryedgewood.com"
114.119.132.131 - - [12/Nov/2022:12:11:14 -0800] "GET /clipart/buttons/themes?C=D%3BO%3DA HTTP/1.1" 301 1448 "https://www.brucemillernurseryedgewood.com/clipart/buttons/themes?C=S%3BO%3DA" "Mozilla/5.0 (Linux; Android 7.0;) AppleWebKit/537.36 (KHTML, like Gecko) Mobile Safari/537.36 (compatible; PetalBot;+https://webmaster.petalsearch.com/site/petalbot)" "www.brucemillernurseryedgewood.com"
114.119.132.131 - - [12/Nov/2022:12:11:16 -0800] "GET /clipart/buttons/themes/?C=D%3BO%3DA HTTP/1.1" 200 382 "https://www.brucemillernurseryedgewood.com/clipart/buttons/themes?C=S%3BO%3DA" "Mozilla/5.0 (Linux; Android 7.0;) AppleWebKit/537.36 (KHTML, like Gecko) Mobile Safari/537.36 (compatible; PetalBot;+https://webmaster.petalsearch.com/site/petalbot)" "www.brucemillernurseryedgewood.com"
114.119.132.131 - - [12/Nov/2022:12:16:25 -0800] "GET /clipart/bars/regular/?C=S%3BO%3DA HTTP/1.1" 200 366 "https://www.brucemillernurseryedgewood.com/clipart/bars/regular/?C=N%3BO%3DD" "Mozilla/5.0 (Linux; Android 7.0;) AppleWebKit/537.36 (KHTML, like Gecko) Mobile Safari/537.36 (compatible; PetalBot;+https://webmaster.petalsearch.com/site/petalbot)" "www.brucemillernurseryedgewood.com"
114.119.132.146 - - [12/Nov/2022:12:21:32 -0800] "GET /navigation_bars/Edgewood.nav HTTP/1.1" 200 6654 "https://www.brucemillernurseryedgewood.com/navigation_bars?C=N%3BO%3DD" "Mozilla/5.0 (Linux; Android 7.0;) AppleWebKit/537.36 (KHTML, like Gecko) Mobile Safari/537.36 (compatible; PetalBot;+https://webmaster.petalsearch.com/site/petalbot)" "www.brucemillernurseryedgewood.com"
216.244.66.230 - - [12/Nov/2022:12:22:43 -0800] "GET /sitebuilder/images/IMG_0491-360x256.jpg HTTP/1.1" 200 16295 "-" "Mozilla/5.0 (compatible; DotBot/1.2; +https://opensiteexplorer.org/dotbot; help@moz.com)" "brucemillernurseryedgewood.com"
216.244.66.230 - - [12/Nov/2022:12:23:11 -0800] "GET /sitebuilder/images/IMG_0875-339x236.jpg HTTP/1.1" 200 17115 "-" "Mozilla/5.0 (compatible; DotBot/1.2; +https://opensiteexplorer.org/dotbot; help@moz.com)" "brucemillernurseryedgewood.com"
216.244.66.230 - - [12/Nov/2022:12:23:38 -0800] "GET /sitebuilder/images/IMG_0949-473x351.jpg HTTP/1.1" 200 28641 "-" "Mozilla/5.0 (compatible; DotBot/1.2; +https://opensiteexplorer.org/dotbot; help@moz.com)" "brucemillernurseryedgewood.com"
114.119.132.122 - - [12/Nov/2022:12:26:48 -0800] "GET /clipart/buttons/themes/stone?C=M%3BO%3DA HTTP/1.1" 301 1446 "http://brucemillernurseryedgewood.com/clipart/buttons/themes/stone?C=S%3BO%3DA" "Mozilla/5.0 (Linux; Android 7.0;) AppleWebKit/537.36 (KHTML, like Gecko) Mobile Safari/537.36 (compatible; PetalBot;+https://webmaster.petalsearch.com/site/petalbot)" "brucemillernurseryedgewood.com"
114.119.132.122 - - [12/Nov/2022:12:26:53 -0800] "GET /clipart/buttons/themes/stone/?C=M%3BO%3DA HTTP/1.1" 200 413 "http://brucemillernurseryedgewood.com/clipart/buttons/themes/stone?C=S%3BO%3DA" "Mozilla/5.0 (Linux; Android 7.0;) AppleWebKit/537.36 (KHTML, like Gecko) Mobile Safari/537.36 (compatible; PetalBot;+https://webmaster.petalsearch.com/site/petalbot)" "brucemillernurseryedgewood.com"
216.244.66.230 - - [12/Nov/2022:12:27:27 -0800] "GET /sitebuilder/images/Buckeyes_from_Stan-200x162.jpg HTTP/1.1" 200 8381 "-" "Mozilla/5.0 (compatible; DotBot/1.2; +https://opensiteexplorer.org/dotbot; help@moz.com)" "www.brucemillernurseryedgewood.com"
207.46.13.169 - - [12/Nov/2022:12:27:32 -0800] "GET /sitebuilder/clipart/bars/regular/vertical/?C=S;O=A HTTP/1.1" 200 417 "-" "Mozilla/5.0 AppleWebKit/537.36 (KHTML, like Gecko; compatible; bingbot/2.0; +http://www.bing.com/bingbot.htm) Chrome/103.0.5060.134 Safari/537.36" "www.brucemillernurseryedgewood.com"
216.244.66.230 - - [12/Nov/2022:12:27:56 -0800] "GET /sitebuilder/images/IMG_0182-450x600.jpg HTTP/1.1" 200 51905 "-" "Mozilla/5.0 (compatible; DotBot/1.2; +https://opensiteexplorer.org/dotbot; help@moz.com)" "www.brucemillernurseryedgewood.com"
216.244.66.230 - - [12/Nov/2022:12:28:28 -0800] "GET /sitebuilder/images/IMG_0488-420x311.jpg HTTP/1.1" 200 29398 "-" "Mozilla/5.0 (compatible; DotBot/1.2; +https://opensiteexplorer.org/dotbot; help@moz.com)" "www.brucemillernurseryedgewood.com"
216.244.66.230 - - [12/Nov/2022:12:28:59 -0800] "GET /sitebuilder/images/IMG_0569-315x263.jpg HTTP/1.1" 200 21142 "-" "Mozilla/5.0 (compatible; DotBot/1.2; +https://opensiteexplorer.org/dotbot; help@moz.com)" "www.brucemillernurseryedgewood.com"
216.244.66.230 - - [12/Nov/2022:12:29:27 -0800] "GET /sitebuilder/images/brownStripGreenGrass-758x30.jpg HTTP/1.1" 200 5127 "-" "Mozilla/5.0 (compatible; DotBot/1.2; +https://opensiteexplorer.org/dotbot; help@moz.com)" "www.brucemillernurseryedgewood.com"
216.244.66.230 - - [12/Nov/2022:12:29:54 -0800] "GET /sitebuilder/images/american-flag_1_-600x450.jpg HTTP/1.1" 200 43611 "-" "Mozilla/5.0 (compatible; DotBot/1.2; +https://opensiteexplorer.org/dotbot; help@moz.com)" "brucemillernurseryedgewood.com"
216.244.66.230 - - [12/Nov/2022:12:33:30 -0800] "GET /clipart/images/frames/ HTTP/1.1" 200 766 "-" "Mozilla/5.0 (compatible; DotBot/1.2; +https://opensiteexplorer.org/dotbot; help@moz.com)" "www.brucemillernurseryedgewood.com"
216.244.66.230 - - [12/Nov/2022:12:43:52 -0800] "GET /robots.txt HTTP/1.1" 404 73 "-" "Mozilla/5.0 (compatible; DotBot/1.2; +https://opensiteexplorer.org/dotbot; help@moz.com)" "brucemillernurseryedgewood.com"
216.244.66.230 - - [12/Nov/2022:12:43:52 -0800] "GET /robots.txt HTTP/1.1" 404 73 "-" "Mozilla/5.0 (compatible; DotBot/1.2; +https://opensiteexplorer.org/dotbot; help@moz.com)" "www.brucemillernurseryedgewood.com"
114.119.132.16 - - [12/Nov/2022:12:44:13 -0800] "GET /sitebuilder/clipart/backgrounds/tile/?C=M%3BO%3DA HTTP/1.1" 200 412 "http://brucemillernurseryedgewood.com/sitebuilder/clipart/backgrounds/tile?C=M%3BO%3DA" "Mozilla/5.0 (Linux; Android 7.0;) AppleWebKit/537.36 (KHTML, like Gecko) Mobile Safari/537.36 (compatible; PetalBot;+https://webmaster.petalsearch.com/site/petalbot)" "brucemillernurseryedgewood.com"
114.119.150.186 - - [12/Nov/2022:12:49:28 -0800] "GET /sitebuilder/clipart/backgrounds/tile?C=S%3BO%3DA HTTP/1.1" 301 1453 "https://www.brucemillernurseryedgewood.com/sitebuilder/clipart/backgrounds/tile?C=N%3BO%3DD" "Mozilla/5.0 (Linux; Android 7.0;) AppleWebKit/537.36 (KHTML, like Gecko) Mobile Safari/537.36 (compatible; PetalBot;+https://webmaster.petalsearch.com/site/petalbot)" "www.brucemillernurseryedgewood.com"
114.119.150.186 - - [12/Nov/2022:12:49:29 -0800] "GET /sitebuilder/clipart/backgrounds/tile/?C=S%3BO%3DA HTTP/1.1" 200 412 "https://www.brucemillernurseryedgewood.com/sitebuilder/clipart/backgrounds/tile?C=N%3BO%3DD" "Mozilla/5.0 (Linux; Android 7.0;) AppleWebKit/537.36 (KHTML, like Gecko) Mobile Safari/537.36 (compatible; PetalBot;+https://webmaster.petalsearch.com/site/petalbot)" "www.brucemillernurseryedgewood.com"
114.119.150.186 - - [12/Nov/2022:12:54:44 -0800] "GET /sitebuilder/clipart/bars/low-carb/ HTTP/1.1" 200 375 "http://brucemillernurseryedgewood.com/sitebuilder/clipart/bars/low-carb/horizontal/?C=N%3BO%3DD" "Mozilla/5.0 (Linux; Android 7.0;) AppleWebKit/537.36 (KHTML, like Gecko) Mobile Safari/537.36 (compatible; PetalBot;+https://webmaster.petalsearch.com/site/petalbot)" "brucemillernurseryedgewood.com"
51.222.133.33 - - [12/Nov/2022:12:55:25 -0800] "GET / HTTP/1.1" 200 1005 "-" "Mozilla/5.0 (Windows NT 10.0; rv:73.0) Gecko/20100101 Firefox/73.0" "brucemillernurseryedgewood.com"
216.244.66.230 - - [12/Nov/2022:13:09:19 -0800] "GET /sitebuilder/images/2009_0620Image0004-548x361.jpg HTTP/1.1" 200 56125 "-" "Mozilla/5.0 (compatible; DotBot/1.2; +https://opensiteexplorer.org/dotbot; help@moz.com)" "brucemillernurseryedgewood.com"
216.244.66.230 - - [12/Nov/2022:13:09:53 -0800] "GET /sitebuilder/images/IMG_0196-435x390.jpg HTTP/1.1" 200 57468 "-" "Mozilla/5.0 (compatible; DotBot/1.2; +https://opensiteexplorer.org/dotbot; help@moz.com)" "brucemillernurseryedgewood.com"
216.244.66.230 - - [12/Nov/2022:13:10:24 -0800] "GET /sitebuilder/images/IMG_0520-344x255.jpg HTTP/1.1" 200 25789 "-" "Mozilla/5.0 (compatible; DotBot/1.2; +https://opensiteexplorer.org/dotbot; help@moz.com)" "brucemillernurseryedgewood.com"
216.244.66.230 - - [12/Nov/2022:13:10:52 -0800] "GET /sitebuilder/images/IMG_0744-450x600.jpg HTTP/1.1" 200 61911 "-" "Mozilla/5.0 (compatible; DotBot/1.2; +https://opensiteexplorer.org/dotbot; help@moz.com)" "brucemillernurseryedgewood.com"
216.244.66.230 - - [12/Nov/2022:13:17:20 -0800] "GET /sitebuilder/images/Edgewood-3-mouseOver-85656.png HTTP/1.1" 200 1777 "-" "Mozilla/5.0 (compatible; DotBot/1.2; +https://opensiteexplorer.org/dotbot; help@moz.com)" "www.brucemillernurseryedgewood.com"
114.119.132.16 - - [12/Nov/2022:13:17:28 -0800] "GET /clipart/buttons/themes/?C=M%3BO%3DA HTTP/1.1" 200 382 "http://brucemillernurseryedgewood.com/clipart/buttons/themes?C=N%3BO%3DD" "Mozilla/5.0 (Linux; Android 7.0;) AppleWebKit/537.36 (KHTML, like Gecko) Mobile Safari/537.36 (compatible; PetalBot;+https://webmaster.petalsearch.com/site/petalbot)" "brucemillernurseryedgewood.com"
216.244.66.230 - - [12/Nov/2022:13:17:48 -0800] "GET /sitebuilder/images/IMG_0877-330x244.jpg HTTP/1.1" 200 8991 "-" "Mozilla/5.0 (compatible; DotBot/1.2; +https://opensiteexplorer.org/dotbot; help@moz.com)" "www.brucemillernurseryedgewood.com"
