40.77.167.7 - - [07/Nov/2022:03:58:48 -0800] "GET /whats_new HTTP/1.1" 200 4437 "-" "Mozilla/5.0 AppleWebKit/537.36 (KHTML, like Gecko; compatible; bingbot/2.0; +http://www.bing.com/bingbot.htm) Chrome/103.0.5060.134 Safari/537.36" "brucemillernurseryedgewood.com"
216.244.66.230 - - [07/Nov/2022:04:06:02 -0800] "GET /images/th_BlackLabrador.jpg HTTP/1.1" 200 3865 "-" "Mozilla/5.0 (compatible; DotBot/1.2; +https://opensiteexplorer.org/dotbot; help@moz.com)" "www.brucemillernurseryedgewood.com"
216.244.66.230 - - [07/Nov/2022:04:06:30 -0800] "GET /images/tn_1_5.jpg HTTP/1.1" 200 4664 "-" "Mozilla/5.0 (compatible; DotBot/1.2; +https://opensiteexplorer.org/dotbot; help@moz.com)" "www.brucemillernurseryedgewood.com"
216.244.66.230 - - [07/Nov/2022:04:08:36 -0800] "GET /images/2009_0705Image0011.JPG HTTP/1.1" 200 248855 "-" "Mozilla/5.0 (compatible; DotBot/1.2; +https://opensiteexplorer.org/dotbot; help@moz.com)" "brucemillernurseryedgewood.com"
216.244.66.230 - - [07/Nov/2022:04:09:26 -0800] "GET /images/FlavoredButter-main_Thumb_1_.jpg HTTP/1.1" 200 3508 "-" "Mozilla/5.0 (compatible; DotBot/1.2; +https://opensiteexplorer.org/dotbot; help@moz.com)" "brucemillernurseryedgewood.com"
51.222.253.20 - - [07/Nov/2022:04:09:39 -0800] "GET /navigation_bars/ HTTP/1.1" 200 372 "-" "Mozilla/5.0 (compatible; AhrefsBot/7.0; +http://ahrefs.com/robot/)" "brucemillernurseryedgewood.com"
216.244.66.230 - - [07/Nov/2022:04:09:56 -0800] "GET /images/IMG_0880.JPG HTTP/1.1" 200 3042354 "-" "Mozilla/5.0 (compatible; DotBot/1.2; +https://opensiteexplorer.org/dotbot; help@moz.com)" "brucemillernurseryedgewood.com"
216.244.66.230 - - [07/Nov/2022:04:10:46 -0800] "GET /sitebuilder/images/IMG_0268-375x255.jpg HTTP/1.1" 200 31980 "-" "Mozilla/5.0 (compatible; DotBot/1.2; +https://opensiteexplorer.org/dotbot; help@moz.com)" "brucemillernurseryedgewood.com"
216.244.66.230 - - [07/Nov/2022:04:11:16 -0800] "GET /sitebuilder/images/IMG_0486-344x254.jpg HTTP/1.1" 200 26588 "-" "Mozilla/5.0 (compatible; DotBot/1.2; +https://opensiteexplorer.org/dotbot; help@moz.com)" "brucemillernurseryedgewood.com"
216.244.66.230 - - [07/Nov/2022:04:11:44 -0800] "GET /sitebuilder/images/IMG_0520-415x307.jpg HTTP/1.1" 200 35971 "-" "Mozilla/5.0 (compatible; DotBot/1.2; +https://opensiteexplorer.org/dotbot; help@moz.com)" "brucemillernurseryedgewood.com"
216.244.66.230 - - [07/Nov/2022:04:12:11 -0800] "GET /sitebuilder/images/IMG_0520-430x313.jpg HTTP/1.1" 200 37514 "-" "Mozilla/5.0 (compatible; DotBot/1.2; +https://opensiteexplorer.org/dotbot; help@moz.com)" "brucemillernurseryedgewood.com"
216.244.66.230 - - [07/Nov/2022:04:12:38 -0800] "GET /sitebuilder/images/IMG_0530-505x376.jpg HTTP/1.1" 200 39894 "-" "Mozilla/5.0 (compatible; DotBot/1.2; +https://opensiteexplorer.org/dotbot; help@moz.com)" "brucemillernurseryedgewood.com"
216.244.66.230 - - [07/Nov/2022:04:13:05 -0800] "GET /sitebuilder/images/IMG_0720-419x294.jpg HTTP/1.1" 200 31552 "-" "Mozilla/5.0 (compatible; DotBot/1.2; +https://opensiteexplorer.org/dotbot; help@moz.com)" "brucemillernurseryedgewood.com"
216.244.66.230 - - [07/Nov/2022:04:13:30 -0800] "GET /sitebuilder/images/flowerHeader-989x79.jpg HTTP/1.1" 200 7199 "-" "Mozilla/5.0 (compatible; DotBot/1.2; +https://opensiteexplorer.org/dotbot; help@moz.com)" "brucemillernurseryedgewood.com"
17.121.113.101 - - [07/Nov/2022:04:16:57 -0800] "GET /favicon.ico HTTP/1.1" 404 88 "-" "Mozilla/5.0 (Macintosh; Intel Mac OS X 10_15_5) AppleWebKit/605.1.15 (KHTML, like Gecko) Version/13.1.1 Safari/605.1.15 (Applebot/0.1; +http://www.apple.com/go/applebot)" "brucemillernurseryedgewood.com"
216.244.66.230 - - [07/Nov/2022:04:19:27 -0800] "GET /sitebuilder/images/14880_1_-195x177.jpg HTTP/1.1" 200 9487 "-" "Mozilla/5.0 (compatible; DotBot/1.2; +https://opensiteexplorer.org/dotbot; help@moz.com)" "www.brucemillernurseryedgewood.com"
216.244.66.230 - - [07/Nov/2022:04:19:56 -0800] "GET /sitebuilder/images/2009_0531Image0019-264x188.jpg HTTP/1.1" 200 16103 "-" "Mozilla/5.0 (compatible; DotBot/1.2; +https://opensiteexplorer.org/dotbot; help@moz.com)" "www.brucemillernurseryedgewood.com"
216.244.66.230 - - [07/Nov/2022:04:20:24 -0800] "GET /sitebuilder/images/IMG_0127-165x315.jpg HTTP/1.1" 200 20297 "-" "Mozilla/5.0 (compatible; DotBot/1.2; +https://opensiteexplorer.org/dotbot; help@moz.com)" "www.brucemillernurseryedgewood.com"
216.244.66.230 - - [07/Nov/2022:04:20:51 -0800] "GET /sitebuilder/images/IMG_0935-441x312.jpg HTTP/1.1" 200 56063 "-" "Mozilla/5.0 (compatible; DotBot/1.2; +https://opensiteexplorer.org/dotbot; help@moz.com)" "www.brucemillernurseryedgewood.com"
216.244.66.230 - - [07/Nov/2022:04:21:18 -0800] "GET /sitebuilder/images/IMG_1193-332x447.jpg HTTP/1.1" 200 52032 "-" "Mozilla/5.0 (compatible; DotBot/1.2; +https://opensiteexplorer.org/dotbot; help@moz.com)" "www.brucemillernurseryedgewood.com"
216.244.66.230 - - [07/Nov/2022:04:21:43 -0800] "GET /sitebuilder/images/green_solid-850x414.png HTTP/1.1" 200 949 "-" "Mozilla/5.0 (compatible; DotBot/1.2; +https://opensiteexplorer.org/dotbot; help@moz.com)" "www.brucemillernurseryedgewood.com"
216.244.66.230 - - [07/Nov/2022:04:29:33 -0800] "GET /robots.txt HTTP/1.1" 404 73 "-" "Mozilla/5.0 (compatible; DotBot/1.2; +https://opensiteexplorer.org/dotbot; help@moz.com)" "brucemillernurseryedgewood.com"
216.244.66.230 - - [07/Nov/2022:04:29:33 -0800] "GET /robots.txt HTTP/1.1" 404 73 "-" "Mozilla/5.0 (compatible; DotBot/1.2; +https://opensiteexplorer.org/dotbot; help@moz.com)" "www.brucemillernurseryedgewood.com"
67.44.192.196 - - [07/Nov/2022:04:48:16 -0800] "GET /nursery.html HTTP/1.1" 404 88 "-" "Mozilla/5.0 (Macintosh; Intel Mac OS X 10_11_6) AppleWebKit/605.1.15 (KHTML, like Gecko)" "brucemillernurseryedgewood.com"
67.44.192.196 - - [07/Nov/2022:04:48:17 -0800] "GET /apple-touch-icon-precomposed.png HTTP/1.1" 404 88 "-" "Safari/11605.3.8.1 CFNetwork/760.9 Darwin/15.6.0 (x86_64)" "brucemillernurseryedgewood.com"
67.44.192.196 - - [07/Nov/2022:04:48:18 -0800] "GET /apple-touch-icon.png HTTP/1.1" 404 88 "-" "Safari/11605.3.8.1 CFNetwork/760.9 Darwin/15.6.0 (x86_64)" "brucemillernurseryedgewood.com"
67.44.192.196 - - [07/Nov/2022:04:48:18 -0800] "GET /favicon.ico HTTP/1.1" 404 88 "-" "Safari/11605.3.8.1 CFNetwork/760.9 Darwin/15.6.0 (x86_64)" "brucemillernurseryedgewood.com"
67.44.192.196 - - [07/Nov/2022:04:48:19 -0800] "GET /apple-touch-icon-precomposed.png HTTP/1.1" 404 88 "-" "Safari/11605.3.8.1 CFNetwork/760.9 Darwin/15.6.0 (x86_64)" "brucemillernurseryedgewood.com"
67.44.192.196 - - [07/Nov/2022:04:48:20 -0800] "GET /apple-touch-icon.png HTTP/1.1" 404 88 "-" "Safari/11605.3.8.1 CFNetwork/760.9 Darwin/15.6.0 (x86_64)" "brucemillernurseryedgewood.com"
67.44.192.196 - - [07/Nov/2022:04:48:20 -0800] "GET /favicon.ico HTTP/1.1" 404 88 "-" "Safari/11605.3.8.1 CFNetwork/760.9 Darwin/15.6.0 (x86_64)" "brucemillernurseryedgewood.com"
67.44.192.196 - - [07/Nov/2022:04:48:21 -0800] "GET /nursery.html HTTP/1.1" 404 88 "-" "\"Mozilla/5.0 (iPhone; CPU iPhone OS 11_0 like Mac OS X) AppleWebKit/604.1.38 (KHTML, like Gecko) Version/11.0 Mobile/15A372 Safari/604.1\"" "brucemillernurseryedgewood.com"
67.44.192.196 - - [07/Nov/2022:04:48:22 -0800] "GET /apple-touch-icon-precomposed.png HTTP/1.1" 404 88 "-" "Safari/11605.3.8.1 CFNetwork/760.9 Darwin/15.6.0 (x86_64)" "brucemillernurseryedgewood.com"
67.44.192.196 - - [07/Nov/2022:04:48:22 -0800] "GET /apple-touch-icon.png HTTP/1.1" 404 88 "-" "Safari/11605.3.8.1 CFNetwork/760.9 Darwin/15.6.0 (x86_64)" "brucemillernurseryedgewood.com"
67.44.192.196 - - [07/Nov/2022:04:48:23 -0800] "GET /favicon.ico HTTP/1.1" 404 88 "-" "Safari/11605.3.8.1 CFNetwork/760.9 Darwin/15.6.0 (x86_64)" "brucemillernurseryedgewood.com"
67.44.192.196 - - [07/Nov/2022:04:48:24 -0800] "GET /apple-touch-icon-precomposed.png HTTP/1.1" 404 88 "-" "Safari/11605.3.8.1 CFNetwork/760.9 Darwin/15.6.0 (x86_64)" "brucemillernurseryedgewood.com"
67.44.192.196 - - [07/Nov/2022:04:48:25 -0800] "GET /apple-touch-icon.png HTTP/1.1" 404 88 "-" "Safari/11605.3.8.1 CFNetwork/760.9 Darwin/15.6.0 (x86_64)" "brucemillernurseryedgewood.com"
67.44.192.196 - - [07/Nov/2022:04:48:25 -0800] "GET /favicon.ico HTTP/1.1" 404 88 "-" "Safari/11605.3.8.1 CFNetwork/760.9 Darwin/15.6.0 (x86_64)" "brucemillernurseryedgewood.com"
216.244.66.230 - - [07/Nov/2022:04:49:52 -0800] "GET /images/Grower.html HTTP/1.1" 200 6437 "-" "Mozilla/5.0 (compatible; DotBot/1.2; +https://opensiteexplorer.org/dotbot; help@moz.com)" "www.brucemillernurseryedgewood.com"
216.244.66.230 - - [07/Nov/2022:04:53:20 -0800] "GET /images/IMG_0514.JPG HTTP/1.1" 200 3518307 "-" "Mozilla/5.0 (compatible; DotBot/1.2; +https://opensiteexplorer.org/dotbot; help@moz.com)" "brucemillernurseryedgewood.com"
216.244.66.230 - - [07/Nov/2022:04:54:10 -0800] "GET /images/IMG_0516.JPG HTTP/1.1" 200 3621966 "-" "Mozilla/5.0 (compatible; DotBot/1.2; +https://opensiteexplorer.org/dotbot; help@moz.com)" "brucemillernurseryedgewood.com"
216.244.66.230 - - [07/Nov/2022:04:55:00 -0800] "GET /images/IMG_0521.JPG HTTP/1.1" 200 3049471 "-" "Mozilla/5.0 (compatible; DotBot/1.2; +https://opensiteexplorer.org/dotbot; help@moz.com)" "brucemillernurseryedgewood.com"
216.244.66.230 - - [07/Nov/2022:04:55:50 -0800] "GET /sitebuilder/images/66557_1_-165x156.jpg HTTP/1.1" 200 5573 "-" "Mozilla/5.0 (compatible; DotBot/1.2; +https://opensiteexplorer.org/dotbot; help@moz.com)" "brucemillernurseryedgewood.com"
216.244.66.230 - - [07/Nov/2022:04:56:19 -0800] "GET /sitebuilder/images/Edgewood-5-active-09551.png HTTP/1.1" 200 2031 "-" "Mozilla/5.0 (compatible; DotBot/1.2; +https://opensiteexplorer.org/dotbot; help@moz.com)" "brucemillernurseryedgewood.com"
216.244.66.230 - - [07/Nov/2022:04:56:47 -0800] "GET /sitebuilder/images/candied_flower_mosaic_1_-147x161.jpg HTTP/1.1" 200 5278 "-" "Mozilla/5.0 (compatible; DotBot/1.2; +https://opensiteexplorer.org/dotbot; help@moz.com)" "brucemillernurseryedgewood.com"
216.244.66.230 - - [07/Nov/2022:05:01:12 -0800] "GET /sitebuilder/images/2009_0531Image0023-273x194.jpg HTTP/1.1" 200 15764 "-" "Mozilla/5.0 (compatible; DotBot/1.2; +https://opensiteexplorer.org/dotbot; help@moz.com)" "www.brucemillernurseryedgewood.com"
216.244.66.230 - - [07/Nov/2022:05:01:38 -0800] "GET /sitebuilder/images/IMG_1169-302x218.jpg HTTP/1.1" 200 21830 "-" "Mozilla/5.0 (compatible; DotBot/1.2; +https://opensiteexplorer.org/dotbot; help@moz.com)" "www.brucemillernurseryedgewood.com"
66.249.70.97 - - [07/Nov/2022:05:17:15 -0800] "GET /favicon.ico HTTP/1.1" 404 88 "-" "Googlebot-Image/1.0" "brucemillernurseryedgewood.com"
216.244.66.230 - - [07/Nov/2022:05:17:20 -0800] "GET /robots.txt HTTP/1.1" 404 73 "-" "Mozilla/5.0 (compatible; DotBot/1.2; +https://opensiteexplorer.org/dotbot; help@moz.com)" "www.brucemillernurseryedgewood.com"
216.244.66.230 - - [07/Nov/2022:05:17:20 -0800] "GET /robots.txt HTTP/1.1" 404 73 "-" "Mozilla/5.0 (compatible; DotBot/1.2; +https://opensiteexplorer.org/dotbot; help@moz.com)" "brucemillernurseryedgewood.com"
23.100.232.233 - - [07/Nov/2022:05:23:18 -0800] "GET /about_us HTTP/1.1" 200 3906 "-" "Mozilla/5.0 (compatible; MSIE 9.0; Windows NT 6.1; Trident/5.0;  Trident/5.0)" "brucemillernurseryedgewood.com"
40.77.51.81 - - [07/Nov/2022:05:32:13 -0800] "GET /yahoo_site_admin/assets/images/IMG_20200915_111542480.258101906_std.jpg HTTP/1.1" 200 110659 "http://brucemillernurseryedgewood.com/yahoo_site_admin/assets/images" "Mozilla/5.0 (Windows NT 10.0; Win64; x64) AppleWebKit/537.36 (KHTML, like Gecko) Chrome/74.0.3729.157 Safari/537.36" "brucemillernurseryedgewood.com"
118.184.177.83 - - [07/Nov/2022:05:38:09 -0800] "GET / HTTP/1.1" 200 406 "-" "Sogou web spider/4.0(+http://www.sogou.com/docs/help/webmasters.htm#07)" "brucemillernurseryedgewood.com"
35.181.7.149 - - [07/Nov/2022:05:41:40 -0800] "GET /explore HTTP/1.1" 404 88 "-" "MOT-V9mm/00.62 UP.Browser/6.2.3.4.c.1.123 (GUI) MMP/2.0" "brucemillernurseryedgewood.com"
216.244.66.230 - - [07/Nov/2022:05:44:21 -0800] "GET /images/2009_0711Image0006.JPG HTTP/1.1" 200 442812 "-" "Mozilla/5.0 (compatible; DotBot/1.2; +https://opensiteexplorer.org/dotbot; help@moz.com)" "www.brucemillernurseryedgewood.com"
216.244.66.230 - - [07/Nov/2022:05:45:11 -0800] "GET /images/candied_flower_mosaic_1_.jpg HTTP/1.1" 200 4226 "-" "Mozilla/5.0 (compatible; DotBot/1.2; +https://opensiteexplorer.org/dotbot; help@moz.com)" "www.brucemillernurseryedgewood.com"
216.244.66.230 - - [07/Nov/2022:05:50:04 -0800] "GET /images/clipartdog_1_.gif HTTP/1.1" 200 3170 "-" "Mozilla/5.0 (compatible; DotBot/1.2; +https://opensiteexplorer.org/dotbot; help@moz.com)" "brucemillernurseryedgewood.com"
216.244.66.230 - - [07/Nov/2022:05:50:33 -0800] "GET /sitebuilder/images/2009_0620Image0005-210x210.jpg HTTP/1.1" 200 14290 "-" "Mozilla/5.0 (compatible; DotBot/1.2; +https://opensiteexplorer.org/dotbot; help@moz.com)" "brucemillernurseryedgewood.com"
216.244.66.230 - - [07/Nov/2022:05:51:01 -0800] "GET /sitebuilder/images/Edgewood-2-active-08801.png HTTP/1.1" 200 1994 "-" "Mozilla/5.0 (compatible; DotBot/1.2; +https://opensiteexplorer.org/dotbot; help@moz.com)" "brucemillernurseryedgewood.com"
216.244.66.230 - - [07/Nov/2022:05:51:28 -0800] "GET /sitebuilder/images/IMG_0121-300x209.jpg HTTP/1.1" 200 12830 "-" "Mozilla/5.0 (compatible; DotBot/1.2; +https://opensiteexplorer.org/dotbot; help@moz.com)" "brucemillernurseryedgewood.com"
216.244.66.230 - - [07/Nov/2022:05:51:54 -0800] "GET /sitebuilder/images/IMG_0929-450x600.jpg HTTP/1.1" 200 86010 "-" "Mozilla/5.0 (compatible; DotBot/1.2; +https://opensiteexplorer.org/dotbot; help@moz.com)" "brucemillernurseryedgewood.com"
216.244.66.230 - - [07/Nov/2022:05:52:23 -0800] "GET /sitebuilder/images/tn_1_5-999x809.jpg HTTP/1.1" 200 68243 "-" "Mozilla/5.0 (compatible; DotBot/1.2; +https://opensiteexplorer.org/dotbot; help@moz.com)" "brucemillernurseryedgewood.com"
216.244.66.230 - - [07/Nov/2022:05:54:16 -0800] "GET /sitebuilder/images/2009_0531Image0015-270x187.jpg HTTP/1.1" 200 23082 "-" "Mozilla/5.0 (compatible; DotBot/1.2; +https://opensiteexplorer.org/dotbot; help@moz.com)" "www.brucemillernurseryedgewood.com"
216.244.66.230 - - [07/Nov/2022:05:54:36 -0800] "GET /sitebuilder/images/2009_0711Image0009-311x240.jpg HTTP/1.1" 200 25224 "-" "Mozilla/5.0 (compatible; DotBot/1.2; +https://opensiteexplorer.org/dotbot; help@moz.com)" "www.brucemillernurseryedgewood.com"
216.244.66.230 - - [07/Nov/2022:05:54:55 -0800] "GET /sitebuilder/images/80847_1_-220x209.jpg HTTP/1.1" 200 11934 "-" "Mozilla/5.0 (compatible; DotBot/1.2; +https://opensiteexplorer.org/dotbot; help@moz.com)" "www.brucemillernurseryedgewood.com"
216.244.66.230 - - [07/Nov/2022:05:55:12 -0800] "GET /sitebuilder/images/Edgewood-6-active-09785.png HTTP/1.1" 200 2120 "-" "Mozilla/5.0 (compatible; DotBot/1.2; +https://opensiteexplorer.org/dotbot; help@moz.com)" "www.brucemillernurseryedgewood.com"
216.244.66.230 - - [07/Nov/2022:05:55:28 -0800] "GET /sitebuilder/images/IMG_0932-447x331.jpg HTTP/1.1" 200 49985 "-" "Mozilla/5.0 (compatible; DotBot/1.2; +https://opensiteexplorer.org/dotbot; help@moz.com)" "www.brucemillernurseryedgewood.com"
216.244.66.230 - - [07/Nov/2022:05:55:43 -0800] "GET /sitebuilder/images/wildflower_search_bar_background-760x40.jpg HTTP/1.1" 200 5464 "-" "Mozilla/5.0 (compatible; DotBot/1.2; +https://opensiteexplorer.org/dotbot; help@moz.com)" "www.brucemillernurseryedgewood.com"
216.244.66.230 - - [07/Nov/2022:05:55:58 -0800] "GET /sitebuilder/images/wildflower_search_bar_background-960x40.jpg HTTP/1.1" 200 6399 "-" "Mozilla/5.0 (compatible; DotBot/1.2; +https://opensiteexplorer.org/dotbot; help@moz.com)" "www.brucemillernurseryedgewood.com"
114.119.150.186 - - [07/Nov/2022:05:58:32 -0800] "GET /clipart/backgrounds/ HTTP/1.1" 200 389 "https://www.brucemillernurseryedgewood.com/clipart/backgrounds/sidebar/?C=M%3BO%3DA" "Mozilla/5.0 (Linux; Android 7.0;) AppleWebKit/537.36 (KHTML, like Gecko) Mobile Safari/537.36 (compatible; PetalBot;+https://webmaster.petalsearch.com/site/petalbot)" "www.brucemillernurseryedgewood.com"
114.119.150.186 - - [07/Nov/2022:06:03:36 -0800] "GET /sitebuilder/clipart/bars/regular?C=M%3BO%3DA HTTP/1.1" 301 1449 "http://brucemillernurseryedgewood.com/sitebuilder/clipart/bars/regular?C=N%3BO%3DD" "Mozilla/5.0 (Linux; Android 7.0;) AppleWebKit/537.36 (KHTML, like Gecko) Mobile Safari/537.36 (compatible; PetalBot;+https://webmaster.petalsearch.com/site/petalbot)" "brucemillernurseryedgewood.com"
114.119.150.186 - - [07/Nov/2022:06:03:36 -0800] "GET /sitebuilder/clipart/bars/regular/?C=M%3BO%3DA HTTP/1.1" 200 391 "http://brucemillernurseryedgewood.com/sitebuilder/clipart/bars/regular?C=N%3BO%3DD" "Mozilla/5.0 (Linux; Android 7.0;) AppleWebKit/537.36 (KHTML, like Gecko) Mobile Safari/537.36 (compatible; PetalBot;+https://webmaster.petalsearch.com/site/petalbot)" "brucemillernurseryedgewood.com"
216.244.66.230 - - [07/Nov/2022:06:05:01 -0800] "GET /robots.txt HTTP/1.1" 404 73 "-" "Mozilla/5.0 (compatible; DotBot/1.2; +https://opensiteexplorer.org/dotbot; help@moz.com)" "brucemillernurseryedgewood.com"
216.244.66.230 - - [07/Nov/2022:06:05:01 -0800] "GET /robots.txt HTTP/1.1" 404 73 "-" "Mozilla/5.0 (compatible; DotBot/1.2; +https://opensiteexplorer.org/dotbot; help@moz.com)" "www.brucemillernurseryedgewood.com"
66.249.70.210 - - [07/Nov/2022:06:22:24 -0800] "GET /robots.txt HTTP/1.1" 404 88 "-" "Mozilla/5.0 (compatible; Googlebot/2.1; +http://www.google.com/bot.html)" "www.brucemillernurseryedgewood.com"
66.249.70.210 - - [07/Nov/2022:06:23:37 -0800] "GET /ads.txt HTTP/1.1" 404 88 "-" "Mozilla/5.0 (compatible; Googlebot/2.1; +http://www.google.com/bot.html)" "www.brucemillernurseryedgewood.com"
216.244.66.230 - - [07/Nov/2022:06:26:04 -0800] "GET /clipart/bars/ HTTP/1.1" 200 719 "-" "Mozilla/5.0 (compatible; DotBot/1.2; +https://opensiteexplorer.org/dotbot; help@moz.com)" "www.brucemillernurseryedgewood.com"
20.106.28.16 - - [07/Nov/2022:06:27:43 -0800] "GET /sitebuilder/images/Edgewood-3-inactive-08941.png HTTP/1.1" 200 2229 "http://brucemillernurseryedgewood.com/sitebuilder/images" "Mozilla/5.0 (iPhone; CPU iPhone OS 13_5_1 like Mac OS X) AppleWebKit/605.1.15 (KHTML, like Gecko) Version/13.1.1 Mobile/15E148 Safari/604.1" "brucemillernurseryedgewood.com"
216.244.66.230 - - [07/Nov/2022:06:32:30 -0800] "GET /images/15080_1_.jpg HTTP/1.1" 200 5406 "-" "Mozilla/5.0 (compatible; DotBot/1.2; +https://opensiteexplorer.org/dotbot; help@moz.com)" "www.brucemillernurseryedgewood.com"
216.244.66.230 - - [07/Nov/2022:06:32:58 -0800] "GET /images/IMG_0268.JPG HTTP/1.1" 200 4390305 "-" "Mozilla/5.0 (compatible; DotBot/1.2; +https://opensiteexplorer.org/dotbot; help@moz.com)" "www.brucemillernurseryedgewood.com"
114.119.132.131 - - [07/Nov/2022:06:32:58 -0800] "GET /sitebuilder/images/ HTTP/1.1" 200 7088 "http://brucemillernurseryedgewood.com/sitebuilder?C=M%3BO%3DA" "Mozilla/5.0 (Linux; Android 7.0;) AppleWebKit/537.36 (KHTML, like Gecko) Mobile Safari/537.36 (compatible; PetalBot;+https://webmaster.petalsearch.com/site/petalbot)" "brucemillernurseryedgewood.com"
216.244.66.230 - - [07/Nov/2022:06:33:48 -0800] "GET /images/IMG_0726.JPG HTTP/1.1" 200 2601415 "-" "Mozilla/5.0 (compatible; DotBot/1.2; +https://opensiteexplorer.org/dotbot; help@moz.com)" "www.brucemillernurseryedgewood.com"
216.244.66.230 - - [07/Nov/2022:06:37:42 -0800] "GET /images/2009_0620Image0002.JPG HTTP/1.1" 200 448071 "-" "Mozilla/5.0 (compatible; DotBot/1.2; +https://opensiteexplorer.org/dotbot; help@moz.com)" "brucemillernurseryedgewood.com"
216.244.66.230 - - [07/Nov/2022:06:38:32 -0800] "GET /images/IMG_0196.JPG HTTP/1.1" 200 4741523 "-" "Mozilla/5.0 (compatible; DotBot/1.2; +https://opensiteexplorer.org/dotbot; help@moz.com)" "brucemillernurseryedgewood.com"
216.244.66.230 - - [07/Nov/2022:06:39:22 -0800] "GET /sitebuilder/images/IMG_0771-267x360.jpg HTTP/1.1" 200 14628 "-" "Mozilla/5.0 (compatible; DotBot/1.2; +https://opensiteexplorer.org/dotbot; help@moz.com)" "brucemillernurseryedgewood.com"
216.244.66.230 - - [07/Nov/2022:06:39:52 -0800] "GET /sitebuilder/images/IMG_1280-312x421.jpg HTTP/1.1" 200 44706 "-" "Mozilla/5.0 (compatible; DotBot/1.2; +https://opensiteexplorer.org/dotbot; help@moz.com)" "brucemillernurseryedgewood.com"
42.236.10.123 - - [07/Nov/2022:06:48:51 -0800] "GET / HTTP/1.1" 200 406 "http://brucemillernurseryedgewood.com/" "Mozilla/5.0 (Windows NT 6.1; WOW64) AppleWebKit/537.36 (KHTML, like Gecko) Chrome/50.0.2661.102 Safari/537.36; 360Spider" "brucemillernurseryedgewood.com"
42.236.10.81 - - [07/Nov/2022:06:49:30 -0800] "GET / HTTP/1.1" 200 406 "http://www.brucemillernurseryedgewood.com/" "Mozilla/5.0 (Windows NT 6.1; WOW64) AppleWebKit/537.36 (KHTML, like Gecko) Chrome/50.0.2661.102 Safari/537.36; 360Spider" "www.brucemillernurseryedgewood.com"
216.244.66.230 - - [07/Nov/2022:06:52:57 -0800] "GET /robots.txt HTTP/1.1" 404 73 "-" "Mozilla/5.0 (compatible; DotBot/1.2; +https://opensiteexplorer.org/dotbot; help@moz.com)" "brucemillernurseryedgewood.com"
216.244.66.230 - - [07/Nov/2022:06:52:57 -0800] "GET /robots.txt HTTP/1.1" 404 73 "-" "Mozilla/5.0 (compatible; DotBot/1.2; +https://opensiteexplorer.org/dotbot; help@moz.com)" "www.brucemillernurseryedgewood.com"
114.119.132.149 - - [07/Nov/2022:06:53:52 -0800] "GET /clipart/bars/regular/horizontal HTTP/1.1" 301 1434 "http://brucemillernurseryedgewood.com/clipart/bars/regular" "Mozilla/5.0 (Linux; Android 7.0;) AppleWebKit/537.36 (KHTML, like Gecko) Mobile Safari/537.36 (compatible; PetalBot;+https://webmaster.petalsearch.com/site/petalbot)" "brucemillernurseryedgewood.com"
114.119.132.149 - - [07/Nov/2022:06:53:52 -0800] "GET /clipart/bars/regular/horizontal/ HTTP/1.1" 200 390 "http://brucemillernurseryedgewood.com/clipart/bars/regular" "Mozilla/5.0 (Linux; Android 7.0;) AppleWebKit/537.36 (KHTML, like Gecko) Mobile Safari/537.36 (compatible; PetalBot;+https://webmaster.petalsearch.com/site/petalbot)" "brucemillernurseryedgewood.com"
114.119.132.146 - - [07/Nov/2022:07:02:57 -0800] "GET /clipart/buttons/themes?C=S%3BO%3DA HTTP/1.1" 301 1443 "http://brucemillernurseryedgewood.com/clipart/buttons/themes?C=M%3BO%3DA" "Mozilla/5.0 (Linux; Android 7.0;) AppleWebKit/537.36 (KHTML, like Gecko) Mobile Safari/537.36 (compatible; PetalBot;+https://webmaster.petalsearch.com/site/petalbot)" "brucemillernurseryedgewood.com"
114.119.132.146 - - [07/Nov/2022:07:02:58 -0800] "GET /clipart/buttons/themes/?C=S%3BO%3DA HTTP/1.1" 200 382 "http://brucemillernurseryedgewood.com/clipart/buttons/themes?C=M%3BO%3DA" "Mozilla/5.0 (Linux; Android 7.0;) AppleWebKit/537.36 (KHTML, like Gecko) Mobile Safari/537.36 (compatible; PetalBot;+https://webmaster.petalsearch.com/site/petalbot)" "brucemillernurseryedgewood.com"
207.46.13.197 - - [07/Nov/2022:07:04:44 -0800] "GET /home HTTP/1.1" 200 4616 "-" "Mozilla/5.0 AppleWebKit/537.36 (KHTML, like Gecko; compatible; bingbot/2.0; +http://www.bing.com/bingbot.htm) Chrome/103.0.5060.134 Safari/537.36" "brucemillernurseryedgewood.com"
51.222.253.8 - - [07/Nov/2022:07:06:41 -0800] "GET /?C=N;O=D HTTP/1.1" 200 402 "-" "Mozilla/5.0 (compatible; AhrefsBot/7.0; +http://ahrefs.com/robot/)" "brucemillernurseryedgewood.com"
216.244.66.230 - - [07/Nov/2022:07:18:07 -0800] "GET /images/IMG_0549.JPG HTTP/1.1" 200 3547492 "-" "Mozilla/5.0 (compatible; DotBot/1.2; +https://opensiteexplorer.org/dotbot; help@moz.com)" "www.brucemillernurseryedgewood.com"
216.244.66.230 - - [07/Nov/2022:07:18:57 -0800] "GET /images/IMG_0918.JPG HTTP/1.1" 200 3059258 "-" "Mozilla/5.0 (compatible; DotBot/1.2; +https://opensiteexplorer.org/dotbot; help@moz.com)" "www.brucemillernurseryedgewood.com"
216.244.66.230 - - [07/Nov/2022:07:19:48 -0800] "GET /images/IMG_0927.JPG HTTP/1.1" 200 3177074 "-" "Mozilla/5.0 (compatible; DotBot/1.2; +https://opensiteexplorer.org/dotbot; help@moz.com)" "www.brucemillernurseryedgewood.com"
216.244.66.230 - - [07/Nov/2022:07:20:38 -0800] "GET /images/IMG_1172.JPG HTTP/1.1" 200 3559878 "-" "Mozilla/5.0 (compatible; DotBot/1.2; +https://opensiteexplorer.org/dotbot; help@moz.com)" "www.brucemillernurseryedgewood.com"
216.244.66.230 - - [07/Nov/2022:07:21:29 -0800] "GET /images/Ken2.jpg HTTP/1.1" 200 1832353 "-" "Mozilla/5.0 (compatible; DotBot/1.2; +https://opensiteexplorer.org/dotbot; help@moz.com)" "www.brucemillernurseryedgewood.com"
216.244.66.230 - - [07/Nov/2022:07:22:20 -0800] "GET /images/clipartdog_1_.gif HTTP/1.1" 200 3170 "-" "Mozilla/5.0 (compatible; DotBot/1.2; +https://opensiteexplorer.org/dotbot; help@moz.com)" "www.brucemillernurseryedgewood.com"
216.244.66.230 - - [07/Nov/2022:07:22:49 -0800] "GET /sitebuilder/server_meta.txt HTTP/1.1" 200 12486 "-" "Mozilla/5.0 (compatible; DotBot/1.2; +https://opensiteexplorer.org/dotbot; help@moz.com)" "www.brucemillernurseryedgewood.com"
216.244.66.230 - - [07/Nov/2022:07:25:05 -0800] "GET /images/2009_0531Image0019.JPG HTTP/1.1" 200 459674 "-" "Mozilla/5.0 (compatible; DotBot/1.2; +https://opensiteexplorer.org/dotbot; help@moz.com)" "brucemillernurseryedgewood.com"
216.244.66.230 - - [07/Nov/2022:07:25:55 -0800] "GET /images/IMG_0872.JPG HTTP/1.1" 200 3180538 "-" "Mozilla/5.0 (compatible; DotBot/1.2; +https://opensiteexplorer.org/dotbot; help@moz.com)" "brucemillernurseryedgewood.com"
216.244.66.230 - - [07/Nov/2022:07:26:45 -0800] "GET /sitebuilder/images/IMG_0526-361x480.jpg HTTP/1.1" 200 56074 "-" "Mozilla/5.0 (compatible; DotBot/1.2; +https://opensiteexplorer.org/dotbot; help@moz.com)" "brucemillernurseryedgewood.com"
216.244.66.230 - - [07/Nov/2022:07:40:06 -0800] "GET /robots.txt HTTP/1.1" 404 73 "-" "Mozilla/5.0 (compatible; DotBot/1.2; +https://opensiteexplorer.org/dotbot; help@moz.com)" "brucemillernurseryedgewood.com"
216.244.66.230 - - [07/Nov/2022:07:40:06 -0800] "GET /robots.txt HTTP/1.1" 404 73 "-" "Mozilla/5.0 (compatible; DotBot/1.2; +https://opensiteexplorer.org/dotbot; help@moz.com)" "www.brucemillernurseryedgewood.com"
216.244.66.230 - - [07/Nov/2022:08:02:27 -0800] "GET /images/IMG_0257.JPG HTTP/1.1" 200 2845390 "-" "Mozilla/5.0 (compatible; DotBot/1.2; +https://opensiteexplorer.org/dotbot; help@moz.com)" "www.brucemillernurseryedgewood.com"
216.244.66.230 - - [07/Nov/2022:08:03:17 -0800] "GET /images/IMG_0727.JPG HTTP/1.1" 200 3100074 "-" "Mozilla/5.0 (compatible; DotBot/1.2; +https://opensiteexplorer.org/dotbot; help@moz.com)" "www.brucemillernurseryedgewood.com"
216.244.66.230 - - [07/Nov/2022:08:04:07 -0800] "GET /images/IMG_0747.JPG HTTP/1.1" 200 5142021 "-" "Mozilla/5.0 (compatible; DotBot/1.2; +https://opensiteexplorer.org/dotbot; help@moz.com)" "www.brucemillernurseryedgewood.com"
216.244.66.230 - - [07/Nov/2022:08:04:57 -0800] "GET /images/IMG_0920.JPG HTTP/1.1" 200 3071311 "-" "Mozilla/5.0 (compatible; DotBot/1.2; +https://opensiteexplorer.org/dotbot; help@moz.com)" "www.brucemillernurseryedgewood.com"
216.244.66.230 - - [07/Nov/2022:08:05:47 -0800] "GET /images/IMG_0926.JPG HTTP/1.1" 200 3642745 "-" "Mozilla/5.0 (compatible; DotBot/1.2; +https://opensiteexplorer.org/dotbot; help@moz.com)" "www.brucemillernurseryedgewood.com"
216.244.66.230 - - [07/Nov/2022:08:07:06 -0800] "GET /images/66557_1_.jpg HTTP/1.1" 200 3279 "-" "Mozilla/5.0 (compatible; DotBot/1.2; +https://opensiteexplorer.org/dotbot; help@moz.com)" "brucemillernurseryedgewood.com"
216.244.66.230 - - [07/Nov/2022:08:07:34 -0800] "GET /images/ZbThumbnail.info HTTP/1.1" 200 1262596 "-" "Mozilla/5.0 (compatible; DotBot/1.2; +https://opensiteexplorer.org/dotbot; help@moz.com)" "brucemillernurseryedgewood.com"
216.244.66.230 - - [07/Nov/2022:08:08:25 -0800] "GET /sitebuilder/images/2009_0620Image0002-315x235.jpg HTTP/1.1" 200 19401 "-" "Mozilla/5.0 (compatible; DotBot/1.2; +https://opensiteexplorer.org/dotbot; help@moz.com)" "brucemillernurseryedgewood.com"
216.244.66.230 - - [07/Nov/2022:08:08:56 -0800] "GET /sitebuilder/images/Edgewood-2-inactive-08676.png HTTP/1.1" 200 2128 "-" "Mozilla/5.0 (compatible; DotBot/1.2; +https://opensiteexplorer.org/dotbot; help@moz.com)" "brucemillernurseryedgewood.com"
216.244.66.230 - - [07/Nov/2022:08:09:24 -0800] "GET /sitebuilder/images/IMG_0724-346x256.jpg HTTP/1.1" 200 29965 "-" "Mozilla/5.0 (compatible; DotBot/1.2; +https://opensiteexplorer.org/dotbot; help@moz.com)" "brucemillernurseryedgewood.com"
66.249.70.115 - - [07/Nov/2022:08:12:00 -0800] "GET /robots.txt HTTP/1.1" 404 88 "-" "Mozilla/5.0 (compatible; Googlebot/2.1; +http://www.google.com/bot.html)" "brucemillernurseryedgewood.com"
66.249.70.117 - - [07/Nov/2022:08:13:01 -0800] "GET /ads.txt HTTP/1.1" 404 88 "-" "Mozilla/5.0 (compatible; Googlebot/2.1; +http://www.google.com/bot.html)" "brucemillernurseryedgewood.com"
216.244.66.230 - - [07/Nov/2022:08:15:40 -0800] "GET /sitebuilder/images/Edgewood-0-mouseOver-84671.png HTTP/1.1" 200 1675 "-" "Mozilla/5.0 (compatible; DotBot/1.2; +https://opensiteexplorer.org/dotbot; help@moz.com)" "www.brucemillernurseryedgewood.com"
216.244.66.230 - - [07/Nov/2022:08:16:05 -0800] "GET /sitebuilder/images/IMG_0121-300x209.jpg HTTP/1.1" 200 12830 "-" "Mozilla/5.0 (compatible; DotBot/1.2; +https://opensiteexplorer.org/dotbot; help@moz.com)" "www.brucemillernurseryedgewood.com"
216.244.66.230 - - [07/Nov/2022:08:16:29 -0800] "GET /sitebuilder/images/IMG_0509-360x291.jpg HTTP/1.1" 200 42141 "-" "Mozilla/5.0 (compatible; DotBot/1.2; +https://opensiteexplorer.org/dotbot; help@moz.com)" "www.brucemillernurseryedgewood.com"
216.244.66.230 - - [07/Nov/2022:08:16:52 -0800] "GET /sitebuilder/images/IMG_0512-285x390.jpg HTTP/1.1" 200 42461 "-" "Mozilla/5.0 (compatible; DotBot/1.2; +https://opensiteexplorer.org/dotbot; help@moz.com)" "www.brucemillernurseryedgewood.com"
216.244.66.230 - - [07/Nov/2022:08:17:15 -0800] "GET /sitebuilder/images/IMG_0721-326x242.jpg HTTP/1.1" 200 21381 "-" "Mozilla/5.0 (compatible; DotBot/1.2; +https://opensiteexplorer.org/dotbot; help@moz.com)" "www.brucemillernurseryedgewood.com"
216.244.66.230 - - [07/Nov/2022:08:17:37 -0800] "GET /sitebuilder/images/IMG_0934-279x376.jpg HTTP/1.1" 200 41017 "-" "Mozilla/5.0 (compatible; DotBot/1.2; +https://opensiteexplorer.org/dotbot; help@moz.com)" "www.brucemillernurseryedgewood.com"
216.244.66.230 - - [07/Nov/2022:08:17:57 -0800] "GET /sitebuilder/images/american-flag_1_-600x450.jpg HTTP/1.1" 200 43611 "-" "Mozilla/5.0 (compatible; DotBot/1.2; +https://opensiteexplorer.org/dotbot; help@moz.com)" "www.brucemillernurseryedgewood.com"
216.244.66.230 - - [07/Nov/2022:08:18:16 -0800] "GET /sitebuilder/images/flowerHeader-999x79.jpg HTTP/1.1" 200 7265 "-" "Mozilla/5.0 (compatible; DotBot/1.2; +https://opensiteexplorer.org/dotbot; help@moz.com)" "www.brucemillernurseryedgewood.com"
216.244.66.230 - - [07/Nov/2022:08:18:35 -0800] "GET /sitebuilder/images/green_solid-850x87.png HTTP/1.1" 200 310 "-" "Mozilla/5.0 (compatible; DotBot/1.2; +https://opensiteexplorer.org/dotbot; help@moz.com)" "www.brucemillernurseryedgewood.com"
114.119.150.186 - - [07/Nov/2022:08:19:18 -0800] "GET /sitebuilder/clipart/backgrounds/?C=S%3BO%3DA HTTP/1.1" 200 371 "https://www.brucemillernurseryedgewood.com/sitebuilder/clipart/backgrounds?C=M%3BO%3DA" "Mozilla/5.0 (Linux; Android 7.0;) AppleWebKit/537.36 (KHTML, like Gecko) Mobile Safari/537.36 (compatible; PetalBot;+https://webmaster.petalsearch.com/site/petalbot)" "www.brucemillernurseryedgewood.com"
114.119.132.16 - - [07/Nov/2022:08:24:23 -0800] "GET /clipart/backgrounds/sidebar?C=N%3BO%3DD HTTP/1.1" 301 1446 "https://www.brucemillernurseryedgewood.com/clipart/backgrounds/sidebar" "Mozilla/5.0 (Linux; Android 7.0;) AppleWebKit/537.36 (KHTML, like Gecko) Mobile Safari/537.36 (compatible; PetalBot;+https://webmaster.petalsearch.com/site/petalbot)" "www.brucemillernurseryedgewood.com"
114.119.132.16 - - [07/Nov/2022:08:24:24 -0800] "GET /clipart/backgrounds/sidebar/?C=N%3BO%3DD HTTP/1.1" 200 384 "https://www.brucemillernurseryedgewood.com/clipart/backgrounds/sidebar" "Mozilla/5.0 (Linux; Android 7.0;) AppleWebKit/537.36 (KHTML, like Gecko) Mobile Safari/537.36 (compatible; PetalBot;+https://webmaster.petalsearch.com/site/petalbot)" "www.brucemillernurseryedgewood.com"
216.244.66.230 - - [07/Nov/2022:08:27:35 -0800] "GET /robots.txt HTTP/1.1" 404 73 "-" "Mozilla/5.0 (compatible; DotBot/1.2; +https://opensiteexplorer.org/dotbot; help@moz.com)" "brucemillernurseryedgewood.com"
216.244.66.230 - - [07/Nov/2022:08:27:35 -0800] "GET /robots.txt HTTP/1.1" 404 73 "-" "Mozilla/5.0 (compatible; DotBot/1.2; +https://opensiteexplorer.org/dotbot; help@moz.com)" "www.brucemillernurseryedgewood.com"
68.69.184.202 - - [07/Nov/2022:08:28:08 -0800] "GET /robots.txt HTTP/1.1" 404 88 "-" "got (https://github.com/sindresorhus/got)" "brucemillernurseryedgewood.com"
68.69.184.202 - - [07/Nov/2022:08:28:09 -0800] "GET / HTTP/1.1" 200 406 "-" "got (https://github.com/sindresorhus/got)" "brucemillernurseryedgewood.com"
114.119.132.122 - - [07/Nov/2022:08:38:17 -0800] "GET /sitebuilder/clipart/backgrounds/tile HTTP/1.1" 301 1439 "https://www.brucemillernurseryedgewood.com/sitebuilder/clipart/backgrounds?C=D%3BO%3DA" "Mozilla/5.0 (Linux; Android 7.0;) AppleWebKit/537.36 (KHTML, like Gecko) Mobile Safari/537.36 (compatible; PetalBot;+https://webmaster.petalsearch.com/site/petalbot)" "www.brucemillernurseryedgewood.com"
114.119.132.122 - - [07/Nov/2022:08:38:18 -0800] "GET /sitebuilder/clipart/backgrounds/tile/ HTTP/1.1" 200 412 "https://www.brucemillernurseryedgewood.com/sitebuilder/clipart/backgrounds?C=D%3BO%3DA" "Mozilla/5.0 (Linux; Android 7.0;) AppleWebKit/537.36 (KHTML, like Gecko) Mobile Safari/537.36 (compatible; PetalBot;+https://webmaster.petalsearch.com/site/petalbot)" "www.brucemillernurseryedgewood.com"
114.119.132.131 - - [07/Nov/2022:08:47:37 -0800] "GET /?C=S%3BO%3DA HTTP/1.1" 200 406 "http://brucemillernurseryedgewood.com/?C=M%3BO%3DA" "Mozilla/5.0 (Linux; Android 7.0;) AppleWebKit/537.36 (KHTML, like Gecko) Mobile Safari/537.36 (compatible; PetalBot;+https://webmaster.petalsearch.com/site/petalbot)" "brucemillernurseryedgewood.com"
216.244.66.230 - - [07/Nov/2022:08:53:26 -0800] "GET /images/lampuandlamamC_1_.jpg HTTP/1.1" 200 16122 "-" "Mozilla/5.0 (compatible; DotBot/1.2; +https://opensiteexplorer.org/dotbot; help@moz.com)" "www.brucemillernurseryedgewood.com"
216.244.66.230 - - [07/Nov/2022:08:56:02 -0800] "GET /images/IMG_0728.JPG HTTP/1.1" 200 2697327 "-" "Mozilla/5.0 (compatible; DotBot/1.2; +https://opensiteexplorer.org/dotbot; help@moz.com)" "brucemillernurseryedgewood.com"
216.244.66.230 - - [07/Nov/2022:08:56:53 -0800] "GET /images/Ken2.jpg HTTP/1.1" 200 1832353 "-" "Mozilla/5.0 (compatible; DotBot/1.2; +https://opensiteexplorer.org/dotbot; help@moz.com)" "brucemillernurseryedgewood.com"
216.244.66.230 - - [07/Nov/2022:08:57:44 -0800] "GET /sitebuilder/images/Edgewood-5-inactive-40070.png HTTP/1.1" 200 1738 "-" "Mozilla/5.0 (compatible; DotBot/1.2; +https://opensiteexplorer.org/dotbot; help@moz.com)" "brucemillernurseryedgewood.com"
216.244.66.230 - - [07/Nov/2022:08:58:13 -0800] "GET /sitebuilder/images/IMG_0196-435x426.jpg HTTP/1.1" 200 62243 "-" "Mozilla/5.0 (compatible; DotBot/1.2; +https://opensiteexplorer.org/dotbot; help@moz.com)" "brucemillernurseryedgewood.com"
216.244.66.230 - - [07/Nov/2022:08:58:42 -0800] "GET /sitebuilder/images/IMG_0486-417x308.jpg HTTP/1.1" 200 38367 "-" "Mozilla/5.0 (compatible; DotBot/1.2; +https://opensiteexplorer.org/dotbot; help@moz.com)" "brucemillernurseryedgewood.com"
216.244.66.230 - - [07/Nov/2022:08:59:10 -0800] "GET /sitebuilder/images/IMG_0514-330x450.jpg HTTP/1.1" 200 47696 "-" "Mozilla/5.0 (compatible; DotBot/1.2; +https://opensiteexplorer.org/dotbot; help@moz.com)" "brucemillernurseryedgewood.com"
216.244.66.230 - - [07/Nov/2022:08:59:36 -0800] "GET /sitebuilder/images/IMG_0718-348x465.jpg HTTP/1.1" 200 39272 "-" "Mozilla/5.0 (compatible; DotBot/1.2; +https://opensiteexplorer.org/dotbot; help@moz.com)" "brucemillernurseryedgewood.com"
216.244.66.230 - - [07/Nov/2022:09:03:21 -0800] "GET /sitebuilder/images/2009_0516Image0009-600x450.jpg HTTP/1.1" 200 75599 "-" "Mozilla/5.0 (compatible; DotBot/1.2; +https://opensiteexplorer.org/dotbot; help@moz.com)" "www.brucemillernurseryedgewood.com"
216.244.66.230 - - [07/Nov/2022:09:03:47 -0800] "GET /sitebuilder/images/2009_0531Image0017-285x188.jpg HTTP/1.1" 200 19670 "-" "Mozilla/5.0 (compatible; DotBot/1.2; +https://opensiteexplorer.org/dotbot; help@moz.com)" "www.brucemillernurseryedgewood.com"
216.244.66.230 - - [07/Nov/2022:09:04:11 -0800] "GET /sitebuilder/images/3.19f-255x450.jpg HTTP/1.1" 200 41468 "-" "Mozilla/5.0 (compatible; DotBot/1.2; +https://opensiteexplorer.org/dotbot; help@moz.com)" "www.brucemillernurseryedgewood.com"
216.244.66.230 - - [07/Nov/2022:09:04:34 -0800] "GET /sitebuilder/images/Edgewood-1-inactive-31031.png HTTP/1.1" 200 1718 "-" "Mozilla/5.0 (compatible; DotBot/1.2; +https://opensiteexplorer.org/dotbot; help@moz.com)" "www.brucemillernurseryedgewood.com"
216.244.66.230 - - [07/Nov/2022:09:04:56 -0800] "GET /sitebuilder/images/IMG_0261-255x390.jpg HTTP/1.1" 200 27106 "-" "Mozilla/5.0 (compatible; DotBot/1.2; +https://opensiteexplorer.org/dotbot; help@moz.com)" "www.brucemillernurseryedgewood.com"
216.244.66.230 - - [07/Nov/2022:09:05:18 -0800] "GET /sitebuilder/images/IMG_0508-359x480.jpg HTTP/1.1" 200 65963 "-" "Mozilla/5.0 (compatible; DotBot/1.2; +https://opensiteexplorer.org/dotbot; help@moz.com)" "www.brucemillernurseryedgewood.com"
216.244.66.230 - - [07/Nov/2022:09:05:38 -0800] "GET /sitebuilder/images/IMG_0948-385x283.jpg HTTP/1.1" 200 41141 "-" "Mozilla/5.0 (compatible; DotBot/1.2; +https://opensiteexplorer.org/dotbot; help@moz.com)" "www.brucemillernurseryedgewood.com"
207.46.13.197 - - [07/Nov/2022:09:05:54 -0800] "GET / HTTP/1.1" 200 406 "-" "Mozilla/5.0 AppleWebKit/537.36 (KHTML, like Gecko; compatible; bingbot/2.0; +http://www.bing.com/bingbot.htm) Chrome/103.0.5060.134 Safari/537.36" "brucemillernurseryedgewood.com"
114.119.132.131 - - [07/Nov/2022:09:09:16 -0800] "GET /clipart/buttons/themes/?C=N%3BO%3DD HTTP/1.1" 200 382 "https://www.brucemillernurseryedgewood.com/clipart/buttons/themes/" "Mozilla/5.0 (Linux; Android 7.0;) AppleWebKit/537.36 (KHTML, like Gecko) Mobile Safari/537.36 (compatible; PetalBot;+https://webmaster.petalsearch.com/site/petalbot)" "www.brucemillernurseryedgewood.com"
118.184.177.83 - - [07/Nov/2022:09:09:28 -0800] "GET / HTTP/1.1" 200 406 "-" "Sogou web spider/4.0(+http://www.sogou.com/docs/help/webmasters.htm#07)" "brucemillernurseryedgewood.com"
205.185.214.63 - - [07/Nov/2022:09:11:23 -0800] "POST / HTTP/1.1" 404 88 "-" "Mozilla/5.0 (Windows NT 6.1) AppleWebKit/537.36 (KHTML, like Gecko) Chrome/86.0.4240.183 Safari/537.36" "brucemillernurseryedgewood.com"
114.119.132.122 - - [07/Nov/2022:09:16:26 -0800] "GET /sitebuilder/images?C=D%3BO%3DA HTTP/1.1" 301 1440 "http://brucemillernurseryedgewood.com/sitebuilder/images?C=N%3BO%3DD" "Mozilla/5.0 (Linux; Android 7.0;) AppleWebKit/537.36 (KHTML, like Gecko) Mobile Safari/537.36 (compatible; PetalBot;+https://webmaster.petalsearch.com/site/petalbot)" "brucemillernurseryedgewood.com"
114.119.132.122 - - [07/Nov/2022:09:16:27 -0800] "GET /sitebuilder/images/?C=D%3BO%3DA HTTP/1.1" 200 7088 "http://brucemillernurseryedgewood.com/sitebuilder/images?C=N%3BO%3DD" "Mozilla/5.0 (Linux; Android 7.0;) AppleWebKit/537.36 (KHTML, like Gecko) Mobile Safari/537.36 (compatible; PetalBot;+https://webmaster.petalsearch.com/site/petalbot)" "brucemillernurseryedgewood.com"
114.119.132.131 - - [07/Nov/2022:09:21:41 -0800] "GET /images/?C=D%3BO%3DA HTTP/1.1" 200 3702 "http://brucemillernurseryedgewood.com/images?C=M%3BO%3DA" "Mozilla/5.0 (Linux; Android 7.0;) AppleWebKit/537.36 (KHTML, like Gecko) Mobile Safari/537.36 (compatible; PetalBot;+https://webmaster.petalsearch.com/site/petalbot)" "brucemillernurseryedgewood.com"
216.244.66.230 - - [07/Nov/2022:09:26:36 -0800] "GET /robots.txt HTTP/1.1" 404 73 "-" "Mozilla/5.0 (compatible; DotBot/1.2; +https://opensiteexplorer.org/dotbot; help@moz.com)" "www.brucemillernurseryedgewood.com"
114.119.132.149 - - [07/Nov/2022:09:26:49 -0800] "GET /sitebuilder/clipart/backgrounds/?C=M%3BO%3DA HTTP/1.1" 200 371 "http://brucemillernurseryedgewood.com/sitebuilder/clipart/backgrounds?C=D%3BO%3DA" "Mozilla/5.0 (Linux; Android 7.0;) AppleWebKit/537.36 (KHTML, like Gecko) Mobile Safari/537.36 (compatible; PetalBot;+https://webmaster.petalsearch.com/site/petalbot)" "brucemillernurseryedgewood.com"
69.41.94.213 - - [07/Nov/2022:09:31:32 -0800] "GET / HTTP/1.1" 200 406 "-" "Mozilla/5.0 (Windows NT 10.0; Win64; x64) AppleWebKit/537.36 (KHTML, like Gecko) Chrome/107.0.0.0 Safari/537.36" "www.brucemillernurseryedgewood.com"
69.41.94.213 - - [07/Nov/2022:09:31:33 -0800] "GET /favicon.ico HTTP/1.1" 404 88 "http://www.brucemillernurseryedgewood.com/" "Mozilla/5.0 (Windows NT 10.0; Win64; x64) AppleWebKit/537.36 (KHTML, like Gecko) Chrome/107.0.0.0 Safari/537.36" "www.brucemillernurseryedgewood.com"
114.119.132.122 - - [07/Nov/2022:09:31:51 -0800] "GET / HTTP/1.1" 200 406 "https://www.brucemillernurseryedgewood.com/navigation_bars/?C=N%3BO%3DD" "Mozilla/5.0 (Linux; Android 7.0;) AppleWebKit/537.36 (KHTML, like Gecko) Mobile Safari/537.36 (compatible; PetalBot;+https://webmaster.petalsearch.com/site/petalbot)" "www.brucemillernurseryedgewood.com"
69.41.94.213 - - [07/Nov/2022:09:32:02 -0800] "GET / HTTP/1.1" 200 406 "-" "Mozilla/5.0 (Windows NT 10.0; Win64; x64) AppleWebKit/537.36 (KHTML, like Gecko) Chrome/107.0.0.0 Safari/537.36" "www.brucemillernurseryedgewood.com"
69.41.94.213 - - [07/Nov/2022:09:32:46 -0800] "GET / HTTP/1.1" 200 406 "-" "Mozilla/5.0 (Windows NT 10.0; Win64; x64) AppleWebKit/537.36 (KHTML, like Gecko) Chrome/107.0.0.0 Safari/537.36" "www.brucemillernurseryedgewood.com"
66.249.70.219 - - [07/Nov/2022:09:44:30 -0800] "GET /robots.txt HTTP/1.1" 404 88 "-" "Mozilla/5.0 (compatible; Googlebot/2.1; +http://www.google.com/bot.html)" "www.brucemillernurseryedgewood.com"
66.249.70.222 - - [07/Nov/2022:09:45:05 -0800] "GET /ads.txt HTTP/1.1" 404 88 "-" "Mozilla/5.0 (compatible; Googlebot/2.1; +http://www.google.com/bot.html)" "www.brucemillernurseryedgewood.com"
51.222.253.1 - - [07/Nov/2022:09:47:24 -0800] "GET /sitebuilder/scripts/?C=M;O=A HTTP/1.1" 200 372 "-" "Mozilla/5.0 (compatible; AhrefsBot/7.0; +http://ahrefs.com/robot/)" "brucemillernurseryedgewood.com"
216.244.66.230 - - [07/Nov/2022:09:57:24 -0800] "GET /about_us HTTP/1.1" 200 14093 "-" "Mozilla/5.0 (compatible; DotBot/1.2; +https://opensiteexplorer.org/dotbot; help@moz.com)" "www.brucemillernurseryedgewood.com"
205.185.121.69 - - [07/Nov/2022:10:21:22 -0800] "GET / HTTP/1.1" 200 406 "-" "Mozilla/5.0 (Macintosh; Intel Mac OS X 10_15_7) AppleWebKit/537.36 (KHTML, like Gecko) Chrome/96.0.4664.110 Safari/537.36" "www.brucemillernurseryedgewood.com"
205.185.121.69 - - [07/Nov/2022:10:21:22 -0800] "GET /favicon.ico HTTP/1.1" 404 88 "-" "Mozilla/5.0 (Macintosh; Intel Mac OS X 10_15_7) AppleWebKit/537.36 (KHTML, like Gecko) Chrome/96.0.4664.110 Safari/537.36" "www.brucemillernurseryedgewood.com"
47.186.156.171 - - [07/Nov/2022:10:27:23 -0800] "GET /contact_us HTTP/1.1" 200 8121 "-" "Mozilla/5.0 (iPad; CPU OS 15_6 like Mac OS X) AppleWebKit/605.1.15 (KHTML, like Gecko) GSA/236.0.484392333 Mobile/15E148 Safari/604.1" "brucemillernurseryedgewood.com"
47.186.156.171 - - [07/Nov/2022:10:27:24 -0800] "GET /_ySmbWs/tracking/admin/map?width=310&height=250&address=Hwy%2019%20and%20VZCR%201911%2C%20%2C%20Edgewood%2C%20TX%2C%2075402&version=1 HTTP/1.1" 200 826 "http://brucemillernurseryedgewood.com/contact_us" "Mozilla/5.0 (iPad; CPU OS 15_6 like Mac OS X) AppleWebKit/605.1.15 (KHTML, like Gecko) GSA/236.0.484392333 Mobile/15E148 Safari/604.1" "brucemillernurseryedgewood.com"
47.186.156.171 - - [07/Nov/2022:10:27:46 -0800] "GET /whats_new HTTP/1.1" 200 4437 "http://brucemillernurseryedgewood.com/contact_us" "Mozilla/5.0 (iPad; CPU OS 15_6 like Mac OS X) AppleWebKit/605.1.15 (KHTML, like Gecko) GSA/236.0.484392333 Mobile/15E148 Safari/604.1" "brucemillernurseryedgewood.com"
47.186.156.171 - - [07/Nov/2022:10:27:46 -0800] "GET /yahoo_site_admin/assets/images/119068161_694057637857285_4540827945049800535_n.257113452_std.jpg HTTP/1.1" 200 243053 "http://brucemillernurseryedgewood.com/whats_new" "Mozilla/5.0 (iPad; CPU OS 15_6 like Mac OS X) AppleWebKit/605.1.15 (KHTML, like Gecko) GSA/236.0.484392333 Mobile/15E148 Safari/604.1" "brucemillernurseryedgewood.com"
47.186.156.171 - - [07/Nov/2022:10:27:46 -0800] "GET /yahoo_site_admin/assets/images/IMG_3061.33691423_std.JPG HTTP/1.1" 200 71090 "http://brucemillernurseryedgewood.com/whats_new" "Mozilla/5.0 (iPad; CPU OS 15_6 like Mac OS X) AppleWebKit/605.1.15 (KHTML, like Gecko) GSA/236.0.484392333 Mobile/15E148 Safari/604.1" "brucemillernurseryedgewood.com"
47.186.156.171 - - [07/Nov/2022:10:48:38 -0800] "GET /contact_us HTTP/1.1" 200 8121 "-" "Mozilla/5.0 (Macintosh; Intel Mac OS X 10_15_6) AppleWebKit/605.1.15 (KHTML, like Gecko)" "brucemillernurseryedgewood.com"
66.249.70.117 - - [07/Nov/2022:10:48:48 -0800] "GET /contact_us HTTP/1.1" 200 8121 "-" "Mozilla/5.0 (Linux; Android 6.0.1; Nexus 5X Build/MMB29P) AppleWebKit/537.36 (KHTML, like Gecko) Chrome/99.0.4844.84 Mobile Safari/537.36 (compatible; Googlebot/2.1; +http://www.google.com/bot.html)" "brucemillernurseryedgewood.com"
66.249.70.115 - - [07/Nov/2022:10:49:14 -0800] "GET /contact_us HTTP/1.1" 200 8121 "-" "Mozilla/5.0 (compatible; Googlebot/2.1; +http://www.google.com/bot.html)" "brucemillernurseryedgewood.com"
66.249.70.117 - - [07/Nov/2022:10:49:14 -0800] "GET /_ySmbWs/tracking/admin/map?width=310&height=250&address=Hwy%2019%20and%20VZCR%201911%2C%20%2C%20Edgewood%2C%20TX%2C%2075402&version=1 HTTP/1.1" 200 826 "http://brucemillernurseryedgewood.com/contact_us" "Mozilla/5.0 AppleWebKit/537.36 (KHTML, like Gecko; compatible; Googlebot/2.1; +http://www.google.com/bot.html) Chrome/106.0.5249.119 Safari/537.36" "brucemillernurseryedgewood.com"
51.222.253.17 - - [07/Nov/2022:12:05:45 -0800] "GET /robots.txt HTTP/1.1" 404 88 "-" "Mozilla/5.0 (compatible; AhrefsBot/7.0; +http://ahrefs.com/robot/)" "brucemillernurseryedgewood.com"
51.222.253.9 - - [07/Nov/2022:12:05:46 -0800] "GET /clipart/buttons/themes/stone/?C=D;O=D HTTP/1.1" 200 409 "-" "Mozilla/5.0 (compatible; AhrefsBot/7.0; +http://ahrefs.com/robot/)" "brucemillernurseryedgewood.com"
114.119.150.186 - - [07/Nov/2022:12:06:34 -0800] "GET /sitebuilder/clipart/backgrounds HTTP/1.1" 301 1430 "http://brucemillernurseryedgewood.com/sitebuilder/clipart?C=D%3BO%3DA" "Mozilla/5.0 (Linux; Android 7.0;) AppleWebKit/537.36 (KHTML, like Gecko) Mobile Safari/537.36 (compatible; PetalBot;+https://webmaster.petalsearch.com/site/petalbot)" "brucemillernurseryedgewood.com"
114.119.150.186 - - [07/Nov/2022:12:06:34 -0800] "GET /sitebuilder/clipart/backgrounds/ HTTP/1.1" 200 371 "http://brucemillernurseryedgewood.com/sitebuilder/clipart?C=D%3BO%3DA" "Mozilla/5.0 (Linux; Android 7.0;) AppleWebKit/537.36 (KHTML, like Gecko) Mobile Safari/537.36 (compatible; PetalBot;+https://webmaster.petalsearch.com/site/petalbot)" "brucemillernurseryedgewood.com"
40.122.230.189 - - [07/Nov/2022:12:10:04 -0800] "GET /yahoo_site_admin/assets/images/014.40134520_std.JPG HTTP/1.1" 200 103846 "http://brucemillernurseryedgewood.com/yahoo_site_admin/assets/images" "Mozilla/5.0 (iPhone; CPU iPhone OS 13_5_1 like Mac OS X) AppleWebKit/605.1.15 (KHTML, like Gecko) Version/13.1.1 Mobile/15E148 Safari/604.1" "brucemillernurseryedgewood.com"
114.119.132.122 - - [07/Nov/2022:12:11:35 -0800] "GET /clipart/bars/?C=D%3BO%3DA HTTP/1.1" 200 358 "https://www.brucemillernurseryedgewood.com/clipart/bars/?C=S%3BO%3DA" "Mozilla/5.0 (Linux; Android 7.0;) AppleWebKit/537.36 (KHTML, like Gecko) Mobile Safari/537.36 (compatible; PetalBot;+https://webmaster.petalsearch.com/site/petalbot)" "www.brucemillernurseryedgewood.com"
114.119.132.149 - - [07/Nov/2022:12:16:33 -0800] "GET /sitebuilder/ HTTP/1.1" 200 443 "http://www.brucemillernurseryedgewood.com?C=N%3BO%3DD" "Mozilla/5.0 (Linux; Android 7.0;) AppleWebKit/537.36 (KHTML, like Gecko) Mobile Safari/537.36 (compatible; PetalBot;+https://webmaster.petalsearch.com/site/petalbot)" "www.brucemillernurseryedgewood.com"
114.119.132.16 - - [07/Nov/2022:12:21:35 -0800] "GET /clipart/bars/regular/horizontal/?C=M%3BO%3DA HTTP/1.1" 200 390 "http://brucemillernurseryedgewood.com/clipart/bars/regular/horizontal?C=N%3BO%3DD" "Mozilla/5.0 (Linux; Android 7.0;) AppleWebKit/537.36 (KHTML, like Gecko) Mobile Safari/537.36 (compatible; PetalBot;+https://webmaster.petalsearch.com/site/petalbot)" "brucemillernurseryedgewood.com"
114.119.132.149 - - [07/Nov/2022:12:26:37 -0800] "GET /sitebuilder/?C=D%3BO%3DA HTTP/1.1" 200 443 "http://brucemillernurseryedgewood.com/sitebuilder?C=M%3BO%3DA" "Mozilla/5.0 (Linux; Android 7.0;) AppleWebKit/537.36 (KHTML, like Gecko) Mobile Safari/537.36 (compatible; PetalBot;+https://webmaster.petalsearch.com/site/petalbot)" "brucemillernurseryedgewood.com"
114.119.132.146 - - [07/Nov/2022:12:31:34 -0800] "GET /clipart/buttons/themes/?C=S%3BO%3DA HTTP/1.1" 200 382 "https://www.brucemillernurseryedgewood.com/clipart/buttons/themes/" "Mozilla/5.0 (Linux; Android 7.0;) AppleWebKit/537.36 (KHTML, like Gecko) Mobile Safari/537.36 (compatible; PetalBot;+https://webmaster.petalsearch.com/site/petalbot)" "www.brucemillernurseryedgewood.com"
20.109.241.80 - - [07/Nov/2022:12:35:40 -0800] "GET /sitebuilder/images/Edgewood-3-inactive-08941.png HTTP/1.1" 200 2229 "http://brucemillernurseryedgewood.com/sitebuilder/images" "Mozilla/5.0 (Windows NT 10.0; Win64; x64) AppleWebKit/537.36 (KHTML, like Gecko) Chrome/74.0.3729.157 Safari/537.36" "brucemillernurseryedgewood.com"
114.119.132.153 - - [07/Nov/2022:12:36:34 -0800] "GET /clipart/buttons/themes?C=D%3BO%3DA HTTP/1.1" 301 1443 "http://brucemillernurseryedgewood.com/clipart/buttons/themes?C=M%3BO%3DA" "Mozilla/5.0 (Linux; Android 7.0;) AppleWebKit/537.36 (KHTML, like Gecko) Mobile Safari/537.36 (compatible; PetalBot;+https://webmaster.petalsearch.com/site/petalbot)" "brucemillernurseryedgewood.com"
