77.75.76.162 - - [10/Nov/2022:01:46:14 -0800] "GET /robots.txt HTTP/1.1" 404 88 "-" "Mozilla/5.0 (compatible; SeznamBot/3.2; +http://napoveda.seznam.cz/en/seznambot-intro/)" "brucemillernurseryedgewood.com"
77.75.76.162 - - [10/Nov/2022:01:46:15 -0800] "GET /images/DSC01921.JPG HTTP/1.1" 304 - "-" "Mozilla/5.0 (compatible; SeznamBot/3.2; +http://napoveda.seznam.cz/en/seznambot-intro/)" "brucemillernurseryedgewood.com"
216.244.66.230 - - [10/Nov/2022:01:54:04 -0800] "GET /images/2009_0531Image0017.JPG HTTP/1.1" 200 447331 "-" "Mozilla/5.0 (compatible; DotBot/1.2; +https://opensiteexplorer.org/dotbot; help@moz.com)" "www.brucemillernurseryedgewood.com"
216.244.66.230 - - [10/Nov/2022:01:54:55 -0800] "GET /images/IMG_0487.JPG HTTP/1.1" 200 3612715 "-" "Mozilla/5.0 (compatible; DotBot/1.2; +https://opensiteexplorer.org/dotbot; help@moz.com)" "www.brucemillernurseryedgewood.com"
216.244.66.230 - - [10/Nov/2022:01:55:45 -0800] "GET /images/IMG_0560.JPG HTTP/1.1" 200 3219438 "-" "Mozilla/5.0 (compatible; DotBot/1.2; +https://opensiteexplorer.org/dotbot; help@moz.com)" "www.brucemillernurseryedgewood.com"
216.244.66.230 - - [10/Nov/2022:01:56:35 -0800] "GET /images/IMG_0562.JPG HTTP/1.1" 200 2948574 "-" "Mozilla/5.0 (compatible; DotBot/1.2; +https://opensiteexplorer.org/dotbot; help@moz.com)" "www.brucemillernurseryedgewood.com"
216.244.66.230 - - [10/Nov/2022:01:58:47 -0800] "GET /images/2009_0711Image0006.JPG HTTP/1.1" 200 442812 "-" "Mozilla/5.0 (compatible; DotBot/1.2; +https://opensiteexplorer.org/dotbot; help@moz.com)" "brucemillernurseryedgewood.com"
216.244.66.230 - - [10/Nov/2022:01:59:37 -0800] "GET /sitebuilder/images/2009_0706Image0002-335x450.jpg HTTP/1.1" 200 30090 "-" "Mozilla/5.0 (compatible; DotBot/1.2; +https://opensiteexplorer.org/dotbot; help@moz.com)" "brucemillernurseryedgewood.com"
216.244.66.230 - - [10/Nov/2022:02:00:06 -0800] "GET /sitebuilder/images/Edgewood-0-mouseOver-08363.png HTTP/1.1" 200 1797 "-" "Mozilla/5.0 (compatible; DotBot/1.2; +https://opensiteexplorer.org/dotbot; help@moz.com)" "brucemillernurseryedgewood.com"
216.244.66.230 - - [10/Nov/2022:02:00:34 -0800] "GET /sitebuilder/images/IMG_0772-281x371.jpg HTTP/1.1" 200 19953 "-" "Mozilla/5.0 (compatible; DotBot/1.2; +https://opensiteexplorer.org/dotbot; help@moz.com)" "brucemillernurseryedgewood.com"
216.244.66.230 - - [10/Nov/2022:02:01:03 -0800] "GET /sitebuilder/images/IMG_1169-302x218.jpg HTTP/1.1" 200 21830 "-" "Mozilla/5.0 (compatible; DotBot/1.2; +https://opensiteexplorer.org/dotbot; help@moz.com)" "brucemillernurseryedgewood.com"
216.244.66.230 - - [10/Nov/2022:02:01:30 -0800] "GET /sitebuilder/images/IMG_1270-600x450.jpg HTTP/1.1" 200 59783 "-" "Mozilla/5.0 (compatible; DotBot/1.2; +https://opensiteexplorer.org/dotbot; help@moz.com)" "brucemillernurseryedgewood.com"
216.244.66.230 - - [10/Nov/2022:02:01:58 -0800] "GET /sitebuilder/images/Sandy_Patzke_1-184x189.jpg HTTP/1.1" 200 9335 "-" "Mozilla/5.0 (compatible; DotBot/1.2; +https://opensiteexplorer.org/dotbot; help@moz.com)" "brucemillernurseryedgewood.com"
216.244.66.230 - - [10/Nov/2022:02:02:22 -0800] "GET /sitebuilder/images/scanned_stuff-368x225.jpg HTTP/1.1" 200 17570 "-" "Mozilla/5.0 (compatible; DotBot/1.2; +https://opensiteexplorer.org/dotbot; help@moz.com)" "brucemillernurseryedgewood.com"
157.55.39.193 - - [10/Nov/2022:02:04:15 -0800] "GET /whats_new HTTP/1.1" 200 4437 "-" "Mozilla/5.0 (compatible; bingbot/2.0; +http://www.bing.com/bingbot.htm)" "brucemillernurseryedgewood.com"
157.55.39.34 - - [10/Nov/2022:02:04:22 -0800] "GET /navigation_bars/ HTTP/1.1" 200 372 "-" "Mozilla/5.0 (compatible; bingbot/2.0; +http://www.bing.com/bingbot.htm)" "brucemillernurseryedgewood.com"
216.244.66.230 - - [10/Nov/2022:02:05:04 -0800] "GET /sitebuilder/images/Edgewood-2-inactive-08676.png HTTP/1.1" 200 2128 "-" "Mozilla/5.0 (compatible; DotBot/1.2; +https://opensiteexplorer.org/dotbot; help@moz.com)" "www.brucemillernurseryedgewood.com"
216.244.66.230 - - [10/Nov/2022:02:05:19 -0800] "GET /sitebuilder/images/IMG_0182-282x345.jpg HTTP/1.1" 200 22895 "-" "Mozilla/5.0 (compatible; DotBot/1.2; +https://opensiteexplorer.org/dotbot; help@moz.com)" "www.brucemillernurseryedgewood.com"
216.244.66.230 - - [10/Nov/2022:02:05:37 -0800] "GET /sitebuilder/images/IMG_0773-334x252.jpg HTTP/1.1" 200 15618 "-" "Mozilla/5.0 (compatible; DotBot/1.2; +https://opensiteexplorer.org/dotbot; help@moz.com)" "www.brucemillernurseryedgewood.com"
216.244.66.230 - - [10/Nov/2022:02:14:25 -0800] "GET /navigation_bars/?C=N;O=A HTTP/1.1" 200 722 "-" "Mozilla/5.0 (compatible; DotBot/1.2; +https://opensiteexplorer.org/dotbot; help@moz.com)" "brucemillernurseryedgewood.com"
114.119.150.186 - - [10/Nov/2022:02:17:47 -0800] "GET /clipart/backgrounds/sidebar/?C=D%3BO%3DA HTTP/1.1" 200 384 "https://www.brucemillernurseryedgewood.com/clipart/backgrounds/sidebar" "Mozilla/5.0 (Linux; Android 7.0;) AppleWebKit/537.36 (KHTML, like Gecko) Mobile Safari/537.36 (compatible; PetalBot;+https://webmaster.petalsearch.com/site/petalbot)" "www.brucemillernurseryedgewood.com"
114.119.150.186 - - [10/Nov/2022:02:22:52 -0800] "GET /sitebuilder/clipart/?C=N%3BO%3DD HTTP/1.1" 200 376 "http://brucemillernurseryedgewood.com/sitebuilder/clipart/?C=D%3BO%3DA" "Mozilla/5.0 (Linux; Android 7.0;) AppleWebKit/537.36 (KHTML, like Gecko) Mobile Safari/537.36 (compatible; PetalBot;+https://webmaster.petalsearch.com/site/petalbot)" "brucemillernurseryedgewood.com"
216.244.66.230 - - [10/Nov/2022:02:31:12 -0800] "GET /robots.txt HTTP/1.1" 404 73 "-" "Mozilla/5.0 (compatible; DotBot/1.2; +https://opensiteexplorer.org/dotbot; help@moz.com)" "www.brucemillernurseryedgewood.com"
216.244.66.230 - - [10/Nov/2022:02:31:12 -0800] "GET /robots.txt HTTP/1.1" 404 73 "-" "Mozilla/5.0 (compatible; DotBot/1.2; +https://opensiteexplorer.org/dotbot; help@moz.com)" "brucemillernurseryedgewood.com"
51.222.253.20 - - [10/Nov/2022:02:37:09 -0800] "GET /robots.txt HTTP/1.1" 404 88 "-" "Mozilla/5.0 (compatible; AhrefsBot/7.0; +http://ahrefs.com/robot/)" "brucemillernurseryedgewood.com"
51.222.253.17 - - [10/Nov/2022:02:37:12 -0800] "GET / HTTP/1.1" 200 406 "-" "Mozilla/5.0 (compatible; AhrefsBot/7.0; +http://ahrefs.com/robot/)" "brucemillernurseryedgewood.com"
114.119.132.122 - - [10/Nov/2022:02:38:16 -0800] "GET /sitebuilder/clipart/backgrounds/ HTTP/1.1" 200 371 "http://brucemillernurseryedgewood.com/sitebuilder/clipart/?C=D%3BO%3DA" "Mozilla/5.0 (Linux; Android 7.0;) AppleWebKit/537.36 (KHTML, like Gecko) Mobile Safari/537.36 (compatible; PetalBot;+https://webmaster.petalsearch.com/site/petalbot)" "brucemillernurseryedgewood.com"
77.75.76.162 - - [10/Nov/2022:02:43:39 -0800] "GET /robots.txt HTTP/1.1" 404 88 "-" "Mozilla/5.0 (compatible; SeznamBot/3.2; +http://napoveda.seznam.cz/en/seznambot-intro/)" "brucemillernurseryedgewood.com"
77.75.76.162 - - [10/Nov/2022:02:43:40 -0800] "GET /images/IMG_0583.JPG HTTP/1.1" 304 - "-" "Mozilla/5.0 (compatible; SeznamBot/3.2; +http://napoveda.seznam.cz/en/seznambot-intro/)" "brucemillernurseryedgewood.com"
216.244.66.230 - - [10/Nov/2022:02:43:53 -0800] "GET /images/2009_0711Image0020.JPG HTTP/1.1" 200 450169 "-" "Mozilla/5.0 (compatible; DotBot/1.2; +https://opensiteexplorer.org/dotbot; help@moz.com)" "www.brucemillernurseryedgewood.com"
216.244.66.230 - - [10/Nov/2022:02:44:43 -0800] "GET /images/IMG_0186.JPG HTTP/1.1" 200 3945620 "-" "Mozilla/5.0 (compatible; DotBot/1.2; +https://opensiteexplorer.org/dotbot; help@moz.com)" "www.brucemillernurseryedgewood.com"
216.244.66.230 - - [10/Nov/2022:02:45:33 -0800] "GET /images/IMG_1275.JPG HTTP/1.1" 200 228822 "-" "Mozilla/5.0 (compatible; DotBot/1.2; +https://opensiteexplorer.org/dotbot; help@moz.com)" "www.brucemillernurseryedgewood.com"
216.244.66.230 - - [10/Nov/2022:02:47:15 -0800] "GET /images/14765_1_.jpg HTTP/1.1" 200 1728 "-" "Mozilla/5.0 (compatible; DotBot/1.2; +https://opensiteexplorer.org/dotbot; help@moz.com)" "brucemillernurseryedgewood.com"
216.244.66.230 - - [10/Nov/2022:02:47:44 -0800] "GET /sitebuilder/images/Dad_s_pictures_214-787x673.jpg HTTP/1.1" 200 104892 "-" "Mozilla/5.0 (compatible; DotBot/1.2; +https://opensiteexplorer.org/dotbot; help@moz.com)" "brucemillernurseryedgewood.com"
216.244.66.230 - - [10/Nov/2022:02:48:34 -0800] "GET /sitebuilder/images/IMG_0258-240x372.jpg HTTP/1.1" 200 33478 "-" "Mozilla/5.0 (compatible; DotBot/1.2; +https://opensiteexplorer.org/dotbot; help@moz.com)" "brucemillernurseryedgewood.com"
216.244.66.230 - - [10/Nov/2022:02:49:04 -0800] "GET /sitebuilder/images/IMG_0532-364x495.jpg HTTP/1.1" 200 57341 "-" "Mozilla/5.0 (compatible; DotBot/1.2; +https://opensiteexplorer.org/dotbot; help@moz.com)" "brucemillernurseryedgewood.com"
216.244.66.230 - - [10/Nov/2022:02:49:35 -0800] "GET /sitebuilder/images/IMG_0948-385x283.jpg HTTP/1.1" 200 41141 "-" "Mozilla/5.0 (compatible; DotBot/1.2; +https://opensiteexplorer.org/dotbot; help@moz.com)" "brucemillernurseryedgewood.com"
216.244.66.230 - - [10/Nov/2022:02:50:03 -0800] "GET /sitebuilder/images/yellowBrownBeach-758x64.jpg HTTP/1.1" 200 4746 "-" "Mozilla/5.0 (compatible; DotBot/1.2; +https://opensiteexplorer.org/dotbot; help@moz.com)" "brucemillernurseryedgewood.com"
216.244.66.230 - - [10/Nov/2022:02:53:30 -0800] "GET /sitebuilder/images/2009_0516Image0009-300x254.jpg HTTP/1.1" 200 26221 "-" "Mozilla/5.0 (compatible; DotBot/1.2; +https://opensiteexplorer.org/dotbot; help@moz.com)" "www.brucemillernurseryedgewood.com"
216.244.66.230 - - [10/Nov/2022:02:53:59 -0800] "GET /sitebuilder/images/IMG_0526-361x510.jpg HTTP/1.1" 200 59144 "-" "Mozilla/5.0 (compatible; DotBot/1.2; +https://opensiteexplorer.org/dotbot; help@moz.com)" "www.brucemillernurseryedgewood.com"
216.244.66.230 - - [10/Nov/2022:02:54:52 -0800] "GET /sitebuilder/images/IMG_1175-334x243.jpg HTTP/1.1" 200 20887 "-" "Mozilla/5.0 (compatible; DotBot/1.2; +https://opensiteexplorer.org/dotbot; help@moz.com)" "www.brucemillernurseryedgewood.com"
114.119.132.131 - - [10/Nov/2022:03:05:27 -0800] "GET /sitebuilder/scripts?C=S%3BO%3DA HTTP/1.1" 301 1445 "http://www.brucemillernurseryedgewood.com/sitebuilder/scripts" "Mozilla/5.0 (Linux; Android 7.0;) AppleWebKit/537.36 (KHTML, like Gecko) Mobile Safari/537.36 (compatible; PetalBot;+https://webmaster.petalsearch.com/site/petalbot)" "www.brucemillernurseryedgewood.com"
114.119.132.131 - - [10/Nov/2022:03:05:32 -0800] "GET /sitebuilder/scripts/?C=S%3BO%3DA HTTP/1.1" 200 372 "http://www.brucemillernurseryedgewood.com/sitebuilder/scripts" "Mozilla/5.0 (Linux; Android 7.0;) AppleWebKit/537.36 (KHTML, like Gecko) Mobile Safari/537.36 (compatible; PetalBot;+https://webmaster.petalsearch.com/site/petalbot)" "www.brucemillernurseryedgewood.com"
114.119.132.122 - - [10/Nov/2022:03:12:05 -0800] "GET /navigation_bars/Edgewood.nav HTTP/1.1" 200 6654 "http://brucemillernurseryedgewood.com/navigation_bars" "Mozilla/5.0 (Linux; Android 7.0;) AppleWebKit/537.36 (KHTML, like Gecko) Mobile Safari/537.36 (compatible; PetalBot;+https://webmaster.petalsearch.com/site/petalbot)" "brucemillernurseryedgewood.com"
216.244.66.230 - - [10/Nov/2022:03:19:31 -0800] "GET /robots.txt HTTP/1.1" 404 73 "-" "Mozilla/5.0 (compatible; DotBot/1.2; +https://opensiteexplorer.org/dotbot; help@moz.com)" "www.brucemillernurseryedgewood.com"
216.244.66.230 - - [10/Nov/2022:03:19:31 -0800] "GET /robots.txt HTTP/1.1" 404 73 "-" "Mozilla/5.0 (compatible; DotBot/1.2; +https://opensiteexplorer.org/dotbot; help@moz.com)" "brucemillernurseryedgewood.com"
114.119.132.153 - - [10/Nov/2022:03:22:30 -0800] "GET /clipart/lines/horizontal?C=N%3BO%3DD HTTP/1.1" 301 1442 "http://brucemillernurseryedgewood.com/clipart/lines/horizontal?C=M%3BO%3DA" "Mozilla/5.0 (Linux; Android 7.0;) AppleWebKit/537.36 (KHTML, like Gecko) Mobile Safari/537.36 (compatible; PetalBot;+https://webmaster.petalsearch.com/site/petalbot)" "brucemillernurseryedgewood.com"
114.119.132.153 - - [10/Nov/2022:03:22:31 -0800] "GET /clipart/lines/horizontal/?C=N%3BO%3DD HTTP/1.1" 200 447 "http://brucemillernurseryedgewood.com/clipart/lines/horizontal?C=M%3BO%3DA" "Mozilla/5.0 (Linux; Android 7.0;) AppleWebKit/537.36 (KHTML, like Gecko) Mobile Safari/537.36 (compatible; PetalBot;+https://webmaster.petalsearch.com/site/petalbot)" "brucemillernurseryedgewood.com"
114.119.132.131 - - [10/Nov/2022:03:27:36 -0800] "GET /sitebuilder/clipart/backgrounds?C=S%3BO%3DA HTTP/1.1" 301 1444 "http://brucemillernurseryedgewood.com/sitebuilder/clipart/backgrounds?C=D%3BO%3DA" "Mozilla/5.0 (Linux; Android 7.0;) AppleWebKit/537.36 (KHTML, like Gecko) Mobile Safari/537.36 (compatible; PetalBot;+https://webmaster.petalsearch.com/site/petalbot)" "brucemillernurseryedgewood.com"
114.119.132.131 - - [10/Nov/2022:03:27:37 -0800] "GET /sitebuilder/clipart/backgrounds/?C=S%3BO%3DA HTTP/1.1" 200 371 "http://brucemillernurseryedgewood.com/sitebuilder/clipart/backgrounds?C=D%3BO%3DA" "Mozilla/5.0 (Linux; Android 7.0;) AppleWebKit/537.36 (KHTML, like Gecko) Mobile Safari/537.36 (compatible; PetalBot;+https://webmaster.petalsearch.com/site/petalbot)" "brucemillernurseryedgewood.com"
123.125.109.110 - - [10/Nov/2022:03:32:19 -0800] "GET / HTTP/1.1" 200 406 "-" "Sogou web spider/4.0(+http://www.sogou.com/docs/help/webmasters.htm#07)" "www.brucemillernurseryedgewood.com"
114.119.132.149 - - [10/Nov/2022:03:32:41 -0800] "GET /clipart/images/sidebars?C=N%3BO%3DD HTTP/1.1" 301 1448 "https://www.brucemillernurseryedgewood.com/clipart/images/sidebars" "Mozilla/5.0 (Linux; Android 7.0;) AppleWebKit/537.36 (KHTML, like Gecko) Mobile Safari/537.36 (compatible; PetalBot;+https://webmaster.petalsearch.com/site/petalbot)" "www.brucemillernurseryedgewood.com"
114.119.132.149 - - [10/Nov/2022:03:32:42 -0800] "GET /clipart/images/sidebars/?C=N%3BO%3DD HTTP/1.1" 200 405 "https://www.brucemillernurseryedgewood.com/clipart/images/sidebars" "Mozilla/5.0 (Linux; Android 7.0;) AppleWebKit/537.36 (KHTML, like Gecko) Mobile Safari/537.36 (compatible; PetalBot;+https://webmaster.petalsearch.com/site/petalbot)" "www.brucemillernurseryedgewood.com"
61.135.159.210 - - [10/Nov/2022:03:35:08 -0800] "GET / HTTP/1.1" 200 406 "-" "Sogou web spider/4.0(+http://www.sogou.com/docs/help/webmasters.htm#07)" "brucemillernurseryedgewood.com"
114.119.132.131 - - [10/Nov/2022:03:37:45 -0800] "GET /sitebuilder/clipart/?C=N%3BO%3DD HTTP/1.1" 200 376 "https://www.brucemillernurseryedgewood.com/sitebuilder/clipart/" "Mozilla/5.0 (Linux; Android 7.0;) AppleWebKit/537.36 (KHTML, like Gecko) Mobile Safari/537.36 (compatible; PetalBot;+https://webmaster.petalsearch.com/site/petalbot)" "www.brucemillernurseryedgewood.com"
67.44.192.143 - - [10/Nov/2022:03:37:55 -0800] "GET /nursery.html HTTP/1.1" 404 88 "-" "Mozilla/5.0 (Macintosh; Intel Mac OS X 10_11_6) AppleWebKit/605.1.15 (KHTML, like Gecko)" "brucemillernurseryedgewood.com"
67.44.192.143 - - [10/Nov/2022:03:37:56 -0800] "GET /apple-touch-icon-precomposed.png HTTP/1.1" 404 88 "-" "Safari/11605.3.8.1 CFNetwork/760.9 Darwin/15.6.0 (x86_64)" "brucemillernurseryedgewood.com"
67.44.192.143 - - [10/Nov/2022:03:37:57 -0800] "GET /apple-touch-icon.png HTTP/1.1" 404 88 "-" "Safari/11605.3.8.1 CFNetwork/760.9 Darwin/15.6.0 (x86_64)" "brucemillernurseryedgewood.com"
67.44.192.143 - - [10/Nov/2022:03:37:57 -0800] "GET /favicon.ico HTTP/1.1" 404 88 "-" "Safari/11605.3.8.1 CFNetwork/760.9 Darwin/15.6.0 (x86_64)" "brucemillernurseryedgewood.com"
67.44.192.143 - - [10/Nov/2022:03:37:58 -0800] "GET /apple-touch-icon-precomposed.png HTTP/1.1" 404 88 "-" "Safari/11605.3.8.1 CFNetwork/760.9 Darwin/15.6.0 (x86_64)" "brucemillernurseryedgewood.com"
67.44.192.143 - - [10/Nov/2022:03:37:59 -0800] "GET /apple-touch-icon.png HTTP/1.1" 404 88 "-" "Safari/11605.3.8.1 CFNetwork/760.9 Darwin/15.6.0 (x86_64)" "brucemillernurseryedgewood.com"
67.44.192.143 - - [10/Nov/2022:03:37:59 -0800] "GET /favicon.ico HTTP/1.1" 404 88 "-" "Safari/11605.3.8.1 CFNetwork/760.9 Darwin/15.6.0 (x86_64)" "brucemillernurseryedgewood.com"
67.44.192.143 - - [10/Nov/2022:03:38:00 -0800] "GET /nursery.html HTTP/1.1" 404 88 "-" "\"Mozilla/5.0 (iPhone; CPU iPhone OS 11_0 like Mac OS X) AppleWebKit/604.1.38 (KHTML, like Gecko) Version/11.0 Mobile/15A372 Safari/604.1\"" "brucemillernurseryedgewood.com"
67.44.192.143 - - [10/Nov/2022:03:38:01 -0800] "GET /apple-touch-icon-precomposed.png HTTP/1.1" 404 88 "-" "Safari/11605.3.8.1 CFNetwork/760.9 Darwin/15.6.0 (x86_64)" "brucemillernurseryedgewood.com"
67.44.192.143 - - [10/Nov/2022:03:38:02 -0800] "GET /apple-touch-icon.png HTTP/1.1" 404 88 "-" "Safari/11605.3.8.1 CFNetwork/760.9 Darwin/15.6.0 (x86_64)" "brucemillernurseryedgewood.com"
67.44.192.143 - - [10/Nov/2022:03:38:02 -0800] "GET /favicon.ico HTTP/1.1" 404 88 "-" "Safari/11605.3.8.1 CFNetwork/760.9 Darwin/15.6.0 (x86_64)" "brucemillernurseryedgewood.com"
67.44.192.143 - - [10/Nov/2022:03:38:03 -0800] "GET /apple-touch-icon-precomposed.png HTTP/1.1" 404 88 "-" "Safari/11605.3.8.1 CFNetwork/760.9 Darwin/15.6.0 (x86_64)" "brucemillernurseryedgewood.com"
67.44.192.143 - - [10/Nov/2022:03:38:04 -0800] "GET /apple-touch-icon.png HTTP/1.1" 404 88 "-" "Safari/11605.3.8.1 CFNetwork/760.9 Darwin/15.6.0 (x86_64)" "brucemillernurseryedgewood.com"
67.44.192.143 - - [10/Nov/2022:03:38:04 -0800] "GET /favicon.ico HTTP/1.1" 404 88 "-" "Safari/11605.3.8.1 CFNetwork/760.9 Darwin/15.6.0 (x86_64)" "brucemillernurseryedgewood.com"
216.244.66.230 - - [10/Nov/2022:03:38:25 -0800] "GET /images/2009_0531Image0019.JPG HTTP/1.1" 200 459674 "-" "Mozilla/5.0 (compatible; DotBot/1.2; +https://opensiteexplorer.org/dotbot; help@moz.com)" "www.brucemillernurseryedgewood.com"
216.244.66.230 - - [10/Nov/2022:03:39:16 -0800] "GET /images/IMG_0773.JPG HTTP/1.1" 200 2739203 "-" "Mozilla/5.0 (compatible; DotBot/1.2; +https://opensiteexplorer.org/dotbot; help@moz.com)" "www.brucemillernurseryedgewood.com"
216.244.66.230 - - [10/Nov/2022:03:40:36 -0800] "GET /images/IMG_0569.JPG HTTP/1.1" 200 3126897 "-" "Mozilla/5.0 (compatible; DotBot/1.2; +https://opensiteexplorer.org/dotbot; help@moz.com)" "brucemillernurseryedgewood.com"
216.244.66.230 - - [10/Nov/2022:03:41:27 -0800] "GET /images/IMG_0932.JPG HTTP/1.1" 200 3134327 "-" "Mozilla/5.0 (compatible; DotBot/1.2; +https://opensiteexplorer.org/dotbot; help@moz.com)" "brucemillernurseryedgewood.com"
77.75.76.166 - - [10/Nov/2022:03:41:39 -0800] "GET /robots.txt HTTP/1.1" 404 88 "-" "Mozilla/5.0 (compatible; SeznamBot/3.2; +http://napoveda.seznam.cz/en/seznambot-intro/)" "brucemillernurseryedgewood.com"
77.75.76.166 - - [10/Nov/2022:03:41:40 -0800] "GET /images/IMG_0929.JPG HTTP/1.1" 304 - "-" "Mozilla/5.0 (compatible; SeznamBot/3.2; +http://napoveda.seznam.cz/en/seznambot-intro/)" "brucemillernurseryedgewood.com"
216.244.66.230 - - [10/Nov/2022:03:42:17 -0800] "GET /sitebuilder/images/2009_0531Image0017-300x216.jpg HTTP/1.1" 200 23125 "-" "Mozilla/5.0 (compatible; DotBot/1.2; +https://opensiteexplorer.org/dotbot; help@moz.com)" "brucemillernurseryedgewood.com"
216.244.66.230 - - [10/Nov/2022:03:42:47 -0800] "GET /sitebuilder/images/2009_0620Image0007-320x435.jpg HTTP/1.1" 200 38553 "-" "Mozilla/5.0 (compatible; DotBot/1.2; +https://opensiteexplorer.org/dotbot; help@moz.com)" "brucemillernurseryedgewood.com"
216.244.66.230 - - [10/Nov/2022:03:43:16 -0800] "GET /sitebuilder/images/IMG_0534-450x600.jpg HTTP/1.1" 200 69822 "-" "Mozilla/5.0 (compatible; DotBot/1.2; +https://opensiteexplorer.org/dotbot; help@moz.com)" "brucemillernurseryedgewood.com"
114.119.132.149 - - [10/Nov/2022:03:43:35 -0800] "GET /sitebuilder/images/?C=N%3BO%3DD HTTP/1.1" 200 7088 "https://www.brucemillernurseryedgewood.com/sitebuilder/images/?C=M%3BO%3DA" "Mozilla/5.0 (Linux; Android 7.0;) AppleWebKit/537.36 (KHTML, like Gecko) Mobile Safari/537.36 (compatible; PetalBot;+https://webmaster.petalsearch.com/site/petalbot)" "www.brucemillernurseryedgewood.com"
216.244.66.230 - - [10/Nov/2022:03:43:48 -0800] "GET /sitebuilder/images/IMG_1170-254x361.jpg HTTP/1.1" 200 29880 "-" "Mozilla/5.0 (compatible; DotBot/1.2; +https://opensiteexplorer.org/dotbot; help@moz.com)" "brucemillernurseryedgewood.com"
216.244.66.230 - - [10/Nov/2022:03:44:15 -0800] "GET /sitebuilder/images/Ivy_kittens2-360x270.jpg HTTP/1.1" 200 20951 "-" "Mozilla/5.0 (compatible; DotBot/1.2; +https://opensiteexplorer.org/dotbot; help@moz.com)" "brucemillernurseryedgewood.com"
216.244.66.230 - - [10/Nov/2022:03:46:13 -0800] "GET /sitebuilder/images/2009_0524Image0002-181x255.jpg HTTP/1.1" 200 14834 "-" "Mozilla/5.0 (compatible; DotBot/1.2; +https://opensiteexplorer.org/dotbot; help@moz.com)" "www.brucemillernurseryedgewood.com"
216.244.66.230 - - [10/Nov/2022:03:46:34 -0800] "GET /sitebuilder/images/2009_0620Image0004-320x235.jpg HTTP/1.1" 200 22579 "-" "Mozilla/5.0 (compatible; DotBot/1.2; +https://opensiteexplorer.org/dotbot; help@moz.com)" "www.brucemillernurseryedgewood.com"
216.244.66.230 - - [10/Nov/2022:03:46:53 -0800] "GET /sitebuilder/images/2009_0620Image0005-345x255.jpg HTTP/1.1" 200 25342 "-" "Mozilla/5.0 (compatible; DotBot/1.2; +https://opensiteexplorer.org/dotbot; help@moz.com)" "www.brucemillernurseryedgewood.com"
216.244.66.230 - - [10/Nov/2022:03:47:12 -0800] "GET /sitebuilder/images/Edgewood-0-mouseOver-30953.png HTTP/1.1" 200 1729 "-" "Mozilla/5.0 (compatible; DotBot/1.2; +https://opensiteexplorer.org/dotbot; help@moz.com)" "www.brucemillernurseryedgewood.com"
216.244.66.230 - - [10/Nov/2022:03:47:29 -0800] "GET /sitebuilder/images/Edgewood-1-active-84875.png HTTP/1.1" 200 1503 "-" "Mozilla/5.0 (compatible; DotBot/1.2; +https://opensiteexplorer.org/dotbot; help@moz.com)" "www.brucemillernurseryedgewood.com"
216.244.66.230 - - [10/Nov/2022:03:47:45 -0800] "GET /sitebuilder/images/IMG_0505-391x470.jpg HTTP/1.1" 200 41161 "-" "Mozilla/5.0 (compatible; DotBot/1.2; +https://opensiteexplorer.org/dotbot; help@moz.com)" "www.brucemillernurseryedgewood.com"
216.244.66.230 - - [10/Nov/2022:03:48:36 -0800] "GET /sitebuilder/images/IMG_0520-514x383.jpg HTTP/1.1" 200 51268 "-" "Mozilla/5.0 (compatible; DotBot/1.2; +https://opensiteexplorer.org/dotbot; help@moz.com)" "www.brucemillernurseryedgewood.com"
114.119.132.16 - - [10/Nov/2022:03:48:40 -0800] "GET /sitebuilder/clipart/backgrounds/tile/?C=N%3BO%3DD HTTP/1.1" 200 412 "https://www.brucemillernurseryedgewood.com/sitebuilder/clipart/backgrounds/tile/" "Mozilla/5.0 (Linux; Android 7.0;) AppleWebKit/537.36 (KHTML, like Gecko) Mobile Safari/537.36 (compatible; PetalBot;+https://webmaster.petalsearch.com/site/petalbot)" "www.brucemillernurseryedgewood.com"
216.244.66.230 - - [10/Nov/2022:03:49:08 -0800] "GET /sitebuilder/images/IMG_0772-281x371.jpg HTTP/1.1" 200 19953 "-" "Mozilla/5.0 (compatible; DotBot/1.2; +https://opensiteexplorer.org/dotbot; help@moz.com)" "www.brucemillernurseryedgewood.com"
216.244.66.230 - - [10/Nov/2022:03:49:36 -0800] "GET /sitebuilder/images/flowerHeader-989x79.jpg HTTP/1.1" 200 7199 "-" "Mozilla/5.0 (compatible; DotBot/1.2; +https://opensiteexplorer.org/dotbot; help@moz.com)" "www.brucemillernurseryedgewood.com"
114.119.132.122 - - [10/Nov/2022:03:55:44 -0800] "GET /sitebuilder/clipart/bars/low-carb/horizontal/?C=N%3BO%3DD HTTP/1.1" 200 421 "http://brucemillernurseryedgewood.com/sitebuilder/clipart/bars/low-carb/horizontal?C=D%3BO%3DA" "Mozilla/5.0 (Linux; Android 7.0;) AppleWebKit/537.36 (KHTML, like Gecko) Mobile Safari/537.36 (compatible; PetalBot;+https://webmaster.petalsearch.com/site/petalbot)" "brucemillernurseryedgewood.com"
223.247.179.42 - - [10/Nov/2022:03:56:00 -0800] "GET / HTTP/1.1" 200 406 "-" "Mozilla/5.0 (iPhone; CPU iPhone OS 13_2_3 like Mac OS X) AppleWebKit/605.1.15 (KHTML, like Gecko) Version/13.0.3 Mobile/15E148 Safari/604.1" "www.brucemillernurseryedgewood.com"
114.119.132.146 - - [10/Nov/2022:04:01:47 -0800] "GET /sitebuilder/clipart/bars/regular/vertical?C=M%3BO%3DA HTTP/1.1" 301 1458 "https://www.brucemillernurseryedgewood.com/sitebuilder/clipart/bars/regular/vertical?C=D%3BO%3DA" "Mozilla/5.0 (Linux; Android 7.0;) AppleWebKit/537.36 (KHTML, like Gecko) Mobile Safari/537.36 (compatible; PetalBot;+https://webmaster.petalsearch.com/site/petalbot)" "www.brucemillernurseryedgewood.com"
114.119.132.146 - - [10/Nov/2022:04:01:48 -0800] "GET /sitebuilder/clipart/bars/regular/vertical/?C=M%3BO%3DA HTTP/1.1" 200 417 "https://www.brucemillernurseryedgewood.com/sitebuilder/clipart/bars/regular/vertical?C=D%3BO%3DA" "Mozilla/5.0 (Linux; Android 7.0;) AppleWebKit/537.36 (KHTML, like Gecko) Mobile Safari/537.36 (compatible; PetalBot;+https://webmaster.petalsearch.com/site/petalbot)" "www.brucemillernurseryedgewood.com"
216.244.66.230 - - [10/Nov/2022:04:09:21 -0800] "GET /robots.txt HTTP/1.1" 404 73 "-" "Mozilla/5.0 (compatible; DotBot/1.2; +https://opensiteexplorer.org/dotbot; help@moz.com)" "brucemillernurseryedgewood.com"
216.244.66.230 - - [10/Nov/2022:04:09:21 -0800] "GET /robots.txt HTTP/1.1" 404 73 "-" "Mozilla/5.0 (compatible; DotBot/1.2; +https://opensiteexplorer.org/dotbot; help@moz.com)" "www.brucemillernurseryedgewood.com"
114.119.132.149 - - [10/Nov/2022:04:19:25 -0800] "GET /clipart/backgrounds/fullpage/?C=N%3BO%3DD HTTP/1.1" 200 387 "http://brucemillernurseryedgewood.com/clipart/backgrounds/fullpage" "Mozilla/5.0 (Linux; Android 7.0;) AppleWebKit/537.36 (KHTML, like Gecko) Mobile Safari/537.36 (compatible; PetalBot;+https://webmaster.petalsearch.com/site/petalbot)" "brucemillernurseryedgewood.com"
114.119.132.131 - - [10/Nov/2022:04:24:28 -0800] "GET /?C=S%3BO%3DA HTTP/1.1" 200 406 "http://www.brucemillernurseryedgewood.com?C=D%3BO%3DA" "Mozilla/5.0 (Linux; Android 7.0;) AppleWebKit/537.36 (KHTML, like Gecko) Mobile Safari/537.36 (compatible; PetalBot;+https://webmaster.petalsearch.com/site/petalbot)" "www.brucemillernurseryedgewood.com"
216.244.66.230 - - [10/Nov/2022:04:25:11 -0800] "GET /sitebuilder/images/2009_0531Image0028-330x237.jpg HTTP/1.1" 200 34318 "-" "Mozilla/5.0 (compatible; DotBot/1.2; +https://opensiteexplorer.org/dotbot; help@moz.com)" "brucemillernurseryedgewood.com"
216.244.66.230 - - [10/Nov/2022:04:25:40 -0800] "GET /sitebuilder/images/2009_0711Image0012-279x360.jpg HTTP/1.1" 200 38210 "-" "Mozilla/5.0 (compatible; DotBot/1.2; +https://opensiteexplorer.org/dotbot; help@moz.com)" "brucemillernurseryedgewood.com"
216.244.66.230 - - [10/Nov/2022:04:26:10 -0800] "GET /sitebuilder/images/IMG_0132-360x345.jpg HTTP/1.1" 200 33802 "-" "Mozilla/5.0 (compatible; DotBot/1.2; +https://opensiteexplorer.org/dotbot; help@moz.com)" "brucemillernurseryedgewood.com"
216.244.66.230 - - [10/Nov/2022:04:26:38 -0800] "GET /sitebuilder/images/IMG_0178-345x270.jpg HTTP/1.1" 200 24702 "-" "Mozilla/5.0 (compatible; DotBot/1.2; +https://opensiteexplorer.org/dotbot; help@moz.com)" "brucemillernurseryedgewood.com"
216.244.66.230 - - [10/Nov/2022:04:27:08 -0800] "GET /sitebuilder/images/IMG_0522-510x376.jpg HTTP/1.1" 200 63290 "-" "Mozilla/5.0 (compatible; DotBot/1.2; +https://opensiteexplorer.org/dotbot; help@moz.com)" "brucemillernurseryedgewood.com"
216.244.66.230 - - [10/Nov/2022:04:27:36 -0800] "GET /sitebuilder/images/IMG_0927-415x306.jpg HTTP/1.1" 200 31961 "-" "Mozilla/5.0 (compatible; DotBot/1.2; +https://opensiteexplorer.org/dotbot; help@moz.com)" "brucemillernurseryedgewood.com"
114.119.132.16 - - [10/Nov/2022:04:29:32 -0800] "GET /clipart/bars/regular?C=S%3BO%3DA HTTP/1.1" 301 1441 "http://brucemillernurseryedgewood.com/clipart/bars/regular?C=D%3BO%3DA" "Mozilla/5.0 (Linux; Android 7.0;) AppleWebKit/537.36 (KHTML, like Gecko) Mobile Safari/537.36 (compatible; PetalBot;+https://webmaster.petalsearch.com/site/petalbot)" "brucemillernurseryedgewood.com"
114.119.132.16 - - [10/Nov/2022:04:29:34 -0800] "GET /clipart/bars/regular/?C=S%3BO%3DA HTTP/1.1" 200 366 "http://brucemillernurseryedgewood.com/clipart/bars/regular?C=D%3BO%3DA" "Mozilla/5.0 (Linux; Android 7.0;) AppleWebKit/537.36 (KHTML, like Gecko) Mobile Safari/537.36 (compatible; PetalBot;+https://webmaster.petalsearch.com/site/petalbot)" "brucemillernurseryedgewood.com"
114.119.132.16 - - [10/Nov/2022:04:34:38 -0800] "GET /sitebuilder/clipart/bars/low-carb/horizontal/ HTTP/1.1" 200 421 "http://brucemillernurseryedgewood.com/sitebuilder/clipart/bars/low-carb/?C=D%3BO%3DA" "Mozilla/5.0 (Linux; Android 7.0;) AppleWebKit/537.36 (KHTML, like Gecko) Mobile Safari/537.36 (compatible; PetalBot;+https://webmaster.petalsearch.com/site/petalbot)" "brucemillernurseryedgewood.com"
20.150.196.125 - - [10/Nov/2022:04:35:29 -0800] "GET / HTTP/1.1" 200 406 "-" "Mozilla/5.0 (X11; Ubuntu; Linux x86_64; rv:73.0) Gecko/20100101 Firefox/73.0" "brucemillernurseryedgewood.com"
216.244.66.230 - - [10/Nov/2022:04:35:53 -0800] "GET /sitebuilder/images/Edgewood-2-active-08801.png HTTP/1.1" 200 1994 "-" "Mozilla/5.0 (compatible; DotBot/1.2; +https://opensiteexplorer.org/dotbot; help@moz.com)" "www.brucemillernurseryedgewood.com"
216.244.66.230 - - [10/Nov/2022:04:36:04 -0800] "GET /sitebuilder/images/Edgewood-4-active-85875.png HTTP/1.1" 200 1529 "-" "Mozilla/5.0 (compatible; DotBot/1.2; +https://opensiteexplorer.org/dotbot; help@moz.com)" "www.brucemillernurseryedgewood.com"
216.244.66.230 - - [10/Nov/2022:04:36:13 -0800] "GET /sitebuilder/images/IMG_0491-420x309.jpg HTTP/1.1" 200 22491 "-" "Mozilla/5.0 (compatible; DotBot/1.2; +https://opensiteexplorer.org/dotbot; help@moz.com)" "www.brucemillernurseryedgewood.com"
216.244.66.230 - - [10/Nov/2022:04:36:23 -0800] "GET /sitebuilder/images/IMG_0532-323x435.jpg HTTP/1.1" 200 46040 "-" "Mozilla/5.0 (compatible; DotBot/1.2; +https://opensiteexplorer.org/dotbot; help@moz.com)" "www.brucemillernurseryedgewood.com"
216.244.66.230 - - [10/Nov/2022:04:36:32 -0800] "GET /sitebuilder/images/IMG_0564-456x335.jpg HTTP/1.1" 200 35455 "-" "Mozilla/5.0 (compatible; DotBot/1.2; +https://opensiteexplorer.org/dotbot; help@moz.com)" "www.brucemillernurseryedgewood.com"
114.119.132.131 - - [10/Nov/2022:04:39:43 -0800] "GET /sitebuilder/clipart/bars/low-carb/horizontal?C=N%3BO%3DD HTTP/1.1" 301 1458 "http://brucemillernurseryedgewood.com/sitebuilder/clipart/bars/low-carb/horizontal" "Mozilla/5.0 (Linux; Android 7.0;) AppleWebKit/537.36 (KHTML, like Gecko) Mobile Safari/537.36 (compatible; PetalBot;+https://webmaster.petalsearch.com/site/petalbot)" "brucemillernurseryedgewood.com"
114.119.132.131 - - [10/Nov/2022:04:39:43 -0800] "GET /sitebuilder/clipart/bars/low-carb/horizontal/?C=N%3BO%3DD HTTP/1.1" 200 421 "http://brucemillernurseryedgewood.com/sitebuilder/clipart/bars/low-carb/horizontal" "Mozilla/5.0 (Linux; Android 7.0;) AppleWebKit/537.36 (KHTML, like Gecko) Mobile Safari/537.36 (compatible; PetalBot;+https://webmaster.petalsearch.com/site/petalbot)" "brucemillernurseryedgewood.com"
61.52.212.224 - - [10/Nov/2022:04:40:35 -0800] "GET /robots.txt HTTP/1.1" 404 88 "-" "Mozilla/5.0 (Windows NT 10.0; Win64; x64) AppleWebKit/537.36 (KHTML, like Gecko) Chrome/92.0.4515.159 Safari/537.36" "www.brucemillernurseryedgewood.com"
216.244.66.230 - - [10/Nov/2022:04:43:41 -0800] "GET /sitebuilder/images/?C=M;O=A HTTP/1.1" 200 72857 "-" "Mozilla/5.0 (compatible; DotBot/1.2; +https://opensiteexplorer.org/dotbot; help@moz.com)" "brucemillernurseryedgewood.com"
114.119.132.122 - - [10/Nov/2022:04:44:48 -0800] "GET /sitebuilder/clipart/backgrounds/?C=N%3BO%3DD HTTP/1.1" 200 371 "https://www.brucemillernurseryedgewood.com/sitebuilder/clipart/backgrounds" "Mozilla/5.0 (Linux; Android 7.0;) AppleWebKit/537.36 (KHTML, like Gecko) Mobile Safari/537.36 (compatible; PetalBot;+https://webmaster.petalsearch.com/site/petalbot)" "www.brucemillernurseryedgewood.com"
51.222.253.11 - - [10/Nov/2022:04:44:48 -0800] "GET /images/ HTTP/1.1" 200 3702 "-" "Mozilla/5.0 (compatible; AhrefsBot/7.0; +http://ahrefs.com/robot/)" "www.brucemillernurseryedgewood.com"
216.244.66.230 - - [10/Nov/2022:04:44:49 -0800] "GET /sitebuilder/?C=D;O=D HTTP/1.1" 200 1160 "-" "Mozilla/5.0 (compatible; DotBot/1.2; +https://opensiteexplorer.org/dotbot; help@moz.com)" "brucemillernurseryedgewood.com"
77.75.78.169 - - [10/Nov/2022:04:47:08 -0800] "GET /robots.txt HTTP/1.1" 404 88 "-" "Mozilla/5.0 (compatible; SeznamBot/3.2; +http://napoveda.seznam.cz/en/seznambot-intro/)" "brucemillernurseryedgewood.com"
77.75.78.169 - - [10/Nov/2022:04:47:09 -0800] "GET /images/2009_0516Image0006.JPG HTTP/1.1" 304 - "-" "Mozilla/5.0 (compatible; SeznamBot/3.2; +http://napoveda.seznam.cz/en/seznambot-intro/)" "brucemillernurseryedgewood.com"
114.119.132.149 - - [10/Nov/2022:04:49:51 -0800] "GET /clipart/backgrounds/fullpage/ HTTP/1.1" 200 387 "https://www.brucemillernurseryedgewood.com/clipart/backgrounds/?C=D%3BO%3DA" "Mozilla/5.0 (Linux; Android 7.0;) AppleWebKit/537.36 (KHTML, like Gecko) Mobile Safari/537.36 (compatible; PetalBot;+https://webmaster.petalsearch.com/site/petalbot)" "www.brucemillernurseryedgewood.com"
114.119.132.146 - - [10/Nov/2022:04:54:56 -0800] "GET /clipart/backgrounds/sidebar/?C=M%3BO%3DA HTTP/1.1" 200 384 "https://www.brucemillernurseryedgewood.com/clipart/backgrounds/sidebar" "Mozilla/5.0 (Linux; Android 7.0;) AppleWebKit/537.36 (KHTML, like Gecko) Mobile Safari/537.36 (compatible; PetalBot;+https://webmaster.petalsearch.com/site/petalbot)" "www.brucemillernurseryedgewood.com"
216.244.66.230 - - [10/Nov/2022:04:57:18 -0800] "GET /robots.txt HTTP/1.1" 404 73 "-" "Mozilla/5.0 (compatible; DotBot/1.2; +https://opensiteexplorer.org/dotbot; help@moz.com)" "www.brucemillernurseryedgewood.com"
216.244.66.230 - - [10/Nov/2022:04:57:18 -0800] "GET /robots.txt HTTP/1.1" 404 73 "-" "Mozilla/5.0 (compatible; DotBot/1.2; +https://opensiteexplorer.org/dotbot; help@moz.com)" "brucemillernurseryedgewood.com"
114.119.132.122 - - [10/Nov/2022:05:00:00 -0800] "GET /clipart/backgrounds/fullpage/?C=S%3BO%3DA HTTP/1.1" 200 387 "http://brucemillernurseryedgewood.com/clipart/backgrounds/fullpage/?C=D%3BO%3DA" "Mozilla/5.0 (Linux; Android 7.0;) AppleWebKit/537.36 (KHTML, like Gecko) Mobile Safari/537.36 (compatible; PetalBot;+https://webmaster.petalsearch.com/site/petalbot)" "brucemillernurseryedgewood.com"
114.119.132.153 - - [10/Nov/2022:05:05:04 -0800] "GET /sitebuilder/clipart/bars/low-carb/horizontal/?C=M%3BO%3DA HTTP/1.1" 200 421 "http://brucemillernurseryedgewood.com/sitebuilder/clipart/bars/low-carb/horizontal/?C=D%3BO%3DA" "Mozilla/5.0 (Linux; Android 7.0;) AppleWebKit/537.36 (KHTML, like Gecko) Mobile Safari/537.36 (compatible; PetalBot;+https://webmaster.petalsearch.com/site/petalbot)" "brucemillernurseryedgewood.com"
114.119.132.146 - - [10/Nov/2022:05:10:11 -0800] "GET /sitebuilder?C=M%3BO%3DA HTTP/1.1" 301 1440 "https://www.brucemillernurseryedgewood.com/sitebuilder?C=S%3BO%3DA" "Mozilla/5.0 (Linux; Android 7.0;) AppleWebKit/537.36 (KHTML, like Gecko) Mobile Safari/537.36 (compatible; PetalBot;+https://webmaster.petalsearch.com/site/petalbot)" "www.brucemillernurseryedgewood.com"
114.119.132.146 - - [10/Nov/2022:05:10:11 -0800] "GET /sitebuilder/?C=M%3BO%3DA HTTP/1.1" 200 443 "https://www.brucemillernurseryedgewood.com/sitebuilder?C=S%3BO%3DA" "Mozilla/5.0 (Linux; Android 7.0;) AppleWebKit/537.36 (KHTML, like Gecko) Mobile Safari/537.36 (compatible; PetalBot;+https://webmaster.petalsearch.com/site/petalbot)" "www.brucemillernurseryedgewood.com"
114.119.132.131 - - [10/Nov/2022:05:15:16 -0800] "GET /sitebuilder/clipart/bars/regular/horizontal?C=N%3BO%3DD HTTP/1.1" 301 1462 "https://www.brucemillernurseryedgewood.com/sitebuilder/clipart/bars/regular/horizontal?C=S%3BO%3DA" "Mozilla/5.0 (Linux; Android 7.0;) AppleWebKit/537.36 (KHTML, like Gecko) Mobile Safari/537.36 (compatible; PetalBot;+https://webmaster.petalsearch.com/site/petalbot)" "www.brucemillernurseryedgewood.com"
114.119.132.131 - - [10/Nov/2022:05:15:18 -0800] "GET /sitebuilder/clipart/bars/regular/horizontal/?C=N%3BO%3DD HTTP/1.1" 200 416 "https://www.brucemillernurseryedgewood.com/sitebuilder/clipart/bars/regular/horizontal?C=S%3BO%3DA" "Mozilla/5.0 (Linux; Android 7.0;) AppleWebKit/537.36 (KHTML, like Gecko) Mobile Safari/537.36 (compatible; PetalBot;+https://webmaster.petalsearch.com/site/petalbot)" "www.brucemillernurseryedgewood.com"
216.244.66.230 - - [10/Nov/2022:05:15:33 -0800] "GET /sitebuilder/images/2009_0524Image0010-375x252.jpg HTTP/1.1" 200 20581 "-" "Mozilla/5.0 (compatible; DotBot/1.2; +https://opensiteexplorer.org/dotbot; help@moz.com)" "brucemillernurseryedgewood.com"
216.244.66.230 - - [10/Nov/2022:05:16:04 -0800] "GET /sitebuilder/images/3.19i-408x252.jpg HTTP/1.1" 200 36422 "-" "Mozilla/5.0 (compatible; DotBot/1.2; +https://opensiteexplorer.org/dotbot; help@moz.com)" "brucemillernurseryedgewood.com"
216.244.66.230 - - [10/Nov/2022:05:16:37 -0800] "GET /sitebuilder/images/80847_1_-220x209.jpg HTTP/1.1" 200 11934 "-" "Mozilla/5.0 (compatible; DotBot/1.2; +https://opensiteexplorer.org/dotbot; help@moz.com)" "brucemillernurseryedgewood.com"
216.244.66.230 - - [10/Nov/2022:05:17:04 -0800] "GET /sitebuilder/images/Dad_s_pictures_214-744x635.jpg HTTP/1.1" 200 96408 "-" "Mozilla/5.0 (compatible; DotBot/1.2; +https://opensiteexplorer.org/dotbot; help@moz.com)" "brucemillernurseryedgewood.com"
216.244.66.230 - - [10/Nov/2022:05:17:40 -0800] "GET /sitebuilder/images/IMG_0875-329x236.jpg HTTP/1.1" 200 16698 "-" "Mozilla/5.0 (compatible; DotBot/1.2; +https://opensiteexplorer.org/dotbot; help@moz.com)" "brucemillernurseryedgewood.com"
216.244.66.230 - - [10/Nov/2022:05:18:08 -0800] "GET /sitebuilder/images/IMG_0939-347x467.jpg HTTP/1.1" 200 56164 "-" "Mozilla/5.0 (compatible; DotBot/1.2; +https://opensiteexplorer.org/dotbot; help@moz.com)" "brucemillernurseryedgewood.com"
216.244.66.230 - - [10/Nov/2022:05:18:58 -0800] "GET /sitebuilder/images/IMG_0954-274x372.jpg HTTP/1.1" 200 33265 "-" "Mozilla/5.0 (compatible; DotBot/1.2; +https://opensiteexplorer.org/dotbot; help@moz.com)" "brucemillernurseryedgewood.com"
216.244.66.230 - - [10/Nov/2022:05:19:29 -0800] "GET /sitebuilder/images/lampuandlamamC_1_-286x279.jpg HTTP/1.1" 200 18024 "-" "Mozilla/5.0 (compatible; DotBot/1.2; +https://opensiteexplorer.org/dotbot; help@moz.com)" "brucemillernurseryedgewood.com"
216.244.66.230 - - [10/Nov/2022:05:19:58 -0800] "GET /sitebuilder/images/scanned_stuff-402x255.jpg HTTP/1.1" 200 20750 "-" "Mozilla/5.0 (compatible; DotBot/1.2; +https://opensiteexplorer.org/dotbot; help@moz.com)" "brucemillernurseryedgewood.com"
114.119.132.149 - - [10/Nov/2022:05:20:18 -0800] "GET /clipart/bars?C=N%3BO%3DD HTTP/1.1" 301 1436 "http://brucemillernurseryedgewood.com/clipart/bars" "Mozilla/5.0 (Linux; Android 7.0;) AppleWebKit/537.36 (KHTML, like Gecko) Mobile Safari/537.36 (compatible; PetalBot;+https://webmaster.petalsearch.com/site/petalbot)" "brucemillernurseryedgewood.com"
114.119.132.149 - - [10/Nov/2022:05:20:18 -0800] "GET /clipart/bars/?C=N%3BO%3DD HTTP/1.1" 200 358 "http://brucemillernurseryedgewood.com/clipart/bars" "Mozilla/5.0 (Linux; Android 7.0;) AppleWebKit/537.36 (KHTML, like Gecko) Mobile Safari/537.36 (compatible; PetalBot;+https://webmaster.petalsearch.com/site/petalbot)" "brucemillernurseryedgewood.com"
114.119.132.131 - - [10/Nov/2022:05:25:22 -0800] "GET /clipart/bars/regular/?C=D%3BO%3DA HTTP/1.1" 200 366 "https://www.brucemillernurseryedgewood.com/clipart/bars/regular" "Mozilla/5.0 (Linux; Android 7.0;) AppleWebKit/537.36 (KHTML, like Gecko) Mobile Safari/537.36 (compatible; PetalBot;+https://webmaster.petalsearch.com/site/petalbot)" "www.brucemillernurseryedgewood.com"
216.244.66.230 - - [10/Nov/2022:05:26:14 -0800] "GET /sitebuilder/images/13107_1_-180x160.jpg HTTP/1.1" 200 8602 "-" "Mozilla/5.0 (compatible; DotBot/1.2; +https://opensiteexplorer.org/dotbot; help@moz.com)" "www.brucemillernurseryedgewood.com"
216.244.66.230 - - [10/Nov/2022:05:26:39 -0800] "GET /sitebuilder/images/66557_1_-180x173.jpg HTTP/1.1" 200 6249 "-" "Mozilla/5.0 (compatible; DotBot/1.2; +https://opensiteexplorer.org/dotbot; help@moz.com)" "www.brucemillernurseryedgewood.com"
114.119.132.146 - - [10/Nov/2022:05:30:26 -0800] "GET /?C=D%3BO%3DA HTTP/1.1" 200 406 "http://brucemillernurseryedgewood.com?C=S%3BO%3DA" "Mozilla/5.0 (Linux; Android 7.0;) AppleWebKit/537.36 (KHTML, like Gecko) Mobile Safari/537.36 (compatible; PetalBot;+https://webmaster.petalsearch.com/site/petalbot)" "brucemillernurseryedgewood.com"
114.119.132.131 - - [10/Nov/2022:05:35:31 -0800] "GET /sitebuilder/clipart/bars/ HTTP/1.1" 200 384 "http://brucemillernurseryedgewood.com/sitebuilder/clipart/bars/low-carb?C=S%3BO%3DA" "Mozilla/5.0 (Linux; Android 7.0;) AppleWebKit/537.36 (KHTML, like Gecko) Mobile Safari/537.36 (compatible; PetalBot;+https://webmaster.petalsearch.com/site/petalbot)" "brucemillernurseryedgewood.com"
51.222.253.14 - - [10/Nov/2022:05:38:48 -0800] "GET /sitebuilder/clipart/backgrounds/tile/?C=D;O=D HTTP/1.1" 200 410 "-" "Mozilla/5.0 (compatible; AhrefsBot/7.0; +http://ahrefs.com/robot/)" "brucemillernurseryedgewood.com"
114.119.132.122 - - [10/Nov/2022:05:40:40 -0800] "GET /clipart/images/sidebars/?C=D%3BO%3DA HTTP/1.1" 200 405 "https://www.brucemillernurseryedgewood.com/clipart/images/sidebars?C=N%3BO%3DD" "Mozilla/5.0 (Linux; Android 7.0;) AppleWebKit/537.36 (KHTML, like Gecko) Mobile Safari/537.36 (compatible; PetalBot;+https://webmaster.petalsearch.com/site/petalbot)" "www.brucemillernurseryedgewood.com"
77.75.76.164 - - [10/Nov/2022:05:44:13 -0800] "GET /robots.txt HTTP/1.1" 404 88 "-" "Mozilla/5.0 (compatible; SeznamBot/3.2; +http://napoveda.seznam.cz/en/seznambot-intro/)" "brucemillernurseryedgewood.com"
77.75.76.164 - - [10/Nov/2022:05:44:15 -0800] "GET /images/IMG_0922.JPG HTTP/1.1" 304 - "-" "Mozilla/5.0 (compatible; SeznamBot/3.2; +http://napoveda.seznam.cz/en/seznambot-intro/)" "brucemillernurseryedgewood.com"
216.244.66.230 - - [10/Nov/2022:05:44:51 -0800] "GET /robots.txt HTTP/1.1" 404 73 "-" "Mozilla/5.0 (compatible; DotBot/1.2; +https://opensiteexplorer.org/dotbot; help@moz.com)" "brucemillernurseryedgewood.com"
216.244.66.230 - - [10/Nov/2022:05:44:51 -0800] "GET /robots.txt HTTP/1.1" 404 73 "-" "Mozilla/5.0 (compatible; DotBot/1.2; +https://opensiteexplorer.org/dotbot; help@moz.com)" "www.brucemillernurseryedgewood.com"
114.119.132.122 - - [10/Nov/2022:05:45:38 -0800] "GET /clipart/buttons/themes/stone?C=N%3BO%3DD HTTP/1.1" 301 1446 "http://brucemillernurseryedgewood.com/clipart/buttons/themes/stone?C=M%3BO%3DA" "Mozilla/5.0 (Linux; Android 7.0;) AppleWebKit/537.36 (KHTML, like Gecko) Mobile Safari/537.36 (compatible; PetalBot;+https://webmaster.petalsearch.com/site/petalbot)" "brucemillernurseryedgewood.com"
114.119.132.122 - - [10/Nov/2022:05:45:38 -0800] "GET /clipart/buttons/themes/stone/?C=N%3BO%3DD HTTP/1.1" 200 413 "http://brucemillernurseryedgewood.com/clipart/buttons/themes/stone?C=M%3BO%3DA" "Mozilla/5.0 (Linux; Android 7.0;) AppleWebKit/537.36 (KHTML, like Gecko) Mobile Safari/537.36 (compatible; PetalBot;+https://webmaster.petalsearch.com/site/petalbot)" "brucemillernurseryedgewood.com"
114.119.132.131 - - [10/Nov/2022:05:50:46 -0800] "GET /clipart/lines/?C=D%3BO%3DA HTTP/1.1" 200 361 "https://www.brucemillernurseryedgewood.com/clipart/lines?C=M%3BO%3DA" "Mozilla/5.0 (Linux; Android 7.0;) AppleWebKit/537.36 (KHTML, like Gecko) Mobile Safari/537.36 (compatible; PetalBot;+https://webmaster.petalsearch.com/site/petalbot)" "www.brucemillernurseryedgewood.com"
114.119.132.131 - - [10/Nov/2022:05:57:44 -0800] "GET /clipart/buttons HTTP/1.1" 301 1423 "http://brucemillernurseryedgewood.com/clipart?C=N%3BO%3DD" "Mozilla/5.0 (Linux; Android 7.0;) AppleWebKit/537.36 (KHTML, like Gecko) Mobile Safari/537.36 (compatible; PetalBot;+https://webmaster.petalsearch.com/site/petalbot)" "brucemillernurseryedgewood.com"
114.119.132.131 - - [10/Nov/2022:05:57:44 -0800] "GET /clipart/buttons/ HTTP/1.1" 200 360 "http://brucemillernurseryedgewood.com/clipart?C=N%3BO%3DD" "Mozilla/5.0 (Linux; Android 7.0;) AppleWebKit/537.36 (KHTML, like Gecko) Mobile Safari/537.36 (compatible; PetalBot;+https://webmaster.petalsearch.com/site/petalbot)" "brucemillernurseryedgewood.com"
216.244.66.230 - - [10/Nov/2022:06:03:46 -0800] "GET /sitebuilder/images/14797_1_-165x165.jpg HTTP/1.1" 200 6587 "-" "Mozilla/5.0 (compatible; DotBot/1.2; +https://opensiteexplorer.org/dotbot; help@moz.com)" "brucemillernurseryedgewood.com"
216.244.66.230 - - [10/Nov/2022:06:04:15 -0800] "GET /sitebuilder/images/2009_0531Image0025-229x315.jpg HTTP/1.1" 200 23901 "-" "Mozilla/5.0 (compatible; DotBot/1.2; +https://opensiteexplorer.org/dotbot; help@moz.com)" "brucemillernurseryedgewood.com"
114.119.132.131 - - [10/Nov/2022:06:04:18 -0800] "GET /clipart/buttons/?C=S%3BO%3DA HTTP/1.1" 200 360 "http://brucemillernurseryedgewood.com/clipart/buttons/?C=N%3BO%3DD" "Mozilla/5.0 (Linux; Android 7.0;) AppleWebKit/537.36 (KHTML, like Gecko) Mobile Safari/537.36 (compatible; PetalBot;+https://webmaster.petalsearch.com/site/petalbot)" "brucemillernurseryedgewood.com"
216.244.66.230 - - [10/Nov/2022:06:04:45 -0800] "GET /sitebuilder/images/IMG_0766-315x225.jpg HTTP/1.1" 200 21458 "-" "Mozilla/5.0 (compatible; DotBot/1.2; +https://opensiteexplorer.org/dotbot; help@moz.com)" "brucemillernurseryedgewood.com"
216.244.66.230 - - [10/Nov/2022:06:05:12 -0800] "GET /sitebuilder/images/IMG_1272-503x374.jpg HTTP/1.1" 200 39535 "-" "Mozilla/5.0 (compatible; DotBot/1.2; +https://opensiteexplorer.org/dotbot; help@moz.com)" "brucemillernurseryedgewood.com"
216.244.66.230 - - [10/Nov/2022:06:05:39 -0800] "GET /sitebuilder/images/flowerHeader-999x79.jpg HTTP/1.1" 200 7265 "-" "Mozilla/5.0 (compatible; DotBot/1.2; +https://opensiteexplorer.org/dotbot; help@moz.com)" "brucemillernurseryedgewood.com"
216.244.66.230 - - [10/Nov/2022:06:10:45 -0800] "GET /sitebuilder/images/IMG_0199-450x380.jpg HTTP/1.1" 200 46572 "-" "Mozilla/5.0 (compatible; DotBot/1.2; +https://opensiteexplorer.org/dotbot; help@moz.com)" "www.brucemillernurseryedgewood.com"
216.244.66.230 - - [10/Nov/2022:06:11:11 -0800] "GET /sitebuilder/images/IMG_0530-414x310.jpg HTTP/1.1" 200 28750 "-" "Mozilla/5.0 (compatible; DotBot/1.2; +https://opensiteexplorer.org/dotbot; help@moz.com)" "www.brucemillernurseryedgewood.com"
114.119.132.146 - - [10/Nov/2022:06:23:02 -0800] "GET /sitebuilder/clipart/bars/low-carb?C=N%3BO%3DD HTTP/1.1" 301 1450 "http://brucemillernurseryedgewood.com/sitebuilder/clipart/bars/low-carb?C=M%3BO%3DA" "Mozilla/5.0 (Linux; Android 7.0;) AppleWebKit/537.36 (KHTML, like Gecko) Mobile Safari/537.36 (compatible; PetalBot;+https://webmaster.petalsearch.com/site/petalbot)" "brucemillernurseryedgewood.com"
114.119.132.146 - - [10/Nov/2022:06:23:02 -0800] "GET /sitebuilder/clipart/bars/low-carb/?C=N%3BO%3DD HTTP/1.1" 200 375 "http://brucemillernurseryedgewood.com/sitebuilder/clipart/bars/low-carb?C=M%3BO%3DA" "Mozilla/5.0 (Linux; Android 7.0;) AppleWebKit/537.36 (KHTML, like Gecko) Mobile Safari/537.36 (compatible; PetalBot;+https://webmaster.petalsearch.com/site/petalbot)" "brucemillernurseryedgewood.com"
216.244.66.230 - - [10/Nov/2022:06:32:55 -0800] "GET /robots.txt HTTP/1.1" 404 73 "-" "Mozilla/5.0 (compatible; DotBot/1.2; +https://opensiteexplorer.org/dotbot; help@moz.com)" "brucemillernurseryedgewood.com"
216.244.66.230 - - [10/Nov/2022:06:32:55 -0800] "GET /robots.txt HTTP/1.1" 404 73 "-" "Mozilla/5.0 (compatible; DotBot/1.2; +https://opensiteexplorer.org/dotbot; help@moz.com)" "www.brucemillernurseryedgewood.com"
216.244.66.230 - - [10/Nov/2022:06:52:39 -0800] "GET /images/IMG_0247.JPG HTTP/1.1" 200 2681176 "-" "Mozilla/5.0 (compatible; DotBot/1.2; +https://opensiteexplorer.org/dotbot; help@moz.com)" "www.brucemillernurseryedgewood.com"
216.244.66.230 - - [10/Nov/2022:06:53:29 -0800] "GET /images/IMG_0526.JPG HTTP/1.1" 200 4336733 "-" "Mozilla/5.0 (compatible; DotBot/1.2; +https://opensiteexplorer.org/dotbot; help@moz.com)" "www.brucemillernurseryedgewood.com"
77.75.79.11 - - [10/Nov/2022:06:54:01 -0800] "GET /robots.txt HTTP/1.1" 404 88 "-" "Mozilla/5.0 (compatible; SeznamBot/3.2; +http://napoveda.seznam.cz/en/seznambot-intro/)" "brucemillernurseryedgewood.com"
77.75.79.11 - - [10/Nov/2022:06:54:02 -0800] "GET /images/IMG_0932.JPG HTTP/1.1" 304 - "-" "Mozilla/5.0 (compatible; SeznamBot/3.2; +http://napoveda.seznam.cz/en/seznambot-intro/)" "brucemillernurseryedgewood.com"
216.244.66.230 - - [10/Nov/2022:06:54:20 -0800] "GET /images/IMG_1189.JPG HTTP/1.1" 200 2843108 "-" "Mozilla/5.0 (compatible; DotBot/1.2; +https://opensiteexplorer.org/dotbot; help@moz.com)" "www.brucemillernurseryedgewood.com"
216.244.66.230 - - [10/Nov/2022:06:55:10 -0800] "GET /images/IMG_1272.JPG HTTP/1.1" 200 357519 "-" "Mozilla/5.0 (compatible; DotBot/1.2; +https://opensiteexplorer.org/dotbot; help@moz.com)" "www.brucemillernurseryedgewood.com"
216.244.66.230 - - [10/Nov/2022:06:59:52 -0800] "GET /images/14155_1_.jpg HTTP/1.1" 200 3008 "-" "Mozilla/5.0 (compatible; DotBot/1.2; +https://opensiteexplorer.org/dotbot; help@moz.com)" "brucemillernurseryedgewood.com"
216.244.66.230 - - [10/Nov/2022:07:00:22 -0800] "GET /images/IMG_0571.JPG HTTP/1.1" 200 2869564 "-" "Mozilla/5.0 (compatible; DotBot/1.2; +https://opensiteexplorer.org/dotbot; help@moz.com)" "brucemillernurseryedgewood.com"
216.244.66.230 - - [10/Nov/2022:07:01:12 -0800] "GET /images/IMG_0592.JPG HTTP/1.1" 200 3170996 "-" "Mozilla/5.0 (compatible; DotBot/1.2; +https://opensiteexplorer.org/dotbot; help@moz.com)" "brucemillernurseryedgewood.com"
216.244.66.230 - - [10/Nov/2022:07:02:02 -0800] "GET /images/IMG_1267.JPG HTTP/1.1" 200 2617416 "-" "Mozilla/5.0 (compatible; DotBot/1.2; +https://opensiteexplorer.org/dotbot; help@moz.com)" "brucemillernurseryedgewood.com"
216.244.66.230 - - [10/Nov/2022:07:02:52 -0800] "GET /images/IMG_1268.JPG HTTP/1.1" 200 85261 "-" "Mozilla/5.0 (compatible; DotBot/1.2; +https://opensiteexplorer.org/dotbot; help@moz.com)" "brucemillernurseryedgewood.com"
216.244.66.230 - - [10/Nov/2022:07:03:43 -0800] "GET /images/tn_1_4.jpg HTTP/1.1" 200 5501 "-" "Mozilla/5.0 (compatible; DotBot/1.2; +https://opensiteexplorer.org/dotbot; help@moz.com)" "brucemillernurseryedgewood.com"
216.244.66.230 - - [10/Nov/2022:07:04:13 -0800] "GET /sitebuilder/images/2009_0531Image0025-204x285.jpg HTTP/1.1" 200 20280 "-" "Mozilla/5.0 (compatible; DotBot/1.2; +https://opensiteexplorer.org/dotbot; help@moz.com)" "brucemillernurseryedgewood.com"
