216.244.66.230 - - [11/Nov/2022:08:13:35 -0800] "GET /robots.txt HTTP/1.1" 404 73 "-" "Mozilla/5.0 (compatible; DotBot/1.2; +https://opensiteexplorer.org/dotbot; help@moz.com)" "brucemillernurseryedgewood.com"
51.222.253.12 - - [11/Nov/2022:08:21:36 -0800] "GET /sitebuilder/images/ HTTP/1.1" 200 7088 "-" "Mozilla/5.0 (compatible; AhrefsBot/7.0; +http://ahrefs.com/robot/)" "brucemillernurseryedgewood.com"
66.249.66.11 - - [11/Nov/2022:08:28:26 -0800] "GET /robots.txt HTTP/1.1" 404 88 "-" "Mozilla/5.0 (compatible; Googlebot/2.1; +http://www.google.com/bot.html)" "www.brucemillernurseryedgewood.com"
66.249.66.7 - - [11/Nov/2022:08:28:48 -0800] "GET /ads.txt HTTP/1.1" 404 88 "-" "Mozilla/5.0 (compatible; Googlebot/2.1; +http://www.google.com/bot.html)" "www.brucemillernurseryedgewood.com"
216.244.66.230 - - [11/Nov/2022:08:38:54 -0800] "GET /images/IMG_0556.JPG HTTP/1.1" 200 1805323 "-" "Mozilla/5.0 (compatible; DotBot/1.2; +https://opensiteexplorer.org/dotbot; help@moz.com)" "www.brucemillernurseryedgewood.com"
216.244.66.230 - - [11/Nov/2022:08:39:44 -0800] "GET /images/wildflower_header_background-960x84.jpg HTTP/1.1" 200 10808 "-" "Mozilla/5.0 (compatible; DotBot/1.2; +https://opensiteexplorer.org/dotbot; help@moz.com)" "www.brucemillernurseryedgewood.com"
216.244.66.230 - - [11/Nov/2022:08:43:51 -0800] "GET /sitebuilder/images/Edgewood-1-mouseOver-31140.png HTTP/1.1" 200 1694 "-" "Mozilla/5.0 (compatible; DotBot/1.2; +https://opensiteexplorer.org/dotbot; help@moz.com)" "brucemillernurseryedgewood.com"
216.244.66.230 - - [11/Nov/2022:08:44:19 -0800] "GET /sitebuilder/images/Edgewood-1-mouseOver-44444.png HTTP/1.1" 200 1658 "-" "Mozilla/5.0 (compatible; DotBot/1.2; +https://opensiteexplorer.org/dotbot; help@moz.com)" "brucemillernurseryedgewood.com"
216.244.66.230 - - [11/Nov/2022:08:44:46 -0800] "GET /sitebuilder/images/IMG_0133-360x270.jpg HTTP/1.1" 200 22894 "-" "Mozilla/5.0 (compatible; DotBot/1.2; +https://opensiteexplorer.org/dotbot; help@moz.com)" "brucemillernurseryedgewood.com"
216.244.66.230 - - [11/Nov/2022:08:45:13 -0800] "GET /sitebuilder/images/IMG_0521-323x435.jpg HTTP/1.1" 200 36814 "-" "Mozilla/5.0 (compatible; DotBot/1.2; +https://opensiteexplorer.org/dotbot; help@moz.com)" "brucemillernurseryedgewood.com"
216.244.66.230 - - [11/Nov/2022:08:45:38 -0800] "GET /sitebuilder/images/IMG_0522-405x300.jpg HTTP/1.1" 200 42627 "-" "Mozilla/5.0 (compatible; DotBot/1.2; +https://opensiteexplorer.org/dotbot; help@moz.com)" "brucemillernurseryedgewood.com"
216.244.66.230 - - [11/Nov/2022:08:46:05 -0800] "GET /sitebuilder/images/geesecloseup-558x220.jpg HTTP/1.1" 200 30229 "-" "Mozilla/5.0 (compatible; DotBot/1.2; +https://opensiteexplorer.org/dotbot; help@moz.com)" "brucemillernurseryedgewood.com"
51.222.253.13 - - [11/Nov/2022:08:49:06 -0800] "GET /robots.txt HTTP/1.1" 404 88 "-" "Mozilla/5.0 (compatible; AhrefsBot/7.0; +http://ahrefs.com/robot/)" "brucemillernurseryedgewood.com"
51.222.253.19 - - [11/Nov/2022:08:49:07 -0800] "GET / HTTP/1.1" 200 406 "-" "Mozilla/5.0 (compatible; AhrefsBot/7.0; +http://ahrefs.com/robot/)" "brucemillernurseryedgewood.com"
216.244.66.230 - - [11/Nov/2022:08:51:31 -0800] "GET /sitebuilder/images/2009_0516Image0008-313x219.jpg HTTP/1.1" 200 18615 "-" "Mozilla/5.0 (compatible; DotBot/1.2; +https://opensiteexplorer.org/dotbot; help@moz.com)" "www.brucemillernurseryedgewood.com"
216.244.66.230 - - [11/Nov/2022:08:51:58 -0800] "GET /sitebuilder/images/Edgewood-0-active-44131.png HTTP/1.1" 200 1827 "-" "Mozilla/5.0 (compatible; DotBot/1.2; +https://opensiteexplorer.org/dotbot; help@moz.com)" "www.brucemillernurseryedgewood.com"
216.244.66.230 - - [11/Nov/2022:08:52:24 -0800] "GET /sitebuilder/images/Edgewood-6-mouseOver-25999.png HTTP/1.1" 200 1708 "-" "Mozilla/5.0 (compatible; DotBot/1.2; +https://opensiteexplorer.org/dotbot; help@moz.com)" "www.brucemillernurseryedgewood.com"
114.119.150.186 - - [11/Nov/2022:08:52:31 -0800] "GET /clipart/bars/regular/horizontal/?C=D%3BO%3DA HTTP/1.1" 200 390 "http://brucemillernurseryedgewood.com/clipart/bars/regular/horizontal/?C=S%3BO%3DA" "Mozilla/5.0 (Linux; Android 7.0;) AppleWebKit/537.36 (KHTML, like Gecko) Mobile Safari/537.36 (compatible; PetalBot;+https://webmaster.petalsearch.com/site/petalbot)" "brucemillernurseryedgewood.com"
216.244.66.230 - - [11/Nov/2022:08:52:49 -0800] "GET /sitebuilder/images/IMG_0123-435x270.jpg HTTP/1.1" 200 39557 "-" "Mozilla/5.0 (compatible; DotBot/1.2; +https://opensiteexplorer.org/dotbot; help@moz.com)" "www.brucemillernurseryedgewood.com"
40.77.167.49 - - [11/Nov/2022:08:53:05 -0800] "GET / HTTP/1.1" 200 406 "-" "Mozilla/5.0 (compatible; bingbot/2.0; +http://www.bing.com/bingbot.htm)" "brucemillernurseryedgewood.com"
216.244.66.230 - - [11/Nov/2022:08:53:13 -0800] "GET /sitebuilder/images/IMG_0129-165x405.jpg HTTP/1.1" 200 19385 "-" "Mozilla/5.0 (compatible; DotBot/1.2; +https://opensiteexplorer.org/dotbot; help@moz.com)" "www.brucemillernurseryedgewood.com"
216.244.66.230 - - [11/Nov/2022:08:53:37 -0800] "GET /sitebuilder/images/IMG_0933-339x456.jpg HTTP/1.1" 200 56547 "-" "Mozilla/5.0 (compatible; DotBot/1.2; +https://opensiteexplorer.org/dotbot; help@moz.com)" "www.brucemillernurseryedgewood.com"
114.119.132.131 - - [11/Nov/2022:08:58:25 -0800] "GET /images?C=D%3BO%3DA HTTP/1.1" 301 1436 "https://www.brucemillernurseryedgewood.com/images?C=S%3BO%3DA" "Mozilla/5.0 (Linux; Android 7.0;) AppleWebKit/537.36 (KHTML, like Gecko) Mobile Safari/537.36 (compatible; PetalBot;+https://webmaster.petalsearch.com/site/petalbot)" "www.brucemillernurseryedgewood.com"
114.119.132.131 - - [11/Nov/2022:08:58:26 -0800] "GET /images/?C=D%3BO%3DA HTTP/1.1" 200 3702 "https://www.brucemillernurseryedgewood.com/images?C=S%3BO%3DA" "Mozilla/5.0 (Linux; Android 7.0;) AppleWebKit/537.36 (KHTML, like Gecko) Mobile Safari/537.36 (compatible; PetalBot;+https://webmaster.petalsearch.com/site/petalbot)" "www.brucemillernurseryedgewood.com"
157.55.39.34 - - [11/Nov/2022:09:02:01 -0800] "GET /great_deals HTTP/1.1" 200 4168 "-" "Mozilla/5.0 AppleWebKit/537.36 (KHTML, like Gecko; compatible; bingbot/2.0; +http://www.bing.com/bingbot.htm) Chrome/103.0.5060.134 Safari/537.36" "brucemillernurseryedgewood.com"
157.55.39.193 - - [11/Nov/2022:09:02:06 -0800] "GET /home HTTP/1.1" 200 4616 "-" "Mozilla/5.0 AppleWebKit/537.36 (KHTML, like Gecko; compatible; bingbot/2.0; +http://www.bing.com/bingbot.htm) Chrome/103.0.5060.134 Safari/537.36" "brucemillernurseryedgewood.com"
114.119.132.16 - - [11/Nov/2022:09:04:21 -0800] "GET /clipart/images?C=S%3BO%3DA HTTP/1.1" 301 1442 "https://www.brucemillernurseryedgewood.com/clipart/images?C=D%3BO%3DA" "Mozilla/5.0 (Linux; Android 7.0;) AppleWebKit/537.36 (KHTML, like Gecko) Mobile Safari/537.36 (compatible; PetalBot;+https://webmaster.petalsearch.com/site/petalbot)" "www.brucemillernurseryedgewood.com"
114.119.132.16 - - [11/Nov/2022:09:04:21 -0800] "GET /clipart/images/?C=S%3BO%3DA HTTP/1.1" 200 476 "https://www.brucemillernurseryedgewood.com/clipart/images?C=D%3BO%3DA" "Mozilla/5.0 (Linux; Android 7.0;) AppleWebKit/537.36 (KHTML, like Gecko) Mobile Safari/537.36 (compatible; PetalBot;+https://webmaster.petalsearch.com/site/petalbot)" "www.brucemillernurseryedgewood.com"
207.46.13.169 - - [11/Nov/2022:09:05:23 -0800] "GET /?C=N;O=D HTTP/1.1" 200 402 "-" "Mozilla/5.0 (compatible; bingbot/2.0; +http://www.bing.com/bingbot.htm)" "www.brucemillernurseryedgewood.com"
216.244.66.230 - - [11/Nov/2022:09:07:11 -0800] "GET /robots.txt HTTP/1.1" 404 73 "-" "Mozilla/5.0 (compatible; DotBot/1.2; +https://opensiteexplorer.org/dotbot; help@moz.com)" "www.brucemillernurseryedgewood.com"
216.244.66.230 - - [11/Nov/2022:09:07:11 -0800] "GET /robots.txt HTTP/1.1" 404 73 "-" "Mozilla/5.0 (compatible; DotBot/1.2; +https://opensiteexplorer.org/dotbot; help@moz.com)" "brucemillernurseryedgewood.com"
114.119.132.122 - - [11/Nov/2022:09:18:06 -0800] "GET /sitebuilder/clipart/bars/low-carb/horizontal/?C=S%3BO%3DA HTTP/1.1" 200 421 "https://www.brucemillernurseryedgewood.com/sitebuilder/clipart/bars/low-carb/horizontal/" "Mozilla/5.0 (Linux; Android 7.0;) AppleWebKit/537.36 (KHTML, like Gecko) Mobile Safari/537.36 (compatible; PetalBot;+https://webmaster.petalsearch.com/site/petalbot)" "www.brucemillernurseryedgewood.com"
162.55.85.225 - - [11/Nov/2022:09:26:23 -0800] "GET /robots.txt HTTP/1.1" 404 88 "-" "Mozilla/5.0 (compatible; BLEXBot/1.0; +http://webmeup-crawler.com/)" "brucemillernurseryedgewood.com"
162.55.85.225 - - [11/Nov/2022:09:26:25 -0800] "GET /sitemap HTTP/1.1" 404 88 "-" "Mozilla/5.0 (compatible; BLEXBot/1.0; +http://webmeup-crawler.com/)" "brucemillernurseryedgewood.com"
162.55.85.225 - - [11/Nov/2022:09:26:28 -0800] "GET /sitemap.txt HTTP/1.1" 404 88 "-" "Mozilla/5.0 (compatible; BLEXBot/1.0; +http://webmeup-crawler.com/)" "brucemillernurseryedgewood.com"
162.55.85.225 - - [11/Nov/2022:09:26:32 -0800] "GET /contact_us/admin HTTP/1.1" 302 21 "-" "Mozilla/5.0 (compatible; BLEXBot/1.0; +http://webmeup-crawler.com/)" "brucemillernurseryedgewood.com"
162.55.85.225 - - [11/Nov/2022:09:26:39 -0800] "GET /sitebuilder/clipart/bars/low-carb/horizontal/?C=D;O=D HTTP/1.1" 200 419 "-" "Mozilla/5.0 (compatible; BLEXBot/1.0; +http://webmeup-crawler.com/)" "brucemillernurseryedgewood.com"
162.55.85.225 - - [11/Nov/2022:09:26:43 -0800] "GET /sitebuilder/clipart/bars/low-carb/horizontal/?C=M;O=D HTTP/1.1" 200 419 "-" "Mozilla/5.0 (compatible; BLEXBot/1.0; +http://webmeup-crawler.com/)" "brucemillernurseryedgewood.com"
162.55.85.225 - - [11/Nov/2022:09:26:46 -0800] "GET /sitebuilder/clipart/bars/low-carb/horizontal/?C=N;O=A HTTP/1.1" 200 421 "-" "Mozilla/5.0 (compatible; BLEXBot/1.0; +http://webmeup-crawler.com/)" "brucemillernurseryedgewood.com"
162.55.85.225 - - [11/Nov/2022:09:26:48 -0800] "GET /sitebuilder/clipart/bars/low-carb/horizontal/?C=S;O=D HTTP/1.1" 200 419 "-" "Mozilla/5.0 (compatible; BLEXBot/1.0; +http://webmeup-crawler.com/)" "brucemillernurseryedgewood.com"
162.55.85.225 - - [11/Nov/2022:09:26:51 -0800] "GET /sitebuilder/clipart/bars/regular/horizontal/?C=D;O=D HTTP/1.1" 200 414 "-" "Mozilla/5.0 (compatible; BLEXBot/1.0; +http://webmeup-crawler.com/)" "brucemillernurseryedgewood.com"
162.55.85.225 - - [11/Nov/2022:09:26:55 -0800] "GET /sitebuilder/clipart/bars/regular/horizontal/?C=M;O=D HTTP/1.1" 200 414 "-" "Mozilla/5.0 (compatible; BLEXBot/1.0; +http://webmeup-crawler.com/)" "brucemillernurseryedgewood.com"
162.55.85.225 - - [11/Nov/2022:09:26:56 -0800] "GET /sitebuilder/clipart/bars/regular/horizontal/?C=N;O=A HTTP/1.1" 200 416 "-" "Mozilla/5.0 (compatible; BLEXBot/1.0; +http://webmeup-crawler.com/)" "brucemillernurseryedgewood.com"
162.55.85.225 - - [11/Nov/2022:09:26:58 -0800] "GET /sitebuilder/clipart/bars/regular/horizontal/?C=S;O=D HTTP/1.1" 200 414 "-" "Mozilla/5.0 (compatible; BLEXBot/1.0; +http://webmeup-crawler.com/)" "brucemillernurseryedgewood.com"
157.55.39.193 - - [11/Nov/2022:09:28:24 -0800] "GET / HTTP/1.1" 200 406 "-" "Mozilla/5.0 (compatible; bingbot/2.0; +http://www.bing.com/bingbot.htm)" "brucemillernurseryedgewood.com"
162.55.85.225 - - [11/Nov/2022:09:28:31 -0800] "GET /sitebuilder/clipart/bars/regular/vertical/?C=D;O=D HTTP/1.1" 200 415 "-" "Mozilla/5.0 (compatible; BLEXBot/1.0; +http://webmeup-crawler.com/)" "brucemillernurseryedgewood.com"
162.55.85.225 - - [11/Nov/2022:09:28:38 -0800] "GET /sitebuilder/clipart/bars/regular/vertical/?C=M;O=D HTTP/1.1" 200 415 "-" "Mozilla/5.0 (compatible; BLEXBot/1.0; +http://webmeup-crawler.com/)" "brucemillernurseryedgewood.com"
162.55.85.225 - - [11/Nov/2022:09:28:44 -0800] "GET /sitebuilder/clipart/bars/regular/vertical/?C=N;O=A HTTP/1.1" 200 417 "-" "Mozilla/5.0 (compatible; BLEXBot/1.0; +http://webmeup-crawler.com/)" "brucemillernurseryedgewood.com"
162.55.85.225 - - [11/Nov/2022:09:28:45 -0800] "GET /sitebuilder/clipart/bars/regular/vertical/?C=S;O=D HTTP/1.1" 200 415 "-" "Mozilla/5.0 (compatible; BLEXBot/1.0; +http://webmeup-crawler.com/)" "brucemillernurseryedgewood.com"
216.244.66.230 - - [11/Nov/2022:09:37:41 -0800] "GET /images/2009_0620Image0008.JPG HTTP/1.1" 200 456021 "-" "Mozilla/5.0 (compatible; DotBot/1.2; +https://opensiteexplorer.org/dotbot; help@moz.com)" "www.brucemillernurseryedgewood.com"
51.222.253.1 - - [11/Nov/2022:09:39:58 -0800] "GET / HTTP/1.1" 200 406 "-" "Mozilla/5.0 (compatible; AhrefsBot/7.0; +http://ahrefs.com/robot/)" "brucemillernurseryedgewood.com"
216.244.66.230 - - [11/Nov/2022:09:41:16 -0800] "GET /images/80847_1_.jpg HTTP/1.1" 200 5825 "-" "Mozilla/5.0 (compatible; DotBot/1.2; +https://opensiteexplorer.org/dotbot; help@moz.com)" "brucemillernurseryedgewood.com"
216.244.66.230 - - [11/Nov/2022:09:41:43 -0800] "GET /images/IMG_0772.JPG HTTP/1.1" 200 2665249 "-" "Mozilla/5.0 (compatible; DotBot/1.2; +https://opensiteexplorer.org/dotbot; help@moz.com)" "brucemillernurseryedgewood.com"
216.244.66.230 - - [11/Nov/2022:09:42:33 -0800] "GET /images/IMG_0925.JPG HTTP/1.1" 200 3652455 "-" "Mozilla/5.0 (compatible; DotBot/1.2; +https://opensiteexplorer.org/dotbot; help@moz.com)" "brucemillernurseryedgewood.com"
216.244.66.230 - - [11/Nov/2022:09:43:06 -0800] "GET /sitebuilder/images/IMG_0127-150x495.jpg HTTP/1.1" 200 28009 "-" "Mozilla/5.0 (compatible; DotBot/1.2; +https://opensiteexplorer.org/dotbot; help@moz.com)" "brucemillernurseryedgewood.com"
216.244.66.230 - - [11/Nov/2022:09:43:35 -0800] "GET /sitebuilder/images/IMG_0562-225x330.jpg HTTP/1.1" 200 21268 "-" "Mozilla/5.0 (compatible; DotBot/1.2; +https://opensiteexplorer.org/dotbot; help@moz.com)" "brucemillernurseryedgewood.com"
216.244.66.230 - - [11/Nov/2022:09:44:04 -0800] "GET /sitebuilder/images/IMG_0938-376x502.jpg HTTP/1.1" 200 58815 "-" "Mozilla/5.0 (compatible; DotBot/1.2; +https://opensiteexplorer.org/dotbot; help@moz.com)" "brucemillernurseryedgewood.com"
216.244.66.230 - - [11/Nov/2022:09:44:31 -0800] "GET /sitebuilder/images/kittens-no_Dana-185x285.jpg HTTP/1.1" 200 11511 "-" "Mozilla/5.0 (compatible; DotBot/1.2; +https://opensiteexplorer.org/dotbot; help@moz.com)" "brucemillernurseryedgewood.com"
216.244.66.230 - - [11/Nov/2022:09:47:57 -0800] "GET /sitebuilder/images/Edgewood-3-mouseOver-09082.png HTTP/1.1" 200 2174 "-" "Mozilla/5.0 (compatible; DotBot/1.2; +https://opensiteexplorer.org/dotbot; help@moz.com)" "www.brucemillernurseryedgewood.com"
216.244.66.230 - - [11/Nov/2022:09:48:14 -0800] "GET /sitebuilder/images/IMG_0127-150x495.jpg HTTP/1.1" 200 28009 "-" "Mozilla/5.0 (compatible; DotBot/1.2; +https://opensiteexplorer.org/dotbot; help@moz.com)" "www.brucemillernurseryedgewood.com"
216.244.66.230 - - [11/Nov/2022:09:48:31 -0800] "GET /sitebuilder/images/IMG_0938-376x502.jpg HTTP/1.1" 200 58815 "-" "Mozilla/5.0 (compatible; DotBot/1.2; +https://opensiteexplorer.org/dotbot; help@moz.com)" "www.brucemillernurseryedgewood.com"
51.222.253.5 - - [11/Nov/2022:09:55:30 -0800] "GET /sitebuilder/images/?C=N;O=D HTTP/1.1" 200 7086 "-" "Mozilla/5.0 (compatible; AhrefsBot/7.0; +http://ahrefs.com/robot/)" "brucemillernurseryedgewood.com"
216.244.66.230 - - [11/Nov/2022:10:24:54 -0800] "GET /robots.txt HTTP/1.1" 404 73 "-" "Mozilla/5.0 (compatible; DotBot/1.2; +https://opensiteexplorer.org/dotbot; help@moz.com)" "brucemillernurseryedgewood.com"
216.244.66.230 - - [11/Nov/2022:10:24:54 -0800] "GET /robots.txt HTTP/1.1" 404 73 "-" "Mozilla/5.0 (compatible; DotBot/1.2; +https://opensiteexplorer.org/dotbot; help@moz.com)" "www.brucemillernurseryedgewood.com"
185.229.144.22 - - [11/Nov/2022:10:27:14 -0800] "GET /home HTTP/1.1" 200 4616 "-" "Mozilla/5.0 (compatible; MSIE 10.0; Windows NT 6.1; Trident/6.0) LinkCheck by Siteimprove.com" "brucemillernurseryedgewood.com"
216.244.66.230 - - [11/Nov/2022:10:48:59 -0800] "GET /images/2009_0620Image0002.JPG HTTP/1.1" 200 448071 "-" "Mozilla/5.0 (compatible; DotBot/1.2; +https://opensiteexplorer.org/dotbot; help@moz.com)" "www.brucemillernurseryedgewood.com"
216.244.66.230 - - [11/Nov/2022:10:49:49 -0800] "GET /images/IMG_0512.JPG HTTP/1.1" 200 4029511 "-" "Mozilla/5.0 (compatible; DotBot/1.2; +https://opensiteexplorer.org/dotbot; help@moz.com)" "www.brucemillernurseryedgewood.com"
216.244.66.230 - - [11/Nov/2022:10:50:39 -0800] "GET /images/IMG_0534.JPG HTTP/1.1" 200 3826934 "-" "Mozilla/5.0 (compatible; DotBot/1.2; +https://opensiteexplorer.org/dotbot; help@moz.com)" "www.brucemillernurseryedgewood.com"
216.244.66.230 - - [11/Nov/2022:10:51:30 -0800] "GET /images/IMG_0871.JPG HTTP/1.1" 200 3448475 "-" "Mozilla/5.0 (compatible; DotBot/1.2; +https://opensiteexplorer.org/dotbot; help@moz.com)" "www.brucemillernurseryedgewood.com"
216.244.66.230 - - [11/Nov/2022:10:52:20 -0800] "GET /images/IMG_1176.JPG HTTP/1.1" 200 3507704 "-" "Mozilla/5.0 (compatible; DotBot/1.2; +https://opensiteexplorer.org/dotbot; help@moz.com)" "www.brucemillernurseryedgewood.com"
216.244.66.230 - - [11/Nov/2022:10:55:01 -0800] "GET /images/73980_1_.jpg HTTP/1.1" 200 4953 "-" "Mozilla/5.0 (compatible; DotBot/1.2; +https://opensiteexplorer.org/dotbot; help@moz.com)" "brucemillernurseryedgewood.com"
216.244.66.230 - - [11/Nov/2022:10:55:27 -0800] "GET /sitebuilder/images/3040_IceFollies_CC_4561_1_-309x225.jpg HTTP/1.1" 200 15405 "-" "Mozilla/5.0 (compatible; DotBot/1.2; +https://opensiteexplorer.org/dotbot; help@moz.com)" "brucemillernurseryedgewood.com"
216.244.66.230 - - [11/Nov/2022:10:55:51 -0800] "GET /sitebuilder/images/Edgewood-1-inactive-44303.png HTTP/1.1" 200 1948 "-" "Mozilla/5.0 (compatible; DotBot/1.2; +https://opensiteexplorer.org/dotbot; help@moz.com)" "brucemillernurseryedgewood.com"
216.244.66.230 - - [11/Nov/2022:10:56:14 -0800] "GET /sitebuilder/images/IMG_0771-219x311.jpg HTTP/1.1" 200 11019 "-" "Mozilla/5.0 (compatible; DotBot/1.2; +https://opensiteexplorer.org/dotbot; help@moz.com)" "brucemillernurseryedgewood.com"
216.244.66.230 - - [11/Nov/2022:10:56:37 -0800] "GET /sitebuilder/images/flowerHeader-758x79.jpg HTTP/1.1" 200 6026 "-" "Mozilla/5.0 (compatible; DotBot/1.2; +https://opensiteexplorer.org/dotbot; help@moz.com)" "brucemillernurseryedgewood.com"
216.244.66.230 - - [11/Nov/2022:11:29:49 -0800] "GET /robots.txt HTTP/1.1" 404 73 "-" "Mozilla/5.0 (compatible; DotBot/1.2; +https://opensiteexplorer.org/dotbot; help@moz.com)" "brucemillernurseryedgewood.com"
216.244.66.230 - - [11/Nov/2022:11:29:49 -0800] "GET /robots.txt HTTP/1.1" 404 73 "-" "Mozilla/5.0 (compatible; DotBot/1.2; +https://opensiteexplorer.org/dotbot; help@moz.com)" "www.brucemillernurseryedgewood.com"
185.36.81.21 - - [11/Nov/2022:11:30:55 -0800] "GET /wp-includes/upload_index.php?auth=test HTTP/1.1" 404 73 "-" "Mozilla/5.0 (Windows NT 6.3; Win64; x64) AppleWebKit/537.36 (KHTML, like Gecko) Chrome/75.0.3770.100 Safari/537.36" "brucemillernurseryedgewood.com"
216.244.66.230 - - [11/Nov/2022:11:55:56 -0800] "GET /images/3.19h.JPG HTTP/1.1" 200 4491323 "-" "Mozilla/5.0 (compatible; DotBot/1.2; +https://opensiteexplorer.org/dotbot; help@moz.com)" "www.brucemillernurseryedgewood.com"
216.244.66.230 - - [11/Nov/2022:11:56:46 -0800] "GET /images/IMG_0923.JPG HTTP/1.1" 200 4019935 "-" "Mozilla/5.0 (compatible; DotBot/1.2; +https://opensiteexplorer.org/dotbot; help@moz.com)" "www.brucemillernurseryedgewood.com"
216.244.66.230 - - [11/Nov/2022:11:58:34 -0800] "GET /images/IMG_0549.JPG HTTP/1.1" 200 3547492 "-" "Mozilla/5.0 (compatible; DotBot/1.2; +https://opensiteexplorer.org/dotbot; help@moz.com)" "brucemillernurseryedgewood.com"
216.244.66.230 - - [11/Nov/2022:11:59:24 -0800] "GET /images/IMG_0556.JPG HTTP/1.1" 200 1805323 "-" "Mozilla/5.0 (compatible; DotBot/1.2; +https://opensiteexplorer.org/dotbot; help@moz.com)" "brucemillernurseryedgewood.com"
216.244.66.230 - - [11/Nov/2022:12:00:14 -0800] "GET /images/IMG_0724.JPG HTTP/1.1" 200 4283286 "-" "Mozilla/5.0 (compatible; DotBot/1.2; +https://opensiteexplorer.org/dotbot; help@moz.com)" "brucemillernurseryedgewood.com"
40.77.167.49 - - [11/Nov/2022:12:01:03 -0800] "GET /?C=N;O=A HTTP/1.1" 200 406 "-" "Mozilla/5.0 (compatible; bingbot/2.0; +http://www.bing.com/bingbot.htm)" "www.brucemillernurseryedgewood.com"
216.244.66.230 - - [11/Nov/2022:12:01:04 -0800] "GET /sitebuilder/images/3.19i-405x252.jpg HTTP/1.1" 200 35976 "-" "Mozilla/5.0 (compatible; DotBot/1.2; +https://opensiteexplorer.org/dotbot; help@moz.com)" "brucemillernurseryedgewood.com"
216.244.66.230 - - [11/Nov/2022:12:01:35 -0800] "GET /sitebuilder/images/IMG_0728-395x292.jpg HTTP/1.1" 200 21500 "-" "Mozilla/5.0 (compatible; DotBot/1.2; +https://opensiteexplorer.org/dotbot; help@moz.com)" "brucemillernurseryedgewood.com"
216.244.66.230 - - [11/Nov/2022:12:09:15 -0800] "GET /sitebuilder/images/IMG_0128-225x435.jpg HTTP/1.1" 200 37852 "-" "Mozilla/5.0 (compatible; DotBot/1.2; +https://opensiteexplorer.org/dotbot; help@moz.com)" "www.brucemillernurseryedgewood.com"
216.244.66.230 - - [11/Nov/2022:12:09:46 -0800] "GET /sitebuilder/images/IMG_0585-382x510.jpg HTTP/1.1" 200 42058 "-" "Mozilla/5.0 (compatible; DotBot/1.2; +https://opensiteexplorer.org/dotbot; help@moz.com)" "www.brucemillernurseryedgewood.com"
216.244.66.230 - - [11/Nov/2022:12:21:22 -0800] "GET /robots.txt HTTP/1.1" 404 73 "-" "Mozilla/5.0 (compatible; DotBot/1.2; +https://opensiteexplorer.org/dotbot; help@moz.com)" "brucemillernurseryedgewood.com"
216.244.66.230 - - [11/Nov/2022:12:21:22 -0800] "GET /robots.txt HTTP/1.1" 404 73 "-" "Mozilla/5.0 (compatible; DotBot/1.2; +https://opensiteexplorer.org/dotbot; help@moz.com)" "www.brucemillernurseryedgewood.com"
5.18.85.151 - - [11/Nov/2022:12:44:53 -0800] "GET / HTTP/1.1" 200 406 "-" "Mozilla/5.0 (Windows NT 10.0; WOW64; rv:45.0) Gecko/20100101 Firefox/45.0" "brucemillernurseryedgewood.com"
216.244.66.230 - - [11/Nov/2022:12:45:54 -0800] "GET /images/IMG_0263.JPG HTTP/1.1" 200 4433553 "-" "Mozilla/5.0 (compatible; DotBot/1.2; +https://opensiteexplorer.org/dotbot; help@moz.com)" "www.brucemillernurseryedgewood.com"
216.244.66.230 - - [11/Nov/2022:12:49:01 -0800] "GET /images/15080_1_.jpg HTTP/1.1" 200 5406 "-" "Mozilla/5.0 (compatible; DotBot/1.2; +https://opensiteexplorer.org/dotbot; help@moz.com)" "brucemillernurseryedgewood.com"
216.244.66.230 - - [11/Nov/2022:12:49:30 -0800] "GET /images/2009_0516Image0006.JPG HTTP/1.1" 200 453596 "-" "Mozilla/5.0 (compatible; DotBot/1.2; +https://opensiteexplorer.org/dotbot; help@moz.com)" "brucemillernurseryedgewood.com"
216.244.66.230 - - [11/Nov/2022:12:50:20 -0800] "GET /images/2009_0531Image0015.JPG HTTP/1.1" 200 456607 "-" "Mozilla/5.0 (compatible; DotBot/1.2; +https://opensiteexplorer.org/dotbot; help@moz.com)" "brucemillernurseryedgewood.com"
216.244.66.230 - - [11/Nov/2022:12:52:00 -0800] "GET /images/IMG_0581.JPG HTTP/1.1" 200 3826003 "-" "Mozilla/5.0 (compatible; DotBot/1.2; +https://opensiteexplorer.org/dotbot; help@moz.com)" "brucemillernurseryedgewood.com"
216.244.66.230 - - [11/Nov/2022:12:52:50 -0800] "GET /sitebuilder/images/Edgewood-3-inactive-31343.png HTTP/1.1" 200 1735 "-" "Mozilla/5.0 (compatible; DotBot/1.2; +https://opensiteexplorer.org/dotbot; help@moz.com)" "brucemillernurseryedgewood.com"
216.244.66.230 - - [11/Nov/2022:12:53:19 -0800] "GET /sitebuilder/images/Edgewood-6-active-09785.png HTTP/1.1" 200 2120 "-" "Mozilla/5.0 (compatible; DotBot/1.2; +https://opensiteexplorer.org/dotbot; help@moz.com)" "brucemillernurseryedgewood.com"
216.244.66.230 - - [11/Nov/2022:12:53:48 -0800] "GET /sitebuilder/images/IMG_0133-420x317.jpg HTTP/1.1" 200 30258 "-" "Mozilla/5.0 (compatible; DotBot/1.2; +https://opensiteexplorer.org/dotbot; help@moz.com)" "brucemillernurseryedgewood.com"
189.56.185.23 - - [11/Nov/2022:12:54:00 -0800] "GET / HTTP/1.1" 200 406 "-" "Mozilla/5.0 (Windows NT 10.0; Win64; x64) AppleWebKit/537.36 (KHTML, like Gecko) Chrome/85.0.4183.121 Safari/537.36" "brucemillernurseryedgewood.com"
216.244.66.230 - - [11/Nov/2022:12:57:48 -0800] "GET /sitebuilder/images/2009_0516Image0002-283x232.jpg HTTP/1.1" 200 18153 "-" "Mozilla/5.0 (compatible; DotBot/1.2; +https://opensiteexplorer.org/dotbot; help@moz.com)" "www.brucemillernurseryedgewood.com"
216.244.66.230 - - [11/Nov/2022:12:58:17 -0800] "GET /sitebuilder/images/FlavoredButter-main_Thumb_1_-145x160.jpg HTTP/1.1" 200 5354 "-" "Mozilla/5.0 (compatible; DotBot/1.2; +https://opensiteexplorer.org/dotbot; help@moz.com)" "www.brucemillernurseryedgewood.com"
216.244.66.230 - - [11/Nov/2022:12:58:46 -0800] "GET /sitebuilder/images/IMG_0123-435x255.jpg HTTP/1.1" 200 37700 "-" "Mozilla/5.0 (compatible; DotBot/1.2; +https://opensiteexplorer.org/dotbot; help@moz.com)" "www.brucemillernurseryedgewood.com"
216.244.66.230 - - [11/Nov/2022:12:59:16 -0800] "GET /sitebuilder/images/IMG_0186-285x253.jpg HTTP/1.1" 200 17451 "-" "Mozilla/5.0 (compatible; DotBot/1.2; +https://opensiteexplorer.org/dotbot; help@moz.com)" "www.brucemillernurseryedgewood.com"
216.244.66.230 - - [11/Nov/2022:12:59:44 -0800] "GET /sitebuilder/images/IMG_0771-219x311.jpg HTTP/1.1" 200 11019 "-" "Mozilla/5.0 (compatible; DotBot/1.2; +https://opensiteexplorer.org/dotbot; help@moz.com)" "www.brucemillernurseryedgewood.com"
216.244.66.230 - - [11/Nov/2022:13:03:02 -0800] "GET /sitebuilder/images/kittens-no_Dana-250x410.jpg HTTP/1.1" 200 19935 "-" "Mozilla/5.0 (compatible; DotBot/1.2; +https://opensiteexplorer.org/dotbot; help@moz.com)" "brucemillernurseryedgewood.com"
216.244.66.230 - - [11/Nov/2022:13:15:36 -0800] "GET /robots.txt HTTP/1.1" 404 73 "-" "Mozilla/5.0 (compatible; DotBot/1.2; +https://opensiteexplorer.org/dotbot; help@moz.com)" "brucemillernurseryedgewood.com"
216.244.66.230 - - [11/Nov/2022:13:15:36 -0800] "GET /robots.txt HTTP/1.1" 404 73 "-" "Mozilla/5.0 (compatible; DotBot/1.2; +https://opensiteexplorer.org/dotbot; help@moz.com)" "www.brucemillernurseryedgewood.com"
20.13.152.87 - - [11/Nov/2022:13:25:20 -0800] "GET / HTTP/1.1" 200 406 "-" "Mozilla/5.0 (Linux; Android 10; M2004J19C) AppleWebKit/537.36 (KHTML, like Gecko) Chrome/91.0.4472.77 Mobile Safari/537.36" "brucemillernurseryedgewood.com"
216.244.66.230 - - [11/Nov/2022:13:48:11 -0800] "GET /images/2009_0524Image0002.JPG HTTP/1.1" 200 298869 "-" "Mozilla/5.0 (compatible; DotBot/1.2; +https://opensiteexplorer.org/dotbot; help@moz.com)" "www.brucemillernurseryedgewood.com"
216.244.66.230 - - [11/Nov/2022:13:49:01 -0800] "GET /images/80847_1_.jpg HTTP/1.1" 200 5825 "-" "Mozilla/5.0 (compatible; DotBot/1.2; +https://opensiteexplorer.org/dotbot; help@moz.com)" "www.brucemillernurseryedgewood.com"
216.244.66.230 - - [11/Nov/2022:13:49:30 -0800] "GET /images/IMG_0201.JPG HTTP/1.1" 200 2458408 "-" "Mozilla/5.0 (compatible; DotBot/1.2; +https://opensiteexplorer.org/dotbot; help@moz.com)" "www.brucemillernurseryedgewood.com"
216.244.66.230 - - [11/Nov/2022:13:50:20 -0800] "GET /images/IMG_0938.JPG HTTP/1.1" 200 3325821 "-" "Mozilla/5.0 (compatible; DotBot/1.2; +https://opensiteexplorer.org/dotbot; help@moz.com)" "www.brucemillernurseryedgewood.com"
216.244.66.230 - - [11/Nov/2022:13:51:11 -0800] "GET /images/Sandy_Patzke_1.jpg HTTP/1.1" 200 5509 "-" "Mozilla/5.0 (compatible; DotBot/1.2; +https://opensiteexplorer.org/dotbot; help@moz.com)" "www.brucemillernurseryedgewood.com"
216.244.66.230 - - [11/Nov/2022:13:53:50 -0800] "GET /images/2009_0711Image0012.JPG HTTP/1.1" 200 447413 "-" "Mozilla/5.0 (compatible; DotBot/1.2; +https://opensiteexplorer.org/dotbot; help@moz.com)" "brucemillernurseryedgewood.com"
216.244.66.230 - - [11/Nov/2022:13:54:40 -0800] "GET /images/IMG_0720.JPG HTTP/1.1" 200 3501756 "-" "Mozilla/5.0 (compatible; DotBot/1.2; +https://opensiteexplorer.org/dotbot; help@moz.com)" "brucemillernurseryedgewood.com"
216.244.66.230 - - [11/Nov/2022:13:55:30 -0800] "GET /images/IMG_1170.JPG HTTP/1.1" 200 3584747 "-" "Mozilla/5.0 (compatible; DotBot/1.2; +https://opensiteexplorer.org/dotbot; help@moz.com)" "brucemillernurseryedgewood.com"
216.244.66.230 - - [11/Nov/2022:13:56:20 -0800] "GET /sitebuilder/images/Edgewood-1-active-31078.png HTTP/1.1" 200 1503 "-" "Mozilla/5.0 (compatible; DotBot/1.2; +https://opensiteexplorer.org/dotbot; help@moz.com)" "brucemillernurseryedgewood.com"
216.244.66.230 - - [11/Nov/2022:13:56:49 -0800] "GET /sitebuilder/images/Edgewood-1-active-44366.png HTTP/1.1" 200 1814 "-" "Mozilla/5.0 (compatible; DotBot/1.2; +https://opensiteexplorer.org/dotbot; help@moz.com)" "brucemillernurseryedgewood.com"
216.244.66.230 - - [11/Nov/2022:13:57:18 -0800] "GET /sitebuilder/images/Edgewood-2-mouseOver-14343.png HTTP/1.1" 200 1642 "-" "Mozilla/5.0 (compatible; DotBot/1.2; +https://opensiteexplorer.org/dotbot; help@moz.com)" "brucemillernurseryedgewood.com"
216.244.66.230 - - [11/Nov/2022:13:57:45 -0800] "GET /sitebuilder/images/IMG_0123-435x255.jpg HTTP/1.1" 200 37700 "-" "Mozilla/5.0 (compatible; DotBot/1.2; +https://opensiteexplorer.org/dotbot; help@moz.com)" "brucemillernurseryedgewood.com"
66.249.66.5 - - [11/Nov/2022:13:59:35 -0800] "GET /ads.txt HTTP/1.1" 404 88 "-" "Mozilla/5.0 (compatible; Googlebot/2.1; +http://www.google.com/bot.html)" "brucemillernurseryedgewood.com"
114.119.134.48 - - [11/Nov/2022:14:04:46 -0800] "GET /robots.txt HTTP/1.1" 404 88 "-" "Mozilla/5.0 (compatible;PetalBot;+https://webmaster.petalsearch.com/site/petalbot)" "www.brucemillernurseryedgewood.com"
144.217.135.206 - - [11/Nov/2022:14:06:13 -0800] "GET / HTTP/1.1" 200 1005 "-" "Mozilla/5.0 (compatible; Dataprovider.com)" "www.brucemillernurseryedgewood.com"
144.217.135.206 - - [11/Nov/2022:14:06:14 -0800] "GET /robots.txt HTTP/1.1" 404 73 "-" "Mozilla/5.0 (compatible; Dataprovider.com)" "www.brucemillernurseryedgewood.com"
144.217.135.206 - - [11/Nov/2022:14:06:14 -0800] "GET /sitemap.xml HTTP/1.1" 404 73 "-" "Mozilla/5.0 (compatible; Dataprovider.com)" "www.brucemillernurseryedgewood.com"
144.217.135.206 - - [11/Nov/2022:14:06:14 -0800] "GET / HTTP/1.1" 200 1005 "-" "Mozilla/5.0 (compatible; Dataprovider.com)" "www.brucemillernurseryedgewood.com"
144.217.135.206 - - [11/Nov/2022:14:06:15 -0800] "GET /?C=N;O=D HTTP/1.1" 200 1005 "-" "Mozilla/5.0 (compatible; Dataprovider.com)" "www.brucemillernurseryedgewood.com"
144.217.135.206 - - [11/Nov/2022:14:06:16 -0800] "GET /?C=M;O=A HTTP/1.1" 200 1005 "-" "Mozilla/5.0 (compatible; Dataprovider.com)" "www.brucemillernurseryedgewood.com"
144.217.135.206 - - [11/Nov/2022:14:06:17 -0800] "GET /?C=S;O=A HTTP/1.1" 200 1005 "-" "Mozilla/5.0 (compatible; Dataprovider.com)" "www.brucemillernurseryedgewood.com"
144.217.135.206 - - [11/Nov/2022:14:06:18 -0800] "GET /?C=D;O=A HTTP/1.1" 200 1005 "-" "Mozilla/5.0 (compatible; Dataprovider.com)" "www.brucemillernurseryedgewood.com"
144.217.135.206 - - [11/Nov/2022:14:06:19 -0800] "GET /clipart/ HTTP/1.1" 200 1448 "-" "Mozilla/5.0 (compatible; Dataprovider.com)" "www.brucemillernurseryedgewood.com"
144.217.135.206 - - [11/Nov/2022:14:06:20 -0800] "GET /images/ HTTP/1.1" 200 36684 "-" "Mozilla/5.0 (compatible; Dataprovider.com)" "www.brucemillernurseryedgewood.com"
144.217.135.206 - - [11/Nov/2022:14:06:21 -0800] "GET /navigation_bars/ HTTP/1.1" 200 722 "-" "Mozilla/5.0 (compatible; Dataprovider.com)" "www.brucemillernurseryedgewood.com"
144.217.135.206 - - [11/Nov/2022:14:06:22 -0800] "GET /sitebuilder/ HTTP/1.1" 200 1160 "-" "Mozilla/5.0 (compatible; Dataprovider.com)" "www.brucemillernurseryedgewood.com"
144.217.135.206 - - [11/Nov/2022:14:06:23 -0800] "GET /?C=N;O=A HTTP/1.1" 200 1005 "-" "Mozilla/5.0 (compatible; Dataprovider.com)" "www.brucemillernurseryedgewood.com"
144.217.135.206 - - [11/Nov/2022:14:06:24 -0800] "GET /ads.txt HTTP/1.1" 404 73 "-" "Mozilla/5.0 (compatible; Dataprovider.com)" "www.brucemillernurseryedgewood.com"
144.217.135.206 - - [11/Nov/2022:14:06:24 -0800] "GET / HTTP/1.1" 200 1005 "-" "Mozilla/5.0 (Linux; Android 5.1.1; SM-G925F Build/LMY47X) AppleWebKit/537.36 (KHTML, like Gecko) Chrome/45.0.2454.94 Mobile Safari/537.36" "www.brucemillernurseryedgewood.com"
149.56.150.168 - - [11/Nov/2022:14:06:38 -0800] "GET / HTTP/1.1" 200 406 "-" "Mozilla/5.0 (compatible; Dataprovider.com)" "www.brucemillernurseryedgewood.com"
216.244.66.230 - - [11/Nov/2022:14:09:35 -0800] "GET /robots.txt HTTP/1.1" 404 73 "-" "Mozilla/5.0 (compatible; DotBot/1.2; +https://opensiteexplorer.org/dotbot; help@moz.com)" "brucemillernurseryedgewood.com"
216.244.66.230 - - [11/Nov/2022:14:09:35 -0800] "GET /robots.txt HTTP/1.1" 404 73 "-" "Mozilla/5.0 (compatible; DotBot/1.2; +https://opensiteexplorer.org/dotbot; help@moz.com)" "www.brucemillernurseryedgewood.com"
114.119.152.69 - - [11/Nov/2022:14:11:34 -0800] "GET /robots.txt HTTP/1.1" 404 88 "-" "Mozilla/5.0 (compatible;PetalBot;+https://webmaster.petalsearch.com/site/petalbot)" "brucemillernurseryedgewood.com"
51.222.253.8 - - [11/Nov/2022:14:13:39 -0800] "GET /sitebuilder/clipart/bars/regular/?C=M;O=D HTTP/1.1" 200 389 "-" "Mozilla/5.0 (compatible; AhrefsBot/7.0; +http://ahrefs.com/robot/)" "brucemillernurseryedgewood.com"
216.244.66.230 - - [11/Nov/2022:14:33:07 -0800] "GET /images/2009_0516Image0006.JPG HTTP/1.1" 200 453596 "-" "Mozilla/5.0 (compatible; DotBot/1.2; +https://opensiteexplorer.org/dotbot; help@moz.com)" "www.brucemillernurseryedgewood.com"
157.55.39.34 - - [11/Nov/2022:14:33:24 -0800] "GET /clipart/ HTTP/1.1" 200 456 "-" "Mozilla/5.0 AppleWebKit/537.36 (KHTML, like Gecko; compatible; bingbot/2.0; +http://www.bing.com/bingbot.htm) Chrome/103.0.5060.134 Safari/537.36" "brucemillernurseryedgewood.com"
216.244.66.230 - - [11/Nov/2022:14:33:57 -0800] "GET /images/IMG_1170.JPG HTTP/1.1" 200 3584747 "-" "Mozilla/5.0 (compatible; DotBot/1.2; +https://opensiteexplorer.org/dotbot; help@moz.com)" "www.brucemillernurseryedgewood.com"
40.88.21.235 - - [11/Nov/2022:14:36:47 -0800] "GET / HTTP/1.1" 200 406 "http://brucemillernurseryedgewood.com/" "Mozilla/5.0 (compatible; DuckDuckGo-Favicons-Bot/1.0; +http://duckduckgo.com)" "brucemillernurseryedgewood.com"
40.88.21.235 - - [11/Nov/2022:14:36:47 -0800] "GET /favicon.ico HTTP/1.1" 404 88 "http://brucemillernurseryedgewood.com/favicon.ico" "Mozilla/5.0 (compatible; DuckDuckGo-Favicons-Bot/1.0; +http://duckduckgo.com)" "brucemillernurseryedgewood.com"
216.244.66.230 - - [11/Nov/2022:14:37:03 -0800] "GET /images/2009_0524Image0011.JPG HTTP/1.1" 200 440464 "-" "Mozilla/5.0 (compatible; DotBot/1.2; +https://opensiteexplorer.org/dotbot; help@moz.com)" "brucemillernurseryedgewood.com"
216.244.66.230 - - [11/Nov/2022:14:37:53 -0800] "GET /images/2009_0531Image0025.JPG HTTP/1.1" 200 108672 "-" "Mozilla/5.0 (compatible; DotBot/1.2; +https://opensiteexplorer.org/dotbot; help@moz.com)" "brucemillernurseryedgewood.com"
216.244.66.230 - - [11/Nov/2022:14:38:28 -0800] "GET /images/IMG_0526.JPG HTTP/1.1" 200 4336733 "-" "Mozilla/5.0 (compatible; DotBot/1.2; +https://opensiteexplorer.org/dotbot; help@moz.com)" "brucemillernurseryedgewood.com"
216.244.66.230 - - [11/Nov/2022:14:39:19 -0800] "GET /images/IMG_0726.JPG HTTP/1.1" 200 2601415 "-" "Mozilla/5.0 (compatible; DotBot/1.2; +https://opensiteexplorer.org/dotbot; help@moz.com)" "brucemillernurseryedgewood.com"
216.244.66.230 - - [11/Nov/2022:14:40:09 -0800] "GET /images/IMG_0922.JPG HTTP/1.1" 200 2632626 "-" "Mozilla/5.0 (compatible; DotBot/1.2; +https://opensiteexplorer.org/dotbot; help@moz.com)" "brucemillernurseryedgewood.com"
216.244.66.230 - - [11/Nov/2022:14:41:00 -0800] "GET /images/IMG_0926.JPG HTTP/1.1" 200 3642745 "-" "Mozilla/5.0 (compatible; DotBot/1.2; +https://opensiteexplorer.org/dotbot; help@moz.com)" "brucemillernurseryedgewood.com"
216.244.66.230 - - [11/Nov/2022:14:41:50 -0800] "GET /images/small_145_1_.jpg HTTP/1.1" 200 9423 "-" "Mozilla/5.0 (compatible; DotBot/1.2; +https://opensiteexplorer.org/dotbot; help@moz.com)" "brucemillernurseryedgewood.com"
216.244.66.230 - - [11/Nov/2022:14:42:19 -0800] "GET /sitebuilder/images/14155_1_-160x154.jpg HTTP/1.1" 200 5872 "-" "Mozilla/5.0 (compatible; DotBot/1.2; +https://opensiteexplorer.org/dotbot; help@moz.com)" "brucemillernurseryedgewood.com"
216.244.66.230 - - [11/Nov/2022:14:42:48 -0800] "GET /sitebuilder/images/2009_0516Image0002-283x232.jpg HTTP/1.1" 200 18153 "-" "Mozilla/5.0 (compatible; DotBot/1.2; +https://opensiteexplorer.org/dotbot; help@moz.com)" "brucemillernurseryedgewood.com"
216.244.66.230 - - [11/Nov/2022:14:43:17 -0800] "GET /sitebuilder/images/IMG_0583-420x332.jpg HTTP/1.1" 200 33882 "-" "Mozilla/5.0 (compatible; DotBot/1.2; +https://opensiteexplorer.org/dotbot; help@moz.com)" "brucemillernurseryedgewood.com"
216.244.66.230 - - [11/Nov/2022:14:43:48 -0800] "GET /sitebuilder/images/IMG_0747-336x445.jpg HTTP/1.1" 200 49812 "-" "Mozilla/5.0 (compatible; DotBot/1.2; +https://opensiteexplorer.org/dotbot; help@moz.com)" "brucemillernurseryedgewood.com"
216.244.66.230 - - [11/Nov/2022:14:48:29 -0800] "GET /sitebuilder/images/2009_0706Image0002-335x450.jpg HTTP/1.1" 200 30090 "-" "Mozilla/5.0 (compatible; DotBot/1.2; +https://opensiteexplorer.org/dotbot; help@moz.com)" "www.brucemillernurseryedgewood.com"
216.244.66.230 - - [11/Nov/2022:14:48:59 -0800] "GET /sitebuilder/images/IMG_0726-279x375.jpg HTTP/1.1" 200 17032 "-" "Mozilla/5.0 (compatible; DotBot/1.2; +https://opensiteexplorer.org/dotbot; help@moz.com)" "www.brucemillernurseryedgewood.com"
216.244.66.230 - - [11/Nov/2022:14:49:27 -0800] "GET /sitebuilder/images/IMG_0875-339x236.jpg HTTP/1.1" 200 17115 "-" "Mozilla/5.0 (compatible; DotBot/1.2; +https://opensiteexplorer.org/dotbot; help@moz.com)" "www.brucemillernurseryedgewood.com"
216.244.66.230 - - [11/Nov/2022:14:49:55 -0800] "GET /sitebuilder/images/IMG_1272-503x374.jpg HTTP/1.1" 200 39535 "-" "Mozilla/5.0 (compatible; DotBot/1.2; +https://opensiteexplorer.org/dotbot; help@moz.com)" "www.brucemillernurseryedgewood.com"
216.244.66.230 - - [11/Nov/2022:14:50:54 -0800] "GET /clipart/images/frames/ HTTP/1.1" 200 766 "-" "Mozilla/5.0 (compatible; DotBot/1.2; +https://opensiteexplorer.org/dotbot; help@moz.com)" "brucemillernurseryedgewood.com"
216.244.66.230 - - [11/Nov/2022:15:04:23 -0800] "GET /robots.txt HTTP/1.1" 404 73 "-" "Mozilla/5.0 (compatible; DotBot/1.2; +https://opensiteexplorer.org/dotbot; help@moz.com)" "brucemillernurseryedgewood.com"
216.244.66.230 - - [11/Nov/2022:15:04:23 -0800] "GET /robots.txt HTTP/1.1" 404 73 "-" "Mozilla/5.0 (compatible; DotBot/1.2; +https://opensiteexplorer.org/dotbot; help@moz.com)" "www.brucemillernurseryedgewood.com"
51.222.253.19 - - [11/Nov/2022:15:04:43 -0800] "GET /clipart/backgrounds/fullpage/ HTTP/1.1" 200 387 "-" "Mozilla/5.0 (compatible; AhrefsBot/7.0; +http://ahrefs.com/robot/)" "brucemillernurseryedgewood.com"
114.119.136.111 - - [11/Nov/2022:15:08:13 -0800] "GET /robots.txt HTTP/1.1" 404 88 "-" "Mozilla/5.0 (compatible;PetalBot;+https://webmaster.petalsearch.com/site/petalbot)" "www.brucemillernurseryedgewood.com"
173.252.87.120 - - [11/Nov/2022:15:09:20 -0800] "GET /yahoo_site_admin/assets/images/018.40132309_std.JPG HTTP/1.1" 200 128723 "-" "facebookexternalhit/1.1 (+http://www.facebook.com/externalhit_uatext.php)" "brucemillernurseryedgewood.com"
173.252.79.14 - - [11/Nov/2022:15:10:59 -0800] "GET / HTTP/1.1" 206 406 "-" "facebookexternalhit/1.1 (+http://www.facebook.com/externalhit_uatext.php)" "www.brucemillernurseryedgewood.com"
216.244.66.230 - - [11/Nov/2022:15:25:00 -0800] "GET /images/IMG_0125.JPG HTTP/1.1" 200 3541168 "-" "Mozilla/5.0 (compatible; DotBot/1.2; +https://opensiteexplorer.org/dotbot; help@moz.com)" "www.brucemillernurseryedgewood.com"
50.18.231.167 - - [11/Nov/2022:15:25:18 -0800] "GET / HTTP/1.1" 200 406 "-" "Mozilla/5.0 (Macintosh; U; Intel Mac OS X 10_6_4; fr-FR) AppleWebKit/533.4 (KHTML, like Gecko) Chrome/5.0.375.126 Safari/533.4" "brucemillernurseryedgewood.com"
50.18.231.167 - - [11/Nov/2022:15:25:19 -0800] "GET / HTTP/1.1" 200 406 "-" "Mozilla/5.0 (compatible; MSIE 9.0; Windows NT 6.1; WOW64; Trident/5.0; chromeframe/12.0.742.112)" "brucemillernurseryedgewood.com"
51.222.253.13 - - [11/Nov/2022:15:25:32 -0800] "GET /navigation_bars/?C=S;O=A HTTP/1.1" 200 373 "-" "Mozilla/5.0 (compatible; AhrefsBot/7.0; +http://ahrefs.com/robot/)" "brucemillernurseryedgewood.com"
216.244.66.230 - - [11/Nov/2022:15:25:50 -0800] "GET /images/IMG_0491.JPG HTTP/1.1" 200 3149827 "-" "Mozilla/5.0 (compatible; DotBot/1.2; +https://opensiteexplorer.org/dotbot; help@moz.com)" "www.brucemillernurseryedgewood.com"
216.244.66.230 - - [11/Nov/2022:15:26:40 -0800] "GET /images/IMG_0555.JPG HTTP/1.1" 200 2390352 "-" "Mozilla/5.0 (compatible; DotBot/1.2; +https://opensiteexplorer.org/dotbot; help@moz.com)" "www.brucemillernurseryedgewood.com"
216.244.66.230 - - [11/Nov/2022:15:27:31 -0800] "GET /images/IMG_0592.JPG HTTP/1.1" 200 3170996 "-" "Mozilla/5.0 (compatible; DotBot/1.2; +https://opensiteexplorer.org/dotbot; help@moz.com)" "www.brucemillernurseryedgewood.com"
216.244.66.230 - - [11/Nov/2022:15:29:34 -0800] "GET /sitebuilder/images/2009_0711Image0013-315x220.jpg HTTP/1.1" 200 21925 "-" "Mozilla/5.0 (compatible; DotBot/1.2; +https://opensiteexplorer.org/dotbot; help@moz.com)" "brucemillernurseryedgewood.com"
216.244.66.230 - - [11/Nov/2022:15:30:04 -0800] "GET /sitebuilder/images/IMG_0123-345x225.jpg HTTP/1.1" 200 27893 "-" "Mozilla/5.0 (compatible; DotBot/1.2; +https://opensiteexplorer.org/dotbot; help@moz.com)" "brucemillernurseryedgewood.com"
216.244.66.230 - - [11/Nov/2022:15:30:33 -0800] "GET /sitebuilder/images/IMG_0552-300x222.jpg HTTP/1.1" 200 14580 "-" "Mozilla/5.0 (compatible; DotBot/1.2; +https://opensiteexplorer.org/dotbot; help@moz.com)" "brucemillernurseryedgewood.com"
216.244.66.230 - - [11/Nov/2022:15:33:47 -0800] "GET /sitebuilder/images/2009_0620Image0004-548x361.jpg HTTP/1.1" 200 56125 "-" "Mozilla/5.0 (compatible; DotBot/1.2; +https://opensiteexplorer.org/dotbot; help@moz.com)" "www.brucemillernurseryedgewood.com"
216.244.66.230 - - [11/Nov/2022:15:34:07 -0800] "GET /sitebuilder/images/Front_Pasture_Aug09_-_02-345x234.jpg HTTP/1.1" 200 24828 "-" "Mozilla/5.0 (compatible; DotBot/1.2; +https://opensiteexplorer.org/dotbot; help@moz.com)" "www.brucemillernurseryedgewood.com"
216.244.66.230 - - [11/Nov/2022:15:34:26 -0800] "GET /sitebuilder/images/IMG_0257-250x315.jpg HTTP/1.1" 200 17394 "-" "Mozilla/5.0 (compatible; DotBot/1.2; +https://opensiteexplorer.org/dotbot; help@moz.com)" "www.brucemillernurseryedgewood.com"
216.244.66.230 - - [11/Nov/2022:15:34:48 -0800] "GET /sitebuilder/images/IMG_0267-489x248.jpg HTTP/1.1" 200 35373 "-" "Mozilla/5.0 (compatible; DotBot/1.2; +https://opensiteexplorer.org/dotbot; help@moz.com)" "www.brucemillernurseryedgewood.com"
216.244.66.230 - - [11/Nov/2022:15:35:06 -0800] "GET /sitebuilder/images/IMG_0875-329x236.jpg HTTP/1.1" 200 16698 "-" "Mozilla/5.0 (compatible; DotBot/1.2; +https://opensiteexplorer.org/dotbot; help@moz.com)" "www.brucemillernurseryedgewood.com"
216.244.66.230 - - [11/Nov/2022:15:35:22 -0800] "GET /sitebuilder/images/IMG_0924-365x266.jpg HTTP/1.1" 200 34153 "-" "Mozilla/5.0 (compatible; DotBot/1.2; +https://opensiteexplorer.org/dotbot; help@moz.com)" "www.brucemillernurseryedgewood.com"
216.244.66.230 - - [11/Nov/2022:15:35:36 -0800] "GET /sitebuilder/images/Ivy_kittens2-360x270.jpg HTTP/1.1" 200 20951 "-" "Mozilla/5.0 (compatible; DotBot/1.2; +https://opensiteexplorer.org/dotbot; help@moz.com)" "www.brucemillernurseryedgewood.com"
216.244.66.230 - - [11/Nov/2022:15:55:44 -0800] "GET /robots.txt HTTP/1.1" 404 73 "-" "Mozilla/5.0 (compatible; DotBot/1.2; +https://opensiteexplorer.org/dotbot; help@moz.com)" "www.brucemillernurseryedgewood.com"
216.244.66.230 - - [11/Nov/2022:15:55:44 -0800] "GET /robots.txt HTTP/1.1" 404 73 "-" "Mozilla/5.0 (compatible; DotBot/1.2; +https://opensiteexplorer.org/dotbot; help@moz.com)" "brucemillernurseryedgewood.com"
216.244.66.230 - - [11/Nov/2022:16:18:32 -0800] "GET /images/14797_1_.jpg HTTP/1.1" 200 3222 "-" "Mozilla/5.0 (compatible; DotBot/1.2; +https://opensiteexplorer.org/dotbot; help@moz.com)" "www.brucemillernurseryedgewood.com"
216.244.66.230 - - [11/Nov/2022:16:18:57 -0800] "GET /images/IMG_0772.JPG HTTP/1.1" 200 2665249 "-" "Mozilla/5.0 (compatible; DotBot/1.2; +https://opensiteexplorer.org/dotbot; help@moz.com)" "www.brucemillernurseryedgewood.com"
52.24.17.231 - - [11/Nov/2022:16:19:17 -0800] "GET / HTTP/1.1" 200 406 "-" "Mozilla/5.0 (X11; Linux x86_64) AppleWebKit/537.36 (KHTML, like Gecko) Chrome/83.0.4103.97 Safari/537.36" "brucemillernurseryedgewood.com"
52.25.185.220 - - [11/Nov/2022:16:19:39 -0800] "GET /favicon.ico HTTP/1.1" 404 88 "-" "Mozilla/5.0 (X11; Linux x86_64) AppleWebKit/537.36 (KHTML, like Gecko) Chrome/83.0.4103.97 Safari/537.36" "brucemillernurseryedgewood.com"
52.25.185.220 - - [11/Nov/2022:16:19:41 -0800] "GET / HTTP/1.1" 200 406 "-" "Mozilla/5.0 (X11; Linux x86_64) AppleWebKit/537.36 (KHTML, like Gecko) Chrome/83.0.4103.97 Safari/537.36" "brucemillernurseryedgewood.com"
216.244.66.230 - - [11/Nov/2022:16:19:47 -0800] "GET /images/IMG_1270.JPG HTTP/1.1" 200 2729984 "-" "Mozilla/5.0 (compatible; DotBot/1.2; +https://opensiteexplorer.org/dotbot; help@moz.com)" "www.brucemillernurseryedgewood.com"
54.190.20.150 - - [11/Nov/2022:16:20:02 -0800] "GET / HTTP/1.1" 200 406 "-" "Mozilla/5.0 (X11; Linux x86_64) AppleWebKit/537.36 (KHTML, like Gecko) Chrome/83.0.4103.97 Safari/537.36" "brucemillernurseryedgewood.com"
35.88.92.168 - - [11/Nov/2022:16:20:07 -0800] "GET /favicon.ico HTTP/1.1" 404 88 "-" "Mozilla/5.0 (X11; Linux x86_64) AppleWebKit/537.36 (KHTML, like Gecko) Chrome/83.0.4103.97 Safari/537.36" "brucemillernurseryedgewood.com"
35.88.92.168 - - [11/Nov/2022:16:20:07 -0800] "GET / HTTP/1.1" 200 406 "-" "Mozilla/5.0 (X11; Linux x86_64) AppleWebKit/537.36 (KHTML, like Gecko) Chrome/83.0.4103.97 Safari/537.36" "brucemillernurseryedgewood.com"
216.244.66.230 - - [11/Nov/2022:16:20:38 -0800] "GET /images/tn_1_3.jpg HTTP/1.1" 200 3324 "-" "Mozilla/5.0 (compatible; DotBot/1.2; +https://opensiteexplorer.org/dotbot; help@moz.com)" "www.brucemillernurseryedgewood.com"
216.244.66.230 - - [11/Nov/2022:16:22:48 -0800] "GET /images/3040_IceFollies_CC_4561_1_.jpg HTTP/1.1" 200 35311 "-" "Mozilla/5.0 (compatible; DotBot/1.2; +https://opensiteexplorer.org/dotbot; help@moz.com)" "brucemillernurseryedgewood.com"
216.244.66.230 - - [11/Nov/2022:16:23:18 -0800] "GET /sitebuilder/images/2009_0705Image0011-450x600.jpg HTTP/1.1" 200 60647 "-" "Mozilla/5.0 (compatible; DotBot/1.2; +https://opensiteexplorer.org/dotbot; help@moz.com)" "brucemillernurseryedgewood.com"
51.222.253.4 - - [11/Nov/2022:16:23:48 -0800] "GET /navigation_bars/?C=M;O=A HTTP/1.1" 200 373 "-" "Mozilla/5.0 (compatible; AhrefsBot/7.0; +http://ahrefs.com/robot/)" "brucemillernurseryedgewood.com"
216.244.66.230 - - [11/Nov/2022:16:23:49 -0800] "GET /sitebuilder/images/IMG_0186-240x212.jpg HTTP/1.1" 200 12811 "-" "Mozilla/5.0 (compatible; DotBot/1.2; +https://opensiteexplorer.org/dotbot; help@moz.com)" "brucemillernurseryedgewood.com"
216.244.66.230 - - [11/Nov/2022:16:24:16 -0800] "GET /sitebuilder/images/IMG_0505-391x470.jpg HTTP/1.1" 200 41161 "-" "Mozilla/5.0 (compatible; DotBot/1.2; +https://opensiteexplorer.org/dotbot; help@moz.com)" "brucemillernurseryedgewood.com"
216.244.66.230 - - [11/Nov/2022:16:24:55 -0800] "GET /sitebuilder/images/IMG_0924-365x266.jpg HTTP/1.1" 200 34153 "-" "Mozilla/5.0 (compatible; DotBot/1.2; +https://opensiteexplorer.org/dotbot; help@moz.com)" "brucemillernurseryedgewood.com"
216.244.66.230 - - [11/Nov/2022:16:30:26 -0800] "GET /sitebuilder/images/Edgewood-4-mouseOver-86000.png HTTP/1.1" 200 1708 "-" "Mozilla/5.0 (compatible; DotBot/1.2; +https://opensiteexplorer.org/dotbot; help@moz.com)" "www.brucemillernurseryedgewood.com"
216.244.66.230 - - [11/Nov/2022:16:30:51 -0800] "GET /sitebuilder/images/Edgewood-5-inactive-27038.png HTTP/1.1" 200 1757 "-" "Mozilla/5.0 (compatible; DotBot/1.2; +https://opensiteexplorer.org/dotbot; help@moz.com)" "www.brucemillernurseryedgewood.com"
216.244.66.230 - - [11/Nov/2022:16:31:15 -0800] "GET /sitebuilder/images/IMG_0199-450x405.jpg HTTP/1.1" 200 49194 "-" "Mozilla/5.0 (compatible; DotBot/1.2; +https://opensiteexplorer.org/dotbot; help@moz.com)" "www.brucemillernurseryedgewood.com"
216.244.66.230 - - [11/Nov/2022:16:31:39 -0800] "GET /sitebuilder/images/IMG_0261-240x360.jpg HTTP/1.1" 200 23890 "-" "Mozilla/5.0 (compatible; DotBot/1.2; +https://opensiteexplorer.org/dotbot; help@moz.com)" "www.brucemillernurseryedgewood.com"
216.244.66.230 - - [11/Nov/2022:16:32:03 -0800] "GET /sitebuilder/images/IMG_0525-360x248.jpg HTTP/1.1" 200 26920 "-" "Mozilla/5.0 (compatible; DotBot/1.2; +https://opensiteexplorer.org/dotbot; help@moz.com)" "www.brucemillernurseryedgewood.com"
216.244.66.230 - - [11/Nov/2022:16:32:23 -0800] "GET /sitebuilder/images/IMG_0550-231x330.jpg HTTP/1.1" 200 18582 "-" "Mozilla/5.0 (compatible; DotBot/1.2; +https://opensiteexplorer.org/dotbot; help@moz.com)" "www.brucemillernurseryedgewood.com"
216.244.66.230 - - [11/Nov/2022:16:32:44 -0800] "GET /sitebuilder/images/IMG_0753-325x263.jpg HTTP/1.1" 200 31825 "-" "Mozilla/5.0 (compatible; DotBot/1.2; +https://opensiteexplorer.org/dotbot; help@moz.com)" "www.brucemillernurseryedgewood.com"
216.244.66.230 - - [11/Nov/2022:16:34:43 -0800] "GET /sitebuilder/images/th_BlackLabrador-190x160.jpg HTTP/1.1" 200 5313 "-" "Mozilla/5.0 (compatible; DotBot/1.2; +https://opensiteexplorer.org/dotbot; help@moz.com)" "brucemillernurseryedgewood.com"
216.244.66.230 - - [11/Nov/2022:16:51:01 -0800] "GET /robots.txt HTTP/1.1" 404 73 "-" "Mozilla/5.0 (compatible; DotBot/1.2; +https://opensiteexplorer.org/dotbot; help@moz.com)" "www.brucemillernurseryedgewood.com"
216.244.66.230 - - [11/Nov/2022:16:51:01 -0800] "GET /robots.txt HTTP/1.1" 404 73 "-" "Mozilla/5.0 (compatible; DotBot/1.2; +https://opensiteexplorer.org/dotbot; help@moz.com)" "brucemillernurseryedgewood.com"
54.36.148.239 - - [11/Nov/2022:17:16:52 -0800] "GET /robots.txt HTTP/1.1" 404 88 "-" "Mozilla/5.0 (compatible; AhrefsBot/7.0; +http://ahrefs.com/robot/)" "brucemillernurseryedgewood.com"
51.222.253.10 - - [11/Nov/2022:17:16:53 -0800] "GET /navigation_bars/?C=D;O=A HTTP/1.1" 200 372 "-" "Mozilla/5.0 (compatible; AhrefsBot/7.0; +http://ahrefs.com/robot/)" "brucemillernurseryedgewood.com"
